-- Table structure for table `llx_c_exp_tax_cat`
--

CREATE TABLE `llx_c_exp_tax_cat` (
  `rowid` int(11) NOT NULL AUTO_INCREMENT,
  `label` varchar(128) DEFAULT NULL,
  `entity` int(11) NOT NULL DEFAULT 1,
  `active` int(11) NOT NULL DEFAULT 1,
  PRIMARY KEY (`rowid`)
) ENGINE=InnoDB AUTO_INCREMENT=29 DEFAULT CHARSET=utf8mb3 COLLATE=utf8mb3_unicode_ci;

--
-- Dumping data for table `llx_c_exp_tax_cat`
--

INSERT INTO `llx_c_exp_tax_cat` (`rowid`, `label`, `entity`, `active`) VALUES (1,'ExpAutoCat',1,0),(2,'ExpCycloCat',1,0),(3,'ExpMotoCat',1,0),(4,'ExpAuto3CV',1,1),(5,'ExpAuto4CV',1,1),(6,'ExpAuto5CV',1,1),(7,'ExpAuto6CV',1,1),(8,'ExpAuto7CV',1,1),(9,'ExpAuto8CV',1,1),(10,'ExpAuto9CV',1,0),(11,'ExpAuto10CV',1,0),(12,'ExpAuto11CV',1,0),(13,'ExpAuto12CV',1,0),(14,'ExpAuto3PCV',1,0),(15,'ExpAuto4PCV',1,0),(16,'ExpAuto5PCV',1,0),(17,'ExpAuto6PCV',1,0),(18,'ExpAuto7PCV',1,0),(19,'ExpAuto8PCV',1,0),(20,'ExpAuto9PCV',1,0),(21,'ExpAuto10PCV',1,0),(22,'ExpAuto11PCV',1,0),(23,'ExpAuto12PCV',1,0),(24,'ExpAuto13PCV',1,0),(25,'ExpCyclo',1,0),(26,'ExpMoto12CV',1,0),(27,'ExpMoto345CV',1,0),(28,'ExpMoto5PCV',1,0);

--
-- Table structure for table `llx_c_exp_tax_range`
--

CREATE TABLE `llx_c_exp_tax_range` (
  `rowid` int(11) NOT NULL AUTO_INCREMENT,
  `fk_c_exp_tax_cat` int(11) NOT NULL DEFAULT 1,
  `range_ik` double NOT NULL DEFAULT 0,
  `entity` int(11) NOT NULL DEFAULT 1,
  `active` int(11) NOT NULL DEFAULT 1,
  PRIMARY KEY (`rowid`)
) ENGINE=InnoDB AUTO_INCREMENT=16 DEFAULT CHARSET=utf8mb3 COLLATE=utf8mb3_unicode_ci;

--
-- Dumping data for table `llx_c_exp_tax_range`
--

INSERT INTO `llx_c_exp_tax_range` (`rowid`, `fk_c_exp_tax_cat`, `range_ik`, `entity`, `active`) VALUES (1,4,0,1,1),(2,4,5000,1,1),(3,4,20000,1,1),(4,5,0,1,1),(5,5,5000,1,1),(6,5,20000,1,1),(7,6,0,1,1),(8,6,5000,1,1),(9,6,20000,1,1),(10,7,0,1,1),(11,7,5000,1,1),(12,7,20000,1,1),(13,8,0,1,1),(14,8,5000,1,1),(15,8,20000,1,1);

--
-- Table structure for table `llx_c_field_list`
--

CREATE TABLE `llx_c_field_list` (
  `rowid` int(11) NOT NULL AUTO_INCREMENT,
  `tms` timestamp NOT NULL DEFAULT current_timestamp() ON UPDATE current_timestamp(),
  `element` varchar(64) NOT NULL,
  `entity` int(11) NOT NULL DEFAULT 1,
  `name` varchar(32) NOT NULL,
  `alias` varchar(32) NOT NULL,
  `title` varchar(32) NOT NULL,
  `align` varchar(6) DEFAULT 'left',
  `sort` tinyint(4) NOT NULL DEFAULT 1,
  `search` tinyint(4) NOT NULL DEFAULT 0,
  `visible` tinyint(4) NOT NULL DEFAULT 1,
  `enabled` varchar(255) DEFAULT '1',
  `rang` int(11) DEFAULT 0,
  PRIMARY KEY (`rowid`)
) ENGINE=InnoDB AUTO_INCREMENT=9 DEFAULT CHARSET=utf8mb3 COLLATE=utf8mb3_unicode_ci;

--
-- Dumping data for table `llx_c_field_list`
--

INSERT INTO `llx_c_field_list` (`rowid`, `tms`, `element`, `entity`, `name`, `alias`, `title`, `align`, `sort`, `search`, `visible`, `enabled`, `rang`) VALUES (1,'2013-02-06 11:18:30','product_default',1,'p.ref','ref','Ref','left',1,1,1,'1',1),(2,'2013-02-06 11:18:30','product_default',1,'p.label','label','Label','left',1,1,1,'1',2),(3,'2013-02-06 11:18:30','product_default',1,'p.barcode','barcode','BarCode','center',1,1,1,'$conf->barcode->enabled',3),(4,'2013-02-06 11:18:30','product_default',1,'p.tms','datem','DateModification','center',1,0,1,'1',4),(5,'2013-02-06 11:18:30','product_default',1,'p.price','price','SellingPriceHT','right',1,0,1,'1',5),(6,'2013-02-06 11:18:30','product_default',1,'p.price_ttc','price_ttc','SellingPriceTTC','right',1,0,1,'1',6),(7,'2013-02-06 11:18:30','product_default',1,'p.stock','stock','Stock','right',0,0,1,'$conf->stock->enabled',7),(8,'2013-02-06 11:18:30','product_default',1,'p.envente','status','Status','right',1,0,1,'1',8);

--
-- Table structure for table `llx_c_format_cards`
--

CREATE TABLE `llx_c_format_cards` (
  `rowid` int(11) NOT NULL AUTO_INCREMENT,
  `code` varchar(50) NOT NULL,
  `name` varchar(50) NOT NULL,
  `paper_size` varchar(20) NOT NULL,
  `orientation` varchar(1) NOT NULL,
  `metric` varchar(5) NOT NULL,
  `leftmargin` double(24,8) NOT NULL,
  `topmargin` double(24,8) NOT NULL,
  `nx` int(11) NOT NULL,
  `ny` int(11) NOT NULL,
  `spacex` double(24,8) NOT NULL,
  `spacey` double(24,8) NOT NULL,
  `width` double(24,8) NOT NULL,
  `height` double(24,8) NOT NULL,
  `font_size` int(11) NOT NULL,
  `custom_x` double(24,8) NOT NULL,
  `custom_y` double(24,8) NOT NULL,
  `active` int(11) NOT NULL,
  PRIMARY KEY (`rowid`)
) ENGINE=InnoDB AUTO_INCREMENT=12 DEFAULT CHARSET=utf8mb3 COLLATE=utf8mb3_unicode_ci;

--
-- Dumping data for table `llx_c_format_cards`
--

INSERT INTO `llx_c_format_cards` (`rowid`, `code`, `name`, `paper_size`, `orientation`, `metric`, `leftmargin`, `topmargin`, `nx`, `ny`, `spacex`, `spacey`, `width`, `height`, `font_size`, `custom_x`, `custom_y`, `active`) VALUES (1,'5160','Avery-5160, WL-875WX','letter','P','mm',5.58165000,12.70000000,3,10,3.55600000,0.00000000,65.87490000,25.40000000,7,0.00000000,0.00000000,1),(2,'5161','Avery-5161, WL-75WX','letter','P','mm',4.44500000,12.70000000,2,10,3.96800000,0.00000000,101.60000000,25.40000000,7,0.00000000,0.00000000,1),(3,'5162','Avery-5162, WL-100WX','letter','P','mm',3.87350000,22.35200000,2,7,4.95400000,0.00000000,101.60000000,33.78100000,8,0.00000000,0.00000000,1),(4,'5163','Avery-5163, WL-125WX','letter','P','mm',4.57200000,12.70000000,2,5,3.55600000,0.00000000,101.60000000,50.80000000,10,0.00000000,0.00000000,1),(5,'5164','5164 (Letter)','letter','P','in',0.14800000,0.50000000,2,3,0.20310000,0.00000000,4.00000000,3.33000000,12,0.00000000,0.00000000,0),(6,'8600','Avery-8600','letter','P','mm',7.10000000,19.00000000,3,10,9.50000000,3.10000000,66.60000000,25.40000000,7,0.00000000,0.00000000,1),(7,'99012','DYMO 99012 89*36mm','custom','L','mm',1.00000000,1.00000000,1,1,0.00000000,0.00000000,36.00000000,89.00000000,10,36.00000000,89.00000000,1),(8,'99014','DYMO 99014 101*54mm','custom','L','mm',1.00000000,1.00000000,1,1,0.00000000,0.00000000,54.00000000,101.00000000,10,54.00000000,101.00000000,1),(9,'AVERYC32010','Avery-C32010','A4','P','mm',15.00000000,13.00000000,2,5,10.00000000,0.00000000,85.00000000,54.00000000,10,0.00000000,0.00000000,1),(10,'CARD','Dolibarr Business cards','A4','P','mm',15.00000000,15.00000000,2,5,0.00000000,0.00000000,85.00000000,54.00000000,10,0.00000000,0.00000000,1),(11,'L7163','Avery-L7163','A4','P','mm',5.00000000,15.00000000,2,7,2.50000000,0.00000000,99.10000000,38.10000000,8,0.00000000,0.00000000,1);

--
-- Table structure for table `llx_c_forme_juridique`
--

CREATE TABLE `llx_c_forme_juridique` (
  `rowid` int(11) NOT NULL AUTO_INCREMENT,
  `code` int(11) NOT NULL,
  `fk_pays` int(11) NOT NULL,
  `libelle` varchar(255) DEFAULT NULL,
  `isvatexempted` tinyint(4) NOT NULL DEFAULT 0,
  `active` tinyint(4) NOT NULL DEFAULT 1,
  `module` varchar(32) DEFAULT NULL,
  `position` int(11) NOT NULL DEFAULT 0,
  PRIMARY KEY (`rowid`),
  UNIQUE KEY `uk_c_forme_juridique` (`code`)
) ENGINE=InnoDB AUTO_INCREMENT=100341 DEFAULT CHARSET=utf8mb3 COLLATE=utf8mb3_unicode_ci;

--
-- Dumping data for table `llx_c_forme_juridique`
--

INSERT INTO `llx_c_forme_juridique` (`rowid`, `code`, `fk_pays`, `libelle`, `isvatexempted`, `active`, `module`, `position`) VALUES (100001,100001,1,'Etudiant',0,0,'cabinetmed',0),(100002,100002,1,'Retraité',0,0,'cabinetmed',0),(100003,100003,1,'Artisan',0,0,'cabinetmed',0),(100004,100004,1,'Femme de ménage',0,0,'cabinetmed',0),(100005,100005,1,'Professeur',0,0,'cabinetmed',0),(100006,100006,1,'Profession libérale',0,0,'cabinetmed',0),(100007,100007,1,'Informaticien',0,0,'cabinetmed',0),(100009,0,0,'-',0,1,NULL,0),(100010,2301,23,'Monotributista',0,1,NULL,0),(100011,2302,23,'Sociedad Civil',0,1,NULL,0),(100012,2303,23,'Sociedades Comerciales',0,1,NULL,0),(100013,2304,23,'Sociedades de Hecho',0,1,NULL,0),(100014,2305,23,'Sociedades Irregulares',0,1,NULL,0),(100015,2306,23,'Sociedad Colectiva',0,1,NULL,0),(100016,2307,23,'Sociedad en Comandita Simple',0,1,NULL,0),(100017,2308,23,'Sociedad de Capital e Industria',0,1,NULL,0),(100018,2309,23,'Sociedad Accidental o en participación',0,1,NULL,0),(100019,2310,23,'Sociedad de Responsabilidad Limitada',0,1,NULL,0),(100020,2311,23,'Sociedad Anónima',0,1,NULL,0),(100021,2312,23,'Sociedad Anónima con Participación Estatal Mayoritaria',0,1,NULL,0),(100022,2313,23,'Sociedad en Comandita por Acciones (arts. 315 a 324, LSC)',0,1,NULL,0),(100023,11,1,'Artisan Commerçant (EI)',0,1,NULL,0),(100024,12,1,'Commerçant (EI)',0,1,NULL,0),(100025,13,1,'Artisan (EI)',0,1,NULL,0),(100026,14,1,'Officier public ou ministériel',0,1,NULL,0),(100027,15,1,'Profession libérale (EI)',0,1,NULL,0),(100028,16,1,'Exploitant agricole',0,1,NULL,0),(100029,17,1,'Agent commercial',0,1,NULL,0),(100030,18,1,'Associé Gérant de société',0,1,NULL,0),(100031,19,1,'Personne physique',0,1,NULL,0),(100032,21,1,'Indivision',0,1,NULL,0),(100033,22,1,'Société créée de fait',0,1,NULL,0),(100034,23,1,'Société en participation',0,1,NULL,0),(100035,27,1,'Paroisse hors zone concordataire',0,1,NULL,0),(100036,29,1,'Groupement de droit privé non doté de la personnalité morale',0,1,NULL,0),(100037,31,1,'Personne morale de droit étranger, immatriculée au RCS',0,1,NULL,0),(100038,32,1,'Personne morale de droit étranger, non immatriculée au RCS',0,1,NULL,0),(100039,35,1,'Régime auto-entrepreneur',0,1,NULL,0),(100040,41,1,'Etablissement public ou régie à caractère industriel ou commercial',0,1,NULL,0),(100041,51,1,'Société coopérative commerciale particulière',0,1,NULL,0),(100042,52,1,'Société en nom collectif',0,1,NULL,0),(100043,53,1,'Société en commandite',0,1,NULL,0),(100044,54,1,'Société à responsabilité limitée (SARL)',0,1,NULL,0),(100045,55,1,'Société anonyme à conseil d administration',0,1,NULL,0),(100046,56,1,'Société anonyme à directoire',0,1,NULL,0),(100047,57,1,'Société par actions simplifiée (SAS)',0,1,NULL,0),(100048,58,1,'Entreprise Unipersonnelle à Responsabilité Limitée (EURL)',0,1,NULL,0),(100049,59,1,'Société par actions simplifiée unipersonnelle (SASU)',0,1,NULL,0),(100050,60,1,'Entreprise Individuelle à Responsabilité Limitée (EIRL)',0,1,NULL,0),(100051,61,1,'Caisse d\'épargne et de prévoyance',0,1,NULL,0),(100052,62,1,'Groupement d\'intérêt économique (GIE)',0,1,NULL,0),(100053,63,1,'Société coopérative agricole',0,1,NULL,0),(100054,64,1,'Société non commerciale d assurances',0,1,NULL,0),(100055,65,1,'Société civile',0,1,NULL,0),(100056,69,1,'Personnes de droit privé inscrites au RCS',0,1,NULL,0),(100057,71,1,'Administration de l état',0,1,NULL,0),(100058,72,1,'Collectivité territoriale',0,1,NULL,0),(100059,73,1,'Etablissement public administratif',0,1,NULL,0),(100060,74,1,'Personne morale de droit public administratif',0,1,NULL,0),(100061,81,1,'Organisme gérant régime de protection social à adhésion obligatoire',0,1,NULL,0),(100062,82,1,'Organisme mutualiste',0,1,NULL,0),(100063,83,1,'Comité d entreprise',0,1,NULL,0),(100064,84,1,'Organisme professionnel',0,1,NULL,0),(100065,85,1,'Organisme de retraite à adhésion non obligatoire',0,1,NULL,0),(100066,91,1,'Syndicat de propriétaires',0,1,NULL,0),(100067,92,1,'Association loi 1901 ou assimilé',0,1,NULL,0),(100068,93,1,'Fondation',0,1,NULL,0),(100069,99,1,'Personne morale de droit privé',0,1,NULL,0),(100070,200,2,'Indépendant',0,1,NULL,0),(100071,201,2,'SRL - Société à responsabilité limitée',0,1,NULL,0),(100072,202,2,'SA   - Société Anonyme',0,1,NULL,0),(100073,203,2,'SCRL - Société coopérative à responsabilité limitée',0,1,NULL,0),(100074,204,2,'ASBL - Association sans but Lucratif',0,1,NULL,0),(100075,205,2,'SCRI - Société coopérative à responsabilité illimitée',0,1,NULL,0),(100076,206,2,'SCS  - Société en commandite simple',0,1,NULL,0),(100077,207,2,'SCA  - Société en commandite par action',0,1,NULL,0),(100078,208,2,'SNC  - Société en nom collectif',0,1,NULL,0),(100079,209,2,'GIE  - Groupement d intérêt économique',0,1,NULL,0),(100080,210,2,'GEIE - Groupement européen d intérêt économique',0,1,NULL,0),(100081,220,2,'Eenmanszaak',0,1,NULL,0),(100082,221,2,'BVBA - Besloten vennootschap met beperkte aansprakelijkheid',0,1,NULL,0),(100083,222,2,'NV   - Naamloze Vennootschap',0,1,NULL,0),(100084,223,2,'CVBA - Coöperatieve vennootschap met beperkte aansprakelijkheid',0,1,NULL,0),(100085,224,2,'VZW  - Vereniging zonder winstoogmerk',0,1,NULL,0),(100086,225,2,'CVOA - Coöperatieve vennootschap met onbeperkte aansprakelijkheid ',0,1,NULL,0),(100087,226,2,'GCV  - Gewone commanditaire vennootschap',0,1,NULL,0),(100088,227,2,'Comm.VA - Commanditaire vennootschap op aandelen',0,1,NULL,0),(100089,228,2,'VOF  - Vennootschap onder firma',0,1,NULL,0),(100090,229,2,'VS0  - Vennootschap met sociaal oogmerk',0,1,NULL,0),(100091,500,5,'GmbH - Gesellschaft mit beschränkter Haftung',0,1,NULL,0),(100092,501,5,'AG - Aktiengesellschaft ',0,1,NULL,0),(100093,502,5,'GmbH&Co. KG - Gesellschaft mit beschränkter Haftung & Compagnie Kommanditgesellschaft',0,1,NULL,0),(100094,503,5,'Gewerbe - Personengesellschaft',0,1,NULL,0),(100095,504,5,'UG - Unternehmergesellschaft -haftungsbeschränkt-',0,1,NULL,0),(100096,505,5,'GbR - Gesellschaft des bürgerlichen Rechts',0,1,NULL,0),(100097,506,5,'KG - Kommanditgesellschaft',0,1,NULL,0),(100098,507,5,'Ltd. - Limited Company',0,1,NULL,0),(100099,508,5,'OHG - Offene Handelsgesellschaft',0,1,NULL,0),(100100,10201,102,'Ατομική επιχείρηση',0,1,NULL,0),(100101,10202,102,'Εταιρική  επιχείρηση',0,1,NULL,0),(100102,10203,102,'Ομόρρυθμη Εταιρεία Ο.Ε',0,1,NULL,0),(100103,10204,102,'Ετερόρρυθμη Εταιρεία Ε.Ε',0,1,NULL,0),(100104,10205,102,'Εταιρεία Περιορισμένης Ευθύνης Ε.Π.Ε',0,1,NULL,0),(100105,10206,102,'Ανώνυμη Εταιρεία Α.Ε',0,1,NULL,0),(100106,10207,102,'Ανώνυμη ναυτιλιακή εταιρεία Α.Ν.Ε',0,1,NULL,0),(100107,10208,102,'Συνεταιρισμός',0,1,NULL,0),(100108,10209,102,'Συμπλοιοκτησία',0,1,NULL,0),(100109,301,3,'Società semplice',0,1,NULL,0),(100110,302,3,'Società in nome collettivo s.n.c.',0,1,NULL,0),(100111,303,3,'Società in accomandita semplice s.a.s.',0,1,NULL,0),(100112,304,3,'Società per azioni s.p.a.',0,1,NULL,0),(100113,305,3,'Società a responsabilità limitata s.r.l.',0,1,NULL,0),(100114,306,3,'Società in accomandita per azioni s.a.p.a.',0,1,NULL,0),(100115,307,3,'Società cooperativa a r.l.',0,1,NULL,0),(100116,308,3,'Società consortile',0,1,NULL,0),(100117,309,3,'Società europea',0,1,NULL,0),(100118,310,3,'Società cooperativa europea',0,1,NULL,0),(100119,311,3,'Società unipersonale',0,1,NULL,0),(100120,312,3,'Società di professionisti',0,1,NULL,0),(100121,313,3,'Società di fatto',0,1,NULL,0),(100122,315,3,'Società apparente',0,1,NULL,0),(100123,316,3,'Impresa individuale ',0,1,NULL,0),(100124,317,3,'Impresa coniugale',0,1,NULL,0),(100125,318,3,'Impresa familiare',0,1,NULL,0),(100126,319,3,'Consorzio cooperativo',0,1,NULL,0),(100127,320,3,'Società cooperativa sociale',0,1,NULL,0),(100128,321,3,'Società cooperativa di consumo',0,1,NULL,0),(100129,322,3,'Società cooperativa agricola',0,1,NULL,0),(100130,323,3,'A.T.I. Associazione temporanea di imprese',0,1,NULL,0),(100131,324,3,'R.T.I. Raggruppamento temporaneo di imprese',0,1,NULL,0),(100132,325,3,'Studio associato',0,1,NULL,0),(100133,600,6,'Raison Individuelle',0,1,NULL,0),(100134,601,6,'Société Simple',0,1,NULL,0),(100135,602,6,'Société en nom collectif',0,1,NULL,0),(100136,603,6,'Société en commandite',0,1,NULL,0),(100137,604,6,'Société anonyme (SA)',0,1,NULL,0),(100138,605,6,'Société en commandite par actions',0,1,NULL,0),(100139,606,6,'Société à responsabilité limitée (SARL)',0,1,NULL,0),(100140,607,6,'Société coopérative',0,1,NULL,0),(100141,608,6,'Association',0,1,NULL,0),(100142,609,6,'Fondation',0,1,NULL,0),(100143,700,7,'Sole Trader',0,1,NULL,0),(100144,701,7,'Partnership',0,1,NULL,0),(100145,702,7,'Private Limited Company by shares (LTD)',0,1,NULL,0),(100146,703,7,'Public Limited Company',0,1,NULL,0),(100147,704,7,'Workers Cooperative',0,1,NULL,0),(100148,705,7,'Limited Liability Partnership',0,1,NULL,0),(100149,706,7,'Franchise',0,1,NULL,0),(100150,1000,10,'Société à responsabilité limitée (SARL)',0,1,NULL,0),(100151,1001,10,'Société en Nom Collectif (SNC)',0,1,NULL,0),(100152,1002,10,'Société en Commandite Simple (SCS)',0,1,NULL,0),(100153,1003,10,'société en participation',0,1,NULL,0),(100154,1004,10,'Société Anonyme (SA)',0,1,NULL,0),(100155,1005,10,'Société Unipersonnelle à Responsabilité Limitée (SUARL)',0,1,NULL,0),(100156,1006,10,'Groupement d\'intérêt économique (GEI)',0,1,NULL,0),(100157,1007,10,'Groupe de sociétés',0,1,NULL,0),(100158,1701,17,'Eenmanszaak',0,1,NULL,0),(100159,1702,17,'Maatschap',0,1,NULL,0),(100160,1703,17,'Vennootschap onder firma',0,1,NULL,0),(100161,1704,17,'Commanditaire vennootschap',0,1,NULL,0),(100162,1705,17,'Besloten vennootschap (BV)',0,1,NULL,0),(100163,1706,17,'Naamloze Vennootschap (NV)',0,1,NULL,0),(100164,1707,17,'Vereniging',0,1,NULL,0),(100165,1708,17,'Stichting',0,1,NULL,0),(100166,1709,17,'Coöperatie met beperkte aansprakelijkheid (BA)',0,1,NULL,0),(100167,1710,17,'Coöperatie met uitgesloten aansprakelijkheid (UA)',0,1,NULL,0),(100168,1711,17,'Coöperatie met wettelijke aansprakelijkheid (WA)',0,1,NULL,0),(100169,1712,17,'Onderlinge waarborgmaatschappij',0,1,NULL,0),(100170,401,4,'Empresario Individual',0,1,NULL,0),(100171,402,4,'Comunidad de Bienes',0,1,NULL,0),(100172,403,4,'Sociedad Civil',0,1,NULL,0),(100173,404,4,'Sociedad Colectiva',0,1,NULL,0),(100174,405,4,'Sociedad Limitada',0,1,NULL,0),(100175,406,4,'Sociedad Anónima',0,1,NULL,0),(100176,407,4,'Sociedad Comanditaria por Acciones',0,1,NULL,0),(100177,408,4,'Sociedad Comanditaria Simple',0,1,NULL,0),(100178,409,4,'Sociedad Laboral',0,1,NULL,0),(100179,410,4,'Sociedad Cooperativa',0,1,NULL,0),(100180,411,4,'Sociedad de Garantía Recíproca',0,1,NULL,0),(100181,412,4,'Entidad de Capital-Riesgo',0,1,NULL,0),(100182,413,4,'Agrupación de Interés Económico',0,1,NULL,0),(100183,414,4,'Sociedad de Inversión Mobiliaria',0,1,NULL,0),(100184,415,4,'Agrupación sin Ánimo de Lucro',0,1,NULL,0),(100185,15201,152,'Mauritius Private Company Limited By Shares',0,1,NULL,0),(100186,15202,152,'Mauritius Company Limited By Guarantee',0,1,NULL,0),(100187,15203,152,'Mauritius Public Company Limited By Shares',0,1,NULL,0),(100188,15204,152,'Mauritius Foreign Company',0,1,NULL,0),(100189,15205,152,'Mauritius GBC1 (Offshore Company)',0,1,NULL,0),(100190,15206,152,'Mauritius GBC2 (International Company)',0,1,NULL,0),(100191,15207,152,'Mauritius General Partnership',0,1,NULL,0),(100192,15208,152,'Mauritius Limited Partnership',0,1,NULL,0),(100193,15209,152,'Mauritius Sole Proprietorship',0,1,NULL,0),(100194,15210,152,'Mauritius Trusts',0,1,NULL,0),(100195,15401,154,'Sociedad en nombre colectivo',0,1,NULL,0),(100196,15402,154,'Sociedad en comandita simple',0,1,NULL,0),(100197,15403,154,'Sociedad de responsabilidad limitada',0,1,NULL,0),(100198,15404,154,'Sociedad anónima',0,1,NULL,0),(100199,15405,154,'Sociedad en comandita por acciones',0,1,NULL,0),(100200,15406,154,'Sociedad cooperativa',0,1,NULL,0),(100201,4100,41,'GmbH - Gesellschaft mit beschränkter Haftung',0,1,NULL,0),(100202,4101,41,'GesmbH - Gesellschaft mit beschränkter Haftung',0,1,NULL,0),(100203,4102,41,'AG - Aktiengesellschaft',0,1,NULL,0),(100204,4103,41,'EWIV - Europäische wirtschaftliche Interessenvereinigung',0,1,NULL,0),(100205,4104,41,'KEG - Kommanditerwerbsgesellschaft',0,1,NULL,0),(100206,4105,41,'OEG - Offene Erwerbsgesellschaft',0,1,NULL,0),(100207,4106,41,'OHG - Offene Handelsgesellschaft',0,1,NULL,0),(100208,4107,41,'AG & Co KG - Kommanditgesellschaft',0,1,NULL,0),(100209,4108,41,'GmbH & Co KG - Kommanditgesellschaft',0,1,NULL,0),(100210,4109,41,'KG - Kommanditgesellschaft',0,1,NULL,0),(100211,4110,41,'OG - Offene Gesellschaft',0,1,NULL,0),(100212,4111,41,'GbR - Gesellschaft nach bürgerlichem Recht',0,1,NULL,0),(100213,4112,41,'GesbR - Gesellschaft nach bürgerlichem Recht',0,1,NULL,0),(100214,4113,41,'GesnbR - Gesellschaft nach bürgerlichem Recht',0,1,NULL,0),(100215,4114,41,'e.U. - eingetragener Einzelunternehmer',0,1,NULL,0),(100216,17801,178,'Empresa individual',0,1,NULL,0),(100217,17802,178,'Asociación General',0,1,NULL,0),(100218,17803,178,'Sociedad de Responsabilidad Limitada',0,1,NULL,0),(100219,17804,178,'Sociedad Civil',0,1,NULL,0),(100220,17805,178,'Sociedad Anónima',0,1,NULL,0),(100221,8001,80,'Aktieselvskab A/S',0,1,NULL,0),(100222,8002,80,'Anparts Selvskab ApS',0,1,NULL,0),(100223,8003,80,'Personlig ejet selvskab',0,1,NULL,0),(100224,8004,80,'Iværksætterselvskab IVS',0,1,NULL,0),(100225,8005,80,'Interessentskab I/S',0,1,NULL,0),(100226,8006,80,'Holdingselskab',0,1,NULL,0),(100227,8007,80,'Selskab Med Begrænset Hæftelse SMBA',0,1,NULL,0),(100228,8008,80,'Kommanditselskab K/S',0,1,NULL,0),(100229,8009,80,'SPE-selskab',0,1,NULL,0),(100230,2001,20,'Aktiebolag',0,1,NULL,0),(100231,2002,20,'Publikt aktiebolag (AB publ)',0,1,NULL,0),(100232,2003,20,'Ekonomisk förening (ek. för.)',0,1,NULL,0),(100233,2004,20,'Bostadsrättsförening (BRF)',0,1,NULL,0),(100234,2005,20,'Hyresrättsförening (HRF)',0,1,NULL,0),(100235,2006,20,'Kooperativ',0,1,NULL,0),(100236,2007,20,'Enskild firma (EF)',0,1,NULL,0),(100237,2008,20,'Handelsbolag (HB)',0,1,NULL,0),(100238,2009,20,'Kommanditbolag (KB)',0,1,NULL,0),(100239,2010,20,'Enkelt bolag',0,1,NULL,0),(100240,2011,20,'Ideell förening',0,1,NULL,0),(100241,2012,20,'Stiftelse',0,1,NULL,0),(100248,15407,154,'610 - Residentes en el Extranjero sin Establecimiento Permanente en México',0,1,NULL,0),(100249,15408,154,'611 - Ingresos por Dividendos (socios y accionistas)',0,1,NULL,0),(100250,15409,154,'612 - Personas Físicas con Actividades Empresariales y Profesionales',0,1,NULL,0),(100251,15410,154,'614 - Ingresos por intereses',0,1,NULL,0),(100252,15411,154,'615 - Régimen de los ingresos por obtención de premios',0,1,NULL,0),(100253,15412,154,'616 - Sin obligaciones fiscales',0,1,NULL,0),(100254,15413,154,'620 - Sociedades Cooperativas de Producción que optan por diferir sus ingresos',0,1,NULL,0),(100255,15414,154,'621 - Incorporación Fiscal',0,1,NULL,0),(100256,15415,154,'622 - Actividades Agrícolas, Ganaderas, Silvícolas y Pesqueras',0,1,NULL,0),(100257,15416,154,'623 - Opcional para Grupos de Sociedades',0,1,NULL,0),(100258,15417,154,'624 - Coordinados',0,1,NULL,0),(100259,15418,154,'625 - Régimen de las Actividades Empresariales con ingresos a través de Plataformas Tecnológicas',0,1,NULL,0),(100260,15419,154,'626 - Régimen Simplificado de Confianza',0,1,NULL,0),(100318,66,1,'Société publique locale',0,1,NULL,0),(100320,511,5,'eGbR - eingetragene Gesellschaft bürgerlichen Rechts',0,1,NULL,0),(100321,512,5,'Einzelunternehmen',0,1,NULL,0),(100322,513,5,'PartG - Partnerschaftsgesellschaft',0,1,NULL,0),(100323,514,5,'PartG mbB - Partnerschaftsgesellschaft mit beschränkter Berufshaftung',0,1,NULL,0),(100324,515,5,'KGaA - Kommanditgesellschaft auf Aktien',0,1,NULL,0),(100325,516,5,'GmbH & Co. KGaA - Gesellschaft mit beschränkter Haftung & Compagnie Kommanditgesellschaft auf Aktien',0,1,NULL,0),(100326,517,5,'SE - Societas Europaea',0,1,NULL,0),(100327,518,5,'Stiftung',0,1,NULL,0),(100328,519,5,'gGmbH - gemeinnützige Gesellschaft mit beschränkter Haftung',0,1,NULL,0),(100329,520,5,'gUG - gemeinnützige Unternehmergesellschaft (haftungsbeschränkt)',0,1,NULL,0);

--
-- Table structure for table `llx_c_holiday_types`
--

CREATE TABLE `llx_c_holiday_types` (
  `rowid` int(11) NOT NULL AUTO_INCREMENT,
  `entity` int(11) NOT NULL DEFAULT 1,
  `code` varchar(16) NOT NULL,
  `label` varchar(255) NOT NULL,
  `affect` int(11) NOT NULL,
  `delay` int(11) NOT NULL,
  `newbymonth` double(8,5) NOT NULL DEFAULT 0.00000,
  `fk_country` int(11) DEFAULT NULL,
  `block_if_negative` int(11) NOT NULL DEFAULT 0,
  `active` int(11) DEFAULT 1,
  `sortorder` smallint(6) DEFAULT NULL,
  PRIMARY KEY (`rowid`),
  UNIQUE KEY `uk_c_holiday_types` (`entity`,`code`)
) ENGINE=InnoDB AUTO_INCREMENT=111 DEFAULT CHARSET=utf8mb3 COLLATE=utf8mb3_unicode_ci;

--
-- Dumping data for table `llx_c_holiday_types`
--

INSERT INTO `llx_c_holiday_types` (`rowid`, `entity`, `code`, `label`, `affect`, `delay`, `newbymonth`, `fk_country`, `block_if_negative`, `active`, `sortorder`) VALUES (1,1,'LEAVE_SICK','Sick leave',0,0,0.00000,NULL,0,1,NULL),(2,1,'LEAVE_OTHER','Other leave',0,0,0.00000,NULL,0,1,NULL),(3,1,'LEAVE_PAID','Paid vacation',1,7,0.00000,NULL,0,1,NULL),(4,1,'LEAVE_RTT_FR','RTT',1,7,0.83000,1,0,0,NULL),(5,1,'LEAVE_PAID_FR','Paid vacation',1,30,2.08334,1,0,0,NULL),(6,1,'5D1Y','Κανονική άδεια(Πενθήμερο 1ο έτος)',1,0,1.66700,102,0,1,6),(7,1,'5D2Y','Κανονική άδεια(Πενθήμερο 2ο έτος)',1,0,1.75000,102,0,1,7),(8,1,'5D3-10Y','Κανονική άδεια(Πενθήμερο 3ο έως 10ο έτος)',1,0,1.83300,102,0,1,8),(9,1,'5D10-25Y','Κανονική άδεια(Πενθήμερο 10ο έως 25ο έτος)',1,0,2.08300,102,0,1,9),(10,1,'5D25+Y','Κανονική άδεια(Πενθήμερο 25+ έτη)',1,0,2.16600,102,0,1,10),(11,1,'6D1Y','Κανονική άδεια(Εξαήμερο 1ο έτος)',1,0,2.00000,102,0,1,11),(12,1,'6D2Y','Κανονική άδεια(Εξαήμερο 2ο έτος)',1,0,2.08300,102,0,1,12),(13,1,'6D3-10Y','Κανονική άδεια(Εξαήμερο 3ο έως 10ο έτος)',1,0,2.16600,102,0,1,13),(14,1,'6D10-25Y','Κανονική άδεια(Εξαήμερο 10ο έως 25ο έτος)',1,0,2.08300,102,0,1,14),(15,1,'6D25+Y','Κανονική άδεια(Εξαήμερο 25+ έτη)',1,0,2.16600,102,0,1,15),(16,1,'5D-WED','Πενθήμερη άδεια γάμου(με αποδοχές)',0,0,0.00000,102,0,0,16),(17,1,'6D-WED','Εξαήμερη άδεια γάμου(με αποδοχές)',0,0,0.00000,102,0,0,17),(18,1,'7D-AR','Επταήμερη άδεια ιατρικώς υποβοηθούμενης αναπαραγωγής(με αποδοχές)',0,0,0.00000,102,0,0,18),(19,1,'1D-BC','Μονοήμερη άδεια προγεννητικών εξετάσεων(με αποδοχές)',0,0,0.00000,102,0,0,19),(20,1,'1D-GYN','Μονοήμερη άδεια γυναικολογικού ελέγχου(με αποδοχές)',0,0,0.00000,102,0,0,20),(21,1,'149D-ML','Άδεια Μητρότητας (Άδεια κύησης – λοχείας)56 ημέρες πριν-93 ημέρες μετα(με αποδοχές)',0,0,0.00000,102,0,0,21),(22,1,'14D-PL','14ήμερη Άδεια πατρότητας(με αποδοχές)',0,0,0.00000,102,0,0,22),(23,1,'1-2H-CC','Άδεια φροντίδας παιδιών (μειωμένο ωράριο  https://www.kepea.gr/aarticle.php?id=1984)',0,0,0.00000,102,0,0,23),(24,1,'9M-M','Ειδική άδεια προστασίας μητρότητας 9 μηνών(χωρίς αποδοχές)',0,0,0.00000,102,0,0,24),(25,1,'4M-M','Τετράμηνη γονική Άδεια Ανατροφής Τέκνων(χωρίς αποδοχές)',0,0,0.00000,102,0,0,25),(26,1,'6-8D-SP','Εξαήμερη ή Οκταήμερη Άδεια για μονογονεϊκές οικογένειες(με αποδοχές)',0,0,0.00000,102,0,0,26),(27,1,'6-8-14D-FC','Άδεια για ασθένεια μελών οικογένειας(χωρίς αποδοχές, 6 ημέρες/έτος ένα παιδί - 8 ημέρες/έτος δύο παιδιά και σε 14 ημέρες/έτος τρία (3) παιδιά και πάνω',0,0,0.00000,102,0,0,27),(28,1,'10D-CD','Δεκαήμερη Γονική Άδεια για παιδί με σοβαρά νοσήματα και λόγω νοσηλείας παιδιών(με αποδοχές)',0,0,0.00000,102,0,0,28),(29,1,'30D-CD','Άδεια λόγω νοσηλείας των παιδιών(έως 30 ημέρες/έτος χωρίς αποδοχές)',0,0,0.00000,102,0,0,29),(30,1,'5D-CG','Άδεια φροντιστή(έως 5 ημέρες/έτος χωρίς αποδοχές)',0,0,0.00000,102,0,0,30),(31,1,'2D-CG','Άδεια απουσίας από την εργασία για λόγους ανωτέρας βίας(έως 2 ημέρες/έτος με αποδοχές)',0,0,0.00000,102,0,0,31),(32,1,'2D-SC','Άδεια για παρακολούθηση σχολικής επίδοσης(έως 2 ημέρες/έτος με αποδοχές)',0,0,0.00000,102,0,0,32),(33,1,'1D-BD','Μονοήμερη άδεια αιμοδοσίας(με αποδοχές)',0,0,0.00000,102,0,0,33),(34,1,'22D-BT','Άδεια για μετάγγιση αίματος & αιμοκάθαρση(έως 22 ημέρες/έτος με αποδοχές)',0,0,0.00000,102,0,0,34),(35,1,'30D-HIV','Άδεια λόγω AIDS(έως ένα (1) μήνα/έτος με αποδοχές)',0,0,0.00000,102,0,0,35),(36,1,'20D-CD','Άδεια πενθούντων γονέων(20 ημέρες με αποδοχές)',0,0,0.00000,102,0,0,36),(37,1,'2D-FD','Άδεια λόγω θανάτου συγγενούς(2 ημέρες με αποδοχές)',0,0,0.00000,102,0,0,37),(38,1,'DIS','Άδειες αναπήρων(30 ημέρες με αποδοχές)',0,0,0.00000,102,0,0,38),(39,1,'SE','Άδεια εξετάσεων μαθητών, σπουδαστών, φοιτητών(30 ημέρες χωρίς αποδοχές)',0,0,0.00000,102,0,0,39),(40,1,'NOT PAID','Άδεια άνευ αποδοχών(έως ένα (1) έτος)',0,0,0.00000,102,0,0,40);

--
-- Table structure for table `llx_c_hrm_department`
--

CREATE TABLE `llx_c_hrm_department` (
  `rowid` int(11) NOT NULL,
  `pos` tinyint(4) NOT NULL DEFAULT 0,
  `code` varchar(16) NOT NULL,
  `label` varchar(128) DEFAULT NULL,
  `active` tinyint(4) NOT NULL DEFAULT 1,
  PRIMARY KEY (`rowid`)
) ENGINE=InnoDB DEFAULT CHARSET=utf8mb3 COLLATE=utf8mb3_unicode_ci;

--
-- Dumping data for table `llx_c_hrm_department`
--

INSERT INTO `llx_c_hrm_department` (`rowid`, `pos`, `code`, `label`, `active`) VALUES (1,5,'MANAGEMENT','Management',1),(2,10,'GESTION','Gestion',1),(3,15,'TRAINING','Training',1),(4,20,'IT','Inform. Technology (IT)',1),(5,25,'MARKETING','Marketing',1),(6,30,'SALES','Sales',1),(7,35,'LEGAL','Legal',1),(8,40,'FINANCIAL','Financial accounting',1),(9,45,'HUMANRES','Human resources',1),(10,50,'PURCHASING','Purchasing',1),(11,55,'SERVICES','Services',1),(12,60,'CUSTOMSERV','Customer service',1),(13,65,'CONSULTING','Consulting',1),(14,70,'LOGISTIC','Logistics',1),(15,75,'CONSTRUCT','Engineering/design',1),(16,80,'PRODUCTION','Manufacturing',1),(17,85,'QUALITY','Quality assurance',1),(18,85,'MAINT','Plant assurance',1);

--
-- Table structure for table `llx_c_hrm_function`
--

CREATE TABLE `llx_c_hrm_function` (
  `rowid` int(11) NOT NULL,
  `pos` tinyint(4) NOT NULL DEFAULT 0,
  `code` varchar(16) NOT NULL,
  `label` varchar(128) DEFAULT NULL,
  `c_level` tinyint(4) NOT NULL DEFAULT 0,
  `active` tinyint(4) NOT NULL DEFAULT 1,
  PRIMARY KEY (`rowid`)
) ENGINE=InnoDB DEFAULT CHARSET=utf8mb3 COLLATE=utf8mb3_unicode_ci;

--
-- Dumping data for table `llx_c_hrm_function`
--

INSERT INTO `llx_c_hrm_function` (`rowid`, `pos`, `code`, `label`, `c_level`, `active`) VALUES (1,5,'EXECBOARD','Executive board',0,1),(2,10,'MANAGDIR','Managing director',1,1),(3,15,'ACCOUNTMANAG','Account manager',0,1),(4,20,'ENGAGDIR','Engagement director',1,1),(5,25,'DIRECTOR','Director',1,1),(6,30,'PROJMANAG','Project manager',0,1),(7,35,'DEPHEAD','Department head',0,1),(8,40,'SECRETAR','Secretary',0,1),(9,45,'EMPLOYEE','Department employee',0,1);

--
-- Table structure for table `llx_c_hrm_public_holiday`
--

CREATE TABLE `llx_c_hrm_public_holiday` (
  `id` int(11) NOT NULL AUTO_INCREMENT,
  `entity` int(11) NOT NULL DEFAULT 1,
  `fk_country` int(11) DEFAULT NULL,
  `code` varchar(62) DEFAULT NULL,
  `dayrule` varchar(64) DEFAULT '',
  `day` int(11) DEFAULT NULL,
  `month` int(11) DEFAULT NULL,
  `year` int(11) DEFAULT NULL,
  `active` int(11) DEFAULT 1,
  `import_key` varchar(14) DEFAULT NULL,
  PRIMARY KEY (`id`),
  UNIQUE KEY `uk_c_hrm_public_holiday` (`entity`,`code`),
  UNIQUE KEY `uk_c_hrm_public_holiday2` (`entity`,`fk_country`,`dayrule`,`day`,`month`,`year`)
) ENGINE=InnoDB AUTO_INCREMENT=136 DEFAULT CHARSET=utf8mb3 COLLATE=utf8mb3_unicode_ci;

--
-- Dumping data for table `llx_c_hrm_public_holiday`
--

INSERT INTO `llx_c_hrm_public_holiday` (`id`, `entity`, `fk_country`, `code`, `dayrule`, `day`, `month`, `year`, `active`, `import_key`) VALUES (1,1,0,'NEWYEARDAY1','',1,1,0,1,NULL),(2,1,0,'LABORDAY1','',1,5,0,1,NULL),(3,1,0,'ASSOMPTIONDAY1','',15,8,0,1,NULL),(4,1,0,'CHRISTMASDAY1','',25,12,0,1,NULL),(5,1,1,'FR-VICTORYDAY','',8,5,0,1,NULL),(6,1,1,'FR-NATIONALDAY','',14,7,0,1,NULL),(7,1,1,'FR-ASSOMPTION','',15,8,0,1,NULL),(8,1,1,'FR-TOUSSAINT','',1,11,0,1,NULL),(9,1,1,'FR-ARMISTICE','',11,11,0,1,NULL),(10,1,1,'FR-EASTER','eastermonday',0,0,0,1,NULL),(11,1,1,'FR-ASCENSION','ascension',0,0,0,1,NULL),(12,1,1,'FR-PENTECOST','pentecost',0,0,0,1,NULL),(13,1,3,'IT-LIBEAZIONE','',25,4,0,1,NULL),(14,1,3,'IT-EPIPHANY','',1,6,0,1,NULL),(15,1,3,'IT-REPUBBLICA','',2,6,0,1,NULL),(16,1,3,'IT-TUTTISANTIT','',1,11,0,1,NULL),(17,1,3,'IT-IMMACULE','',8,12,0,1,NULL),(18,1,3,'IT-SAINTSTEFAN','',26,12,0,1,NULL),(19,1,4,'ES-EASTER','easter',0,0,0,1,NULL),(20,1,4,'ES-REYE','',1,6,0,1,NULL),(21,1,4,'ES-HISPANIDAD','',12,10,0,1,NULL),(22,1,4,'ES-TOUSSAINT','',1,11,0,1,NULL),(23,1,4,'ES-CONSTITUIZION','',6,12,0,1,NULL),(24,1,4,'ES-IMMACULE','',8,12,0,1,NULL),(25,1,41,'AT-EASTER','eastermonday',0,0,0,1,NULL),(26,1,41,'AT-ASCENSION','ascension',0,0,0,1,NULL),(27,1,41,'AT-PENTECOST','pentecost',0,0,0,1,NULL),(28,1,41,'AT-FRONLEICHNAM','fronleichnam',0,0,0,1,NULL),(29,1,41,'AT-KONEGIE','',1,6,0,1,NULL),(30,1,41,'AT-26OKT','',26,10,0,1,NULL),(31,1,41,'AT-TOUSSAINT','',1,11,0,1,NULL),(32,1,41,'AT-IMMACULE','',8,12,0,1,NULL),(33,1,41,'AT-24DEC','',24,12,0,1,NULL),(34,1,41,'AT-SAINTSTEFAN','',26,12,0,1,NULL),(35,1,41,'AT-Silvester','',31,12,0,1,NULL),(36,1,117,'IN-REPUBLICDAY','',26,1,0,1,NULL),(37,1,117,'IN-GANDI','',2,10,0,1,NULL),(75,1,2,'BE-VICTORYDAY','',8,5,0,1,NULL),(76,1,2,'BE-NATIONALDAY','',21,7,0,1,NULL),(77,1,2,'BE-ASSOMPTION','',15,8,0,1,NULL),(78,1,2,'BE-TOUSSAINT','',1,11,0,1,NULL),(79,1,2,'BE-ARMISTICE','',11,11,0,1,NULL),(80,1,2,'BE-EASTER','eastermonday',0,0,0,1,NULL),(81,1,2,'BE-ASCENSION','ascension',0,0,0,1,NULL),(82,1,2,'BE-PENTECOST','pentecost',0,0,0,1,NULL),(99,0,0,'NEWYEARDAY1','',1,1,0,1,NULL),(100,0,0,'LABORDAY1','',1,5,0,1,NULL),(101,0,0,'ASSOMPTIONDAY1','',15,8,0,1,NULL),(102,0,0,'CHRISTMASDAY1','',25,12,0,1,NULL),(103,0,1,'FR-VICTORYDAY','',8,5,0,1,NULL),(104,0,1,'FR-NATIONALDAY','',14,7,0,1,NULL),(105,0,1,'FR-ASSOMPTION','',15,8,0,1,NULL),(106,0,1,'FR-TOUSSAINT','',1,11,0,1,NULL),(107,0,1,'FR-ARMISTICE','',11,11,0,1,NULL),(108,0,1,'FR-EASTER','eastermonday',0,0,0,1,NULL),(109,0,1,'FR-ASCENSION','ascension',0,0,0,1,NULL),(110,0,1,'FR-PENTECOST','pentecost',0,0,0,1,NULL),(111,0,3,'IT-LIBEAZIONE','',25,4,0,1,NULL),(112,0,3,'IT-EPIPHANY','',1,6,0,1,NULL),(113,0,3,'IT-REPUBBLICA','',2,6,0,1,NULL),(114,0,3,'IT-TUTTISANTIT','',1,11,0,1,NULL),(115,0,3,'IT-IMMACULE','',8,12,0,1,NULL),(116,0,3,'IT-SAINTSTEFAN','',26,12,0,1,NULL),(117,0,4,'ES-EASTER','easter',0,0,0,1,NULL),(118,0,4,'ES-REYE','',1,6,0,1,NULL),(119,0,4,'ES-HISPANIDAD','',12,10,0,1,NULL),(120,0,4,'ES-TOUSSAINT','',1,11,0,1,NULL),(121,0,4,'ES-CONSTITUIZION','',6,12,0,1,NULL),(122,0,4,'ES-IMMACULE','',8,12,0,1,NULL),(123,0,41,'AT-EASTER','eastermonday',0,0,0,1,NULL),(124,0,41,'AT-ASCENSION','ascension',0,0,0,1,NULL),(125,0,41,'AT-PENTECOST','pentecost',0,0,0,1,NULL),(126,0,41,'AT-FRONLEICHNAM','fronleichnam',0,0,0,1,NULL),(127,0,41,'AT-KONEGIE','',1,6,0,1,NULL),(128,0,41,'AT-26OKT','',26,10,0,1,NULL),(129,0,41,'AT-TOUSSAINT','',1,11,0,1,NULL),(130,0,41,'AT-IMMACULE','',8,12,0,1,NULL),(131,0,41,'AT-24DEC','',24,12,0,1,NULL),(132,0,41,'AT-SAINTSTEFAN','',26,12,0,1,NULL),(133,0,41,'AT-Silvester','',31,12,0,1,NULL),(134,0,117,'IN-REPUBLICDAY','',26,1,0,1,NULL),(135,0,117,'IN-GANDI','',2,10,0,1,NULL);

--
-- Table structure for table `llx_c_incoterms`
--

CREATE TABLE `llx_c_incoterms` (
  `rowid` int(11) NOT NULL AUTO_INCREMENT,
  `code` varchar(8) NOT NULL,
  `libelle` varchar(255) NOT NULL,
  `active` tinyint(4) NOT NULL DEFAULT 1,
  `label` varchar(100) DEFAULT NULL,
  PRIMARY KEY (`rowid`),
  UNIQUE KEY `uk_c_incoterms` (`code`)
) ENGINE=InnoDB AUTO_INCREMENT=20 DEFAULT CHARSET=utf8mb3 COLLATE=utf8mb3_unicode_ci;

--
-- Dumping data for table `llx_c_incoterms`
--

INSERT INTO `llx_c_incoterms` (`rowid`, `code`, `libelle`, `active`, `label`) VALUES (1,'EXW','Ex Works, au départ non chargé, non dédouané sortie d\'usine (uniquement adapté aux flux domestiques, nationaux)',1,NULL),(2,'FCA','Free Carrier, marchandises dédouanées et chargées dans le pays de départ, chez le vendeur ou chez le commissionnaire de transport de l\'acheteur',1,NULL),(3,'FAS','Free Alongside Ship, sur le quai du port de départ',1,NULL),(4,'FOB','Free On Board, chargé sur le bateau, les frais de chargement dans celui-ci étant fonction du liner term indiqué par la compagnie maritime (à la charge du vendeur)',1,NULL),(5,'CFR','Cost and Freight, chargé dans le bateau, livraison au port de départ, frais payés jusqu\'au port d\'arrivée, sans assurance pour le transport, non déchargé du navire à destination (les frais de déchargement sont inclus ou non au port d\'arrivée)',1,NULL),(6,'CIF','Cost, Insurance and Freight, chargé sur le bateau, frais jusqu\'au port d\'arrivée, avec l\'assurance marchandise transportée souscrite par le vendeur pour le compte de l\'acheteur (couverture standard, 10% de la valeur commerciale)',1,NULL),(7,'CPT','Carriage Paid To, livraison au premier transporteur, frais jusqu\'au déchargement du mode de transport, sans assurance pour le transport',1,NULL),(8,'CIP','Carriage and Insurance Paid to, idem CPT, avec assurance marchandise transportée souscrite par le vendeur pour le compte de l\'acheteur (couverture tous risques)',1,NULL),(9,'DAT','Delivered At Terminal, marchandises (déchargées) livrées sur quai, dans un terminal maritime, fluvial, aérien, routier ou ferroviaire désigné (dédouanement import, et post-acheminement payés par l\'acheteur)',1,NULL),(10,'DAP','Delivered At Place, marchandises (non déchargées) mises à disposition de l\'acheteur dans le pays d\'importation au lieu précisé dans le contrat (déchargement, dédouanement import payé par l\'acheteur)',1,NULL),(11,'DDP','Delivered Duty Paid, marchandises (non déchargées) livrées à destination finale, dédouanement import et taxes à la charge du vendeur ; l\'acheteur prend en charge uniquement le déchargement (si exclusion des taxes type TVA, le préciser clairement)',1,NULL),(12,'DPU','Delivered at Place Unloaded, marchandises déchargées et livrées au lieu de destination désigné (remplace DAT, élargit les lieux de livraison possibles)',1,'Delivered at Place Unloaded'),(13,'DTP','Delivered at Terminal Paid, marchandises livrées et dédouanées dans un terminal du pays de destination',0,'Delivered at Terminal Paid'),(14,'DPP','Delivered at Place Paid, marchandises livrées et dédouanées à une adresse précise du pays de destination',0,'Delivered at Place Paid'),(15,'DTP(DHL)','Duties and Taxes Paid (service DHL) : l\'expéditeur paie les droits de douane et taxes à l\'importation (spécifique à DHL)',0,'Duties and Taxes Paid');

--
-- Table structure for table `llx_c_input_method`
--

CREATE TABLE `llx_c_input_method` (
  `rowid` int(11) NOT NULL AUTO_INCREMENT,
  `code` varchar(30) DEFAULT NULL,
  `libelle` varchar(128) DEFAULT NULL,
  `active` tinyint(4) NOT NULL DEFAULT 1,
  `module` varchar(32) DEFAULT NULL,
  PRIMARY KEY (`rowid`),
  UNIQUE KEY `uk_c_methode_commande_fournisseur` (`code`),
  UNIQUE KEY `uk_c_input_method` (`code`)
) ENGINE=InnoDB AUTO_INCREMENT=6 DEFAULT CHARSET=utf8mb3 COLLATE=utf8mb3_unicode_ci;

--
-- Dumping data for table `llx_c_input_method`
--

INSERT INTO `llx_c_input_method` (`rowid`, `code`, `libelle`, `active`, `module`) VALUES (1,'OrderByMail','Courrier',1,NULL),(2,'OrderByFax','Fax',1,NULL),(3,'OrderByEMail','EMail',1,NULL),(4,'OrderByPhone','Téléphone',1,NULL),(5,'OrderByWWW','En ligne',1,NULL);

--
-- Table structure for table `llx_c_input_reason`
--

CREATE TABLE `llx_c_input_reason` (
  `rowid` int(11) NOT NULL AUTO_INCREMENT,
  `code` varchar(30) NOT NULL,
  `label` varchar(128) DEFAULT NULL,
  `active` tinyint(4) NOT NULL DEFAULT 1,
  `module` varchar(32) DEFAULT NULL,
  PRIMARY KEY (`rowid`),
  UNIQUE KEY `uk_c_input_reason` (`code`)
) ENGINE=InnoDB AUTO_INCREMENT=12 DEFAULT CHARSET=utf8mb3 COLLATE=utf8mb3_unicode_ci;

--
-- Dumping data for table `llx_c_input_reason`
--

INSERT INTO `llx_c_input_reason` (`rowid`, `code`, `label`, `active`, `module`) VALUES (1,'SRC_INTE','Web site',1,NULL),(2,'SRC_CAMP_MAIL','Mailing campaign',1,NULL),(3,'SRC_CAMP_PHO','Phone campaign',1,NULL),(4,'SRC_CAMP_FAX','Fax campaign',1,NULL),(5,'SRC_COMM','Commercial contact',1,NULL),(6,'SRC_SHOP','Shop contact',1,NULL),(7,'SRC_CAMP_EMAIL','EMailing campaign',1,NULL),(8,'SRC_WOM','Word of mouth',1,NULL),(9,'SRC_PARTNER','Partner',1,NULL),(10,'SRC_EMPLOYEE','Employee',1,NULL),(11,'SRC_SPONSORING','Sponsoring',1,NULL);

--
-- Table structure for table `llx_c_invoice_subtype`
--

CREATE TABLE `llx_c_invoice_subtype` (
  `rowid` int(11) NOT NULL AUTO_INCREMENT,
  `entity` int(11) NOT NULL DEFAULT 1,
  `fk_country` int(11) NOT NULL,
  `code` varchar(5) NOT NULL,
  `label` varchar(100) DEFAULT NULL,
  `active` tinyint(4) NOT NULL DEFAULT 1,
  PRIMARY KEY (`rowid`),
  UNIQUE KEY `uk_c_invoice_subtype` (`entity`,`code`,`fk_country`)
) ENGINE=InnoDB AUTO_INCREMENT=94 DEFAULT CHARSET=utf8mb3 COLLATE=utf8mb3_unicode_ci;

--
-- Dumping data for table `llx_c_invoice_subtype`
--

INSERT INTO `llx_c_invoice_subtype` (`rowid`, `entity`, `fk_country`, `code`, `label`, `active`) VALUES (1,1,102,'1.1','Τιμολόγιο Πώλησης',1),(2,1,102,'1.2','Τιμολόγιο Πώλησης / Ενδοκοινοτικές Παραδόσεις',1),(3,1,102,'1.3','Τιμολόγιο Πώλησης / Παραδόσεις Τρίτων Χωρών',1),(4,1,102,'1.4','Τιμολόγιο Πώλησης / Πώληση για Λογαριασμό Τρίτων',0),(5,1,102,'1.5','Τιμολόγιο Πώλησης / Εκκαθάριση Πωλήσεων Τρίτων - Αμοιβή από Πωλήσεις Τρίτων',0),(6,1,102,'1.6','Τιμολόγιο Πώλησης / Συμπληρωματικό Παραστατικό',0),(7,1,102,'2.1','Τιμολόγιο Παροχής',1),(8,1,102,'2.2','Τιμολόγιο Παροχής / Ενδοκοινοτική Παροχή Υπηρεσιών',1),(9,1,102,'2.3','Τιμολόγιο Παροχής / Παροχή Υπηρεσιών σε λήπτη Τρίτης Χώρας',1),(10,1,102,'2.4','Τιμολόγιο Παροχής / Συμπληρωματικό Παραστατικό',0),(11,1,102,'3.1','Τίτλος Κτήσης (μη υπόχρεος Εκδότης)',0),(12,1,102,'3.2','Τίτλος Κτήσης (άρνηση έκδοσης από υπόχρεο Εκδότη)',0),(13,1,102,'6.1','Στοιχείο Αυτοπαράδοσης',0),(14,1,102,'6.2','Στοιχείο Ιδιοχρησιμοποίησης',0),(15,1,102,'7.1','Συμβόλαιο - Έσοδο',0),(16,1,102,'8.1','Ενοίκια - Έσοδο',0),(17,1,102,'8.2','Ειδικό Στοιχείο – Απόδειξης Είσπραξης Φόρου Διαμονής',0),(18,1,102,'11.1','ΑΛΠ',1),(19,1,102,'11.2','ΑΠΥ',1),(20,1,102,'11.3','Απλοποιημένο Τιμολόγιο',0),(21,1,102,'11.5','Απόδειξη Λιανικής Πώλησης για Λογ/σμό Τρίτων',0),(64,1,102,'5.1','Πιστωτικό Τιμολόγιο / Συσχετιζόμενο',0),(65,1,102,'5.2','Πιστωτικό Τιμολόγιο / Μη Συσχετιζόμενο',1),(66,1,102,'11.4','Πιστωτικό Στοιχ. Λιανικής',1);

--
-- Table structure for table `llx_c_lead_status`
--

CREATE TABLE `llx_c_lead_status` (
  `rowid` int(11) NOT NULL AUTO_INCREMENT,
  `code` varchar(10) DEFAULT NULL,
  `label` varchar(128) DEFAULT NULL,
  `position` int(11) DEFAULT NULL,
  `percent` double(5,2) DEFAULT NULL,
  `active` tinyint(4) NOT NULL DEFAULT 1,
  PRIMARY KEY (`rowid`),
  UNIQUE KEY `uk_c_lead_status_code` (`code`)
) ENGINE=InnoDB AUTO_INCREMENT=8 DEFAULT CHARSET=utf8mb3 COLLATE=utf8mb3_unicode_ci;

--
-- Dumping data for table `llx_c_lead_status`
--

INSERT INTO `llx_c_lead_status` (`rowid`, `code`, `label`, `position`, `percent`, `active`) VALUES (1,'PROSP','Prospection',10,0.00,1),(2,'QUAL','Qualification',20,20.00,1),(3,'PROPO','Proposal',30,40.00,1),(4,'NEGO','Negotiation',5,60.00,1),(5,'PENDING','Pending',50,50.00,0),(6,'WON','Won',60,100.00,1),(7,'LOST','Lost',70,0.00,1);

--
-- Table structure for table `llx_c_paiement`
--

CREATE TABLE `llx_c_paiement` (
  `id` int(11) NOT NULL AUTO_INCREMENT,
  `entity` int(11) NOT NULL DEFAULT 1,
  `code` varchar(6) NOT NULL,
  `libelle` varchar(128) DEFAULT NULL,
  `type` smallint(6) DEFAULT NULL,
  `active` tinyint(4) NOT NULL DEFAULT 1,
  `accountancy_code` varchar(32) DEFAULT NULL,
  `module` varchar(32) DEFAULT NULL,
  `position` int(11) NOT NULL DEFAULT 0,
  PRIMARY KEY (`id`),
  UNIQUE KEY `uk_c_paiement_code` (`entity`,`code`)
) ENGINE=InnoDB AUTO_INCREMENT=105 DEFAULT CHARSET=utf8mb3 COLLATE=utf8mb3_unicode_ci;

--
-- Dumping data for table `llx_c_paiement`
--

INSERT INTO `llx_c_paiement` (`id`, `entity`, `code`, `libelle`, `type`, `active`, `accountancy_code`, `module`, `position`) VALUES (1,1,'TIP','TIP',2,0,NULL,NULL,0),(2,1,'VIR','Virement',2,1,NULL,NULL,0),(3,1,'PRE','Prélèvement',2,1,NULL,NULL,0),(4,1,'LIQ','Espèces',2,1,NULL,NULL,0),(6,1,'CB','Carte Bancaire',2,1,NULL,NULL,0),(7,1,'CHQ','Chèque',2,1,NULL,NULL,0),(50,1,'VAD','Paiement en ligne',2,0,NULL,NULL,0),(51,1,'TRA','Traite',2,1,NULL,NULL,0),(52,1,'LCR','LCR',2,0,NULL,NULL,0),(53,1,'FAC','Factor',2,0,NULL,NULL,0),(100,1,'KLA','Klarna',1,0,NULL,NULL,0),(101,1,'SOF','Sofort',1,0,NULL,NULL,0),(102,1,'BANCON','Bancontact',1,0,NULL,NULL,0),(103,1,'IDE','iDeal',1,0,NULL,NULL,0),(104,1,'GIR','Giropay',1,0,NULL,NULL,0);

--
-- Table structure for table `llx_c_paiement_temp`
--

CREATE TABLE `llx_c_paiement_temp` (
  `id` int(11) NOT NULL DEFAULT 0,
  `entity` int(11) NOT NULL DEFAULT 1,
  `code` varchar(6) NOT NULL,
  `libelle` varchar(62) DEFAULT NULL,
  `type` smallint(6) DEFAULT NULL,
  `active` tinyint(4) NOT NULL DEFAULT 1,
  `accountancy_code` varchar(32) DEFAULT NULL,
  `module` varchar(32) DEFAULT NULL,
  `position` int(11) NOT NULL DEFAULT 0
) ENGINE=InnoDB DEFAULT CHARSET=utf8mb4 COLLATE=utf8mb4_unicode_ci ROW_FORMAT=DYNAMIC;

--
-- Dumping data for table `llx_c_paiement_temp`
--

INSERT INTO `llx_c_paiement_temp` (`id`, `entity`, `code`, `libelle`, `type`, `active`, `accountancy_code`, `module`, `position`) VALUES (1,1,'TIP','TIP',2,0,NULL,NULL,0),(2,1,'VIR','Virement',2,1,NULL,NULL,0),(3,1,'PRE','Prélèvement',2,1,NULL,NULL,0),(4,1,'LIQ','Espèces',2,1,NULL,NULL,0),(6,1,'CB','Carte Bancaire',2,1,NULL,NULL,0),(7,1,'CHQ','Chèque',2,1,NULL,NULL,0),(50,1,'VAD','Paiement en ligne',2,0,NULL,NULL,0),(51,1,'TRA','Traite',2,0,NULL,NULL,0),(52,1,'LCR','LCR',2,0,NULL,NULL,0),(53,1,'FAC','Factor',2,0,NULL,NULL,0);

--
-- Table structure for table `llx_c_paper_format`
--

CREATE TABLE `llx_c_paper_format` (
  `rowid` int(11) NOT NULL AUTO_INCREMENT,
  `code` varchar(16) NOT NULL DEFAULT 'aaaabbbbccccdddd',
  `label` varchar(128) DEFAULT NULL,
  `width` float(6,2) DEFAULT 0.00,
  `height` float(6,2) DEFAULT 0.00,
  `unit` varchar(5) NOT NULL,
  `active` tinyint(4) NOT NULL DEFAULT 1,
  `module` varchar(32) DEFAULT NULL,
  PRIMARY KEY (`rowid`)
) ENGINE=InnoDB AUTO_INCREMENT=226 DEFAULT CHARSET=utf8mb3 COLLATE=utf8mb3_unicode_ci;

--
-- Dumping data for table `llx_c_paper_format`
--

INSERT INTO `llx_c_paper_format` (`rowid`, `code`, `label`, `width`, `height`, `unit`, `active`, `module`) VALUES (1,'EU4A0','Format 4A0',1682.00,2378.00,'mm',1,NULL),(2,'EU2A0','Format 2A0',1189.00,1682.00,'mm',1,NULL),(3,'EUA0','Format A0',840.00,1189.00,'mm',1,NULL),(4,'EUA1','Format A1',594.00,840.00,'mm',1,NULL),(5,'EUA2','Format A2',420.00,594.00,'mm',1,NULL),(6,'EUA3','Format A3',297.00,420.00,'mm',1,NULL),(7,'EUA4','Format A4',210.00,297.00,'mm',1,NULL),(8,'EUA5','Format A5',148.00,210.00,'mm',1,NULL),(9,'EUA6','Format A6',105.00,148.00,'mm',1,NULL),(100,'USLetter','Format Letter (A)',216.00,279.00,'mm',1,NULL),(105,'USLegal','Format Legal',216.00,356.00,'mm',1,NULL),(110,'USExecutive','Format Executive',190.00,254.00,'mm',1,NULL),(115,'USLedger','Format Ledger/Tabloid (B)',279.00,432.00,'mm',1,NULL),(200,'CAP1','Format Canadian P1',560.00,860.00,'mm',1,NULL),(205,'CAP2','Format Canadian P2',430.00,560.00,'mm',1,NULL),(210,'CAP3','Format Canadian P3',280.00,430.00,'mm',1,NULL),(215,'CAP4','Format Canadian P4',215.00,280.00,'mm',1,NULL),(220,'CAP5','Format Canadian P5',140.00,215.00,'mm',1,NULL),(225,'CAP6','Format Canadian P6',107.00,140.00,'mm',1,NULL);

--
-- Table structure for table `llx_c_partnership_type`
--

CREATE TABLE `llx_c_partnership_type` (
  `rowid` int(11) NOT NULL AUTO_INCREMENT,
  `entity` int(11) NOT NULL DEFAULT 1,
  `code` varchar(32) NOT NULL,
  `label` varchar(128) NOT NULL,
  `keyword` varchar(128) DEFAULT NULL,
  `active` tinyint(4) NOT NULL DEFAULT 1,
  PRIMARY KEY (`rowid`),
  UNIQUE KEY `uk_c_partnership_type` (`entity`,`code`)
) ENGINE=InnoDB AUTO_INCREMENT=18 DEFAULT CHARSET=utf8mb3 COLLATE=utf8mb3_unicode_ci;

--
-- Dumping data for table `llx_c_partnership_type`
--

INSERT INTO `llx_c_partnership_type` (`rowid`, `entity`, `code`, `label`, `keyword`, `active`) VALUES (1,1,'DEFAULT','Default',NULL,1);

--
-- Table structure for table `llx_c_payment_term`
--

CREATE TABLE `llx_c_payment_term` (
  `rowid` int(11) NOT NULL AUTO_INCREMENT,
  `entity` int(11) NOT NULL DEFAULT 1,
  `code` varchar(16) DEFAULT NULL,
  `sortorder` smallint(6) DEFAULT NULL,
  `active` tinyint(4) DEFAULT 1,
  `libelle` varchar(255) DEFAULT NULL,
  `libelle_facture` text DEFAULT NULL,
  `type_cdr` tinyint(4) DEFAULT NULL,
  `nbjour` smallint(6) DEFAULT NULL,
  `decalage` smallint(6) DEFAULT NULL,
  `deposit_percent` varchar(63) DEFAULT NULL,
  `module` varchar(32) DEFAULT NULL,
  `position` int(11) NOT NULL DEFAULT 0,
  PRIMARY KEY (`rowid`),
  UNIQUE KEY `uk_c_payment_term_code` (`entity`,`code`)
) ENGINE=InnoDB AUTO_INCREMENT=13 DEFAULT CHARSET=utf8mb3 COLLATE=utf8mb3_unicode_ci;

--
-- Dumping data for table `llx_c_payment_term`
--

INSERT INTO `llx_c_payment_term` (`rowid`, `entity`, `code`, `sortorder`, `active`, `libelle`, `libelle_facture`, `type_cdr`, `nbjour`, `decalage`, `deposit_percent`, `module`, `position`) VALUES (1,1,'RECEP',1,1,'A réception','Réception de facture',0,0,NULL,NULL,NULL,0),(2,1,'30D',2,1,'30 jours','Réglement à 30 jours',0,30,NULL,NULL,NULL,0),(3,1,'30DENDMONTH',3,1,'30 jours fin de mois','Réglement à 30 jours fin de mois',1,30,NULL,NULL,NULL,0),(4,1,'60D',4,1,'60 jours','Réglement à 60 jours',0,60,NULL,NULL,NULL,0),(5,1,'60DENDMONTH',5,1,'60 jours fin de mois','Réglement à 60 jours fin de mois',1,60,NULL,NULL,NULL,0),(6,1,'PT_ORDER',6,1,'A réception de commande','A réception de commande',0,0,NULL,NULL,NULL,0),(7,1,'PT_DELIVERY',7,1,'Livraison','Règlement à la livraison',0,0,NULL,NULL,NULL,0),(8,1,'PT_5050',8,1,'50 et 50','Règlement 50% à la commande, 50% à la livraison',0,0,NULL,NULL,NULL,0),(9,1,'DEP30PCTDEL',13,0,'__DEPOSIT_PERCENT__% deposit','__DEPOSIT_PERCENT__% deposit, remainder on delivery',0,1,NULL,'30',NULL,0);

--
-- Table structure for table `llx_c_price_expression`
--

CREATE TABLE `llx_c_price_expression` (
  `rowid` int(11) NOT NULL AUTO_INCREMENT,
  `title` varchar(20) NOT NULL,
  `expression` varchar(255) NOT NULL,
  PRIMARY KEY (`rowid`)
) ENGINE=InnoDB DEFAULT CHARSET=utf8mb3 COLLATE=utf8mb3_unicode_ci;

--
-- Dumping data for table `llx_c_price_expression`
--


--
-- Table structure for table `llx_c_price_global_variable`
--

CREATE TABLE `llx_c_price_global_variable` (
  `rowid` int(11) NOT NULL AUTO_INCREMENT,
  `code` varchar(20) NOT NULL,
  `description` text DEFAULT NULL,
  `value` double(24,8) DEFAULT 0.00000000,
  PRIMARY KEY (`rowid`)
) ENGINE=InnoDB DEFAULT CHARSET=utf8mb3 COLLATE=utf8mb3_unicode_ci;

--
-- Dumping data for table `llx_c_price_global_variable`
--


--
-- Table structure for table `llx_c_price_global_variable_updater`
--

CREATE TABLE `llx_c_price_global_variable_updater` (
  `rowid` int(11) NOT NULL AUTO_INCREMENT,
  `type` int(11) NOT NULL,
  `description` text DEFAULT NULL,
  `parameters` text DEFAULT NULL,
  `fk_variable` int(11) NOT NULL,
  `update_interval` int(11) DEFAULT 0,
  `next_update` int(11) DEFAULT 0,
  `last_status` text DEFAULT NULL,
  PRIMARY KEY (`rowid`)
) ENGINE=InnoDB DEFAULT CHARSET=utf8mb3 COLLATE=utf8mb3_unicode_ci;

--
-- Dumping data for table `llx_c_price_global_variable_updater`
--


--
-- Table structure for table `llx_c_product_nature`
--

CREATE TABLE `llx_c_product_nature` (
  `rowid` int(11) NOT NULL AUTO_INCREMENT,
  `code` tinyint(4) NOT NULL,
  `label` varchar(128) DEFAULT NULL,
  `active` tinyint(4) NOT NULL DEFAULT 1,
  PRIMARY KEY (`rowid`),
  UNIQUE KEY `uk_c_product_nature` (`code`)
) ENGINE=InnoDB AUTO_INCREMENT=79 DEFAULT CHARSET=utf8mb3 COLLATE=utf8mb3_unicode_ci;

--
-- Dumping data for table `llx_c_product_nature`
--

INSERT INTO `llx_c_product_nature` (`rowid`, `code`, `label`, `active`) VALUES (1,0,'RowMaterial',1),(2,1,'Finished',1);

--
-- Table structure for table `llx_c_product_thirdparty_relation_type`
--

CREATE TABLE `llx_c_product_thirdparty_relation_type` (
  `rowid` int(11) NOT NULL AUTO_INCREMENT,
  `code` varchar(24) NOT NULL,
  `label` varchar(128) DEFAULT NULL,
  `active` tinyint(4) NOT NULL DEFAULT 1,
  PRIMARY KEY (`rowid`)
) ENGINE=InnoDB DEFAULT CHARSET=utf8mb3 COLLATE=utf8mb3_unicode_ci;

--
-- Dumping data for table `llx_c_product_thirdparty_relation_type`
--


--
-- Table structure for table `llx_c_productbatch_qcstatus`
--

CREATE TABLE `llx_c_productbatch_qcstatus` (
  `rowid` int(11) NOT NULL AUTO_INCREMENT,
  `entity` int(11) NOT NULL DEFAULT 1,
  `code` varchar(16) NOT NULL,
  `label` varchar(128) DEFAULT NULL,
  `active` int(11) NOT NULL DEFAULT 1,
  PRIMARY KEY (`rowid`),
  UNIQUE KEY `uk_c_productbatch_qcstatus` (`code`,`entity`)
) ENGINE=InnoDB AUTO_INCREMENT=15 DEFAULT CHARSET=utf8mb3 COLLATE=utf8mb3_unicode_ci;

--
-- Dumping data for table `llx_c_productbatch_qcstatus`
--

INSERT INTO `llx_c_productbatch_qcstatus` (`rowid`, `entity`, `code`, `label`, `active`) VALUES (1,1,'OK','InWorkingOrder',1),(2,1,'KO','OutOfOrder',1);

--
-- Table structure for table `llx_c_propalst`
--

CREATE TABLE `llx_c_propalst` (
  `id` smallint(6) NOT NULL,
  `code` varchar(12) NOT NULL,
  `label` varchar(128) DEFAULT NULL,
  `active` tinyint(4) NOT NULL DEFAULT 1,
  `sortorder` smallint(6) DEFAULT 0,
  PRIMARY KEY (`id`),
  UNIQUE KEY `uk_c_propalst` (`code`)
) ENGINE=InnoDB DEFAULT CHARSET=utf8mb3 COLLATE=utf8mb3_unicode_ci;

--
-- Dumping data for table `llx_c_propalst`
--

INSERT INTO `llx_c_propalst` (`id`, `code`, `label`, `active`, `sortorder`) VALUES (0,'PR_DRAFT','Brouillon',1,0),(1,'PR_OPEN','Ouverte',1,0),(2,'PR_SIGNED','Signée',1,0),(3,'PR_NOTSIGNED','Non Signée',1,0),(4,'PR_FAC','Facturée',1,0);

--
-- Table structure for table `llx_c_prospectcontactlevel`
--

CREATE TABLE `llx_c_prospectcontactlevel` (
  `code` varchar(12) CHARACTER SET utf8mb4 COLLATE utf8mb4_general_ci NOT NULL,
  `label` varchar(128) DEFAULT NULL,
  `sortorder` smallint(6) DEFAULT NULL,
  `active` smallint(6) NOT NULL DEFAULT 1,
  `module` varchar(32) CHARACTER SET utf8mb4 COLLATE utf8mb4_general_ci DEFAULT NULL,
  PRIMARY KEY (`code`)
) ENGINE=InnoDB DEFAULT CHARSET=utf8mb3 COLLATE=utf8mb3_unicode_ci;

--
-- Dumping data for table `llx_c_prospectcontactlevel`
--

INSERT INTO `llx_c_prospectcontactlevel` (`code`, `label`, `sortorder`, `active`, `module`) VALUES ('PL_HIGH','High',4,1,NULL),('PL_LOW','Low',2,1,NULL),('PL_MEDIUM','Medium',3,1,NULL),('PL_NONE','None',1,1,NULL);

--
-- Table structure for table `llx_c_prospectlevel`
--

CREATE TABLE `llx_c_prospectlevel` (
  `code` varchar(12) NOT NULL,
  `label` varchar(128) DEFAULT NULL,
  `sortorder` smallint(6) DEFAULT NULL,
  `active` smallint(6) NOT NULL DEFAULT 1,
  `module` varchar(32) DEFAULT NULL,
  PRIMARY KEY (`code`)
) ENGINE=InnoDB DEFAULT CHARSET=utf8mb3 COLLATE=utf8mb3_unicode_ci;

--
-- Dumping data for table `llx_c_prospectlevel`
--

INSERT INTO `llx_c_prospectlevel` (`code`, `label`, `sortorder`, `active`, `module`) VALUES ('PL_HIGH','High',4,1,NULL),('PL_LOW','Low',2,1,NULL),('PL_MEDIUM','Medium',3,1,NULL),('PL_NONE','None',1,1,NULL);

--
-- Table structure for table `llx_c_recruitment_origin`
--

CREATE TABLE `llx_c_recruitment_origin` (
  `rowid` int(11) NOT NULL AUTO_INCREMENT,
  `code` varchar(32) CHARACTER SET utf8mb4 COLLATE utf8mb4_general_ci NOT NULL,
  `label` varchar(128) DEFAULT NULL,
  `active` tinyint(4) NOT NULL DEFAULT 1,
  PRIMARY KEY (`rowid`)
) ENGINE=InnoDB DEFAULT CHARSET=utf8mb3 COLLATE=utf8mb3_unicode_ci;

--
-- Dumping data for table `llx_c_recruitment_origin`
--


--
-- Table structure for table `llx_c_regions`
--

CREATE TABLE `llx_c_regions` (
  `rowid` int(11) NOT NULL AUTO_INCREMENT,
  `code_region` int(11) NOT NULL,
  `fk_pays` int(11) NOT NULL,
  `cheflieu` varchar(50) DEFAULT NULL,
  `tncc` int(11) DEFAULT NULL,
  `nom` varchar(50) DEFAULT NULL,
  `active` tinyint(4) NOT NULL DEFAULT 1,
  PRIMARY KEY (`rowid`),
  UNIQUE KEY `code_region` (`code_region`),
  UNIQUE KEY `uk_code_region` (`code_region`),
  KEY `idx_c_regions_fk_pays` (`fk_pays`)
) ENGINE=InnoDB AUTO_INCREMENT=23354 DEFAULT CHARSET=utf8mb3 COLLATE=utf8mb3_unicode_ci;

--
-- Dumping data for table `llx_c_regions`
--

INSERT INTO `llx_c_regions` (`rowid`, `code_region`, `fk_pays`, `cheflieu`, `tncc`, `nom`, `active`) VALUES (1,0,0,'0',0,'-',1),(101,1,1,'97105',3,'Guadeloupe',1),(102,2,1,'97209',3,'Martinique',1),(103,3,1,'97302',3,'Guyane',1),(104,4,1,'97411',3,'Réunion',1),(105,11,1,'75056',1,'Île-de-France',1),(109,24,1,'45234',2,'Centre-Val de Loire',1),(116,52,1,'44109',4,'Pays de la Loire',1),(117,53,1,'35238',0,'Bretagne',1),(125,93,1,'13055',0,'Provence-Alpes-Côte d\'Azur',1),(126,94,1,'2A004',0,'Corse',1),(201,201,2,'',1,'Flandre',1),(202,202,2,'',2,'Wallonie',1),(203,203,2,'',3,'Bruxelles-Capitale',1),(301,301,3,NULL,1,'Abruzzo',1),(302,302,3,NULL,1,'Basilicata',1),(303,303,3,NULL,1,'Calabria',1),(304,304,3,NULL,1,'Campania',1),(305,305,3,NULL,1,'Emilia-Romagna',1),(306,306,3,NULL,1,'Friuli-Venezia Giulia',1),(307,307,3,NULL,1,'Lazio',1),(308,308,3,NULL,1,'Liguria',1),(309,309,3,NULL,1,'Lombardia',1),(310,310,3,NULL,1,'Marche',1),(311,311,3,NULL,1,'Molise',1),(312,312,3,NULL,1,'Piemonte',1),(313,313,3,NULL,1,'Puglia',1),(314,314,3,NULL,1,'Sardegna',1),(315,315,3,NULL,1,'Sicilia',1),(316,316,3,NULL,1,'Toscana',1),(317,317,3,NULL,1,'Trentino-Alto Adige',1),(318,318,3,NULL,1,'Umbria',1),(319,319,3,NULL,1,'Valle d Aosta',1),(320,320,3,NULL,1,'Veneto',1),(401,401,4,'',0,'Andalucia',1),(402,402,4,'',0,'Aragón',1),(403,403,4,'',0,'Castilla y León',1),(404,404,4,'',0,'Castilla la Mancha',1),(405,405,4,'',0,'Canarias',1),(406,406,4,'',0,'Cataluña',1),(407,407,4,'',0,'Comunidad de Ceuta',1),(408,408,4,'',0,'Comunidad Foral de Navarra',1),(409,409,4,'',0,'Comunidad de Melilla',1),(410,410,4,'',0,'Cantabria',1),(411,411,4,'',0,'Comunidad Valenciana',1),(412,412,4,'',0,'Extemadura',1),(413,413,4,'',0,'Galicia',1),(414,414,4,'',0,'Islas Baleares',1),(415,415,4,'',0,'La Rioja',1),(416,416,4,'',0,'Comunidad de Madrid',1),(417,417,4,'',0,'Región de Murcia',1),(418,418,4,'',0,'Principado de Asturias',1),(419,419,4,'',0,'Pais Vasco',1),(601,601,6,'',1,'Cantons',1),(1001,1001,10,'',0,'Ariana',1),(1002,1002,10,'',0,'Béja',1),(1003,1003,10,'',0,'Ben Arous',1),(1004,1004,10,'',0,'Bizerte',1),(1005,1005,10,'',0,'Gabès',1),(1006,1006,10,'',0,'Gafsa',1),(1007,1007,10,'',0,'Jendouba',1),(1008,1008,10,'',0,'Kairouan',1),(1009,1009,10,'',0,'Kasserine',1),(1010,1010,10,'',0,'Kébili',1),(1011,1011,10,'',0,'La Manouba',1),(1012,1012,10,'',0,'Le Kef',1),(1013,1013,10,'',0,'Mahdia',1),(1014,1014,10,'',0,'Médenine',1),(1015,1015,10,'',0,'Monastir',1),(1016,1016,10,'',0,'Nabeul',1),(1017,1017,10,'',0,'Sfax',1),(1018,1018,10,'',0,'Sidi Bouzid',1),(1019,1019,10,'',0,'Siliana',1),(1020,1020,10,'',0,'Sousse',1),(1021,1021,10,'',0,'Tataouine',1),(1022,1022,10,'',0,'Tozeur',1),(1023,1023,10,'',0,'Tunis',1),(1024,1024,10,'',0,'Zaghouan',1),(1101,1101,11,'',0,'United-States',1),(1201,1201,12,'',0,'Tanger-Tétouan',1),(1202,1202,12,'',0,'Gharb-Chrarda-Beni Hssen',1),(1203,1203,12,'',0,'Taza-Al Hoceima-Taounate',1),(1204,1204,12,'',0,'L\'Oriental',1),(1205,1205,12,'',0,'Fès-Boulemane',1),(1206,1206,12,'',0,'Meknès-Tafialet',1),(1207,1207,12,'',0,'Rabat-Salé-Zemour-Zaër',1),(1208,1208,12,'',0,'Grand Cassablanca',1),(1209,1209,12,'',0,'Chaouia-Ouardigha',1),(1210,1210,12,'',0,'Doukahla-Adba',1),(1211,1211,12,'',0,'Marrakech-Tensift-Al Haouz',1),(1212,1212,12,'',0,'Tadla-Azilal',1),(1213,1213,12,'',0,'Sous-Massa-Drâa',1),(1214,1214,12,'',0,'Guelmim-Es Smara',1),(1215,1215,12,'',0,'Laâyoune-Boujdour-Sakia el Hamra',1),(1216,1216,12,'',0,'Oued Ed-Dahab Lagouira',1),(1301,1301,13,'',0,'Algerie',1),(2301,2301,23,'',0,'Norte',1),(2302,2302,23,'',0,'Litoral',1),(2303,2303,23,'',0,'Cuyana',1),(2304,2304,23,'',0,'Central',1),(2305,2305,23,'',0,'Patagonia',1),(2801,2801,28,'',0,'Australia',1),(4601,4601,46,'',0,'Barbados',1),(6701,6701,67,NULL,NULL,'Tarapacá',1),(6702,6702,67,NULL,NULL,'Antofagasta',1),(6703,6703,67,NULL,NULL,'Atacama',1),(6704,6704,67,NULL,NULL,'Coquimbo',1),(6705,6705,67,NULL,NULL,'Valparaíso',1),(6706,6706,67,NULL,NULL,'General Bernardo O Higgins',1),(6707,6707,67,NULL,NULL,'Maule',1),(6708,6708,67,NULL,NULL,'Biobío',1),(6709,6709,67,NULL,NULL,'Raucanía',1),(6710,6710,67,NULL,NULL,'Los Lagos',1),(6711,6711,67,NULL,NULL,'Aysén General Carlos Ibáñez del Campo',1),(6712,6712,67,NULL,NULL,'Magallanes y Antártica Chilena',1),(6713,6713,67,NULL,NULL,'Santiago',1),(6714,6714,67,NULL,NULL,'Los Ríos',1),(6715,6715,67,NULL,NULL,'Arica y Parinacota',1),(7001,7001,70,'',0,'Colombie',1),(8601,8601,86,NULL,NULL,'Central',1),(8602,8602,86,NULL,NULL,'Oriental',1),(8603,8603,86,NULL,NULL,'Occidental',1),(10201,10201,102,NULL,NULL,'??????',1),(10202,10202,102,NULL,NULL,'?????? ??????',1),(10203,10203,102,NULL,NULL,'???????? ?????????',1),(10204,10204,102,NULL,NULL,'?????',1),(10205,10205,102,NULL,NULL,'????????? ????????? ??? ?????',1),(10206,10206,102,NULL,NULL,'???????',1),(10207,10207,102,NULL,NULL,'????? ?????',1),(10208,10208,102,NULL,NULL,'?????? ??????',1),(10209,10209,102,NULL,NULL,'????????????',1),(10210,10210,102,NULL,NULL,'????? ??????',1),(10211,10211,102,NULL,NULL,'?????? ??????',1),(10212,10212,102,NULL,NULL,'????????',1),(10213,10213,102,NULL,NULL,'?????? ?????????',1),(11401,11401,114,'',0,'Honduras',1),(11701,11701,117,'',0,'India',1),(15201,15201,152,'',0,'Rivière Noire',1),(15202,15202,152,'',0,'Flacq',1),(15203,15203,152,'',0,'Grand Port',1),(15204,15204,152,'',0,'Moka',1),(15205,15205,152,'',0,'Pamplemousses',1),(15206,15206,152,'',0,'Plaines Wilhems',1),(15207,15207,152,'',0,'Port-Louis',1),(15208,15208,152,'',0,'Rivière du Rempart',1),(15209,15209,152,'',0,'Savanne',1),(15210,15210,152,'',0,'Rodrigues',1),(15211,15211,152,'',0,'Les îles Agaléga',1),(15212,15212,152,'',0,'Les écueils des Cargados Carajos',1),(15401,15401,154,'',0,'Mexique',1),(23201,23201,232,'',0,'Los Andes',1),(23202,23202,232,'',0,'Capital',1),(23203,23203,232,'',0,'Central',1),(23204,23204,232,'',0,'Cento Occidental',1),(23205,23205,232,'',0,'Guayana',1),(23206,23206,232,'',0,'Insular',1),(23207,23207,232,'',0,'Los Llanos',1),(23208,23208,232,'',0,'Nor-Oriental',1),(23209,23209,232,'',0,'Zuliana',1),(23215,6,1,'97601',3,'Mayotte',1),(23280,420,4,'',0,'Otros',1),(23281,501,5,'',0,'Deutschland',1),(23296,701,7,'',0,'England',1),(23297,702,7,'',0,'Wales',1),(23298,703,7,'',0,'Scotland',1),(23299,704,7,'',0,'Northern Ireland',1),(23325,1401,14,'',0,'Canada',1),(23326,1701,17,'',0,'Provincies van Nederland ',1),(23333,5601,56,'',0,'Brasil',1),(23334,5201,52,'',0,'Chuquisaca',1),(23335,5202,52,'',0,'La Paz',1),(23336,5203,52,'',0,'Cochabamba',1),(23337,5204,52,'',0,'Oruro',1),(23338,5205,52,'',0,'Potosí',1),(23339,5206,52,'',0,'Tarija',1),(23340,5207,52,'',0,'Santa Cruz',1),(23341,5208,52,'',0,'El Beni',1),(23342,5209,52,'',0,'Pando',1),(23343,4101,41,'',0,'Österreich',1),(23344,17801,178,'',0,'Panama',1),(23345,22701,227,'',0,'United Arab Emirates',1),(23346,11801,118,'',0,'Indonesia',1),(23347,27,1,'21231',0,'Bourgogne-Franche-Comté',1),(23348,28,1,'76540',0,'Normandie',1),(23349,32,1,'59350',4,'Hauts-de-France',1),(23350,44,1,'67482',2,'Grand Est',1),(23351,75,1,'33063',0,'Nouvelle-Aquitaine',1),(23352,76,1,'31355',1,'Occitanie',1),(23353,84,1,'69123',1,'Auvergne-Rhône-Alpes',1);

--
-- Table structure for table `llx_c_revenuestamp`
--

CREATE TABLE `llx_c_revenuestamp` (
  `rowid` int(11) NOT NULL AUTO_INCREMENT,
  `fk_pays` int(11) NOT NULL,
  `taux` double NOT NULL,
  `note` varchar(128) DEFAULT NULL,
  `active` tinyint(4) NOT NULL DEFAULT 1,
  `accountancy_code_sell` varchar(32) DEFAULT NULL,
  `accountancy_code_buy` varchar(32) DEFAULT NULL,
  `revenuestamp_type` varchar(16) NOT NULL DEFAULT 'fixed',
  PRIMARY KEY (`rowid`)
) ENGINE=InnoDB AUTO_INCREMENT=1025 DEFAULT CHARSET=utf8mb3 COLLATE=utf8mb3_unicode_ci;

--
-- Dumping data for table `llx_c_revenuestamp`
--

INSERT INTO `llx_c_revenuestamp` (`rowid`, `fk_pays`, `taux`, `note`, `active`, `accountancy_code_sell`, `accountancy_code_buy`, `revenuestamp_type`) VALUES (101,10,0.4,'Revenue stamp tunisia',1,NULL,NULL,'fixed'),(1021,102,1.2,'Συντελεστής 1,2 %',1,NULL,NULL,'percent'),(1022,102,2.4,'Συντελεστής 2,4 %',1,NULL,NULL,'percent'),(1023,102,3.6,'Συντελεστής 3,6 %',1,NULL,NULL,'percent'),(1024,102,1,'Λοιπές περιπτώσεις Χαρτοσήμου',1,NULL,NULL,'fixed');

--
-- Table structure for table `llx_c_sellyoursaas_source_choice`
--

CREATE TABLE `llx_c_sellyoursaas_source_choice` (
  `rowid` int(11) NOT NULL AUTO_INCREMENT,
  `code` varchar(255) NOT NULL,
  `label` varchar(255) NOT NULL,
  `pos` int(11) DEFAULT 0,
  `active` tinyint(1) DEFAULT 1,
  PRIMARY KEY (`rowid`)
) ENGINE=InnoDB AUTO_INCREMENT=19 DEFAULT CHARSET=utf8mb4 COLLATE=utf8mb4_unicode_ci;

--
-- Dumping data for table `llx_c_sellyoursaas_source_choice`
--

INSERT INTO `llx_c_sellyoursaas_source_choice` (`rowid`, `code`, `label`, `pos`, `active`) VALUES (1,'SITE','WEB SITE',10,0),(2,'MTM','MOUTH TO MOUTH',20,0),(3,'OTHER','OTHER',30,0),(4,'SITE','Web site',10,0),(5,'MTM','Mouth to mouth',20,0),(6,'OTHER','Other',30,0),(7,'SITE','Web site',10,0),(8,'MTM','Mouth to mouth',20,0),(9,'OTHER','Other',30,0),(10,'SITE','Web site',10,0),(11,'MTM','Mouth to mouth',20,0),(12,'OTHER','Other',30,0),(13,'SITE','Web site',10,0),(14,'MTM','Mouth to mouth',20,0),(15,'OTHER','Other',30,0),(16,'SITE','Web site',10,0),(17,'MTM','Mouth to mouth',20,0),(18,'OTHER','Other',30,0);

--
-- Table structure for table `llx_c_shipment_mode`
--

CREATE TABLE `llx_c_shipment_mode` (
  `rowid` int(11) NOT NULL AUTO_INCREMENT,
  `tms` timestamp NOT NULL DEFAULT current_timestamp() ON UPDATE current_timestamp(),
  `code` varchar(30) NOT NULL,
  `libelle` varchar(128) DEFAULT NULL,
  `description` text DEFAULT NULL,
  `tracking` varchar(255) DEFAULT NULL,
  `active` tinyint(4) DEFAULT 0,
  `module` varchar(32) DEFAULT NULL,
  `entity` int(11) NOT NULL DEFAULT 1,
  PRIMARY KEY (`rowid`),
  UNIQUE KEY `uk_c_shipment_mode` (`code`,`entity`)
) ENGINE=InnoDB AUTO_INCREMENT=13 DEFAULT CHARSET=utf8mb3 COLLATE=utf8mb3_unicode_ci;

--
-- Dumping data for table `llx_c_shipment_mode`
--

INSERT INTO `llx_c_shipment_mode` (`rowid`, `tms`, `code`, `libelle`, `description`, `tracking`, `active`, `module`, `entity`) VALUES (1,'2012-10-09 23:43:16','CATCH','Catch','Catch by client','',1,NULL,1),(2,'2012-10-09 23:43:16','TRANS','Transporter','Generic transporter','',1,NULL,1),(3,'2012-10-09 23:43:16','COLSUI','Colissimo Suivi','Colissimo Suivi','',0,NULL,1),(4,'2013-07-18 17:28:27','LETTREMAX','Lettre Max','Courrier Suivi et Lettre Max','',0,NULL,1),(9,'2015-02-24 01:48:18','UPS','UPS','United Parcel Service','http://wwwapps.ups.com/etracking/tracking.cgi?InquiryNumber2=&InquiryNumber3=&tracknums_displayed=3&loc=fr_FR&TypeOfInquiryNumber=T&HTMLVersion=4.0&InquiryNumber22=&InquiryNumber32=&track=Track&Suivi.x=64&Suivi.y=7&Suivi=Valider&InquiryNumber1={TRACKID}',0,NULL,1),(10,'2015-02-24 01:48:18','KIALA','KIALA','Relais Kiala','http://www.kiala.fr/tnt/delivery/{TRACKID}',0,NULL,1),(11,'2015-02-24 01:48:18','GLS','GLS','General Logistics Systems','http://www.gls-group.eu/276-I-PORTAL-WEB/content/GLS/FR01/FR/5004.htm?txtAction=71000&txtRefNo={TRACKID}',0,NULL,1),(12,'2015-02-24 01:48:18','CHRONO','Chronopost','Chronopost','http://www.chronopost.fr/expedier/inputLTNumbersNoJahia.do?listeNumeros={TRACKID}',0,NULL,1);

--
-- Table structure for table `llx_c_shipment_package_type`
--

CREATE TABLE `llx_c_shipment_package_type` (
  `rowid` int(11) NOT NULL AUTO_INCREMENT,
  `label` varchar(128) DEFAULT NULL,
  `description` varchar(255) DEFAULT NULL,
  `active` int(11) NOT NULL DEFAULT 1,
  `entity` int(11) NOT NULL DEFAULT 1,
  PRIMARY KEY (`rowid`)
) ENGINE=InnoDB DEFAULT CHARSET=utf8mb3 COLLATE=utf8mb3_unicode_ci;

--
-- Dumping data for table `llx_c_shipment_package_type`
--


--
-- Table structure for table `llx_c_socialnetworks`
--

CREATE TABLE `llx_c_socialnetworks` (
  `rowid` int(11) NOT NULL AUTO_INCREMENT,
  `entity` int(11) NOT NULL DEFAULT 1,
  `code` varchar(100) DEFAULT NULL,
  `label` varchar(150) DEFAULT NULL,
  `url` text DEFAULT NULL,
  `icon` varchar(20) DEFAULT NULL,
  `active` tinyint(4) NOT NULL DEFAULT 1,
  PRIMARY KEY (`rowid`),
  UNIQUE KEY `idx_c_socialnetworks_code_entity` (`code`,`entity`),
  UNIQUE KEY `idx_c_socialnetworks_code` (`code`)
) ENGINE=InnoDB AUTO_INCREMENT=106 DEFAULT CHARSET=utf8mb3 COLLATE=utf8mb3_unicode_ci;

--
-- Dumping data for table `llx_c_socialnetworks`
--

INSERT INTO `llx_c_socialnetworks` (`rowid`, `entity`, `code`, `label`, `url`, `icon`, `active`) VALUES (1,1,'facebook','Facebook','https://www.facebook.com/{socialid}','fa-facebook',0),(2,1,'skype','Skype','https://www.skype.com/{socialid}','fa-skype',1),(3,1,'twitter','Twitter','https://www.twitter.com/{socialid}','fa-twitter',1),(4,1,'linkedin','LinkedIn','https://www.linkedin.com/{socialid}','fa-linkedin',1),(5,1,'instagram','Instagram','https://www.instagram.com/{socialid}','fa-instagram',0),(6,1,'snapchat','Snapchat','{socialid}','fa-snapchat',0),(7,1,'googleplus','GooglePlus','https://www.googleplus.com/{socialid}','fa-google-plus-g',0),(8,1,'youtube','Youtube','https://www.youtube.com/{socialid}','fa-youtube',0),(9,1,'whatsapp','Whatsapp','{socialid}','fa-whatsapp',0),(10,1,'tumblr','Tumblr','https://www.tumblr.com/{socialid}','fa-tumblr',0),(11,1,'vero','Vero','https://vero.co/{socialid}','',0),(12,1,'viadeo','Viadeo','https://fr.viadeo.com/fr/{socialid}','fa-viadeo',0),(13,1,'slack','Slack','{socialid}','fa-slack',0),(14,1,'xing','Xing','{socialid}','fa-xing',0),(15,1,'meetup','Meetup','{socialid}','fa-meetup',0),(16,1,'pinterest','Pinterest','{socialid}','fa-pinterest',0),(17,1,'flickr','Flickr','{socialid}','fa-flickr',0),(18,1,'500px','500px','{socialid}','fa-500px',0),(19,1,'giphy','Giphy','{socialid}','',0),(20,1,'gifycat','Gificat','{socialid}','',0),(21,1,'dailymotion','Dailymotion','{socialid}','',0),(22,1,'vimeo','Vimeo','{socialid}','',0),(23,1,'periscope','Periscope','{socialid}','',0),(24,1,'twitch','Twitch','{socialid}','',0),(25,1,'discord','Discord','{socialid}','fa-discord',0),(26,1,'wikipedia','Wikipedia','{socialid}','',0),(27,1,'reddit','Reddit','{socialid}','fa-reddit',0),(28,1,'quora','Quora','{socialid}','',0),(29,1,'tripadvisor','Tripadvisor','{socialid}','',0),(30,1,'mastodon','Mastodon','{socialid}','fa-mastodon',0),(31,1,'diaspora','Diaspora','{socialid}','',0),(32,1,'viber','Viber','{socialid}','',0),(65,1,'github','Github','https://github.com/{socialid}','fa-github',1),(66,1,'pixelfed','Pixelfed','{socialid}','fa-pixelfed',0);

--
-- Table structure for table `llx_c_stcomm`
--

CREATE TABLE `llx_c_stcomm` (
  `id` int(11) NOT NULL,
  `code` varchar(24) NOT NULL,
  `libelle` varchar(128) DEFAULT NULL,
  `active` tinyint(4) NOT NULL DEFAULT 1,
  `picto` varchar(128) DEFAULT NULL,
  `sortorder` smallint(6) DEFAULT 0,
  PRIMARY KEY (`id`),
  UNIQUE KEY `uk_c_stcomm` (`code`)
) ENGINE=InnoDB DEFAULT CHARSET=utf8mb3 COLLATE=utf8mb3_unicode_ci;

--
-- Dumping data for table `llx_c_stcomm`
--

INSERT INTO `llx_c_stcomm` (`id`, `code`, `libelle`, `active`, `picto`, `sortorder`) VALUES (-1,'ST_NO','Do not contact',1,NULL,0),(0,'ST_NEVER','Never contacted',1,NULL,0),(1,'ST_TODO','To contact',1,NULL,0),(2,'ST_PEND','Contact in progress',1,NULL,0),(3,'ST_DONE','Contacted',1,NULL,0);

--
-- Table structure for table `llx_c_stcommcontact`
--

CREATE TABLE `llx_c_stcommcontact` (
  `id` int(11) NOT NULL,
  `code` varchar(12) CHARACTER SET utf8mb4 COLLATE utf8mb4_general_ci NOT NULL,
  `libelle` varchar(128) DEFAULT NULL,
  `picto` varchar(128) CHARACTER SET utf8mb4 COLLATE utf8mb4_general_ci DEFAULT NULL,
  `active` tinyint(4) NOT NULL DEFAULT 1,
  PRIMARY KEY (`id`),
  UNIQUE KEY `uk_c_stcommcontact` (`code`)
) ENGINE=InnoDB DEFAULT CHARSET=utf8mb3 COLLATE=utf8mb3_unicode_ci;

--
-- Dumping data for table `llx_c_stcommcontact`
--

INSERT INTO `llx_c_stcommcontact` (`id`, `code`, `libelle`, `picto`, `active`) VALUES (-1,'ST_NO','Do not contact',NULL,1),(0,'ST_NEVER','Never contacted',NULL,1),(1,'ST_TODO','To contact',NULL,1),(2,'ST_PEND','Contact in progress',NULL,1),(3,'ST_DONE','Contacted',NULL,1);

--
-- Table structure for table `llx_c_ticket_category`
--

CREATE TABLE `llx_c_ticket_category` (
  `rowid` int(11) NOT NULL AUTO_INCREMENT,
  `entity` int(11) DEFAULT 1,
  `code` varchar(32) NOT NULL,
  `pos` int(11) NOT NULL DEFAULT 0,
  `label` varchar(128) NOT NULL,
  `active` int(11) DEFAULT 1,
  `use_default` int(11) DEFAULT 1,
  `description` varchar(255) DEFAULT NULL,
  `fk_parent` int(11) NOT NULL DEFAULT 0,
  `force_severity` varchar(32) DEFAULT NULL,
  `public` int(11) DEFAULT 0,
  `fk_ticket_type` int(11) DEFAULT NULL,
  PRIMARY KEY (`rowid`),
  UNIQUE KEY `uk_code` (`code`,`entity`)
) ENGINE=InnoDB AUTO_INCREMENT=37 DEFAULT CHARSET=utf8mb3 COLLATE=utf8mb3_unicode_ci;

--
-- Dumping data for table `llx_c_ticket_category`
--

INSERT INTO `llx_c_ticket_category` (`rowid`, `entity`, `code`, `pos`, `label`, `active`, `use_default`, `description`, `fk_parent`, `force_severity`, `public`, `fk_ticket_type`) VALUES (1,1,'OTHER',10,'Other',1,1,NULL,0,NULL,0,NULL),(2,1,'PUBGRP',2,'Public group of ticket 1',1,0,NULL,0,NULL,1,NULL);

--
-- Table structure for table `llx_c_ticket_resolution`
--

CREATE TABLE `llx_c_ticket_resolution` (
  `rowid` int(11) NOT NULL AUTO_INCREMENT,
  `entity` int(11) DEFAULT 1,
  `code` varchar(32) NOT NULL,
  `pos` varchar(32) NOT NULL,
  `label` varchar(128) NOT NULL,
  `active` int(11) DEFAULT 1,
  `use_default` int(11) DEFAULT 1,
  `description` varchar(255) DEFAULT NULL,
  PRIMARY KEY (`rowid`),
  UNIQUE KEY `uk_code` (`code`,`entity`)
) ENGINE=InnoDB AUTO_INCREMENT=118 DEFAULT CHARSET=utf8mb3 COLLATE=utf8mb3_unicode_ci;

--
-- Dumping data for table `llx_c_ticket_resolution`
--

INSERT INTO `llx_c_ticket_resolution` (`rowid`, `entity`, `code`, `pos`, `label`, `active`, `use_default`, `description`) VALUES (1,1,'SOLVED','10','Solved',1,0,NULL),(2,1,'CANCELED','50','Canceled',1,0,NULL),(3,1,'OTHER','90','Other',1,0,NULL);

--
-- Table structure for table `llx_c_ticket_severity`
--

CREATE TABLE `llx_c_ticket_severity` (
  `rowid` int(11) NOT NULL AUTO_INCREMENT,
  `entity` int(11) DEFAULT 1,
  `code` varchar(32) NOT NULL,
  `pos` varchar(32) NOT NULL,
  `label` varchar(128) NOT NULL,
  `color` varchar(10) DEFAULT NULL,
  `active` int(11) DEFAULT 1,
  `use_default` int(11) DEFAULT 1,
  `description` varchar(255) DEFAULT NULL,
  PRIMARY KEY (`rowid`),
  UNIQUE KEY `uk_code` (`code`,`entity`)
) ENGINE=InnoDB AUTO_INCREMENT=137 DEFAULT CHARSET=utf8mb3 COLLATE=utf8mb3_unicode_ci;

--
-- Dumping data for table `llx_c_ticket_severity`
--

INSERT INTO `llx_c_ticket_severity` (`rowid`, `entity`, `code`, `pos`, `label`, `color`, `active`, `use_default`, `description`) VALUES (1,1,'LOW','10','Low','',0,0,NULL),(2,1,'NORMAL','20','Normal','',1,1,NULL),(3,1,'HIGH','30','High','',1,0,NULL),(4,1,'BLOCKING','40','Critical / blocking','',1,0,NULL);

--
-- Table structure for table `llx_c_ticket_type`
--

CREATE TABLE `llx_c_ticket_type` (
  `rowid` int(11) NOT NULL AUTO_INCREMENT,
  `entity` int(11) DEFAULT 1,
  `code` varchar(32) NOT NULL,
  `pos` varchar(32) NOT NULL,
  `label` varchar(128) NOT NULL,
  `active` int(11) DEFAULT 1,
  `use_default` int(11) DEFAULT 1,
  `description` varchar(255) DEFAULT NULL,
  PRIMARY KEY (`rowid`),
  UNIQUE KEY `uk_code` (`code`,`entity`)
) ENGINE=InnoDB AUTO_INCREMENT=247 DEFAULT CHARSET=utf8mb3 COLLATE=utf8mb3_unicode_ci;

--
-- Dumping data for table `llx_c_ticket_type`
--

INSERT INTO `llx_c_ticket_type` (`rowid`, `entity`, `code`, `pos`, `label`, `active`, `use_default`, `description`) VALUES (1,1,'COM','10','Commercial question',1,1,NULL),(2,1,'ISSUE','20','Issue or bug',1,0,NULL),(3,1,'REQUEST','25','Change or enhancement request',1,0,NULL),(4,1,'PROJECT','30','Project',0,0,NULL),(5,1,'OTHER','40','Other',0,0,NULL),(11,1,'HELP','15','Request for functionnal help',1,0,NULL),(13,1,'PROBLEM','22','Problem',0,0,NULL);

--
-- Table structure for table `llx_c_transport_mode`
--

CREATE TABLE `llx_c_transport_mode` (
  `rowid` int(11) NOT NULL AUTO_INCREMENT,
  `entity` int(11) NOT NULL DEFAULT 1,
  `code` varchar(3) CHARACTER SET utf8mb4 COLLATE utf8mb4_general_ci NOT NULL,
  `label` varchar(255) CHARACTER SET utf8mb4 COLLATE utf8mb4_general_ci NOT NULL,
  `active` tinyint(4) NOT NULL DEFAULT 1,
  PRIMARY KEY (`rowid`)
) ENGINE=InnoDB AUTO_INCREMENT=321 DEFAULT CHARSET=utf8mb3 COLLATE=utf8mb3_unicode_ci;

--
-- Dumping data for table `llx_c_transport_mode`
--

INSERT INTO `llx_c_transport_mode` (`rowid`, `entity`, `code`, `label`, `active`) VALUES (1,1,'MAR','Transport maritime (y compris camions ou wagons sur bateau)',1),(2,1,'TRA','Transport par chemin de fer (y compris camions sur wagon)',1),(3,1,'ROU','Transport par route',1),(4,1,'AIR','Transport par air',1),(5,1,'POS','Envois postaux',1),(6,1,'OLE','Installations de transport fixe (oléoduc)',1),(7,1,'NAV','Transport par navigation intérieure',1),(8,1,'PRO','Propulsion propre',1);

--
-- Table structure for table `llx_c_tva`
--

CREATE TABLE `llx_c_tva` (
  `rowid` int(11) NOT NULL AUTO_INCREMENT,
  `entity` int(11) NOT NULL DEFAULT 1,
  `fk_pays` int(11) NOT NULL,
  `fk_department_buyer` int(11) DEFAULT NULL,
  `type_vat` smallint(6) NOT NULL DEFAULT 0,
  `code` varchar(10) DEFAULT '',
  `taux` double NOT NULL,
  `localtax1` varchar(20) DEFAULT NULL,
  `localtax1_type` varchar(10) DEFAULT NULL,
  `localtax2` varchar(20) DEFAULT NULL,
  `localtax2_type` varchar(10) DEFAULT NULL,
  `recuperableonly` int(11) NOT NULL DEFAULT 0,
  `note` varchar(128) DEFAULT NULL,
  `active` tinyint(4) NOT NULL DEFAULT 1,
  `accountancy_code_sell` varchar(32) DEFAULT NULL,
  `accountancy_code_buy` varchar(32) DEFAULT NULL,
  `use_default` tinyint(4) DEFAULT 0,
  `einvoice_vatex` varchar(32) DEFAULT NULL,
  PRIMARY KEY (`rowid`),
  UNIQUE KEY `uk_c_tva_id` (`entity`,`fk_pays`,`code`,`taux`,`recuperableonly`),
  KEY `idx_tva_fk_department_buyer` (`fk_department_buyer`),
  CONSTRAINT `fk_tva_fk_department_buyer` FOREIGN KEY (`fk_department_buyer`) REFERENCES `llx_c_departements` (`rowid`)
) ENGINE=InnoDB AUTO_INCREMENT=2487 DEFAULT CHARSET=utf8mb3 COLLATE=utf8mb3_unicode_ci;

--
-- Dumping data for table `llx_c_tva`
--

INSERT INTO `llx_c_tva` (`rowid`, `entity`, `fk_pays`, `fk_department_buyer`, `type_vat`, `code`, `taux`, `localtax1`, `localtax1_type`, `localtax2`, `localtax2_type`, `recuperableonly`, `note`, `active`, `accountancy_code_sell`, `accountancy_code_buy`, `use_default`, `einvoice_vatex`) VALUES (11,1,1,NULL,0,'',20,NULL,'0',NULL,'0',0,'VAT standard rate (France hors DOM-TOM)',1,NULL,NULL,0,NULL),(12,1,1,NULL,0,'',8.5,NULL,'0',NULL,'0',0,'VAT standard rate (DOM sauf Guyane et Saint-Martin)',0,NULL,NULL,0,NULL),(13,1,1,NULL,0,'',8.5,NULL,'0',NULL,'0',1,'VAT standard rate (DOM sauf Guyane et Saint-Martin), non perçu par le vendeur mais récupérable par acheteur',0,NULL,NULL,0,NULL),(14,1,1,NULL,0,'bbb',5.5,'0','0','0','0',0,'VAT reduced rate (France hors DOM-TOM)',1,NULL,NULL,0,NULL),(15,1,1,NULL,0,'',0,NULL,'0',NULL,'0',0,'VAT Rate 0 ou non applicable',1,NULL,NULL,0,NULL),(16,1,1,NULL,0,'',2.1,NULL,'0',NULL,'0',0,'VAT super-reduced rate',1,NULL,NULL,0,NULL),(17,1,1,NULL,0,'',10,'0','0','0','0',0,'VAT reduced rate',1,'109','108',0,NULL),(21,1,2,NULL,0,'',21,NULL,'0',NULL,'0',0,'VAT standard rate',1,NULL,NULL,0,NULL),(22,1,2,NULL,0,'',6,NULL,'0',NULL,'0',0,'VAT reduced rate',1,NULL,NULL,0,NULL),(23,1,2,NULL,0,'',0,NULL,'0',NULL,'0',0,'VAT Rate 0 ou non applicable',1,NULL,NULL,0,NULL),(24,1,2,NULL,0,'',12,NULL,'0',NULL,'0',0,'VAT reduced rate',1,NULL,NULL,0,NULL),(31,1,3,NULL,0,'',21,NULL,'0',NULL,'0',0,'VAT standard rate',1,NULL,NULL,0,NULL),(32,1,3,NULL,0,'',10,NULL,'0',NULL,'0',0,'VAT reduced rate',1,NULL,NULL,0,NULL),(33,1,3,NULL,0,'',4,NULL,'0',NULL,'0',0,'VAT super-reduced rate',1,NULL,NULL,0,NULL),(34,1,3,NULL,0,'',0,NULL,'0',NULL,'0',0,'VAT Rate 0',1,NULL,NULL,0,NULL),(41,1,4,NULL,0,'',21,'5.2','3','-19:-15:-9','5',0,'VAT standard rate',1,NULL,NULL,0,NULL),(42,1,4,NULL,0,'',10,'1.4','3','-19:-15:-9','5',0,'VAT reduced rate',1,NULL,NULL,0,NULL),(43,1,4,NULL,0,'',4,'0.5','3','-19:-15:-9','5',0,'VAT super-reduced rate',1,NULL,NULL,0,NULL),(44,1,4,NULL,0,'',0,'0','3','-19:-15:-9','5',0,'VAT Rate 0',1,NULL,NULL,0,NULL),(51,1,5,NULL,0,'',19,NULL,'0',NULL,'0',0,'allgemeine Ust.',1,NULL,NULL,0,NULL),(52,1,5,NULL,0,'',7,NULL,'0',NULL,'0',0,'ermäßigte USt.',1,NULL,NULL,0,NULL),(53,1,5,NULL,0,'',0,NULL,'0',NULL,'0',0,'keine USt.',1,NULL,NULL,0,NULL),(54,1,5,NULL,0,'',5.5,NULL,'0',NULL,'0',0,'USt. Forst',0,NULL,NULL,0,NULL),(55,1,5,NULL,0,'',10.7,NULL,'0',NULL,'0',0,'USt. Landwirtschaft',0,NULL,NULL,0,NULL),(61,1,6,NULL,0,'',8,NULL,'0',NULL,'0',0,'VAT standard rate',1,NULL,NULL,0,NULL),(62,1,6,NULL,0,'',3.8,NULL,'0',NULL,'0',0,'VAT reduced rate',1,NULL,NULL,0,NULL),(63,1,6,NULL,0,'',2.5,NULL,'0',NULL,'0',0,'VAT super-reduced rate',1,NULL,NULL,0,NULL),(64,1,6,NULL,0,'',0,NULL,'0',NULL,'0',0,'VAT Rate 0',1,NULL,NULL,0,NULL),(71,1,7,NULL,0,'',20,NULL,'0',NULL,'0',0,'VAT standard rate',1,NULL,NULL,0,NULL),(72,1,7,NULL,0,'',17.5,NULL,'0',NULL,'0',0,'VAT standard rate before 2011',1,NULL,NULL,0,NULL),(73,1,7,NULL,0,'',5,NULL,'0',NULL,'0',0,'VAT reduced rate',1,NULL,NULL,0,NULL),(74,1,7,NULL,0,'',0,NULL,'0',NULL,'0',0,'VAT Rate 0',1,NULL,NULL,0,NULL),(81,1,8,NULL,0,'',0,NULL,'0',NULL,'0',0,'VAT Rate 0',1,NULL,NULL,0,NULL),(82,1,8,NULL,0,'',23,NULL,'0',NULL,'0',0,'VAT standard rate',1,NULL,NULL,0,NULL),(83,1,8,NULL,0,'',13.5,NULL,'0',NULL,'0',0,'VAT reduced rate',1,NULL,NULL,0,NULL),(84,1,8,NULL,0,'',9,NULL,'0',NULL,'0',0,'VAT reduced rate',1,NULL,NULL,0,NULL),(85,1,8,NULL,0,'',4.8,NULL,'0',NULL,'0',0,'VAT reduced rate',1,NULL,NULL,0,NULL),(91,1,9,NULL,0,'',17,NULL,'0',NULL,'0',0,'VAT standard rate',1,NULL,NULL,0,NULL),(92,1,9,NULL,0,'',13,NULL,'0',NULL,'0',0,'VAT reduced rate 0',1,NULL,NULL,0,NULL),(93,1,9,NULL,0,'',3,NULL,'0',NULL,'0',0,'VAT super reduced rate 0',1,NULL,NULL,0,NULL),(94,1,9,NULL,0,'',0,NULL,'0',NULL,'0',0,'VAT Rate 0',1,NULL,NULL,0,NULL),(101,1,10,NULL,0,'',6,'1','4','0','0',0,'VAT 6%',1,NULL,NULL,0,NULL),(102,1,10,NULL,0,'',12,'1','4','0','0',0,'VAT 12%',1,NULL,NULL,0,NULL),(103,1,10,NULL,0,'',18,'1','4','0','0',0,'VAT 18%',1,NULL,NULL,0,NULL),(104,1,10,NULL,0,'',7.5,'1','4','0','0',0,'VAT 6% Majoré à 25% (7.5%)',1,NULL,NULL,0,NULL),(105,1,10,NULL,0,'',15,'1','4','0','0',0,'VAT 12% Majoré à 25% (15%)',1,NULL,NULL,0,NULL),(106,1,10,NULL,0,'',22.5,'1','4','0','0',0,'VAT 18% Majoré à 25% (22.5%)',1,NULL,NULL,0,NULL),(107,1,10,NULL,0,'',0,'1','4','0','0',0,'VAT Rate 0',1,NULL,NULL,0,NULL),(111,1,11,NULL,0,'',0,NULL,'0',NULL,'0',0,'No Sales Tax',1,NULL,NULL,0,NULL),(112,1,11,NULL,0,'',4,NULL,'0',NULL,'0',0,'Sales Tax 4%',1,NULL,NULL,0,NULL),(113,1,11,NULL,0,'',6,NULL,'0',NULL,'0',0,'Sales Tax 6%',1,NULL,NULL,0,NULL),(121,1,12,NULL,0,'',20,NULL,'0',NULL,'0',0,'VAT standard rate',1,NULL,NULL,0,NULL),(122,1,12,NULL,0,'',14,NULL,'0',NULL,'0',0,'VAT reduced rate',1,NULL,NULL,0,NULL),(123,1,12,NULL,0,'',10,NULL,'0',NULL,'0',0,'VAT reduced rate',1,NULL,NULL,0,NULL),(124,1,12,NULL,0,'',7,NULL,'0',NULL,'0',0,'VAT super-reduced rate',1,NULL,NULL,0,NULL),(125,1,12,NULL,0,'',0,NULL,'0',NULL,'0',0,'VAT Rate 0',1,NULL,NULL,0,NULL),(131,1,13,NULL,0,'',0,NULL,'0',NULL,'0',0,'TVA 0%',1,NULL,NULL,0,NULL),(141,1,14,NULL,0,'',7,NULL,'0',NULL,'0',0,'VAT standard rate',1,NULL,NULL,0,NULL),(142,1,14,NULL,0,'',0,NULL,'0',NULL,'0',0,'VAT Rate 0',1,NULL,NULL,0,NULL),(143,1,14,NULL,0,'',5,'9.975','1',NULL,'0',0,'GST/TPS and PST/TVQ rate for Province',1,NULL,NULL,0,NULL),(171,1,17,NULL,0,'',19,NULL,'0',NULL,'0',0,'Algemeen BTW tarief',1,NULL,NULL,0,NULL),(172,1,17,NULL,0,'',6,NULL,'0',NULL,'0',0,'Verlaagd BTW tarief',1,NULL,NULL,0,NULL),(173,1,17,NULL,0,'',0,NULL,'0',NULL,'0',0,'0 BTW tarief',1,NULL,NULL,0,NULL),(174,1,17,NULL,0,'',21,NULL,'0',NULL,'0',0,'Algemeen BTW tarief (vanaf 1 oktober 2012)',0,NULL,NULL,0,NULL),(201,1,20,NULL,0,'',25,NULL,'0',NULL,'0',0,'VAT standard rate',1,NULL,NULL,0,NULL),(202,1,20,NULL,0,'',12,NULL,'0',NULL,'0',0,'VAT reduced rate',1,NULL,NULL,0,NULL),(203,1,20,NULL,0,'',6,NULL,'0',NULL,'0',0,'VAT super-reduced rate',1,NULL,NULL,0,NULL),(204,1,20,NULL,0,'',0,NULL,'0',NULL,'0',0,'VAT Rate 0',1,NULL,NULL,0,NULL),(211,1,21,NULL,0,'',0,'0','0','0','0',0,'IVA Rate 0',1,NULL,NULL,0,NULL),(212,1,21,NULL,0,'',18,'7.5','2','0','0',0,'IVA standard rate',1,NULL,NULL,0,NULL),(221,1,22,NULL,0,'',18,NULL,'0',NULL,'0',0,'VAT standard rate',1,NULL,NULL,0,NULL),(222,1,22,NULL,0,'',10,NULL,'0',NULL,'0',0,'VAT reduced rate',1,NULL,NULL,0,NULL),(223,1,22,NULL,0,'',0,NULL,'0',NULL,'0',0,'VAT Rate 0',1,NULL,NULL,0,NULL),(231,1,23,NULL,0,'',21,NULL,'0',NULL,'0',0,'IVA standard rate',1,NULL,NULL,0,NULL),(232,1,23,NULL,0,'',10.5,NULL,'0',NULL,'0',0,'IVA reduced rate',1,NULL,NULL,0,NULL),(233,1,23,NULL,0,'',0,NULL,'0',NULL,'0',0,'IVA Rate 0',1,NULL,NULL,0,NULL),(241,1,24,NULL,0,'',19.25,NULL,'0',NULL,'0',0,'VAT standard rate',1,NULL,NULL,0,NULL),(242,1,24,NULL,0,'',0,NULL,'0',NULL,'0',0,'VAT Rate 0',1,NULL,NULL,0,NULL),(251,1,25,NULL,0,'',23,NULL,'0',NULL,'0',0,'VAT standard rate',1,NULL,NULL,0,NULL),(252,1,25,NULL,0,'',13,NULL,'0',NULL,'0',0,'VAT reduced rate',1,NULL,NULL,0,NULL),(253,1,25,NULL,0,'',0,NULL,'0',NULL,'0',0,'VAT Rate 0',1,NULL,NULL,0,NULL),(254,1,25,NULL,0,'',6,NULL,'0',NULL,'0',0,'VAT reduced rate',1,NULL,NULL,0,NULL),(261,1,26,NULL,0,'',0,NULL,'0',NULL,'0',0,'VAT Rate 0',1,NULL,NULL,0,NULL),(271,1,27,NULL,0,'',19.6,NULL,'0',NULL,'0',0,'VAT standard rate (France hors DOM-TOM)',1,NULL,NULL,0,NULL),(272,1,27,NULL,0,'',8.5,NULL,'0',NULL,'0',0,'VAT standard rate (DOM sauf Guyane et Saint-Martin)',0,NULL,NULL,0,NULL),(273,1,27,NULL,0,'',8.5,NULL,'0',NULL,'0',1,'VAT standard rate (DOM sauf Guyane et Saint-Martin), non perçu par le vendeur mais récupérable par acheteur',0,NULL,NULL,0,NULL),(274,1,27,NULL,0,'',5.5,NULL,'0',NULL,'0',0,'VAT reduced rate (France hors DOM-TOM)',0,NULL,NULL,0,NULL),(275,1,27,NULL,0,'',0,NULL,'0',NULL,'0',0,'VAT Rate 0 ou non applicable',1,NULL,NULL,0,NULL),(276,1,27,NULL,0,'',2.1,NULL,'0',NULL,'0',0,'VAT super-reduced rate',1,NULL,NULL,0,NULL),(277,1,27,NULL,0,'',7,NULL,'0',NULL,'0',0,'VAT reduced rate',1,NULL,NULL,0,NULL),(281,1,28,NULL,0,'',10,NULL,'0',NULL,'0',0,'VAT standard rate',1,NULL,NULL,0,NULL),(282,1,28,NULL,0,'',0,NULL,'0',NULL,'0',0,'VAT Rate 0',1,NULL,NULL,0,NULL),(411,1,41,NULL,0,'',20,NULL,'0',NULL,'0',0,'VAT standard rate',1,NULL,NULL,0,NULL),(412,1,41,NULL,0,'',10,NULL,'0',NULL,'0',0,'VAT reduced rate',1,NULL,NULL,0,NULL),(413,1,41,NULL,0,'',0,NULL,'0',NULL,'0',0,'VAT Rate 0',1,NULL,NULL,0,NULL),(461,1,46,NULL,0,'',0,NULL,'0',NULL,'0',0,'No VAT',1,NULL,NULL,0,NULL),(462,1,46,NULL,0,'',15,NULL,'0',NULL,'0',0,'VAT 15%',1,NULL,NULL,0,NULL),(463,1,46,NULL,0,'',7.5,NULL,'0',NULL,'0',0,'VAT 7.5%',1,NULL,NULL,0,NULL),(561,1,56,NULL,0,'',0,NULL,'0',NULL,'0',0,'VAT reduced rate',1,NULL,NULL,0,NULL),(591,1,59,NULL,0,'',20,NULL,'0',NULL,'0',0,'VAT standard rate',1,NULL,NULL,0,NULL),(592,1,59,NULL,0,'',7,NULL,'0',NULL,'0',0,'VAT reduced rate',1,NULL,NULL,0,NULL),(593,1,59,NULL,0,'',0,NULL,'0',NULL,'0',0,'VAT Rate 0',1,NULL,NULL,0,NULL),(671,1,67,NULL,0,'',19,NULL,'0',NULL,'0',0,'VAT standard rate',1,NULL,NULL,0,NULL),(672,1,67,NULL,0,'',0,NULL,'0',NULL,'0',0,'VAT Rate 0',1,NULL,NULL,0,NULL),(801,1,80,NULL,0,'',25,NULL,'0',NULL,'0',0,'VAT standard rate',1,NULL,NULL,0,NULL),(802,1,80,NULL,0,'',0,NULL,'0',NULL,'0',0,'VAT Rate 0',1,NULL,NULL,0,NULL),(861,1,86,NULL,0,'',13,NULL,'0',NULL,'0',0,'IVA 13',1,NULL,NULL,0,NULL),(862,1,86,NULL,0,'',0,NULL,'0',NULL,'0',0,'SIN IVA',1,NULL,NULL,0,NULL),(1141,1,114,NULL,0,'',0,NULL,'0',NULL,'0',0,'No ISV',1,NULL,NULL,0,NULL),(1142,1,114,NULL,0,'',12,NULL,'0',NULL,'0',0,'ISV 12%',1,NULL,NULL,0,NULL),(1161,1,116,NULL,0,'',25.5,NULL,'0',NULL,'0',0,'VAT standard rate',1,NULL,NULL,0,NULL),(1162,1,116,NULL,0,'',7,NULL,'0',NULL,'0',0,'VAT reduced rate',1,NULL,NULL,0,NULL),(1163,1,116,NULL,0,'',0,NULL,'0',NULL,'0',0,'VAT rate 0',1,NULL,NULL,0,NULL),(1171,1,117,NULL,0,'',12.5,NULL,'0',NULL,'0',0,'VAT standard rate',1,NULL,NULL,0,NULL),(1172,1,117,NULL,0,'',4,'0','0','0','0',0,'VAT reduced rate',1,'1','10',0,NULL),(1173,1,117,NULL,0,'',1,NULL,'0',NULL,'0',0,'VAT super-reduced rate',1,NULL,NULL,0,NULL),(1174,1,117,NULL,0,'',0,NULL,'0',NULL,'0',0,'VAT Rate 0',1,NULL,NULL,0,NULL),(1176,1,117,NULL,0,'CGST+SGST',0,'9','1','9','1',0,'CGST+SGST - Same state sales',1,NULL,NULL,0,NULL),(1177,1,117,NULL,0,'IGST',18,'0','0','0','0',0,'IGST',1,NULL,NULL,0,NULL),(1179,1,117,NULL,0,'I-28',28,'0','0','0','0',0,'IGST',1,NULL,NULL,0,NULL),(1231,1,123,NULL,0,'',0,NULL,'0',NULL,'0',0,'VAT Rate 0',1,NULL,NULL,0,NULL),(1232,1,123,NULL,0,'',5,NULL,'0',NULL,'0',0,'VAT Rate 5',1,NULL,NULL,0,NULL),(1401,1,140,NULL,0,'',15,NULL,'0',NULL,'0',0,'VAT standard rate',1,NULL,NULL,0,NULL),(1402,1,140,NULL,0,'',12,NULL,'0',NULL,'0',0,'VAT reduced rate',1,NULL,NULL,0,NULL),(1403,1,140,NULL,0,'',6,NULL,'0',NULL,'0',0,'VAT reduced rate',1,NULL,NULL,0,NULL),(1404,1,140,NULL,0,'',3,NULL,'0',NULL,'0',0,'VAT super-reduced rate',1,NULL,NULL,0,NULL),(1405,1,140,NULL,0,'',0,NULL,'0',NULL,'0',0,'VAT Rate 0',1,NULL,NULL,0,NULL),(1481,1,148,NULL,0,'',18,NULL,'0',NULL,'0',0,'VAT standard rate',1,NULL,NULL,0,NULL),(1482,1,148,NULL,0,'',7,NULL,'0',NULL,'0',0,'VAT reduced rate',1,NULL,NULL,0,NULL),(1483,1,148,NULL,0,'',5,NULL,'0',NULL,'0',0,'VAT super-reduced rate',1,NULL,NULL,0,NULL),(1484,1,148,NULL,0,'',0,NULL,'0',NULL,'0',0,'VAT Rate 0',1,NULL,NULL,0,NULL),(1511,1,151,NULL,0,'',0,NULL,'0',NULL,'0',0,'VAT Rate 0',1,NULL,NULL,0,NULL),(1512,1,151,NULL,0,'',14,NULL,'0',NULL,'0',0,'VAT Rate 14',1,NULL,NULL,0,NULL),(1521,1,152,NULL,0,'',0,NULL,'0',NULL,'0',0,'VAT Rate 0',1,NULL,NULL,0,NULL),(1522,1,152,NULL,0,'',15,NULL,'0',NULL,'0',0,'VAT Rate 15',1,NULL,NULL,0,NULL),(1541,1,154,NULL,0,'',0,NULL,'0',NULL,'0',0,'No VAT',1,NULL,NULL,0,NULL),(1542,1,154,NULL,0,'',16,NULL,'0',NULL,'0',0,'VAT 16%',1,NULL,NULL,0,NULL),(1543,1,154,NULL,0,'',10,NULL,'0',NULL,'0',0,'VAT Frontero',1,NULL,NULL,0,NULL),(1662,1,166,NULL,0,'',15,NULL,'0',NULL,'0',0,'VAT standard rate',1,NULL,NULL,0,NULL),(1663,1,166,NULL,0,'',0,NULL,'0',NULL,'0',0,'VAT Rate 0',1,NULL,NULL,0,NULL),(1692,1,169,NULL,0,'',5,NULL,'0',NULL,'0',0,'VAT standard rate',1,NULL,NULL,0,NULL),(1693,1,169,NULL,0,'',0,NULL,'0',NULL,'0',0,'VAT Rate 0',1,NULL,NULL,0,NULL),(1731,1,173,NULL,0,'',25,NULL,'0',NULL,'0',0,'VAT standard rate',1,NULL,NULL,0,NULL),(1732,1,173,NULL,0,'',14,NULL,'0',NULL,'0',0,'VAT reduced rate',1,NULL,NULL,0,NULL),(1733,1,173,NULL,0,'',8,NULL,'0',NULL,'0',0,'VAT reduced rate',1,NULL,NULL,0,NULL),(1734,1,173,NULL,0,'',0,NULL,'0',NULL,'0',0,'VAT Rate 0',1,NULL,NULL,0,NULL),(1781,1,178,NULL,0,'',7,NULL,'0',NULL,'0',0,'ITBMS standard rate',1,NULL,NULL,0,NULL),(1782,1,178,NULL,0,'',0,NULL,'0',NULL,'0',0,'ITBMS Rate 0',1,NULL,NULL,0,NULL),(1811,1,181,NULL,0,'',18,NULL,'0',NULL,'0',0,'VAT standard rate',1,NULL,NULL,0,NULL),(1812,1,181,NULL,0,'',0,NULL,'0',NULL,'0',0,'VAT Rate 0',1,NULL,NULL,0,NULL),(1841,1,184,NULL,0,'',20,NULL,'0',NULL,'0',0,'VAT standard rate',1,NULL,NULL,0,NULL),(1842,1,184,NULL,0,'',7,NULL,'0',NULL,'0',0,'VAT reduced rate',1,NULL,NULL,0,NULL),(1843,1,184,NULL,0,'',3,NULL,'0',NULL,'0',0,'VAT reduced rate',1,NULL,NULL,0,NULL),(1844,1,184,NULL,0,'',0,NULL,'0',NULL,'0',0,'VAT Rate 0',1,NULL,NULL,0,NULL),(1881,1,188,NULL,0,'',24,NULL,'0',NULL,'0',0,'VAT standard rate',1,NULL,NULL,0,NULL),(1882,1,188,NULL,0,'',9,NULL,'0',NULL,'0',0,'VAT reduced rate',1,NULL,NULL,0,NULL),(1883,1,188,NULL,0,'',0,NULL,'0',NULL,'0',0,'VAT Rate 0',1,NULL,NULL,0,NULL),(1884,1,188,NULL,0,'',5,NULL,'0',NULL,'0',0,'VAT reduced rate',1,NULL,NULL,0,NULL),(1931,1,193,NULL,0,'',0,NULL,'0',NULL,'0',0,'No VAT in SPM',1,NULL,NULL,0,NULL),(2011,1,201,NULL,0,'',19,NULL,'0',NULL,'0',0,'VAT standard rate',1,NULL,NULL,0,NULL),(2012,1,201,NULL,0,'',10,NULL,'0',NULL,'0',0,'VAT reduced rate',1,NULL,NULL,0,NULL),(2013,1,201,NULL,0,'',0,NULL,'0',NULL,'0',0,'VAT Rate 0',1,NULL,NULL,0,NULL),(2021,1,202,NULL,0,'',22,NULL,'0',NULL,'0',0,'VAT standard rate',1,NULL,NULL,0,NULL),(2022,1,202,NULL,0,'',9.5,NULL,'0',NULL,'0',0,'VAT reduced rate',1,NULL,NULL,0,NULL),(2023,1,202,NULL,0,'',0,NULL,'0',NULL,'0',0,'VAT Rate 0',1,NULL,NULL,0,NULL),(2051,1,205,NULL,0,'',0,NULL,'0',NULL,'0',0,'No VAT',1,NULL,NULL,0,NULL),(2052,1,205,NULL,0,'',14,NULL,'0',NULL,'0',0,'VAT 14%',1,NULL,NULL,0,NULL),(2131,1,213,NULL,0,'',5,NULL,'0',NULL,'0',0,'VAT 5%',1,NULL,NULL,0,NULL),(2261,1,226,NULL,0,'',20,NULL,'0',NULL,'0',0,'VAT standart rate',1,NULL,NULL,0,NULL),(2262,1,226,NULL,0,'',0,NULL,'0',NULL,'0',0,'VAT Rate 0',1,NULL,NULL,0,NULL),(2321,1,232,NULL,0,'',0,NULL,'0',NULL,'0',0,'No VAT',1,NULL,NULL,0,NULL),(2322,1,232,NULL,0,'',12,NULL,'0',NULL,'0',0,'VAT 12%',1,NULL,NULL,0,NULL),(2323,1,232,NULL,0,'',8,NULL,'0',NULL,'0',0,'VAT 8%',1,NULL,NULL,0,NULL),(2461,1,246,NULL,0,'',0,NULL,'0',NULL,'0',0,'VAT Rate 0',1,NULL,NULL,0,NULL),(2462,1,102,NULL,0,'',23,'0','0','0','0',0,'Κανονικός Φ.Π.Α.',1,NULL,NULL,0,NULL),(2463,1,102,NULL,0,'',0,'0','0','0','0',0,'Μηδενικό Φ.Π.Α.',1,NULL,NULL,0,NULL),(2464,1,102,NULL,0,'',13,'0','0','0','0',0,'Μειωμένος Φ.Π.Α.',1,NULL,NULL,0,NULL),(2465,1,102,NULL,0,'',6.5,'0','0','0','0',0,'Υπερμειωμένος Φ.Π.Α.',1,NULL,NULL,0,NULL),(2466,1,102,NULL,0,'',3,'0','0','0','0',0,'Νήσων κανονικός Φ.Π.Α.',1,NULL,NULL,0,NULL),(2467,1,102,NULL,0,'',9,'0','0','0','0',0,'Νήσων μειωμένος Φ.Π.Α.',1,NULL,NULL,0,NULL),(2468,1,102,NULL,0,'',5,'0','0','0','0',0,'Νήσων υπερμειωμένος Φ.Π.Α.',1,NULL,NULL,0,NULL),(2469,1,1,NULL,0,'85',8.5,NULL,'0',NULL,'0',0,'VAT standard rate (DOM sauf Guyane et Saint-Martin)',0,NULL,NULL,0,NULL),(2470,1,1,NULL,0,'85NPR',8.5,NULL,'0',NULL,'0',1,'VAT standard rate (DOM sauf Guyane et Saint-Martin), non perçu par le vendeur mais récupérable par acheteur',0,NULL,NULL,0,NULL),(2471,1,1,NULL,0,'85NPROM',8.5,'2','3',NULL,'0',1,'VAT standard rate (DOM sauf Guyane et Saint-Martin), NPR, Octroi de Mer',0,NULL,NULL,0,NULL),(2472,1,1,NULL,0,'85NPROMOMR',8.5,'2','3','2.5','3',1,'VAT standard rate (DOM sauf Guyane et Saint-Martin), NPR, Octroi de Mer et Octroi de Mer Regional',0,NULL,NULL,0,NULL),(2477,1,117,NULL,0,'',19.6,'0','0','0','0',0,'aaa',1,'101','10',0,NULL),(2478,1,1,NULL,0,'aaa',5.5,'0','0','0','0',0,NULL,1,NULL,NULL,0,NULL),(2479,1,13,NULL,0,'',9,NULL,'0',NULL,'0',0,'TVA 9%',1,NULL,NULL,0,NULL),(2486,1,1,NULL,0,'',19.6,'0','0','0','0',0,NULL,1,'104','105',0,NULL);

--
-- Table structure for table `llx_c_type_contact`
--

CREATE TABLE `llx_c_type_contact` (
  `rowid` int(11) NOT NULL AUTO_INCREMENT,
  `element` varchar(64) NOT NULL,
  `source` varchar(8) NOT NULL DEFAULT 'external',
  `code` varchar(32) NOT NULL,
  `libelle` varchar(128) DEFAULT NULL,
  `active` tinyint(4) NOT NULL DEFAULT 1,
  `module` varchar(32) DEFAULT NULL,
  `position` int(11) NOT NULL DEFAULT 0,
  PRIMARY KEY (`rowid`),
  UNIQUE KEY `uk_c_type_contact_id` (`element`,`source`,`code`),
  KEY `idx_c_type_contact_code` (`code`)
) ENGINE=InnoDB AUTO_INCREMENT=448127 DEFAULT CHARSET=utf8mb3 COLLATE=utf8mb3_unicode_ci;

--
-- Dumping data for table `llx_c_type_contact`
--

INSERT INTO `llx_c_type_contact` (`rowid`, `element`, `source`, `code`, `libelle`, `active`, `module`, `position`) VALUES (10,'contrat','internal','SALESREPSIGN','Commercial signataire du contrat',1,NULL,0),(11,'contrat','internal','SALESREPFOLL','Commercial suivi du contrat',1,NULL,0),(20,'contrat','external','BILLING','Contact client facturation contrat',1,NULL,0),(21,'contrat','external','CUSTOMER','Contact client suivi contrat',1,NULL,0),(22,'contrat','external','SALESREPSIGN','Contact client signataire contrat',1,NULL,0),(31,'propal','internal','SALESREPFOLL','Commercial à l\'origine de la propale',1,NULL,0),(40,'propal','external','BILLING','Contact client facturation propale',1,NULL,0),(41,'propal','external','CUSTOMER','Contact client suivi propale',1,NULL,0),(42,'propal','external','SHIPPING','Customer contact for delivery',1,NULL,0),(50,'facture','internal','SALESREPFOLL','Responsable suivi du paiement',1,NULL,0),(60,'facture','external','BILLING','Contact client facturation',1,NULL,0),(61,'facture','external','SHIPPING','Contact client livraison',1,NULL,0),(62,'facture','external','SERVICE','Contact client prestation',1,NULL,0),(70,'invoice_supplier','internal','SALESREPFOLL','Responsable suivi du paiement',1,NULL,0),(71,'invoice_supplier','external','BILLING','Contact fournisseur facturation',1,NULL,0),(72,'invoice_supplier','external','SHIPPING','Contact fournisseur livraison',1,NULL,0),(73,'invoice_supplier','external','SERVICE','Contact fournisseur prestation',1,NULL,0),(80,'agenda','internal','ACTOR','Responsable',1,NULL,0),(81,'agenda','internal','GUEST','Guest',1,NULL,0),(85,'agenda','external','ACTOR','Responsable',1,NULL,0),(86,'agenda','external','GUEST','Guest',1,NULL,0),(91,'commande','internal','SALESREPFOLL','Responsable suivi de la commande',1,NULL,0),(100,'commande','external','BILLING','Contact client facturation commande',1,NULL,0),(101,'commande','external','CUSTOMER','Contact client suivi commande',1,NULL,0),(102,'commande','external','SHIPPING','Contact client livraison commande',1,NULL,0),(110,'supplier_proposal','internal','SALESREPFOLL','Responsable suivi de la demande',1,NULL,0),(111,'supplier_proposal','external','BILLING','Contact fournisseur facturation',1,NULL,0),(112,'supplier_proposal','external','SHIPPING','Contact fournisseur livraison',1,NULL,0),(113,'supplier_proposal','external','SERVICE','Contact fournisseur prestation',1,NULL,0),(120,'fichinter','internal','INTERREPFOLL','Responsable suivi de l\'intervention',1,NULL,0),(121,'fichinter','internal','INTERVENING','Intervenant',1,NULL,0),(130,'fichinter','external','BILLING','Contact client facturation intervention',1,NULL,0),(131,'fichinter','external','CUSTOMER','Contact client suivi de l\'intervention',1,NULL,0),(140,'order_supplier','internal','SALESREPFOLL','Responsable suivi de la commande',1,NULL,0),(141,'order_supplier','internal','SHIPPING','Responsable réception de la commande',1,NULL,0),(142,'order_supplier','external','BILLING','Contact fournisseur facturation commande',1,NULL,0),(143,'order_supplier','external','CUSTOMER','Contact fournisseur suivi commande',1,NULL,0),(145,'order_supplier','external','SHIPPING','Contact fournisseur livraison commande',1,NULL,0),(150,'dolresource','internal','USERINCHARGE','In charge of resource',1,NULL,0),(151,'dolresource','external','THIRDINCHARGE','In charge of resource',1,NULL,0),(155,'ticket','internal','SUPPORTTEC','Utilisateur contact support',1,NULL,0),(156,'ticket','internal','CONTRIBUTOR','Intervenant',1,NULL,0),(157,'ticket','external','SUPPORTCLI','Contact client suivi incident',1,NULL,0),(158,'ticket','external','CONTRIBUTOR','Intervenant',1,NULL,0),(160,'project','internal','PROJECTLEADER','Chef de Projet',1,NULL,0),(161,'project','internal','PROJECTCONTRIBUTOR','Intervenant',1,NULL,0),(170,'project','external','PROJECTLEADER','Chef de Projet',1,NULL,0),(171,'project','external','PROJECTCONTRIBUTOR','Intervenant',1,NULL,0),(180,'project_task','internal','TASKEXECUTIVE','Responsable',1,NULL,0),(181,'project_task','internal','TASKCONTRIBUTOR','Intervenant',1,NULL,0),(190,'project_task','external','TASKEXECUTIVE','Responsable',1,NULL,0),(191,'project_task','external','TASKCONTRIBUTOR','Intervenant',1,NULL,0),(200,'societe','external','GENERALREF','Généraliste (référent)',0,'cabinetmed',0),(201,'societe','external','GENERALISTE','Généraliste',0,'cabinetmed',0),(210,'societe','external','SPECCHIROR','Chirurgien ortho',0,'cabinetmed',0),(211,'societe','external','SPECCHIROT','Chirurgien autre',0,'cabinetmed',0),(212,'conferenceorbooth','external','RESPONSIBLE','Booth responsible',1,NULL,0),(220,'societe','external','SPECDERMA','Dermatologue',0,'cabinetmed',0),(225,'societe','external','SPECENDOC','Endocrinologue',0,'cabinetmed',0),(230,'societe','external','SPECGYNECO','Gynécologue',0,'cabinetmed',0),(240,'societe','external','SPECGASTRO','Gastroantérologue',0,'cabinetmed',0),(245,'societe','external','SPECINTERNE','Interniste',0,'cabinetmed',0),(250,'societe','external','SPECCARDIO','Cardiologue',0,'cabinetmed',0),(260,'societe','external','SPECNEPHRO','Néphrologue',0,'cabinetmed',0),(263,'societe','external','SPECPNEUMO','Pneumologue',0,'cabinetmed',0),(265,'societe','external','SPECNEURO','Neurologue',0,'cabinetmed',0),(270,'societe','external','SPECRHUMATO','Rhumatologue',0,'cabinetmed',0),(280,'societe','external','KINE','Kinésithérapeute',0,'cabinetmed',0),(448020,'contrat','external','COMPUTING','Contact privilégié informatique',1,NULL,0),(448021,'contrat','external','MAINTENANCE','Contact maintenance application',1,NULL,0),(448023,'contrat','internal','COMPUTINGREFERENT','Référent informatique',1,'gestionparc',0),(448024,'contrat','internal','COMPUTINGREFERENT2','Référent informatique en second',1,'gestionparc',0),(448025,'thirdparty','internal','SALESREPTHIRD','Sales Representative',1,NULL,0),(448027,'shipping','external','SHIPPING','Loading facility',1,NULL,0),(448033,'shipping','internal','SALESREPFOLL','Representative following-up shipping',1,NULL,0),(448034,'shipping','external','BILLING','Customer invoice contact',1,NULL,0),(448035,'shipping','external','CUSTOMER','Customer shipping contact',1,NULL,0),(448037,'shipping','external','DELIVERY','Delivery facility',1,NULL,0),(448048,'expedition','external','SHIPPING','Loading facility',1,NULL,0),(448049,'stocktransfer','internal','STRESP','Responsible for stock transfers',1,NULL,0),(448050,'stocktransfer','external','STFROM','Contact sending the stock transfer',1,NULL,0),(448051,'stocktransfer','external','STDEST','Contact receiving the stock transfer',1,NULL,0);

--
-- Table structure for table `llx_c_type_container`
--

CREATE TABLE `llx_c_type_container` (
  `rowid` int(11) NOT NULL AUTO_INCREMENT,
  `code` varchar(32) NOT NULL,
  `entity` int(11) NOT NULL DEFAULT 1,
  `label` varchar(128) DEFAULT NULL,
  `active` tinyint(4) NOT NULL DEFAULT 1,
  `module` varchar(32) DEFAULT NULL,
  `position` int(11) DEFAULT 0,
  `typecontainer` varchar(10) DEFAULT 'page',
  PRIMARY KEY (`rowid`),
  UNIQUE KEY `uk_c_type_container_id` (`code`,`entity`)
) ENGINE=InnoDB AUTO_INCREMENT=310 DEFAULT CHARSET=utf8mb3 COLLATE=utf8mb3_unicode_ci;

--
-- Dumping data for table `llx_c_type_container`
--

INSERT INTO `llx_c_type_container` (`rowid`, `code`, `entity`, `label`, `active`, `module`, `position`, `typecontainer`) VALUES (2,'page',1,'Page',1,'system',10,'page'),(3,'banner',1,'Banner',1,'system',100,'container'),(4,'blogpost',1,'BlogPost',1,'system',20,'page'),(5,'other',1,'Other',1,'system',100,'container'),(10,'menu',1,'Menu',1,'system',100,'container'),(22,'service',1,'Web Service (for ajax or api call)',1,'system',300,'library'),(23,'library',1,'Library (functions)',1,'system',400,'library'),(248,'setup',1,'Setup screen',1,'system',500,'library');

--
-- Table structure for table `llx_c_type_fees`
--

CREATE TABLE `llx_c_type_fees` (
  `id` int(11) NOT NULL AUTO_INCREMENT,
  `code` varchar(12) NOT NULL,
  `label` varchar(128) DEFAULT NULL,
  `accountancy_code` varchar(32) DEFAULT NULL,
  `active` tinyint(4) NOT NULL DEFAULT 1,
  `module` varchar(32) DEFAULT NULL,
  `position` int(11) NOT NULL DEFAULT 0,
  `type` int(11) DEFAULT 0,
  PRIMARY KEY (`id`),
  UNIQUE KEY `uk_c_type_fees` (`code`)
) ENGINE=InnoDB AUTO_INCREMENT=26 DEFAULT CHARSET=utf8mb3 COLLATE=utf8mb3_unicode_ci;

--
-- Dumping data for table `llx_c_type_fees`
--

INSERT INTO `llx_c_type_fees` (`id`, `code`, `label`, `accountancy_code`, `active`, `module`, `position`, `type`) VALUES (1,'TF_OTHER','Other','705',1,NULL,0,0),(2,'TF_TRIP','Trip',NULL,1,NULL,0,0),(3,'TF_LUNCH','Lunch',NULL,1,NULL,0,0),(4,'EX_KME','ExpLabelKm','625100',1,NULL,0,0),(5,'EX_FUE','ExpLabelFuelCV','606150',0,NULL,0,0),(6,'EX_HOT','ExpLabelHotel','625160',0,NULL,0,0),(7,'EX_PAR','ExpLabelParkingCV','625160',0,NULL,0,0),(8,'EX_TOL','ExpLabelTollCV','625160',0,NULL,0,0),(9,'EX_TAX','ExpLabelVariousTaxes','637800',0,NULL,0,0),(10,'EX_IND','ExpLabelIndemnityTranspSub','648100',0,NULL,0,0),(11,'EX_SUM','ExpLabelMaintenanceSupply','606300',0,NULL,0,0),(12,'EX_SUO','ExpLabelOfficeSupplies','606400',0,NULL,0,0),(13,'EX_CAR','ExpLabelCarRental','613000',0,NULL,0,0),(14,'EX_DOC','ExpLabelDocumentation','618100',0,NULL,0,0),(15,'EX_CUR','ExpLabelCustomersReceiving','625710',0,NULL,0,0),(16,'EX_OTR','ExpLabelOtherReceiving','625700',0,NULL,0,0),(17,'EX_POS','ExpLabelPostage','626100',0,NULL,0,0),(18,'EX_CAM','ExpLabelMaintenanceRepairCV','615300',0,NULL,0,0),(19,'EX_EMM','ExpLabelEmployeesMeal','625160',0,NULL,0,0),(20,'EX_GUM','ExpLabelGuestsMeal','625160',0,NULL,0,0),(21,'EX_BRE','ExpLabelBreakfast','625160',0,NULL,0,0),(22,'EX_FUE_VP','ExpLabelFuelPV','606150',0,NULL,0,0),(23,'EX_TOL_VP','ExpLabelTollPV','625160',0,NULL,0,0),(24,'EX_PAR_VP','ExpLabelParkingPV','625160',0,NULL,0,0),(25,'EX_CAM_VP','ExpLabelMaintenanceRepairPV','615300',0,NULL,0,0);

--
-- Table structure for table `llx_c_type_resource`
--

CREATE TABLE `llx_c_type_resource` (
  `rowid` int(11) NOT NULL AUTO_INCREMENT,
  `code` varchar(32) NOT NULL,
  `label` varchar(128) DEFAULT NULL,
  `active` tinyint(4) NOT NULL DEFAULT 1,
  PRIMARY KEY (`rowid`),
  UNIQUE KEY `uk_c_type_resource_id` (`label`,`code`)
) ENGINE=InnoDB AUTO_INCREMENT=13 DEFAULT CHARSET=utf8mb3 COLLATE=utf8mb3_unicode_ci;

--
-- Dumping data for table `llx_c_type_resource`
--

INSERT INTO `llx_c_type_resource` (`rowid`, `code`, `label`, `active`) VALUES (1,'RES_ROOMS','Rooms',1),(2,'RES_CARS','Cars',1),(11,'RES_HARDWARE','Hardware, 3D printer, ...',1);

--
-- Table structure for table `llx_c_typent`
--

CREATE TABLE `llx_c_typent` (
  `id` int(11) NOT NULL,
  `code` varchar(12) NOT NULL,
  `libelle` varchar(128) DEFAULT NULL,
  `fk_country` int(11) DEFAULT NULL,
  `active` tinyint(4) NOT NULL DEFAULT 1,
  `module` varchar(32) DEFAULT NULL,
  `position` int(11) NOT NULL DEFAULT 0,
  PRIMARY KEY (`id`),
  UNIQUE KEY `uk_c_typent` (`code`)
) ENGINE=InnoDB DEFAULT CHARSET=utf8mb3 COLLATE=utf8mb3_unicode_ci;

--
-- Dumping data for table `llx_c_typent`
--

INSERT INTO `llx_c_typent` (`id`, `code`, `libelle`, `fk_country`, `active`, `module`, `position`) VALUES (1,'TE_STARTUP','Start-up',NULL,1,NULL,0),(2,'TE_GROUP','Grand groupe',NULL,1,NULL,0),(3,'TE_MEDIUM','PME/PMI',NULL,1,NULL,0),(4,'TE_SMALL','TPE',NULL,1,NULL,0),(5,'TE_ADMIN','Administration',NULL,1,NULL,0),(6,'TE_WHOLE','Grossiste',NULL,1,NULL,0),(7,'TE_RETAIL','Revendeur',NULL,1,NULL,0),(8,'TE_PRIVATE','Particulier',NULL,1,NULL,0),(100,'TE_OTHER','Autres',NULL,1,NULL,0),(101,'TE_HOMME','Homme',NULL,0,'cabinetmed',0),(102,'TE_FEMME','Femme',NULL,0,'cabinetmed',0),(231,'TE_A_RI','Responsable Inscripto',23,1,NULL,0),(232,'TE_B_RNI','Responsable No Inscripto',23,1,NULL,0),(233,'TE_C_FE','Consumidor Final/Exento',23,1,NULL,0);

--
-- Table structure for table `llx_c_units`
--

CREATE TABLE `llx_c_units` (
  `rowid` int(11) NOT NULL AUTO_INCREMENT,
  `code` varchar(3) DEFAULT NULL,
  `sortorder` smallint(6) DEFAULT NULL,
  `label` varchar(128) DEFAULT NULL,
  `short_label` varchar(5) DEFAULT NULL,
  `active` tinyint(4) NOT NULL DEFAULT 1,
  `scale` int(11) DEFAULT NULL,
  `unit_type` varchar(10) DEFAULT NULL,
  PRIMARY KEY (`rowid`),
  UNIQUE KEY `uk_c_units_code` (`code`)
) ENGINE=InnoDB AUTO_INCREMENT=85 DEFAULT CHARSET=utf8mb3 COLLATE=utf8mb3_unicode_ci;

--
-- Dumping data for table `llx_c_units`
--

INSERT INTO `llx_c_units` (`rowid`, `code`, `sortorder`, `label`, `short_label`, `active`, `scale`, `unit_type`) VALUES (1,'P',NULL,'unitP','p',1,NULL,NULL),(2,'SET',NULL,'set','se',1,NULL,NULL),(3,'S',NULL,'second','s',1,1,'time'),(4,'H',NULL,'hour','h',1,3600,'time'),(5,'D',NULL,'day','d',1,86400,'time'),(6,'KG',NULL,'kilogram','kg',1,0,'weight'),(7,'G',NULL,'gram','g',1,-3,'weight'),(8,'M',NULL,'SizeUnitm','m',1,0,'size'),(9,'LM',NULL,'linear meter','lm',0,0,'size'),(10,'M2',NULL,'SurfaceUnitm2','m2',1,0,'surface'),(11,'M3',NULL,'VolumeUnitm3','m3',1,0,'volume'),(12,'L',NULL,'liter','l',0,-3,'volume'),(13,'T',NULL,'WeightUnitton','T',1,3,'weight'),(16,'MG',NULL,'WeightUnitmg','mg',1,-6,'weight'),(17,'OZ',NULL,'WeightUnitounce','Oz',1,98,'weight'),(18,'LB',NULL,'WeightUnitpound','lb',1,99,'weight'),(20,'DM',NULL,'SizeUnitdm','dm',1,-1,'size'),(21,'CM',NULL,'SizeUnitcm','cm',1,-2,'size'),(22,'MM',NULL,'SizeUnitmm','mm',1,-3,'size'),(23,'FT',NULL,'SizeUnitfoot','ft',1,98,'size'),(24,'IN',NULL,'SizeUnitinch','in',1,99,'size'),(26,'DM2',NULL,'SurfaceUnitdm2','dm2',1,-2,'surface'),(27,'CM2',NULL,'SurfaceUnitcm2','cm2',1,-4,'surface'),(28,'MM2',NULL,'SurfaceUnitmm2','mm2',1,-6,'surface'),(29,'FT2',NULL,'SurfaceUnitfoot2','ft2',1,98,'surface'),(30,'IN2',NULL,'SurfaceUnitinch2','in2',1,99,'surface'),(32,'DM3',NULL,'VolumeUnitdm3','dm3',1,-3,'volume'),(33,'CM3',NULL,'VolumeUnitcm3','cm3',1,-6,'volume'),(34,'MM3',NULL,'VolumeUnitmm3','mm3',1,-9,'volume'),(35,'FT3',NULL,'VolumeUnitfoot3','ft3',1,88,'volume'),(36,'IN3',NULL,'VolumeUnitinch3','in3',1,89,'volume'),(37,'OZ3',NULL,'VolumeUnitounce','Oz',1,97,'volume'),(39,'GAL',NULL,'VolumeUnitgallon','gal',1,99,'volume'),(43,'MI',NULL,'minute','i',1,60,'time'),(46,'W',NULL,'week','w',1,604800,'time'),(47,'MO',NULL,'month','m',1,2629800,'time'),(48,'Y',NULL,'year','y',1,31557600,'time');

--
-- Table structure for table `llx_c_ziptown`
--

CREATE TABLE `llx_c_ziptown` (
  `rowid` int(11) NOT NULL AUTO_INCREMENT,
  `code` varchar(5) DEFAULT NULL,
  `fk_county` int(11) DEFAULT NULL,
  `fk_pays` int(11) NOT NULL DEFAULT 0,
  `zip` varchar(10) NOT NULL,
  `town` varchar(255) NOT NULL,
  `active` tinyint(4) NOT NULL DEFAULT 1,
  `town_up` varchar(180) DEFAULT NULL,
  PRIMARY KEY (`rowid`),
  UNIQUE KEY `uk_ziptown_fk_pays` (`zip`,`town`,`fk_pays`),
  KEY `idx_c_ziptown_fk_county` (`fk_county`),
  KEY `idx_c_ziptown_fk_pays` (`fk_pays`),
  KEY `idx_c_ziptown_zip` (`zip`),
  CONSTRAINT `fk_c_ziptown_fk_county` FOREIGN KEY (`fk_county`) REFERENCES `llx_c_departements` (`rowid`),
  CONSTRAINT `fk_c_ziptown_fk_pays` FOREIGN KEY (`fk_pays`) REFERENCES `llx_c_country` (`rowid`)
) ENGINE=InnoDB AUTO_INCREMENT=148807 DEFAULT CHARSET=utf8mb3 COLLATE=utf8mb3_unicode_ci;


--
-- Table structure for table `llx_captureserver_captureserver`
--

CREATE TABLE `llx_captureserver_captureserver` (
  `rowid` int(11) NOT NULL AUTO_INCREMENT,
  `entity` int(11) NOT NULL DEFAULT 1,
  `ref` varchar(255) DEFAULT NULL,
  `label` varchar(255) DEFAULT NULL,
  `type` varchar(32) DEFAULT NULL,
  `content` text DEFAULT NULL,
  `qty` int(11) DEFAULT NULL,
  `ip` varchar(255) DEFAULT NULL,
  `status` int(11) DEFAULT NULL,
  `date_creation` datetime NOT NULL,
  `tms` timestamp NULL DEFAULT NULL,
  `comment` varchar(255) DEFAULT NULL,
  `import_key` varchar(14) DEFAULT NULL,
  `registerid` varchar(128) DEFAULT NULL,
  `registeremail` varchar(128) DEFAULT NULL,
  `lastrowid` int(11) DEFAULT NULL,
  `lastsignature` varchar(128) DEFAULT NULL,
  `registername` varchar(128) DEFAULT NULL,
  `registerprofid` varchar(128) DEFAULT NULL,
  `previousrowid` int(11) DEFAULT NULL,
  `previoussignature` varchar(128) DEFAULT NULL,
  `versionblockedlog` varchar(128) DEFAULT NULL,
  `versiondolibarr` varchar(128) DEFAULT NULL,
  PRIMARY KEY (`rowid`),
  UNIQUE KEY `uk_captureserver_captureserver_uk` (`entity`,`ref`),
  KEY `idx_captureserver_captureserver_rowid` (`rowid`),
  KEY `idx_captureserver_captureserver_ref` (`ref`),
  KEY `idx_captureserver_captureserver_type` (`type`)
) ENGINE=InnoDB DEFAULT CHARSET=utf8mb4 COLLATE=utf8mb4_unicode_ci;

--
-- Dumping data for table `llx_captureserver_captureserver`
--


--
-- Table structure for table `llx_categorie`
--

CREATE TABLE `llx_categorie` (
  `rowid` int(11) NOT NULL AUTO_INCREMENT,
  `fk_parent` int(11) NOT NULL DEFAULT 0,
  `label` varchar(255) NOT NULL,
  `type` int(11) NOT NULL DEFAULT 1,
  `entity` int(11) NOT NULL DEFAULT 1,
  `description` text DEFAULT NULL,
  `fk_soc` int(11) DEFAULT NULL,
  `extraparams` varchar(255) DEFAULT NULL,
  `visible` tinyint(4) NOT NULL DEFAULT 1,
  `import_key` varchar(14) DEFAULT NULL,
  `color` varchar(8) DEFAULT NULL,
  `position` int(11) DEFAULT 0,
  `ref_ext` varchar(255) DEFAULT NULL,
  `date_creation` datetime DEFAULT NULL,
  `tms` timestamp NOT NULL DEFAULT current_timestamp() ON UPDATE current_timestamp(),
  `fk_user_creat` int(11) DEFAULT NULL,
  `fk_user_modif` int(11) DEFAULT NULL,
  `ref` text DEFAULT NULL,
  PRIMARY KEY (`rowid`),
  UNIQUE KEY `uk_categorie_ref` (`entity`,`fk_parent`,`label`,`type`),
  KEY `idx_categorie_type` (`type`),
  KEY `idx_categorie_label` (`label`)
) ENGINE=InnoDB AUTO_INCREMENT=98 DEFAULT CHARSET=utf8mb3 COLLATE=utf8mb3_unicode_ci;

--
-- Dumping data for table `llx_categorie`
--

INSERT INTO `llx_categorie` (`rowid`, `fk_parent`, `label`, `type`, `entity`, `description`, `fk_soc`, `extraparams`, `visible`, `import_key`, `color`, `position`, `ref_ext`, `date_creation`, `tms`, `fk_user_creat`, `fk_user_modif`, `ref`) VALUES (1,0,'Preferred Partners',1,1,'This category is used to tag suppliers that are Prefered Partners',NULL,NULL,0,NULL,'005fbf',0,NULL,'2020-06-12 19:12:24','2020-06-12 17:12:24',NULL,NULL,NULL),(2,0,'MyCategory',1,1,'This is description of MyCategory for customer and prospects<br />',NULL,NULL,0,NULL,NULL,0,NULL,'2020-06-12 19:12:24','2020-06-12 17:12:24',NULL,NULL,NULL),(3,7,'Hot products',1,1,'This is description of hot products<br />',NULL,NULL,0,NULL,NULL,0,NULL,'2020-06-12 19:12:24','2020-06-12 17:12:24',NULL,NULL,NULL),(4,0,'Merchant',1,1,'Category dedicated to merchant third parties',NULL,NULL,0,NULL,'bf5f00',0,NULL,'2020-06-12 19:12:24','2020-06-12 17:12:24',NULL,NULL,NULL),(5,7,'Bio Fairtrade',0,1,'',NULL,NULL,0,NULL,'',10,'','2020-06-12 19:12:24','2025-05-05 17:40:48',NULL,12,NULL),(6,7,'Bio AB',0,1,'',NULL,NULL,0,NULL,NULL,0,NULL,'2020-06-12 19:12:24','2020-06-12 17:12:24',NULL,NULL,NULL),(7,9,'Bio',0,1,'This product is a BIO product',NULL,NULL,0,NULL,NULL,0,NULL,'2020-06-12 19:12:24','2020-06-12 17:12:24',NULL,NULL,NULL),(8,7,'Bio Dynamic',0,1,'',NULL,NULL,0,NULL,NULL,0,NULL,'2020-06-12 19:12:24','2020-06-12 17:12:24',NULL,NULL,NULL),(9,0,'High Quality Product',0,1,'Label dedicated for High quality products',NULL,NULL,0,NULL,'7f7f00',0,NULL,'2020-06-12 19:12:24','2020-06-12 17:12:24',NULL,NULL,NULL),(10,0,'Reserved for VIP',0,1,'Product of thi category are reserved to VIP customers',NULL,NULL,0,NULL,'7f0000',0,NULL,'2020-06-12 19:12:24','2020-06-12 17:12:24',NULL,NULL,NULL),(11,9,'ISO',0,1,'Product of this category has an ISO label',NULL,NULL,0,NULL,NULL,0,NULL,'2020-06-12 19:12:24','2020-06-12 17:12:24',NULL,NULL,NULL),(12,0,'VIP',2,1,'',NULL,NULL,0,NULL,'bf5f00',100,'','2020-06-12 19:12:24','2025-03-29 15:03:03',NULL,12,NULL),(13,0,'Region North',2,1,'Customer of North Region',NULL,NULL,0,NULL,'7f007f',0,NULL,'2020-06-12 19:12:24','2020-06-12 17:12:24',NULL,NULL,NULL),(14,0,'Regular customer',2,1,'',NULL,NULL,0,NULL,'5fbf00',0,NULL,'2020-06-12 19:12:24','2020-06-12 17:12:24',NULL,NULL,NULL),(15,13,'Region North A',2,1,'',NULL,NULL,0,NULL,'bf00bf',0,NULL,'2020-06-12 19:12:24','2020-06-12 17:12:24',NULL,NULL,NULL),(17,0,'MyTag1',4,1,'',NULL,NULL,0,NULL,NULL,0,NULL,'2020-06-12 19:12:24','2020-06-12 17:12:24',NULL,NULL,NULL),(18,0,'Met during meeting',4,1,'',NULL,NULL,0,NULL,'ff7f00',0,NULL,'2020-06-12 19:12:24','2020-06-12 17:12:24',NULL,NULL,NULL),(19,17,'MySubTag1',4,1,'',NULL,NULL,0,NULL,NULL,0,NULL,'2020-06-12 19:12:24','2020-06-12 17:12:24',NULL,NULL,NULL),(20,13,'Region North B',2,1,'',NULL,NULL,0,NULL,'bf005f',0,NULL,'2020-06-12 19:12:24','2020-06-12 17:12:24',NULL,NULL,NULL),(21,0,'Region South',2,1,'',NULL,NULL,0,NULL,NULL,0,NULL,'2020-06-12 19:12:24','2020-06-12 17:12:24',NULL,NULL,NULL),(22,21,'Region South A',2,1,'',NULL,NULL,0,NULL,NULL,0,NULL,'2020-06-12 19:12:24','2020-06-12 17:12:24',NULL,NULL,NULL),(23,21,'Region South B',2,1,'',NULL,NULL,0,NULL,NULL,0,NULL,'2020-06-12 19:12:24','2020-06-12 17:12:24',NULL,NULL,NULL),(24,0,'Limited Edition',0,1,'This is a limited edition',NULL,NULL,0,NULL,'ff7f00',0,NULL,'2020-06-12 19:12:24','2020-06-12 17:12:24',NULL,NULL,NULL),(25,0,'Imported products',0,1,'For product we have to import from another country',NULL,NULL,0,NULL,NULL,0,NULL,'2020-06-12 19:12:24','2020-06-12 17:12:24',NULL,NULL,NULL),(26,28,'Friends',4,1,'Category of friends contact',NULL,NULL,0,NULL,'00bf00',0,NULL,'2020-06-12 19:12:24','2020-06-12 17:12:24',NULL,NULL,NULL),(27,28,'Family',4,1,'Category of family contacts',NULL,NULL,0,NULL,'007f3f',0,NULL,'2020-06-12 19:12:24','2020-06-12 17:12:24',NULL,NULL,NULL),(28,0,'Personal contacts',4,1,'For personal contacts',NULL,NULL,0,NULL,'007f3f',0,NULL,'2020-06-12 19:12:24','2020-06-12 17:12:24',NULL,NULL,NULL),(29,0,'Online only merchant',1,1,'',NULL,NULL,0,NULL,'aaaaff',0,NULL,'2020-06-12 19:12:24','2020-06-12 17:12:24',NULL,NULL,NULL),(30,0,'Important',6,1,'Tag for important project',NULL,NULL,0,NULL,'7f003f',0,'','2020-06-12 19:12:24','2020-06-12 17:12:24',NULL,NULL,NULL),(31,0,'POS Products',0,1,'All products available in store (POS)',NULL,NULL,0,NULL,'5f00bf',0,'','2020-06-12 19:12:24','2020-06-12 17:12:24',NULL,NULL,NULL),(32,31,'Fruits',0,1,'',NULL,NULL,0,NULL,'aa56ff',0,'','2020-06-12 19:12:24','2025-05-05 17:35:25',NULL,12,NULL),(33,31,'Vegetables',0,1,'',NULL,NULL,0,NULL,'aa56ff',0,'','2020-06-12 19:12:24','2020-06-12 17:12:24',NULL,NULL,NULL),(34,31,'Pies',0,1,'Categories for Pies available on POS',NULL,NULL,0,NULL,'aa56ff',0,NULL,'2020-06-12 19:12:24','2020-06-12 17:12:24',NULL,NULL,NULL),(35,31,'Other',0,1,'',NULL,NULL,0,NULL,'aa56ff',0,NULL,'2020-06-12 19:12:24','2020-06-12 17:12:24',NULL,NULL,NULL),(36,0,'VIP',3,1,'VIP member',NULL,NULL,0,NULL,'007f00',0,'','2020-06-12 19:12:24','2020-06-12 17:12:24',NULL,NULL,NULL),(37,0,'Board members',3,1,'',NULL,NULL,0,NULL,'bf00bf',0,'','2020-06-12 19:12:24','2020-06-12 17:12:24',NULL,NULL,NULL),(38,0,'Main center',9,1,'',NULL,NULL,0,NULL,'bf5f00',0,NULL,'2020-06-12 19:17:30','2020-06-12 17:17:30',12,NULL,NULL),(39,0,'Center B',9,1,'Center B',NULL,NULL,0,NULL,'ff7f00',0,NULL,'2020-06-12 19:17:55','2020-06-12 17:17:55',12,NULL,NULL),(40,0,'Bank foreign',5,1,'',NULL,NULL,0,NULL,'00bfbf',0,NULL,'2021-04-15 10:26:42','2021-04-15 13:26:42',12,NULL,NULL),(41,0,'Bank old company',5,1,'',NULL,NULL,0,NULL,'7f7f00',0,NULL,'2021-04-15 10:26:52','2021-04-15 13:26:52',12,NULL,NULL),(42,0,'Event Urgent',10,1,'',NULL,NULL,0,NULL,'7f003f',0,NULL,'2021-04-15 10:42:53','2021-04-15 13:42:53',12,NULL,NULL),(43,0,'Event hidden',10,1,'',NULL,NULL,0,NULL,'cccccc',0,NULL,'2021-04-15 10:43:06','2021-04-15 13:43:06',12,NULL,NULL),(44,0,'Event Managers',10,1,'',NULL,NULL,0,NULL,'007f7f',0,NULL,'2021-04-15 10:43:34','2021-04-15 13:43:34',12,NULL,NULL),(45,0,'Admin',13,1,'',NULL,NULL,0,NULL,'bf5f00',0,NULL,'2022-12-11 21:26:18','2022-12-11 21:26:18',12,NULL,NULL),(46,0,'Production',13,1,'',NULL,NULL,0,NULL,'007f7f',0,NULL,'2022-12-11 21:26:35','2022-12-11 21:26:35',12,NULL,NULL),(47,0,'Customers',12,1,'',NULL,NULL,0,NULL,'bf5f00',0,NULL,'2022-12-11 21:27:30','2022-12-11 21:27:30',12,NULL,NULL),(48,0,'Sales Representatives',12,1,'',NULL,NULL,0,NULL,'7f3f00',0,NULL,'2022-12-11 21:27:47','2022-12-11 21:27:47',12,NULL,NULL),(49,0,'Security',12,1,'',NULL,NULL,0,NULL,'bf0000',0,NULL,'2022-12-11 21:28:06','2022-12-11 21:28:06',12,NULL,NULL),(50,0,'BU Alternati',6,1,'',NULL,NULL,0,NULL,'',0,NULL,'2023-02-10 12:50:11','2023-02-10 15:50:11',12,NULL,NULL),(51,50,'BM',6,1,'',NULL,NULL,0,NULL,'',0,NULL,'2023-02-10 12:50:21','2023-02-10 15:50:21',12,NULL,NULL),(56,0,'BU ERP',6,1,'',NULL,NULL,0,NULL,'',0,NULL,'2023-02-10 12:51:16','2023-02-10 15:51:16',12,NULL,NULL),(57,56,'Dolibarr',6,1,'',NULL,NULL,0,NULL,'',0,NULL,'2023-02-10 12:51:33','2023-02-10 15:51:33',12,NULL,NULL),(59,56,'Autre',6,1,'',NULL,NULL,0,NULL,'',0,NULL,'2023-02-10 12:51:50','2023-02-10 15:51:50',12,NULL,NULL),(62,0,'Bank category one',8,1,'',NULL,NULL,1,NULL,'',0,NULL,'2024-11-27 16:37:30','2024-11-27 15:37:30',NULL,NULL,NULL),(63,0,'Bank category two',8,1,'',NULL,NULL,1,NULL,'',0,NULL,'2024-11-27 16:37:30','2024-11-27 15:37:30',NULL,NULL,NULL),(68,0,'Prospects or Customers Cloud',2,1,'',NULL,NULL,0,NULL,'',0,'','2024-12-01 15:59:56','2024-12-01 15:01:48',12,12,NULL),(69,0,'Services Cloud',0,1,'',NULL,NULL,0,NULL,'',0,NULL,'2024-12-01 16:01:12','2024-12-01 15:01:12',12,NULL,NULL),(70,0,'Resellers Cloud',1,1,'',NULL,NULL,0,NULL,'',0,NULL,'2024-12-01 16:02:04','2024-12-01 15:02:04',12,NULL,NULL),(71,0,'Marketplace customers',2,1,'',NULL,NULL,0,NULL,'',0,NULL,'2024-12-30 18:05:39','2024-12-30 17:05:39',12,NULL,NULL),(72,0,'Marketplace sellers',1,1,'',NULL,NULL,0,NULL,'',0,NULL,'2024-12-30 18:05:39','2024-12-30 17:05:39',12,NULL,NULL),(73,0,'Marketplace preferred customers',2,1,'',NULL,NULL,0,NULL,'',0,NULL,'2024-12-30 18:05:39','2024-12-30 17:05:39',12,NULL,NULL),(74,0,'Never discounts for this product',0,1,'',NULL,NULL,0,NULL,'',0,NULL,'2024-12-30 18:05:39','2024-12-30 17:05:39',12,NULL,NULL),(75,0,'Marketplace products',0,1,'',NULL,NULL,0,NULL,'',0,NULL,'2024-12-30 18:05:39','2024-12-30 17:05:39',12,NULL,NULL),(76,0,'Versions',0,1,'',NULL,NULL,0,NULL,'',0,NULL,'2024-12-30 18:05:39','2024-12-30 17:05:39',12,NULL,NULL),(77,0,'Discounts',0,1,'',NULL,NULL,0,NULL,'',0,NULL,'2024-12-30 18:05:39','2024-12-30 17:05:39',12,NULL,NULL),(78,0,'Marketplace versions',0,1,'',NULL,NULL,0,NULL,'',0,NULL,'2024-12-30 19:24:10','2024-12-30 18:24:10',12,NULL,NULL),(79,0,'Marketplace discounts',0,1,'',NULL,NULL,0,NULL,'',0,NULL,'2024-12-30 19:24:10','2024-12-30 18:24:10',12,NULL,NULL),(80,0,'Never any discount for these product',0,1,'',NULL,NULL,0,NULL,'',0,NULL,'2024-12-30 19:24:27','2024-12-30 18:24:27',12,NULL,NULL),(82,31,'aaa',0,1,'',NULL,NULL,0,NULL,'',0,NULL,'2025-04-15 16:41:17','2025-04-15 14:41:17',12,NULL,NULL),(83,0,'aaa',16,1,'',NULL,NULL,0,NULL,'',0,NULL,'2025-04-26 11:49:33','2025-04-26 09:49:33',12,NULL,NULL),(85,0,'aaa',20,1,'',NULL,NULL,0,NULL,'',1,NULL,'2025-04-26 16:13:44','2025-04-26 14:13:44',12,NULL,NULL),(86,37,'bbb',3,1,'',NULL,NULL,0,NULL,'',1,NULL,'2025-05-05 18:21:50','2025-05-05 16:21:50',12,NULL,NULL),(87,0,'ccc',1,1,'',NULL,NULL,0,NULL,'',2,'','2025-05-27 09:44:08','2025-06-22 10:41:03',12,12,NULL),(88,0,'bbb',16,1,'',NULL,NULL,0,NULL,'',1,NULL,'2025-05-27 10:11:11','2025-05-27 10:11:11',12,NULL,NULL),(89,0,'aaa',7,1,'',NULL,NULL,0,NULL,'',1,NULL,'2025-05-27 12:17:15','2025-05-27 12:17:15',12,NULL,NULL),(90,0,'bbb',7,1,'',NULL,NULL,0,NULL,'',1,NULL,'2025-05-27 12:17:31','2025-05-27 12:17:31',12,NULL,NULL),(91,0,'aaaa',11,1,'',NULL,NULL,0,NULL,'',1,NULL,'2025-05-27 12:26:40','2025-05-27 12:26:40',12,NULL,NULL),(92,0,'bbb',11,1,'',NULL,NULL,0,NULL,'',1,NULL,'2025-05-27 12:36:25','2025-05-27 12:36:25',12,NULL,NULL),(93,0,'cccc',16,1,'',NULL,NULL,0,NULL,'',1,NULL,'2025-06-11 10:57:31','2025-06-11 10:57:31',12,NULL,NULL),(94,0,'test 1',17,1,'',NULL,NULL,0,NULL,'',1,NULL,'2025-06-22 15:59:06','2025-06-22 15:59:06',12,NULL,NULL),(95,94,'test 2',17,1,'',NULL,NULL,0,NULL,'',1,NULL,'2025-06-22 15:59:12','2025-06-22 15:59:12',12,NULL,NULL),(96,0,'uuu',6,1,'',NULL,NULL,0,NULL,'',1,NULL,'2025-06-25 10:22:16','2025-06-25 10:22:16',12,NULL,NULL),(97,0,'ddd',6,1,'',NULL,NULL,0,NULL,'',1,NULL,'2025-06-25 10:28:03','2025-06-25 10:28:03',12,NULL,NULL);

--
-- Table structure for table `llx_categorie_account`
--

CREATE TABLE `llx_categorie_account` (
  `fk_categorie` int(11) NOT NULL,
  `fk_account` int(11) NOT NULL,
  `import_key` varchar(14) DEFAULT NULL,
  PRIMARY KEY (`fk_categorie`,`fk_account`),
  KEY `idx_categorie_account_fk_categorie` (`fk_categorie`),
  KEY `idx_categorie_account_fk_account` (`fk_account`),
  CONSTRAINT `fk_categorie_account_categorie_rowid` FOREIGN KEY (`fk_categorie`) REFERENCES `llx_categorie` (`rowid`),
  CONSTRAINT `fk_categorie_account_fk_account` FOREIGN KEY (`fk_account`) REFERENCES `llx_bank_account` (`rowid`)
) ENGINE=InnoDB DEFAULT CHARSET=utf8mb3 COLLATE=utf8mb3_unicode_ci;

--
-- Dumping data for table `llx_categorie_account`
--

INSERT INTO `llx_categorie_account` (`fk_categorie`, `fk_account`, `import_key`) VALUES (41,4,NULL);

--
-- Table structure for table `llx_categorie_actioncomm`
--

CREATE TABLE `llx_categorie_actioncomm` (
  `fk_categorie` int(11) NOT NULL,
  `fk_actioncomm` int(11) NOT NULL,
  `import_key` varchar(14) DEFAULT NULL,
  PRIMARY KEY (`fk_categorie`,`fk_actioncomm`),
  KEY `idx_categorie_actioncomm_fk_categorie` (`fk_categorie`),
  KEY `idx_categorie_actioncomm_fk_actioncomm` (`fk_actioncomm`),
  CONSTRAINT `fk_categorie_actioncomm_categorie_rowid` FOREIGN KEY (`fk_categorie`) REFERENCES `llx_categorie` (`rowid`),
  CONSTRAINT `fk_categorie_actioncomm_fk_actioncomm` FOREIGN KEY (`fk_actioncomm`) REFERENCES `llx_actioncomm` (`id`)
) ENGINE=InnoDB DEFAULT CHARSET=utf8mb3 COLLATE=utf8mb3_unicode_ci;

--
-- Dumping data for table `llx_categorie_actioncomm`
--


--
-- Table structure for table `llx_categorie_contact`
--

CREATE TABLE `llx_categorie_contact` (
  `fk_categorie` int(11) NOT NULL,
  `fk_socpeople` int(11) NOT NULL,
  `import_key` varchar(14) DEFAULT NULL,
  PRIMARY KEY (`fk_categorie`,`fk_socpeople`),
  KEY `idx_categorie_contact_fk_categorie` (`fk_categorie`),
  KEY `idx_categorie_contact_fk_socpeople` (`fk_socpeople`),
  CONSTRAINT `fk_categorie_contact_categorie_rowid` FOREIGN KEY (`fk_categorie`) REFERENCES `llx_categorie` (`rowid`),
  CONSTRAINT `fk_categorie_contact_fk_socpeople` FOREIGN KEY (`fk_socpeople`) REFERENCES `llx_socpeople` (`rowid`)
) ENGINE=InnoDB DEFAULT CHARSET=utf8mb3 COLLATE=utf8mb3_unicode_ci;

--
-- Dumping data for table `llx_categorie_contact`
--

INSERT INTO `llx_categorie_contact` (`fk_categorie`, `fk_socpeople`, `import_key`) VALUES (18,3,NULL),(18,6,NULL),(19,6,NULL),(26,9,NULL),(27,7,NULL),(27,8,NULL),(27,10,NULL),(28,11,NULL);

--
-- Table structure for table `llx_categorie_fichinter`
--

CREATE TABLE `llx_categorie_fichinter` (
  `fk_categorie` int(11) NOT NULL,
  `fk_fichinter` int(11) NOT NULL,
  `import_key` varchar(14) DEFAULT NULL,
  PRIMARY KEY (`fk_categorie`,`fk_fichinter`),
  KEY `idx_categorie_fichinter_fk_categorie` (`fk_categorie`),
  KEY `idx_categorie_fichinter_fk_fichinter` (`fk_fichinter`),
  CONSTRAINT `fk_categorie_fichinter_categorie_rowid` FOREIGN KEY (`fk_categorie`) REFERENCES `llx_categorie` (`rowid`),
  CONSTRAINT `fk_categorie_fichinter_fk_fichinter` FOREIGN KEY (`fk_fichinter`) REFERENCES `llx_fichinter` (`rowid`)
) ENGINE=InnoDB DEFAULT CHARSET=utf8mb4 COLLATE=utf8mb4_general_ci;

--
-- Dumping data for table `llx_categorie_fichinter`
--


--
-- Table structure for table `llx_categorie_fournisseur`
--

CREATE TABLE `llx_categorie_fournisseur` (
  `fk_categorie` int(11) NOT NULL,
  `fk_soc` int(11) NOT NULL,
  `import_key` varchar(14) DEFAULT NULL,
  PRIMARY KEY (`fk_categorie`,`fk_soc`),
  KEY `idx_categorie_fournisseur_fk_categorie` (`fk_categorie`),
  KEY `idx_categorie_fournisseur_fk_societe` (`fk_soc`),
  CONSTRAINT `fk_categorie_fournisseur_categorie_rowid` FOREIGN KEY (`fk_categorie`) REFERENCES `llx_categorie` (`rowid`),
  CONSTRAINT `fk_categorie_fournisseur_fk_soc` FOREIGN KEY (`fk_soc`) REFERENCES `llx_societe` (`rowid`)
) ENGINE=InnoDB DEFAULT CHARSET=utf8mb3 COLLATE=utf8mb3_unicode_ci;

--
-- Dumping data for table `llx_categorie_fournisseur`
--

INSERT INTO `llx_categorie_fournisseur` (`fk_categorie`, `fk_soc`, `import_key`) VALUES (1,2,NULL),(1,10,NULL),(1,13,NULL),(2,10,'20191008191032'),(3,13,NULL),(4,10,'20191008191032'),(29,13,NULL),(29,17,NULL);

--
-- Table structure for table `llx_categorie_invoice`
--

CREATE TABLE `llx_categorie_invoice` (
  `fk_categorie` int(11) NOT NULL,
  `fk_invoice` int(11) NOT NULL,
  `import_key` varchar(14) DEFAULT NULL,
  PRIMARY KEY (`fk_categorie`,`fk_invoice`),
  KEY `idx_categorie_invoice_fk_categorie` (`fk_categorie`),
  KEY `idx_categorie_invoice_fk_invoice` (`fk_invoice`),
  CONSTRAINT `fk_categorie_invoice_categorie_rowid` FOREIGN KEY (`fk_categorie`) REFERENCES `llx_categorie` (`rowid`),
  CONSTRAINT `fk_categorie_invoice_fk_invoice_rowid` FOREIGN KEY (`fk_invoice`) REFERENCES `llx_facture` (`rowid`)
) ENGINE=InnoDB DEFAULT CHARSET=utf8mb4 COLLATE=utf8mb4_unicode_ci;

--
-- Dumping data for table `llx_categorie_invoice`
--


--
-- Table structure for table `llx_categorie_knowledgemanagement`
--

CREATE TABLE `llx_categorie_knowledgemanagement` (
  `fk_categorie` int(11) NOT NULL,
  `fk_knowledgemanagement` int(11) NOT NULL,
  `import_key` varchar(14) DEFAULT NULL,
  PRIMARY KEY (`fk_categorie`,`fk_knowledgemanagement`),
  KEY `idx_categorie_knowledgemanagement_fk_categorie` (`fk_categorie`),
  KEY `idx_categorie_knowledgemanagement_fk_knowledgemanagement` (`fk_knowledgemanagement`),
  CONSTRAINT `fk_categorie_knowledgemanagement_categorie_rowid` FOREIGN KEY (`fk_categorie`) REFERENCES `llx_categorie` (`rowid`),
  CONSTRAINT `fk_categorie_knowledgemanagement_knowledgemanagement_rowid` FOREIGN KEY (`fk_knowledgemanagement`) REFERENCES `llx_knowledgemanagement_knowledgerecord` (`rowid`)
) ENGINE=InnoDB DEFAULT CHARSET=utf8mb3 COLLATE=utf8mb3_unicode_ci;

--
-- Dumping data for table `llx_categorie_knowledgemanagement`
--


--
-- Table structure for table `llx_categorie_lang`
--

CREATE TABLE `llx_categorie_lang` (
  `rowid` int(11) NOT NULL AUTO_INCREMENT,
  `fk_category` int(11) NOT NULL DEFAULT 0,
  `lang` varchar(5) NOT NULL DEFAULT '0',
  `label` varchar(255) NOT NULL,
  `description` text DEFAULT NULL,
  PRIMARY KEY (`rowid`),
  UNIQUE KEY `uk_category_lang` (`fk_category`,`lang`),
  CONSTRAINT `fk_category_lang_fk_category` FOREIGN KEY (`fk_category`) REFERENCES `llx_categorie` (`rowid`)
) ENGINE=InnoDB DEFAULT CHARSET=utf8mb3 COLLATE=utf8mb3_unicode_ci;

--
-- Dumping data for table `llx_categorie_lang`
--


--
-- Table structure for table `llx_categorie_lang_extrafields`
--

CREATE TABLE `llx_categorie_lang_extrafields` (
  `rowid` int(11) NOT NULL AUTO_INCREMENT,
  `tms` timestamp NULL DEFAULT current_timestamp() ON UPDATE current_timestamp(),
  `fk_object` int(11) NOT NULL,
  `import_key` varchar(14) DEFAULT NULL,
  PRIMARY KEY (`rowid`),
  KEY `idx_categorie_lang_fk_object` (`fk_object`)
) ENGINE=InnoDB DEFAULT CHARSET=utf8mb3 COLLATE=utf8mb3_unicode_ci;

--
-- Dumping data for table `llx_categorie_lang_extrafields`
--


--
-- Table structure for table `llx_categorie_member`
--

CREATE TABLE `llx_categorie_member` (
  `fk_categorie` int(11) NOT NULL,
  `fk_member` int(11) NOT NULL,
  `import_key` varchar(14) DEFAULT NULL,
  PRIMARY KEY (`fk_categorie`,`fk_member`),
  KEY `idx_categorie_member_fk_categorie` (`fk_categorie`),
  KEY `idx_categorie_member_fk_member` (`fk_member`),
  CONSTRAINT `fk_categorie_member_categorie_rowid` FOREIGN KEY (`fk_categorie`) REFERENCES `llx_categorie` (`rowid`),
  CONSTRAINT `fk_categorie_member_member_rowid` FOREIGN KEY (`fk_member`) REFERENCES `llx_adherent` (`rowid`)
) ENGINE=InnoDB DEFAULT CHARSET=utf8mb3 COLLATE=utf8mb3_unicode_ci;

--
-- Dumping data for table `llx_categorie_member`
--

INSERT INTO `llx_categorie_member` (`fk_categorie`, `fk_member`, `import_key`) VALUES (36,3,NULL),(36,4,NULL),(37,1,NULL),(37,2,NULL);

--
-- Table structure for table `llx_categorie_mo`
--

CREATE TABLE `llx_categorie_mo` (
  `fk_categorie` int(11) NOT NULL,
  `fk_mo` int(11) NOT NULL,
  `import_key` varchar(14) DEFAULT NULL,
  PRIMARY KEY (`fk_categorie`,`fk_mo`),
  KEY `idx_categorie_mo_fk_categorie` (`fk_categorie`),
  KEY `idx_categorie_mo_fk_mo` (`fk_mo`),
  CONSTRAINT `fk_categorie_mo_categorie_rowid` FOREIGN KEY (`fk_categorie`) REFERENCES `llx_categorie` (`rowid`),
  CONSTRAINT `fk_categorie_mo_fk_mo_rowid` FOREIGN KEY (`fk_mo`) REFERENCES `llx_mrp_mo` (`rowid`)
) ENGINE=InnoDB DEFAULT CHARSET=utf8mb4 COLLATE=utf8mb4_unicode_ci ROW_FORMAT=DYNAMIC;

--
-- Dumping data for table `llx_categorie_mo`
--


--
-- Table structure for table `llx_categorie_order`
--

CREATE TABLE `llx_categorie_order` (
  `fk_categorie` int(11) NOT NULL,
  `fk_order` int(11) NOT NULL,
  `import_key` varchar(14) DEFAULT NULL,
  PRIMARY KEY (`fk_categorie`,`fk_order`),
  KEY `idx_categorie_order_fk_categorie` (`fk_categorie`),
  KEY `idx_categorie_order_fk_order` (`fk_order`),
  CONSTRAINT `fk_categorie_order_categorie_rowid` FOREIGN KEY (`fk_categorie`) REFERENCES `llx_categorie` (`rowid`),
  CONSTRAINT `fk_categorie_order_fk_order_rowid` FOREIGN KEY (`fk_order`) REFERENCES `llx_commande` (`rowid`)
) ENGINE=InnoDB DEFAULT CHARSET=utf8mb4 COLLATE=utf8mb4_unicode_ci;

--
-- Dumping data for table `llx_categorie_order`
--


--
-- Table structure for table `llx_categorie_product`
--

CREATE TABLE `llx_categorie_product` (
  `fk_categorie` int(11) NOT NULL,
  `fk_product` int(11) NOT NULL,
  `import_key` varchar(14) DEFAULT NULL,
  PRIMARY KEY (`fk_categorie`,`fk_product`),
  KEY `idx_categorie_product_fk_categorie` (`fk_categorie`),
  KEY `idx_categorie_product_fk_product` (`fk_product`),
  CONSTRAINT `fk_categorie_product_categorie_rowid` FOREIGN KEY (`fk_categorie`) REFERENCES `llx_categorie` (`rowid`),
  CONSTRAINT `fk_categorie_product_product_rowid` FOREIGN KEY (`fk_product`) REFERENCES `llx_product` (`rowid`)
) ENGINE=InnoDB DEFAULT CHARSET=utf8mb3 COLLATE=utf8mb3_unicode_ci;

--
-- Dumping data for table `llx_categorie_product`
--

INSERT INTO `llx_categorie_product` (`fk_categorie`, `fk_product`, `import_key`) VALUES (5,2,NULL),(6,2,NULL),(6,25,NULL),(8,4,NULL),(9,5,NULL),(9,12,NULL),(10,3,NULL),(10,4,NULL),(24,1,NULL),(24,11,NULL),(25,10,NULL),(31,24,NULL),(32,25,NULL),(32,26,NULL),(32,27,NULL),(32,28,NULL),(33,24,NULL),(34,2,NULL),(34,4,NULL),(35,29,NULL),(35,30,NULL),(69,12,NULL);

--
-- Table structure for table `llx_categorie_project`
--

CREATE TABLE `llx_categorie_project` (
  `fk_categorie` int(11) NOT NULL,
  `fk_project` int(11) NOT NULL,
  `import_key` varchar(14) DEFAULT NULL,
  PRIMARY KEY (`fk_categorie`,`fk_project`),
  KEY `idx_categorie_project_fk_categorie` (`fk_categorie`),
  KEY `idx_categorie_project_fk_project` (`fk_project`),
  CONSTRAINT `fk_categorie_project_categorie_rowid` FOREIGN KEY (`fk_categorie`) REFERENCES `llx_categorie` (`rowid`),
  CONSTRAINT `fk_categorie_project_fk_project` FOREIGN KEY (`fk_project`) REFERENCES `llx_projet` (`rowid`),
  CONSTRAINT `fk_categorie_project_fk_project_rowid` FOREIGN KEY (`fk_project`) REFERENCES `llx_projet` (`rowid`)
) ENGINE=InnoDB DEFAULT CHARSET=utf8mb3 COLLATE=utf8mb3_unicode_ci;

--
-- Dumping data for table `llx_categorie_project`
--

INSERT INTO `llx_categorie_project` (`fk_categorie`, `fk_project`, `import_key`) VALUES (30,11,NULL),(30,12,NULL),(51,2,NULL),(57,6,NULL);

--
-- Table structure for table `llx_categorie_project_task`
--

CREATE TABLE `llx_categorie_project_task` (
  `fk_categorie` int(11) NOT NULL,
  `fk_project_task` int(11) NOT NULL,
  `import_key` varchar(14) DEFAULT NULL,
  PRIMARY KEY (`fk_categorie`,`fk_project_task`),
  KEY `idx_categorie_project_fk_categorie` (`fk_categorie`),
  KEY `idx_categorie_project_fk_task` (`fk_project_task`),
  CONSTRAINT `fk_categorie_project_task_categorie_rowid` FOREIGN KEY (`fk_categorie`) REFERENCES `llx_categorie` (`rowid`),
  CONSTRAINT `fk_categorie_project_task_rowid` FOREIGN KEY (`fk_project_task`) REFERENCES `llx_projet_task` (`rowid`)
) ENGINE=InnoDB DEFAULT CHARSET=utf8mb3 COLLATE=utf8mb3_unicode_ci;

--
-- Dumping data for table `llx_categorie_project_task`
--


--
-- Table structure for table `llx_categorie_propal`
--

CREATE TABLE `llx_categorie_propal` (
  `fk_categorie` int(11) NOT NULL,
  `fk_propal` int(11) NOT NULL,
  `import_key` varchar(14) DEFAULT NULL,
  PRIMARY KEY (`fk_categorie`,`fk_propal`),
  KEY `idx_categorie_propal_fk_categorie` (`fk_categorie`),
  KEY `idx_categorie_propal_fk_propal` (`fk_propal`),
  CONSTRAINT `fk_categorie_propal_categorie_rowid` FOREIGN KEY (`fk_categorie`) REFERENCES `llx_categorie` (`rowid`),
  CONSTRAINT `fk_categorie_propal_fk_propal_rowid` FOREIGN KEY (`fk_propal`) REFERENCES `llx_propal` (`rowid`)
) ENGINE=InnoDB DEFAULT CHARSET=utf8mb3 COLLATE=utf8mb3_unicode_ci;

--
-- Dumping data for table `llx_categorie_propal`
--


--
-- Table structure for table `llx_categorie_societe`
--

CREATE TABLE `llx_categorie_societe` (
  `fk_categorie` int(11) NOT NULL,
  `fk_soc` int(11) NOT NULL,
  `import_key` varchar(14) DEFAULT NULL,
  PRIMARY KEY (`fk_categorie`,`fk_soc`),
  KEY `idx_categorie_societe_fk_categorie` (`fk_categorie`),
  KEY `idx_categorie_societe_fk_societe` (`fk_soc`),
  CONSTRAINT `fk_categorie_societe_categorie_rowid` FOREIGN KEY (`fk_categorie`) REFERENCES `llx_categorie` (`rowid`),
  CONSTRAINT `fk_categorie_societe_fk_soc` FOREIGN KEY (`fk_soc`) REFERENCES `llx_societe` (`rowid`)
) ENGINE=InnoDB DEFAULT CHARSET=utf8mb3 COLLATE=utf8mb3_unicode_ci;

--
-- Dumping data for table `llx_categorie_societe`
--

INSERT INTO `llx_categorie_societe` (`fk_categorie`, `fk_soc`, `import_key`) VALUES (12,10,NULL),(12,11,NULL),(12,32,NULL),(14,11,NULL),(15,13,NULL),(21,32,NULL),(68,39,NULL);

--
-- Table structure for table `llx_categorie_supplier_invoice`
--

CREATE TABLE `llx_categorie_supplier_invoice` (
  `fk_categorie` int(11) NOT NULL,
  `fk_supplier_invoice` int(11) NOT NULL,
  `import_key` varchar(14) DEFAULT NULL,
  PRIMARY KEY (`fk_categorie`,`fk_supplier_invoice`),
  KEY `idx_categorie_supplier_invoice_fk_categorie` (`fk_categorie`),
  KEY `idx_categorie_supplier_invoice_fk_supplier_invoice` (`fk_supplier_invoice`),
  CONSTRAINT `fk_categorie_supplier_invoice_categorie_rowid` FOREIGN KEY (`fk_categorie`) REFERENCES `llx_categorie` (`rowid`),
  CONSTRAINT `fk_categorie_supplier_invoice_fk_supplier_invoice_rowid` FOREIGN KEY (`fk_supplier_invoice`) REFERENCES `llx_facture_fourn` (`rowid`)
) ENGINE=InnoDB DEFAULT CHARSET=utf8mb4 COLLATE=utf8mb4_unicode_ci;

--
-- Dumping data for table `llx_categorie_supplier_invoice`
--


--
-- Table structure for table `llx_categorie_supplier_order`
--

CREATE TABLE `llx_categorie_supplier_order` (
  `fk_categorie` int(11) NOT NULL,
  `fk_supplier_order` int(11) NOT NULL,
  `import_key` varchar(14) DEFAULT NULL,
  PRIMARY KEY (`fk_categorie`,`fk_supplier_order`),
  KEY `idx_categorie_supplier_order_fk_categorie` (`fk_categorie`),
  KEY `idx_categorie_supplier_order_fk_supplier_order` (`fk_supplier_order`),
  CONSTRAINT `fk_categorie_supplier_order_categorie_rowid` FOREIGN KEY (`fk_categorie`) REFERENCES `llx_categorie` (`rowid`),
  CONSTRAINT `fk_categorie_supplier_order_fk_supplier_order_rowid` FOREIGN KEY (`fk_supplier_order`) REFERENCES `llx_commande_fournisseur` (`rowid`)
) ENGINE=InnoDB DEFAULT CHARSET=utf8mb4 COLLATE=utf8mb4_unicode_ci;

--
-- Dumping data for table `llx_categorie_supplier_order`
--


--
-- Table structure for table `llx_categorie_supplier_proposal`
--

CREATE TABLE `llx_categorie_supplier_proposal` (
  `fk_categorie` int(11) NOT NULL,
  `fk_supplier_proposal` int(11) NOT NULL,
  `import_key` varchar(14) DEFAULT NULL,
  PRIMARY KEY (`fk_categorie`,`fk_supplier_proposal`),
  KEY `idx_categorie_supplier_proposal_fk_categorie` (`fk_categorie`),
  KEY `idx_categorie_supplier_proposal_fk_supplier_proposal` (`fk_supplier_proposal`),
  CONSTRAINT `fk_categorie_supplier_proposal_categorie_rowid` FOREIGN KEY (`fk_categorie`) REFERENCES `llx_categorie` (`rowid`),
  CONSTRAINT `fk_categorie_supplier_proposal_fk_supplier_proposal_rowid` FOREIGN KEY (`fk_supplier_proposal`) REFERENCES `llx_supplier_proposal` (`rowid`)
) ENGINE=InnoDB DEFAULT CHARSET=utf8mb3 COLLATE=utf8mb3_unicode_ci;

--
-- Dumping data for table `llx_categorie_supplier_proposal`
--


--
-- Table structure for table `llx_categorie_ticket`
--

CREATE TABLE `llx_categorie_ticket` (
  `fk_categorie` int(11) NOT NULL,
  `fk_ticket` int(11) NOT NULL,
  `import_key` varchar(14) DEFAULT NULL,
  PRIMARY KEY (`fk_categorie`,`fk_ticket`),
  KEY `idx_categorie_ticket_fk_categorie` (`fk_categorie`),
  KEY `idx_categorie_ticket_fk_ticket` (`fk_ticket`),
  CONSTRAINT `fk_categorie_ticket_categorie_rowid` FOREIGN KEY (`fk_categorie`) REFERENCES `llx_categorie` (`rowid`),
  CONSTRAINT `fk_categorie_ticket_ticket_rowid` FOREIGN KEY (`fk_ticket`) REFERENCES `llx_ticket` (`rowid`)
) ENGINE=InnoDB DEFAULT CHARSET=utf8mb3 COLLATE=utf8mb3_unicode_ci;

--
-- Dumping data for table `llx_categorie_ticket`
--

INSERT INTO `llx_categorie_ticket` (`fk_categorie`, `fk_ticket`, `import_key`) VALUES (47,9,NULL),(48,3,NULL),(48,9,NULL);

--
-- Table structure for table `llx_categorie_user`
--

CREATE TABLE `llx_categorie_user` (
  `fk_categorie` int(11) NOT NULL,
  `fk_user` int(11) NOT NULL,
  `import_key` varchar(14) DEFAULT NULL,
  PRIMARY KEY (`fk_categorie`,`fk_user`),
  KEY `idx_categorie_user_fk_categorie` (`fk_categorie`),
  KEY `idx_categorie_user_fk_user` (`fk_user`),
  CONSTRAINT `fk_categorie_user_categorie_rowid` FOREIGN KEY (`fk_categorie`) REFERENCES `llx_categorie` (`rowid`),
  CONSTRAINT `fk_categorie_user_fk_user` FOREIGN KEY (`fk_user`) REFERENCES `llx_user` (`rowid`)
) ENGINE=InnoDB DEFAULT CHARSET=utf8mb3 COLLATE=utf8mb3_unicode_ci;

--
-- Dumping data for table `llx_categorie_user`
--

INSERT INTO `llx_categorie_user` (`fk_categorie`, `fk_user`, `import_key`) VALUES (89,12,NULL),(90,12,NULL);

--
-- Table structure for table `llx_categorie_warehouse`
--

CREATE TABLE `llx_categorie_warehouse` (
  `fk_categorie` int(11) NOT NULL,
  `fk_warehouse` int(11) NOT NULL,
  `import_key` varchar(14) DEFAULT NULL,
  PRIMARY KEY (`fk_categorie`,`fk_warehouse`),
  KEY `idx_categorie_warehouse_fk_categorie` (`fk_categorie`),
  KEY `idx_categorie_warehouse_fk_warehouse` (`fk_warehouse`),
  CONSTRAINT `fk_categorie_warehouse_categorie_rowid` FOREIGN KEY (`fk_categorie`) REFERENCES `llx_categorie` (`rowid`),
  CONSTRAINT `fk_categorie_warehouse_fk_warehouse_rowid` FOREIGN KEY (`fk_warehouse`) REFERENCES `llx_entrepot` (`rowid`)
) ENGINE=InnoDB DEFAULT CHARSET=utf8mb3 COLLATE=utf8mb3_unicode_ci;

--
-- Dumping data for table `llx_categorie_warehouse`
--

INSERT INTO `llx_categorie_warehouse` (`fk_categorie`, `fk_warehouse`, `import_key`) VALUES (38,1,NULL),(38,2,NULL),(38,18,NULL),(38,19,NULL),(39,3,NULL),(39,20,NULL);

--
-- Table structure for table `llx_categorie_website_page`
--

CREATE TABLE `llx_categorie_website_page` (
  `fk_categorie` int(11) NOT NULL,
  `fk_website_page` int(11) NOT NULL,
  `import_key` varchar(14) DEFAULT NULL,
  PRIMARY KEY (`fk_categorie`,`fk_website_page`),
  KEY `idx_categorie_website_page_fk_categorie` (`fk_categorie`),
  KEY `idx_categorie_website_page_fk_website_page` (`fk_website_page`),
  CONSTRAINT `fk_categorie_website_page_categorie_rowid` FOREIGN KEY (`fk_categorie`) REFERENCES `llx_categorie` (`rowid`),
  CONSTRAINT `fk_categorie_website_page_website_page_rowid` FOREIGN KEY (`fk_website_page`) REFERENCES `llx_website_page` (`rowid`),
  CONSTRAINT `fk_categorie_websitepage_categorie_rowid` FOREIGN KEY (`fk_categorie`) REFERENCES `llx_categorie` (`rowid`),
  CONSTRAINT `fk_categorie_websitepage_website_page_rowid` FOREIGN KEY (`fk_website_page`) REFERENCES `llx_website_page` (`rowid`)
) ENGINE=InnoDB DEFAULT CHARSET=utf8mb3 COLLATE=utf8mb3_unicode_ci;

--
-- Dumping data for table `llx_categorie_website_page`
--


--
-- Table structure for table `llx_categories_extrafields`
--

CREATE TABLE `llx_categories_extrafields` (
  `rowid` int(11) NOT NULL AUTO_INCREMENT,
  `tms` timestamp NOT NULL DEFAULT current_timestamp() ON UPDATE current_timestamp(),
  `fk_object` int(11) NOT NULL,
  `import_key` varchar(14) DEFAULT NULL,
  PRIMARY KEY (`rowid`),
  UNIQUE KEY `uk_categories_extrafields` (`fk_object`)
) ENGINE=InnoDB DEFAULT CHARSET=utf8mb3 COLLATE=utf8mb3_unicode_ci;

--
-- Dumping data for table `llx_categories_extrafields`
--


--
-- Table structure for table `llx_category_bank`
--

CREATE TABLE `llx_category_bank` (
  `rowid` int(11) NOT NULL AUTO_INCREMENT,
  `label` varchar(255) DEFAULT NULL,
  `entity` int(11) NOT NULL DEFAULT 1,
  PRIMARY KEY (`rowid`)
) ENGINE=InnoDB DEFAULT CHARSET=utf8mb4 COLLATE=utf8mb4_unicode_ci ROW_FORMAT=DYNAMIC;

--
-- Dumping data for table `llx_category_bank`
--


--
-- Table structure for table `llx_category_bankline`
--

CREATE TABLE `llx_category_bankline` (
  `lineid` int(11) NOT NULL,
  `fk_categ` int(11) NOT NULL,
  `import_key` varchar(14) DEFAULT NULL,
  UNIQUE KEY `uk_bank_class_lineid` (`lineid`,`fk_categ`)
) ENGINE=InnoDB DEFAULT CHARSET=utf8mb3 COLLATE=utf8mb3_unicode_ci;

--
-- Dumping data for table `llx_category_bankline`
--

INSERT INTO `llx_category_bankline` (`lineid`, `fk_categ`, `import_key`) VALUES (81,62,NULL);

--
-- Table structure for table `llx_chargesociales`
--

CREATE TABLE `llx_chargesociales` (
  `rowid` int(11) NOT NULL AUTO_INCREMENT,
  `date_ech` datetime NOT NULL,
  `libelle` varchar(80) NOT NULL,
  `entity` int(11) NOT NULL DEFAULT 1,
  `fk_type` int(11) NOT NULL,
  `fk_account` int(11) DEFAULT NULL,
  `fk_mode_reglement` int(11) DEFAULT NULL,
  `amount` double(24,8) DEFAULT NULL,
  `paye` smallint(6) NOT NULL DEFAULT 0,
  `periode` date DEFAULT NULL,
  `tms` timestamp NOT NULL DEFAULT current_timestamp() ON UPDATE current_timestamp(),
  `date_creation` datetime DEFAULT NULL,
  `date_valid` datetime DEFAULT NULL,
  `import_key` varchar(14) DEFAULT NULL,
  `fk_user_author` int(11) DEFAULT NULL,
  `fk_user_modif` int(11) DEFAULT NULL,
  `fk_user_valid` int(11) DEFAULT NULL,
  `ref` varchar(16) DEFAULT NULL,
  `fk_projet` int(11) DEFAULT NULL,
  `fk_user` int(11) DEFAULT NULL,
  `note_private` text DEFAULT NULL,
  `note_public` text DEFAULT NULL,
  PRIMARY KEY (`rowid`),
  KEY `idx_chargesociales_fk_type` (`fk_type`),
  KEY `idx_chargesociales_fk_account` (`fk_account`),
  KEY `idx_chargesociales_fk_mode_reglement` (`fk_mode_reglement`),
  KEY `idx_chargesociales_fk_user_author` (`fk_user_author`),
  KEY `idx_chargesociales_fk_user_modif` (`fk_user_modif`),
  KEY `idx_chargesociales_fk_user_valid` (`fk_user_valid`),
  KEY `idx_chargesociales_fk_projet` (`fk_projet`),
  KEY `idx_chargesociales_fk_user` (`fk_user`)
) ENGINE=InnoDB AUTO_INCREMENT=10 DEFAULT CHARSET=utf8mb3 COLLATE=utf8mb3_unicode_ci;

--
-- Dumping data for table `llx_chargesociales`
--

INSERT INTO `llx_chargesociales` (`rowid`, `date_ech`, `libelle`, `entity`, `fk_type`, `fk_account`, `fk_mode_reglement`, `amount`, `paye`, `periode`, `tms`, `date_creation`, `date_valid`, `import_key`, `fk_user_author`, `fk_user_modif`, `fk_user_valid`, `ref`, `fk_projet`, `fk_user`, `note_private`, `note_public`) VALUES (4,'2013-08-09 00:00:00','fff',1,60,NULL,NULL,10.00000000,1,'2013-08-01','2019-09-26 11:33:19','2014-12-08 14:11:10',NULL,NULL,NULL,NULL,NULL,NULL,NULL,NULL,NULL,NULL),(5,'2019-12-10 00:00:00','gdfgdf',1,60,NULL,NULL,10.00000000,0,'2019-12-10','2019-12-25 21:46:17','2019-12-26 01:46:17',NULL,NULL,12,NULL,NULL,NULL,NULL,NULL,NULL,NULL),(6,'2019-12-10 00:00:00','gdfgdf',1,60,NULL,NULL,10.00000000,1,'2019-12-10','2019-12-25 21:48:46','2019-12-26 01:48:12',NULL,NULL,12,NULL,NULL,NULL,NULL,NULL,NULL,NULL),(7,'2024-12-06 00:00:00','Copie de gdfgdf',1,60,NULL,NULL,10.00000000,0,'2019-12-10','2025-06-25 23:55:40','2024-12-06 12:03:42',NULL,NULL,12,12,NULL,NULL,NULL,NULL,'Ceci est une note privé',NULL),(8,'2024-12-06 00:00:00','Copie de Copie de gdfgdf',1,60,NULL,NULL,10.00000000,0,'2024-11-30','2024-12-06 11:15:15','2024-12-06 12:15:15',NULL,NULL,12,NULL,NULL,NULL,NULL,NULL,NULL,NULL);

--
-- Table structure for table `llx_commande`
--

CREATE TABLE `llx_commande` (
  `rowid` int(11) NOT NULL AUTO_INCREMENT,
  `tms` timestamp NOT NULL DEFAULT current_timestamp() ON UPDATE current_timestamp(),
  `fk_soc` int(11) NOT NULL,
  `fk_projet` int(11) DEFAULT NULL,
  `ref` varchar(30) NOT NULL,
  `entity` int(11) NOT NULL DEFAULT 1,
  `ref_ext` varchar(255) DEFAULT NULL,
  `ref_int` varchar(255) DEFAULT NULL,
  `ref_client` varchar(255) DEFAULT NULL,
  `date_creation` datetime DEFAULT NULL,
  `date_valid` datetime DEFAULT NULL,
  `date_cloture` datetime DEFAULT NULL,
  `date_commande` date DEFAULT NULL,
  `fk_user_author` int(11) DEFAULT NULL,
  `fk_user_modif` int(11) DEFAULT NULL,
  `fk_user_valid` int(11) DEFAULT NULL,
  `fk_user_cloture` int(11) DEFAULT NULL,
  `source` smallint(6) DEFAULT NULL,
  `fk_statut` smallint(6) DEFAULT 0,
  `amount_ht` double(24,8) DEFAULT NULL,
  `remise_percent` double DEFAULT 0,
  `remise_absolue` double DEFAULT 0,
  `remise` double DEFAULT 0,
  `total_tva` double(24,8) DEFAULT 0.00000000,
  `localtax1` double(24,8) DEFAULT 0.00000000,
  `localtax2` double(24,8) DEFAULT 0.00000000,
  `revenuestamp` double(24,8) DEFAULT 0.00000000,
  `total_ht` double(24,8) DEFAULT 0.00000000,
  `total_ttc` double(24,8) DEFAULT 0.00000000,
  `signed_status` smallint(6) DEFAULT NULL,
  `note_private` text DEFAULT NULL,
  `note_public` text DEFAULT NULL,
  `model_pdf` varchar(255) DEFAULT NULL,
  `facture` tinyint(4) DEFAULT 0,
  `fk_account` int(11) DEFAULT NULL,
  `fk_currency` varchar(3) DEFAULT NULL,
  `fk_cond_reglement` int(11) DEFAULT NULL,
  `deposit_percent` varchar(63) DEFAULT NULL,
  `fk_mode_reglement` int(11) DEFAULT NULL,
  `date_livraison` datetime DEFAULT NULL,
  `fk_shipping_method` int(11) DEFAULT NULL,
  `fk_warehouse` int(11) DEFAULT NULL,
  `fk_availability` int(11) DEFAULT NULL,
  `fk_input_reason` int(11) DEFAULT NULL,
  `fk_delivery_address` int(11) DEFAULT NULL,
  `import_key` varchar(14) DEFAULT NULL,
  `extraparams` varchar(255) DEFAULT NULL,
  `fk_incoterms` int(11) DEFAULT NULL,
  `location_incoterms` varchar(255) DEFAULT NULL,
  `fk_multicurrency` int(11) DEFAULT NULL,
  `multicurrency_code` varchar(3) DEFAULT NULL,
  `multicurrency_tx` double(24,8) DEFAULT 1.00000000,
  `multicurrency_total_ht` double(24,8) DEFAULT 0.00000000,
  `multicurrency_total_tva` double(24,8) DEFAULT 0.00000000,
  `multicurrency_total_ttc` double(24,8) DEFAULT 0.00000000,
  `last_main_doc` varchar(255) DEFAULT NULL,
  `module_source` varchar(32) DEFAULT NULL,
  `pos_source` varchar(32) DEFAULT NULL,
  `ip` varchar(250) DEFAULT NULL,
  `user_agent` varchar(255) DEFAULT NULL,
  PRIMARY KEY (`rowid`),
  UNIQUE KEY `uk_commande_ref` (`ref`,`entity`),
  KEY `idx_commande_fk_soc` (`fk_soc`),
  KEY `idx_commande_fk_user_author` (`fk_user_author`),
  KEY `idx_commande_fk_user_valid` (`fk_user_valid`),
  KEY `idx_commande_fk_user_cloture` (`fk_user_cloture`),
  KEY `idx_commande_fk_projet` (`fk_projet`),
  KEY `idx_commande_fk_account` (`fk_account`),
  KEY `idx_commande_fk_currency` (`fk_currency`),
  CONSTRAINT `fk_commande_fk_projet` FOREIGN KEY (`fk_projet`) REFERENCES `llx_projet` (`rowid`),
  CONSTRAINT `fk_commande_fk_soc` FOREIGN KEY (`fk_soc`) REFERENCES `llx_societe` (`rowid`),
  CONSTRAINT `fk_commande_fk_user_author` FOREIGN KEY (`fk_user_author`) REFERENCES `llx_user` (`rowid`),
  CONSTRAINT `fk_commande_fk_user_cloture` FOREIGN KEY (`fk_user_cloture`) REFERENCES `llx_user` (`rowid`),
  CONSTRAINT `fk_commande_fk_user_valid` FOREIGN KEY (`fk_user_valid`) REFERENCES `llx_user` (`rowid`)
) ENGINE=InnoDB AUTO_INCREMENT=107 DEFAULT CHARSET=utf8mb3 COLLATE=utf8mb3_unicode_ci;

--
-- Dumping data for table `llx_commande`
--

INSERT INTO `llx_commande` (`rowid`, `tms`, `fk_soc`, `fk_projet`, `ref`, `entity`, `ref_ext`, `ref_int`, `ref_client`, `date_creation`, `date_valid`, `date_cloture`, `date_commande`, `fk_user_author`, `fk_user_modif`, `fk_user_valid`, `fk_user_cloture`, `source`, `fk_statut`, `amount_ht`, `remise_percent`, `remise_absolue`, `remise`, `total_tva`, `localtax1`, `localtax2`, `revenuestamp`, `total_ht`, `total_ttc`, `signed_status`, `note_private`, `note_public`, `model_pdf`, `facture`, `fk_account`, `fk_currency`, `fk_cond_reglement`, `deposit_percent`, `fk_mode_reglement`, `date_livraison`, `fk_shipping_method`, `fk_warehouse`, `fk_availability`, `fk_input_reason`, `fk_delivery_address`, `import_key`, `extraparams`, `fk_incoterms`, `location_incoterms`, `fk_multicurrency`, `multicurrency_code`, `multicurrency_tx`, `multicurrency_total_ht`, `multicurrency_total_tva`, `multicurrency_total_ttc`, `last_main_doc`, `module_source`, `pos_source`, `ip`, `user_agent`) VALUES (1,'2026-02-15 18:44:54',1,NULL,'CO1107-0002',1,NULL,NULL,'','2013-07-20 15:23:12','2024-08-08 13:59:09',NULL,'2024-07-20',1,NULL,1,NULL,NULL,1,0.00000000,0,NULL,0,0.00000000,0.00000000,0.00000000,0.00000000,10.00000000,10.00000000,NULL,'','','einstein',0,NULL,NULL,1,NULL,1,NULL,NULL,NULL,0,NULL,NULL,NULL,NULL,NULL,NULL,NULL,NULL,1.00000000,0.00000000,0.00000000,0.00000000,NULL,NULL,NULL,NULL,NULL),(2,'2026-02-15 18:44:54',1,NULL,'CO1107-0003',1,NULL,NULL,'','2013-07-20 23:20:12','2024-02-12 17:06:51',NULL,'2024-07-21',1,NULL,1,NULL,NULL,1,0.00000000,0,NULL,0,0.00000000,0.00000000,0.00000000,0.00000000,10.00000000,10.00000000,NULL,'','','einstein',0,NULL,NULL,0,NULL,NULL,NULL,NULL,NULL,0,NULL,NULL,NULL,NULL,NULL,NULL,NULL,NULL,1.00000000,0.00000000,0.00000000,0.00000000,NULL,NULL,NULL,NULL,NULL),(3,'2026-02-15 18:44:54',1,NULL,'CO1107-0004',1,NULL,NULL,'','2013-07-20 23:22:53','2024-02-17 18:27:56',NULL,'2024-07-21',1,NULL,1,NULL,NULL,1,0.00000000,0,NULL,0,0.00000000,0.00000000,0.00000000,0.00000000,30.00000000,30.00000000,NULL,'','','einstein',0,NULL,NULL,NULL,NULL,NULL,NULL,NULL,NULL,NULL,NULL,NULL,NULL,NULL,NULL,NULL,NULL,NULL,1.00000000,0.00000000,0.00000000,0.00000000,NULL,NULL,NULL,NULL,NULL),(5,'2026-02-15 18:44:54',1,NULL,'CO1108-0001',1,NULL,NULL,'','2013-08-08 03:04:11','2024-08-08 03:04:21',NULL,'2024-08-08',1,NULL,1,NULL,NULL,2,0.00000000,0,NULL,0,0.00000000,0.00000000,0.00000000,0.00000000,10.00000000,10.00000000,NULL,'','','einstein',0,NULL,NULL,NULL,NULL,NULL,NULL,NULL,NULL,NULL,NULL,NULL,NULL,NULL,NULL,NULL,NULL,NULL,1.00000000,0.00000000,0.00000000,0.00000000,NULL,NULL,NULL,NULL,NULL),(6,'2026-02-15 18:44:54',19,NULL,'(PROV6)',1,NULL,NULL,'','2015-02-17 16:22:14',NULL,NULL,'2024-02-17',1,NULL,NULL,NULL,NULL,0,0.00000000,0,NULL,0,0.00000000,0.00000000,0.00000000,0.00000000,0.00000000,0.00000000,NULL,'','','einstein',0,NULL,NULL,1,NULL,NULL,NULL,NULL,NULL,NULL,NULL,NULL,NULL,NULL,NULL,NULL,NULL,NULL,1.00000000,0.00000000,0.00000000,0.00000000,'commande/(PROV6)/(PROV6).pdf',NULL,NULL,NULL,NULL),(17,'2026-02-15 18:44:54',4,NULL,'CO7001-0005',1,NULL,NULL,NULL,'2017-02-15 23:50:34','2023-02-15 23:50:34',NULL,'2024-05-13',12,NULL,12,NULL,1,1,0.00000000,0,NULL,0,0.00000000,0.00000000,0.00000000,0.00000000,509.00000000,509.00000000,NULL,'','','',0,NULL,NULL,NULL,NULL,NULL,NULL,NULL,NULL,NULL,NULL,NULL,NULL,NULL,0,'',0,'EUR',1.00000000,509.00000000,0.00000000,509.00000000,NULL,NULL,NULL,NULL,NULL),(18,'2026-02-15 18:44:54',7,4,'CO7001-0006',1,NULL,NULL,NULL,'2017-02-15 23:51:23','2023-02-15 23:51:23',NULL,'2024-02-03',12,NULL,12,NULL,1,1,0.00000000,0,NULL,0,0.00000000,0.00000000,0.00000000,0.00000000,900.00000000,900.00000000,NULL,'','','',0,NULL,NULL,NULL,NULL,NULL,NULL,NULL,NULL,NULL,NULL,NULL,NULL,NULL,0,'',0,'EUR',1.00000000,900.00000000,0.00000000,900.00000000,NULL,NULL,NULL,NULL,NULL),(20,'2026-02-15 18:44:54',4,NULL,'CO7001-0007',1,NULL,NULL,NULL,'2017-02-15 23:55:52','2023-02-15 23:55:52',NULL,'2024-04-03',12,NULL,12,NULL,1,1,0.00000000,0,NULL,0,0.00000000,0.00000000,0.00000000,0.00000000,330.00000000,330.00000000,NULL,'','','',0,NULL,NULL,2,NULL,NULL,NULL,1,NULL,NULL,NULL,NULL,NULL,NULL,0,'',0,'EUR',1.00000000,330.00000000,0.00000000,330.00000000,NULL,NULL,NULL,NULL,NULL),(29,'2026-02-15 18:44:54',4,NULL,'CO7001-0008',1,NULL,NULL,NULL,'2017-02-16 00:03:44','2024-02-16 00:03:44',NULL,'2024-02-12',12,NULL,12,NULL,1,1,0.00000000,0,NULL,0,0.00000000,0.00000000,0.00000000,0.00000000,457.00000000,457.00000000,NULL,'','','',0,NULL,NULL,1,NULL,NULL,NULL,2,NULL,NULL,NULL,NULL,NULL,NULL,0,'',0,'EUR',1.00000000,457.00000000,0.00000000,457.00000000,NULL,NULL,NULL,NULL,NULL),(34,'2026-02-15 18:44:54',11,NULL,'CO7001-0009',1,NULL,NULL,NULL,'2017-02-16 00:05:01','2023-02-16 00:05:01',NULL,'2024-01-03',12,NULL,12,NULL,1,1,0.00000000,0,NULL,0,0.00000000,0.00000000,0.00000000,0.00000000,124.00000000,124.00000000,NULL,'','','',0,NULL,NULL,2,NULL,NULL,NULL,2,NULL,NULL,NULL,NULL,NULL,NULL,0,'',0,'EUR',1.00000000,124.00000000,0.00000000,124.00000000,NULL,NULL,NULL,NULL,NULL),(38,'2026-02-15 18:44:54',3,NULL,'CO7001-0010',1,NULL,NULL,NULL,'2017-02-16 00:05:01','2023-02-16 00:05:01',NULL,'2024-02-03',12,NULL,12,NULL,1,1,0.00000000,0,NULL,0,0.00000000,0.00000000,0.00000000,0.00000000,200.00000000,200.00000000,NULL,'','','',0,NULL,NULL,1,NULL,NULL,NULL,2,NULL,1,NULL,NULL,NULL,NULL,0,'',0,'EUR',1.00000000,200.00000000,0.00000000,200.00000000,NULL,NULL,NULL,NULL,NULL),(40,'2026-02-15 18:44:54',11,NULL,'CO7001-0011',1,NULL,NULL,NULL,'2017-02-16 00:05:10','2023-02-16 00:05:11',NULL,'2024-01-23',12,NULL,12,NULL,1,1,0.00000000,0,NULL,0,0.00000000,0.00000000,0.00000000,0.00000000,1210.00000000,1210.00000000,NULL,'','','',0,NULL,NULL,1,NULL,NULL,NULL,1,NULL,NULL,NULL,NULL,NULL,NULL,0,'',0,'EUR',1.00000000,1210.00000000,0.00000000,1210.00000000,NULL,NULL,NULL,NULL,NULL),(43,'2026-02-15 18:44:54',10,NULL,'CO7001-0012',1,NULL,NULL,NULL,'2017-02-16 00:05:11','2024-02-16 00:05:11',NULL,'2024-02-13',12,NULL,12,NULL,1,1,0.00000000,0,NULL,0,0.00000000,0.00000000,0.00000000,0.00000000,478.00000000,478.00000000,NULL,'','','',0,NULL,NULL,2,NULL,NULL,NULL,2,NULL,NULL,NULL,NULL,NULL,NULL,0,'',0,'EUR',1.00000000,478.00000000,0.00000000,478.00000000,NULL,NULL,NULL,NULL,NULL),(47,'2026-02-15 18:44:54',1,NULL,'CO7001-0013',1,NULL,NULL,NULL,'2017-02-16 00:05:11','2024-02-16 00:05:11',NULL,'2024-11-13',12,NULL,12,NULL,1,1,0.00000000,0,NULL,0,0.00000000,0.00000000,0.00000000,0.00000000,55.00000000,55.00000000,NULL,'','','',0,NULL,NULL,2,NULL,NULL,NULL,1,NULL,1,NULL,NULL,NULL,NULL,0,'',0,'EUR',1.00000000,55.00000000,0.00000000,55.00000000,NULL,NULL,NULL,NULL,NULL),(48,'2026-02-15 18:44:54',4,NULL,'CO7001-0014',1,NULL,NULL,NULL,'2017-02-16 00:05:11','2024-02-16 00:05:11',NULL,'2024-07-30',12,NULL,12,NULL,1,1,0.00000000,0,NULL,0,0.00000000,0.00000000,0.00000000,0.00000000,540.00000000,540.00000000,NULL,'','','',0,NULL,NULL,NULL,NULL,NULL,NULL,1,NULL,NULL,NULL,NULL,NULL,NULL,0,'',0,'EUR',1.00000000,540.00000000,0.00000000,540.00000000,NULL,NULL,NULL,NULL,NULL),(50,'2026-02-15 18:44:54',1,NULL,'CO7001-0015',1,NULL,NULL,NULL,'2017-02-16 00:05:26','2025-02-16 00:05:26',NULL,'2024-12-12',12,NULL,12,NULL,1,1,0.00000000,0,NULL,0,0.00000000,0.00000000,0.00000000,0.00000000,118.00000000,118.00000000,NULL,'','','',0,NULL,NULL,1,NULL,NULL,NULL,1,NULL,1,NULL,NULL,NULL,NULL,0,'',0,'EUR',1.00000000,118.00000000,0.00000000,118.00000000,NULL,NULL,NULL,NULL,NULL),(54,'2026-02-15 18:44:54',12,NULL,'CO7001-0016',1,NULL,NULL,NULL,'2017-02-16 00:05:26','2023-02-16 00:05:26','2023-02-16 03:05:56','2024-06-03',12,NULL,12,12,1,3,0.00000000,0,NULL,0,0.00000000,0.00000000,0.00000000,0.00000000,220.00000000,220.00000000,NULL,'','','',1,NULL,NULL,NULL,NULL,NULL,NULL,1,NULL,1,NULL,NULL,NULL,NULL,0,'',0,'EUR',1.00000000,220.00000000,0.00000000,220.00000000,NULL,NULL,NULL,NULL,NULL),(58,'2026-02-15 18:44:54',1,NULL,'CO7001-0017',1,NULL,NULL,NULL,'2017-02-16 00:05:26','2024-02-16 00:05:26',NULL,'2024-07-23',12,NULL,12,NULL,1,1,0.00000000,0,NULL,0,0.00000000,0.00000000,0.00000000,0.00000000,436.00000000,436.00000000,NULL,'','','',0,NULL,NULL,1,NULL,NULL,NULL,2,NULL,NULL,NULL,NULL,NULL,NULL,0,'',0,'EUR',1.00000000,436.00000000,0.00000000,436.00000000,NULL,NULL,NULL,NULL,NULL),(62,'2026-02-15 18:44:54',19,NULL,'CO7001-0018',1,NULL,NULL,NULL,'2017-02-16 00:05:35','2023-02-16 00:05:35','2023-12-20 20:48:55','2024-02-23',12,NULL,12,12,1,3,0.00000000,0,NULL,0,0.00000000,0.00000000,0.00000000,0.00000000,410.00000000,410.00000000,NULL,'','','',0,NULL,NULL,2,NULL,NULL,NULL,1,NULL,1,NULL,NULL,NULL,NULL,0,'',0,'EUR',1.00000000,410.00000000,0.00000000,410.00000000,NULL,NULL,NULL,NULL,NULL),(68,'2026-02-15 18:44:54',3,NULL,'CO7001-0019',1,NULL,NULL,NULL,'2017-02-16 00:05:35','2023-02-16 00:05:35',NULL,'2024-05-19',12,NULL,12,NULL,1,1,0.00000000,0,NULL,0,0.00000000,0.00000000,0.00000000,0.00000000,45.00000000,45.00000000,NULL,'','','',0,NULL,NULL,NULL,NULL,NULL,NULL,1,NULL,1,NULL,NULL,NULL,NULL,0,'',0,'EUR',1.00000000,45.00000000,0.00000000,45.00000000,NULL,NULL,NULL,NULL,NULL),(72,'2026-02-15 18:44:54',6,NULL,'CO7001-0020',1,NULL,NULL,NULL,'2017-02-16 00:05:36','2024-02-16 00:05:36','2024-01-16 02:42:56','2024-11-13',12,NULL,12,12,1,3,0.00000000,0,NULL,0,0.00000000,0.00000000,0.00000000,0.00000000,610.00000000,610.00000000,NULL,'','','',1,NULL,NULL,NULL,NULL,NULL,NULL,2,NULL,1,NULL,NULL,NULL,NULL,0,'',0,'EUR',1.00000000,610.00000000,0.00000000,610.00000000,NULL,NULL,NULL,NULL,NULL),(75,'2026-02-15 18:44:54',4,NULL,'CO7001-0021',1,NULL,NULL,NULL,'2017-02-16 00:05:37','2023-02-16 04:14:20',NULL,'2024-02-13',12,NULL,12,NULL,1,2,0.00000000,0,NULL,0,25.00000000,49.88000000,0.00000000,0.00000000,1200.00000000,1274.88000000,NULL,'','','',0,NULL,NULL,2,NULL,NULL,NULL,1,NULL,NULL,NULL,NULL,NULL,NULL,0,'',0,'EUR',1.00000000,1200.00000000,25.00000000,1274.88000000,NULL,NULL,NULL,NULL,NULL),(78,'2026-02-15 18:44:54',12,NULL,'CO7001-0022',1,NULL,NULL,NULL,'2017-02-16 00:05:37','2024-02-16 00:05:37',NULL,'2024-10-03',12,NULL,12,NULL,1,1,0.00000000,0,NULL,0,0.00000000,0.00000000,0.00000000,0.00000000,928.00000000,928.00000000,NULL,'','','',0,NULL,NULL,2,NULL,NULL,NULL,2,NULL,NULL,NULL,NULL,NULL,NULL,0,'',0,'EUR',1.00000000,928.00000000,0.00000000,928.00000000,NULL,NULL,NULL,NULL,NULL),(81,'2026-02-15 18:44:54',11,NULL,'CO7001-0023',1,NULL,NULL,NULL,'2017-02-16 00:05:38','2024-02-16 00:05:38',NULL,'2024-07-03',12,NULL,12,NULL,1,1,0.00000000,0,NULL,0,0.00000000,0.00000000,0.00000000,0.00000000,725.00000000,725.00000000,NULL,'','','',0,NULL,NULL,2,NULL,NULL,NULL,1,NULL,1,NULL,NULL,NULL,NULL,0,'',0,'EUR',1.00000000,725.00000000,0.00000000,725.00000000,NULL,NULL,NULL,NULL,NULL),(83,'2026-02-15 18:44:54',26,NULL,'CO7001-0024',1,NULL,NULL,NULL,'2017-02-16 00:05:38','2023-02-16 00:05:38',NULL,'2024-04-03',12,NULL,12,NULL,1,-1,0.00000000,0,NULL,0,0.00000000,0.00000000,0.00000000,0.00000000,105.00000000,105.00000000,NULL,'','','',0,NULL,NULL,1,NULL,NULL,NULL,1,NULL,1,NULL,NULL,NULL,NULL,0,'',0,'EUR',1.00000000,105.00000000,0.00000000,105.00000000,NULL,NULL,NULL,NULL,NULL),(84,'2026-02-15 18:44:54',2,NULL,'CO7001-0025',1,NULL,NULL,'COclient','2017-02-16 00:05:38','2024-02-19 16:54:11',NULL,'2024-06-19',12,12,12,NULL,1,1,0.00000000,0,NULL,0,0.00000000,0.00000000,0.00000000,0.00000000,510.00000000,510.00000000,NULL,'','','',0,NULL,NULL,1,NULL,NULL,NULL,2,NULL,NULL,NULL,NULL,NULL,NULL,0,'',0,'EUR',1.00000000,510.00000000,0.00000000,510.00000000,'commande/CO7001-0025/CO7001-0025.pdf',NULL,NULL,NULL,NULL),(85,'2026-02-15 18:44:54',1,NULL,'CO7001-0026',1,NULL,NULL,NULL,'2017-02-16 00:05:38','2023-02-16 00:05:38',NULL,'2024-01-03',12,12,12,NULL,1,0,0.00000000,0,NULL,0,0.00000000,0.00000000,0.00000000,0.00000000,56.00000000,56.00000000,NULL,'','','',0,NULL,NULL,1,NULL,NULL,NULL,1,NULL,NULL,NULL,NULL,NULL,NULL,0,'',0,'EUR',1.00000000,56.00000000,0.00000000,56.00000000,'commande/CO7001-0026/CO7001-0026.pdf',NULL,NULL,NULL,NULL),(88,'2026-02-15 18:44:54',10,NULL,'CO7001-0027',1,NULL,NULL,NULL,'2017-02-16 00:05:38','2025-12-12 14:10:45',NULL,'2024-12-23',12,12,12,NULL,1,0,0.00000000,0,NULL,0,0.00000000,0.00000000,0.00000000,0.00000000,100.50000000,100.50000000,NULL,'This is a private note','This is a public note','',0,NULL,NULL,1,NULL,NULL,NULL,1,NULL,NULL,NULL,NULL,NULL,NULL,0,'',0,'EUR',1.00000000,100.50000000,0.00000000,100.50000000,'commande/CO7001-0027/CO7001-0027.pdf','ddd','dd',NULL,NULL),(90,'2026-02-15 18:44:54',19,NULL,'(PROV90)',1,NULL,NULL,NULL,'2017-02-16 04:46:31',NULL,NULL,'2024-02-16',12,NULL,NULL,NULL,NULL,0,0.00000000,0,NULL,0,0.00000000,0.00000000,0.00000000,0.00000000,440.00000000,440.00000000,NULL,'','','',0,NULL,NULL,3,NULL,3,NULL,NULL,NULL,NULL,NULL,NULL,NULL,NULL,0,'',0,'EUR',1.00000000,440.00000000,0.00000000,440.00000000,NULL,NULL,NULL,NULL,NULL),(91,'2026-02-15 18:44:54',1,NULL,'(PROV91)',1,NULL,NULL,NULL,'2017-02-16 04:46:37',NULL,NULL,'2024-02-16',12,NULL,NULL,NULL,NULL,0,0.00000000,0,NULL,0,0.00000000,0.00000000,0.00000000,0.00000000,1000.00000000,1000.00000000,NULL,'','','',0,NULL,NULL,3,NULL,3,NULL,NULL,NULL,NULL,NULL,NULL,NULL,NULL,0,'',0,'EUR',1.00000000,1000.00000000,0.00000000,1000.00000000,NULL,NULL,NULL,NULL,NULL),(92,'2026-02-15 18:44:54',3,NULL,'(PROV92)',1,NULL,NULL,NULL,'2017-02-16 04:47:25',NULL,NULL,'2024-02-16',12,NULL,NULL,NULL,NULL,0,0.00000000,0,NULL,0,0.00000000,0.00000000,0.00000000,0.00000000,1018.00000000,1018.00000000,NULL,'','','',0,NULL,NULL,3,NULL,3,NULL,NULL,NULL,NULL,NULL,NULL,NULL,NULL,0,'',0,'EUR',1.00000000,1018.00000000,0.00000000,1018.00000000,NULL,NULL,NULL,NULL,NULL),(93,'2026-02-15 18:44:54',10,NULL,'(PROV93)',1,NULL,NULL,NULL,'2019-09-27 19:32:53',NULL,NULL,'2024-09-27',12,NULL,NULL,NULL,NULL,0,NULL,0,NULL,0,0.00000000,0.00000000,0.00000000,0.00000000,0.00000000,0.00000000,NULL,'','','einstein',0,NULL,NULL,NULL,NULL,NULL,NULL,NULL,NULL,NULL,NULL,NULL,NULL,NULL,0,'',1,'EUR',1.00000000,0.00000000,0.00000000,0.00000000,'commande/(PROV93)/(PROV93).pdf',NULL,NULL,NULL,NULL),(94,'2026-02-15 18:44:54',1,NULL,'(PROV94)',1,NULL,NULL,NULL,'2019-12-20 20:49:54',NULL,NULL,'2024-12-20',12,NULL,NULL,NULL,NULL,0,NULL,0,NULL,0,0.00000000,0.00000000,0.00000000,0.00000000,1000.00000000,1000.00000000,NULL,'','','',0,NULL,NULL,3,NULL,3,NULL,NULL,NULL,NULL,NULL,NULL,NULL,NULL,0,'',0,'EUR',1.00000000,1000.00000000,0.00000000,1000.00000000,NULL,NULL,NULL,NULL,NULL),(95,'2026-02-15 18:44:54',1,NULL,'(PROV95)',1,NULL,NULL,NULL,'2019-12-20 20:50:23',NULL,NULL,'2024-12-20',12,NULL,NULL,NULL,NULL,0,NULL,0,NULL,0,0.00000000,0.00000000,0.00000000,0.00000000,1000.00000000,1000.00000000,NULL,'','','',0,NULL,NULL,3,NULL,3,NULL,NULL,NULL,NULL,NULL,NULL,NULL,NULL,0,'',0,'EUR',1.00000000,1000.00000000,0.00000000,1000.00000000,NULL,NULL,NULL,NULL,NULL),(96,'2026-02-15 18:44:54',10,6,'(PROV96)',1,NULL,NULL,NULL,'2020-01-07 23:39:09',NULL,NULL,'2024-01-07',12,NULL,NULL,NULL,NULL,0,NULL,0,NULL,0,0.00000000,0.00000000,0.00000000,0.00000000,10.00000000,10.00000000,NULL,'aaa','','',0,NULL,NULL,NULL,NULL,NULL,NULL,NULL,NULL,NULL,NULL,NULL,NULL,NULL,0,'',0,'EUR',1.00000000,10.00000000,0.00000000,10.00000000,NULL,NULL,NULL,NULL,NULL),(97,'2026-02-15 18:44:54',10,6,'(PROV97)',1,NULL,NULL,NULL,'2020-01-07 23:43:06',NULL,NULL,'2024-01-07',12,NULL,NULL,NULL,NULL,0,NULL,0,NULL,0,0.00000000,0.00000000,0.00000000,0.00000000,10.00000000,10.00000000,NULL,'aaa','','',0,NULL,NULL,NULL,NULL,NULL,NULL,NULL,NULL,NULL,NULL,NULL,NULL,NULL,0,'',0,'EUR',1.00000000,10.00000000,0.00000000,10.00000000,NULL,NULL,NULL,NULL,NULL),(98,'2026-02-15 18:44:54',1,NULL,'CO2201-0028',1,NULL,NULL,NULL,'2020-01-19 14:22:34','2024-03-01 19:37:33',NULL,'2024-01-19',12,12,12,NULL,NULL,1,NULL,0,NULL,0,0.00000000,0.45000000,0.45000000,0.00000000,3.00000000,3.90000000,NULL,'','','',0,NULL,NULL,NULL,NULL,NULL,NULL,NULL,NULL,NULL,NULL,NULL,NULL,NULL,0,'',0,'EUR',1.00000000,3.00000000,0.00000000,3.90000000,'commande/CO2201-0028/CO2201-0028.pdf',NULL,NULL,NULL,NULL),(99,'2026-02-15 18:44:54',1,NULL,'(PROV99)',1,NULL,NULL,NULL,'2020-01-19 14:24:27',NULL,NULL,'2024-01-19',12,NULL,NULL,NULL,NULL,0,NULL,0,NULL,0,0.24000000,0.00000000,0.00000000,0.00000000,4.00000000,4.24000000,NULL,'','','',0,NULL,NULL,NULL,NULL,NULL,NULL,NULL,NULL,NULL,NULL,NULL,NULL,NULL,0,'',0,'EUR',1.00000000,4.00000000,0.24000000,4.24000000,NULL,NULL,NULL,NULL,NULL),(100,'2026-02-15 18:44:54',1,NULL,'(PROV100)',1,NULL,NULL,NULL,'2023-03-11 15:54:11',NULL,NULL,'2024-03-11',12,NULL,NULL,NULL,NULL,0,NULL,0,NULL,0,1.80000000,0.90000000,0.90000000,0.00000000,20.00000000,23.60000000,NULL,'','','einstein',0,NULL,NULL,NULL,NULL,NULL,NULL,NULL,NULL,NULL,NULL,NULL,NULL,NULL,0,'',1,'EUR',1.00000000,20.00000000,1.80000000,23.60000000,'commande/(PROV100)/(PROV100).pdf',NULL,NULL,NULL,NULL);

--
-- Table structure for table `llx_commande_extrafields`
--

CREATE TABLE `llx_commande_extrafields` (
  `rowid` int(11) NOT NULL AUTO_INCREMENT,
  `tms` timestamp NOT NULL DEFAULT current_timestamp() ON UPDATE current_timestamp(),
  `fk_object` int(11) NOT NULL,
  `import_key` varchar(14) DEFAULT NULL,
  `custom1` varchar(10) DEFAULT NULL,
  `aaa` varchar(255) DEFAULT NULL,
  PRIMARY KEY (`rowid`),
  UNIQUE KEY `uk_commande_extrafields` (`fk_object`),
  KEY `idx_commande_extrafields` (`fk_object`)
) ENGINE=InnoDB AUTO_INCREMENT=9 DEFAULT CHARSET=utf8mb3 COLLATE=utf8mb3_unicode_ci;

--
-- Dumping data for table `llx_commande_extrafields`
--

INSERT INTO `llx_commande_extrafields` (`rowid`, `tms`, `fk_object`, `import_key`, `custom1`, `aaa`) VALUES (1,'2023-03-11 18:54:11',100,NULL,NULL,NULL),(8,'2025-06-16 21:46:18',88,NULL,NULL,NULL);

--
-- Table structure for table `llx_commande_fournisseur`
--

CREATE TABLE `llx_commande_fournisseur` (
  `rowid` int(11) NOT NULL AUTO_INCREMENT,
  `tms` timestamp NOT NULL DEFAULT current_timestamp() ON UPDATE current_timestamp(),
  `fk_soc` int(11) NOT NULL,
  `ref` varchar(255) DEFAULT NULL,
  `entity` int(11) NOT NULL DEFAULT 1,
  `ref_ext` varchar(255) DEFAULT NULL,
  `ref_supplier` varchar(255) DEFAULT NULL,
  `fk_projet` int(11) DEFAULT 0,
  `date_creation` datetime DEFAULT NULL,
  `date_valid` datetime DEFAULT NULL,
  `date_approve` datetime DEFAULT NULL,
  `date_approve2` datetime DEFAULT NULL,
  `date_commande` date DEFAULT NULL,
  `fk_user_author` int(11) DEFAULT NULL,
  `fk_user_modif` int(11) DEFAULT NULL,
  `fk_user_valid` int(11) DEFAULT NULL,
  `fk_user_approve` int(11) DEFAULT NULL,
  `fk_user_approve2` int(11) DEFAULT NULL,
  `source` smallint(6) NOT NULL,
  `fk_statut` smallint(6) DEFAULT 0,
  `billed` smallint(6) DEFAULT 0,
  `amount_ht` double(24,8) DEFAULT NULL,
  `remise_percent` double DEFAULT 0,
  `remise` double DEFAULT 0,
  `total_tva` double(24,8) DEFAULT 0.00000000,
  `localtax1` double(24,8) DEFAULT 0.00000000,
  `localtax2` double(24,8) DEFAULT 0.00000000,
  `total_ht` double(24,8) DEFAULT 0.00000000,
  `total_ttc` double(24,8) DEFAULT 0.00000000,
  `note_private` text DEFAULT NULL,
  `note_public` text DEFAULT NULL,
  `model_pdf` varchar(255) DEFAULT NULL,
  `fk_input_method` int(11) DEFAULT 0,
  `fk_cond_reglement` int(11) DEFAULT 0,
  `deposit_percent` varchar(63) DEFAULT NULL,
  `fk_mode_reglement` int(11) DEFAULT 0,
  `import_key` varchar(14) DEFAULT NULL,
  `extraparams` varchar(255) DEFAULT NULL,
  `date_livraison` datetime DEFAULT NULL,
  `fk_account` int(11) DEFAULT NULL,
  `fk_incoterms` int(11) DEFAULT NULL,
  `location_incoterms` varchar(255) DEFAULT NULL,
  `fk_multicurrency` int(11) DEFAULT NULL,
  `multicurrency_code` varchar(3) DEFAULT NULL,
  `multicurrency_tx` double(24,8) DEFAULT 1.00000000,
  `multicurrency_total_ht` double(24,8) DEFAULT 0.00000000,
  `multicurrency_total_tva` double(24,8) DEFAULT 0.00000000,
  `multicurrency_total_ttc` double(24,8) DEFAULT 0.00000000,
  `last_main_doc` varchar(255) DEFAULT NULL,
  `date_reception` datetime DEFAULT NULL,
  PRIMARY KEY (`rowid`),
  UNIQUE KEY `uk_commande_fournisseur_ref` (`ref`,`entity`),
  KEY `idx_commande_fournisseur_fk_soc` (`fk_soc`),
  KEY `billed` (`billed`),
  CONSTRAINT `fk_commande_fournisseur_fk_soc` FOREIGN KEY (`fk_soc`) REFERENCES `llx_societe` (`rowid`)
) ENGINE=InnoDB AUTO_INCREMENT=31 DEFAULT CHARSET=utf8mb3 COLLATE=utf8mb3_unicode_ci;

--
-- Dumping data for table `llx_commande_fournisseur`
--

INSERT INTO `llx_commande_fournisseur` (`rowid`, `tms`, `fk_soc`, `ref`, `entity`, `ref_ext`, `ref_supplier`, `fk_projet`, `date_creation`, `date_valid`, `date_approve`, `date_approve2`, `date_commande`, `fk_user_author`, `fk_user_modif`, `fk_user_valid`, `fk_user_approve`, `fk_user_approve2`, `source`, `fk_statut`, `billed`, `amount_ht`, `remise_percent`, `remise`, `total_tva`, `localtax1`, `localtax2`, `total_ht`, `total_ttc`, `note_private`, `note_public`, `model_pdf`, `fk_input_method`, `fk_cond_reglement`, `deposit_percent`, `fk_mode_reglement`, `import_key`, `extraparams`, `date_livraison`, `fk_account`, `fk_incoterms`, `location_incoterms`, `fk_multicurrency`, `multicurrency_code`, `multicurrency_tx`, `multicurrency_total_ht`, `multicurrency_total_tva`, `multicurrency_total_ttc`, `last_main_doc`, `date_reception`) VALUES (1,'2026-02-15 18:44:54',13,'CF1007-0001',1,NULL,NULL,NULL,'2023-07-11 17:13:40','2024-02-01 18:51:42','2024-02-01 18:52:04',NULL,'2024-02-01',1,NULL,12,12,NULL,0,5,1,0.00000000,0,0,39.20000000,0.00000000,0.00000000,200.00000000,239.20000000,NULL,NULL,'muscadet',2,0,NULL,0,NULL,NULL,NULL,NULL,NULL,NULL,NULL,NULL,1.00000000,0.00000000,0.00000000,0.00000000,NULL,NULL),(2,'2026-02-15 18:44:54',1,'CF1007-0002',1,NULL,NULL,NULL,'2024-07-11 18:46:28','2024-07-11 18:47:33',NULL,NULL,'2024-07-11',1,NULL,1,NULL,NULL,0,4,0,0.00000000,0,0,0.00000000,0.00000000,0.00000000,200.00000000,200.00000000,NULL,NULL,'muscadet',4,0,NULL,0,NULL,NULL,NULL,NULL,NULL,NULL,NULL,NULL,1.00000000,0.00000000,0.00000000,0.00000000,NULL,NULL),(3,'2025-01-02 17:19:39',17,'(PROV3)',1,NULL,NULL,NULL,'2013-08-04 23:00:52',NULL,NULL,NULL,NULL,1,NULL,NULL,NULL,NULL,0,0,0,0.00000000,0,0,-0.77000000,0.00000000,0.00000000,1076.00000000,1075.23000000,NULL,NULL,'muscadet',0,0,NULL,0,NULL,NULL,NULL,NULL,NULL,NULL,NULL,'USD',1.20000000,1291.20000000,-0.93000000,1290.27000000,'fournisseur/commande/(PROV3)/(PROV3).pdf',NULL),(4,'2025-01-02 17:17:19',17,'(PROV4)',1,NULL,NULL,NULL,'2013-08-04 23:19:32',NULL,NULL,NULL,NULL,1,12,NULL,NULL,NULL,0,0,0,0.00000000,0,0,0.00000000,0.00000000,0.00000000,31.00000000,31.00000000,'Private note','Public note','muscadet',0,0,NULL,0,NULL,NULL,NULL,NULL,NULL,NULL,NULL,'EUR',1.00000000,31.00000000,0.00000000,31.00000000,'fournisseur/commande/(PROV4)/(PROV4).pdf',NULL),(13,'2026-02-15 18:44:54',1,'CF1303-0004',1,NULL,NULL,NULL,'2024-03-09 19:39:18','2024-03-09 19:39:27','2024-03-09 19:39:32',NULL,'2024-03-09',1,NULL,1,1,NULL,0,2,0,0.00000000,0,0,0.00000000,0.00000000,0.00000000,10.00000000,10.00000000,NULL,NULL,'muscadet',1,0,NULL,0,NULL,NULL,'2023-07-01 00:00:00',NULL,NULL,NULL,NULL,NULL,1.00000000,0.00000000,0.00000000,0.00000000,NULL,NULL),(14,'2022-12-16 11:14:24',1,'(PROV14)',1,NULL,'',NULL,'2020-01-20 12:20:11',NULL,NULL,NULL,NULL,12,NULL,NULL,NULL,NULL,0,0,0,NULL,0,0,0.40000000,0.00000000,0.00000000,16.00000000,16.40000000,'','','muscadet',0,1,NULL,NULL,NULL,NULL,NULL,NULL,0,'',1,'EUR',1.00000000,16.00000000,0.40000000,16.40000000,'fournisseur/commande/(PROV14)/(PROV14).pdf',NULL);

--
-- Table structure for table `llx_commande_fournisseur_dispatch`
--

CREATE TABLE `llx_commande_fournisseur_dispatch` (
  `rowid` int(11) NOT NULL AUTO_INCREMENT,
  `fk_commande` int(11) DEFAULT NULL,
  `fk_product` int(11) DEFAULT NULL,
  `fk_commandefourndet` int(11) DEFAULT NULL,
  `qty` float DEFAULT NULL,
  `fk_entrepot` int(11) DEFAULT NULL,
  `fk_user` int(11) DEFAULT NULL,
  `comment` varchar(255) DEFAULT NULL,
  `batch` varchar(128) DEFAULT NULL,
  `eatby` date DEFAULT NULL,
  `sellby` date DEFAULT NULL,
  `status` int(11) DEFAULT NULL,
  `datec` datetime DEFAULT NULL,
  `tms` timestamp NOT NULL DEFAULT current_timestamp() ON UPDATE current_timestamp(),
  `fk_projet` int(11) DEFAULT NULL,
  `fk_reception` int(11) DEFAULT NULL,
  `cost_price` double(24,8) DEFAULT 0.00000000,
  `element_type` varchar(50) NOT NULL DEFAULT 'supplier_order',
  PRIMARY KEY (`rowid`),
  KEY `idx_commande_fournisseur_dispatch_fk_commande` (`fk_commande`),
  KEY `idx_commande_fournisseur_dispatch_fk_reception` (`fk_reception`),
  KEY `idx_commande_fournisseur_dispatch_fk_product` (`fk_product`),
  KEY `idx_commande_fournisseur_dispatch_fk_commandefourndet` (`fk_commandefourndet`),
  CONSTRAINT `fk_commande_fournisseur_dispatch_fk_reception` FOREIGN KEY (`fk_reception`) REFERENCES `llx_reception` (`rowid`)
) ENGINE=InnoDB DEFAULT CHARSET=utf8mb4 COLLATE=utf8mb4_unicode_ci ROW_FORMAT=DYNAMIC;

--
-- Dumping data for table `llx_commande_fournisseur_dispatch`
--


--
-- Table structure for table `llx_commande_fournisseur_dispatch_extrafields`
--

CREATE TABLE `llx_commande_fournisseur_dispatch_extrafields` (
  `rowid` int(11) NOT NULL AUTO_INCREMENT,
  `tms` timestamp NOT NULL DEFAULT current_timestamp() ON UPDATE current_timestamp(),
  `fk_object` int(11) NOT NULL,
  `import_key` varchar(14) DEFAULT NULL,
  PRIMARY KEY (`rowid`),
  KEY `idx_commande_fournisseur_dispatch_extrafields` (`fk_object`)
) ENGINE=InnoDB DEFAULT CHARSET=utf8mb4 COLLATE=utf8mb4_unicode_ci ROW_FORMAT=DYNAMIC;

--
-- Dumping data for table `llx_commande_fournisseur_dispatch_extrafields`
--


--
-- Table structure for table `llx_commande_fournisseur_extrafields`
--

CREATE TABLE `llx_commande_fournisseur_extrafields` (
  `rowid` int(11) NOT NULL AUTO_INCREMENT,
  `tms` timestamp NOT NULL DEFAULT current_timestamp() ON UPDATE current_timestamp(),
  `fk_object` int(11) NOT NULL,
  `import_key` varchar(14) DEFAULT NULL,
  PRIMARY KEY (`rowid`),
  UNIQUE KEY `uk_commande_fournisseur_extrafields` (`fk_object`),
  KEY `idx_commande_fournisseur_extrafields` (`fk_object`)
) ENGINE=InnoDB DEFAULT CHARSET=utf8mb3 COLLATE=utf8mb3_unicode_ci;

--
-- Dumping data for table `llx_commande_fournisseur_extrafields`
--


--
-- Table structure for table `llx_commande_fournisseur_log`
--

CREATE TABLE `llx_commande_fournisseur_log` (
  `rowid` int(11) NOT NULL AUTO_INCREMENT,
  `tms` timestamp NOT NULL DEFAULT current_timestamp() ON UPDATE current_timestamp(),
  `datelog` datetime NOT NULL,
  `fk_commande` int(11) NOT NULL,
  `fk_statut` smallint(6) NOT NULL,
  `fk_user` int(11) NOT NULL,
  `comment` varchar(255) DEFAULT NULL,
  PRIMARY KEY (`rowid`)
) ENGINE=InnoDB AUTO_INCREMENT=34 DEFAULT CHARSET=utf8mb3 COLLATE=utf8mb3_unicode_ci;

--
-- Dumping data for table `llx_commande_fournisseur_log`
--

INSERT INTO `llx_commande_fournisseur_log` (`rowid`, `tms`, `datelog`, `fk_commande`, `fk_statut`, `fk_user`, `comment`) VALUES (1,'2012-07-11 15:13:40','2012-07-11 17:13:40',1,0,1,NULL),(2,'2012-07-11 15:15:42','2012-07-11 17:15:42',1,1,1,NULL),(3,'2012-07-11 15:16:28','2012-07-11 17:16:28',1,2,1,NULL),(4,'2012-07-11 15:19:14','2012-07-11 00:00:00',1,3,1,NULL),(5,'2012-07-11 15:19:36','2012-07-11 00:00:00',1,5,1,NULL),(6,'2012-07-11 16:46:28','2012-07-11 18:46:28',2,0,1,NULL),(7,'2012-07-11 16:47:33','2012-07-11 18:47:33',2,1,1,NULL),(8,'2012-07-11 16:47:41','2012-07-11 18:47:41',2,2,1,NULL),(9,'2012-07-11 16:48:00','2012-07-11 00:00:00',2,3,1,NULL),(10,'2013-08-04 21:00:52','2013-08-04 23:00:52',3,0,1,NULL),(11,'2013-08-04 21:19:32','2013-08-04 23:19:32',4,0,1,NULL),(12,'2013-08-04 21:22:16','2013-08-04 23:22:16',5,0,1,NULL),(13,'2013-08-04 21:22:54','2013-08-04 23:22:54',6,0,1,NULL),(14,'2013-08-04 21:23:29','2013-08-04 23:23:29',7,0,1,NULL),(15,'2013-08-04 21:36:10','2013-08-04 23:36:10',8,0,1,NULL),(19,'2013-08-08 13:04:37','2013-08-08 15:04:37',6,1,1,NULL),(20,'2013-08-08 13:04:38','2013-08-08 15:04:38',6,2,1,NULL),(29,'2015-03-09 18:39:18','2015-03-09 19:39:18',13,0,1,NULL),(30,'2015-03-09 18:39:27','2015-03-09 19:39:27',13,1,1,NULL),(31,'2015-03-09 18:39:32','2015-03-09 19:39:32',13,2,1,NULL),(32,'2015-03-09 18:39:41','2015-03-09 00:00:00',13,3,1,'hf'),(33,'2015-03-22 09:26:38','2015-03-22 10:26:38',14,0,1,NULL);

--
-- Table structure for table `llx_commande_fournisseurdet`
--

CREATE TABLE `llx_commande_fournisseurdet` (
  `rowid` int(11) NOT NULL AUTO_INCREMENT,
  `fk_commande` int(11) NOT NULL,
  `fk_parent_line` int(11) DEFAULT NULL,
  `fk_product` int(11) DEFAULT NULL,
  `ref` varchar(128) DEFAULT NULL,
  `label` varchar(255) DEFAULT NULL,
  `description` text DEFAULT NULL,
  `tva_tx` double(6,3) DEFAULT 0.000,
  `vat_src_code` varchar(10) DEFAULT '',
  `localtax1_tx` double(6,3) DEFAULT 0.000,
  `localtax1_type` varchar(10) DEFAULT NULL,
  `localtax2_tx` double(6,3) DEFAULT 0.000,
  `localtax2_type` varchar(10) DEFAULT NULL,
  `qty` double DEFAULT NULL,
  `remise_percent` double DEFAULT 0,
  `remise` double DEFAULT 0,
  `subprice` double(24,8) DEFAULT 0.00000000,
  `subprice_ttc` double(24,8) DEFAULT 0.00000000,
  `total_ht` double(24,8) DEFAULT 0.00000000,
  `total_tva` double(24,8) DEFAULT 0.00000000,
  `total_localtax1` double(24,8) DEFAULT 0.00000000,
  `total_localtax2` double(24,8) DEFAULT 0.00000000,
  `total_ttc` double(24,8) DEFAULT 0.00000000,
  `product_type` int(11) DEFAULT 0,
  `date_start` datetime DEFAULT NULL,
  `date_end` datetime DEFAULT NULL,
  `info_bits` int(11) DEFAULT 0,
  `import_key` varchar(14) DEFAULT NULL,
  `special_code` int(11) DEFAULT 0,
  `rang` int(11) DEFAULT 0,
  `fk_unit` int(11) DEFAULT NULL,
  `fk_multicurrency` int(11) DEFAULT NULL,
  `multicurrency_code` varchar(3) DEFAULT NULL,
  `multicurrency_subprice` double(24,8) DEFAULT 0.00000000,
  `multicurrency_subprice_ttc` double(24,8) DEFAULT 0.00000000,
  `multicurrency_total_ht` double(24,8) DEFAULT 0.00000000,
  `multicurrency_total_tva` double(24,8) DEFAULT 0.00000000,
  `multicurrency_total_ttc` double(24,8) DEFAULT 0.00000000,
  `extraparams` varchar(255) DEFAULT NULL,
  PRIMARY KEY (`rowid`),
  KEY `fk_commande_fournisseurdet_fk_unit` (`fk_unit`),
  KEY `idx_commande_fournisseurdet_fk_commande` (`fk_commande`),
  KEY `idx_commande_fournisseurdet_fk_product` (`fk_product`),
  CONSTRAINT `fk_commande_fournisseurdet_fk_unit` FOREIGN KEY (`fk_unit`) REFERENCES `llx_c_units` (`rowid`)
) ENGINE=InnoDB AUTO_INCREMENT=64 DEFAULT CHARSET=utf8mb3 COLLATE=utf8mb3_unicode_ci;

--
-- Dumping data for table `llx_commande_fournisseurdet`
--

INSERT INTO `llx_commande_fournisseurdet` (`rowid`, `fk_commande`, `fk_parent_line`, `fk_product`, `ref`, `label`, `description`, `tva_tx`, `vat_src_code`, `localtax1_tx`, `localtax1_type`, `localtax2_tx`, `localtax2_type`, `qty`, `remise_percent`, `remise`, `subprice`, `subprice_ttc`, `total_ht`, `total_tva`, `total_localtax1`, `total_localtax2`, `total_ttc`, `product_type`, `date_start`, `date_end`, `info_bits`, `import_key`, `special_code`, `rang`, `fk_unit`, `fk_multicurrency`, `multicurrency_code`, `multicurrency_subprice`, `multicurrency_subprice_ttc`, `multicurrency_total_ht`, `multicurrency_total_tva`, `multicurrency_total_ttc`, `extraparams`) VALUES (1,1,NULL,NULL,'','','Chips',19.600,'',0.000,'',0.000,'',10,0,0,20.00000000,0.00000000,200.00000000,39.20000000,0.00000000,0.00000000,239.20000000,0,NULL,NULL,0,NULL,0,0,NULL,NULL,NULL,0.00000000,0.00000000,0.00000000,0.00000000,0.00000000,NULL),(2,2,NULL,4,'ABCD','Decapsuleur','',0.000,'',0.000,'',0.000,'',20,0,0,10.00000000,0.00000000,200.00000000,0.00000000,0.00000000,0.00000000,200.00000000,0,NULL,NULL,0,NULL,0,0,NULL,NULL,NULL,0.00000000,0.00000000,0.00000000,0.00000000,0.00000000,NULL),(6,13,NULL,NULL,'','','dfgdf',0.000,'',0.000,'0',0.000,'0',1,0,0,10.00000000,0.00000000,10.00000000,0.00000000,0.00000000,0.00000000,10.00000000,0,NULL,NULL,0,NULL,0,0,NULL,NULL,NULL,0.00000000,0.00000000,0.00000000,0.00000000,0.00000000,NULL),(25,3,NULL,1,'BK01','','A beatifull pink dress',0.000,'',0.000,'0',0.000,'0',1,0,0,79.16667000,0.00000000,79.17000000,0.00000000,0.00000000,0.00000000,79.17000000,0,NULL,NULL,0,NULL,0,1,NULL,2,'USD',95.00000000,0.00000000,95.00000000,0.00000000,95.00000000,NULL),(26,3,NULL,1,'bbb','','A beatifull pink dress',0.000,'',0.000,'0',0.000,'0',10,0,0,100.00000000,0.00000000,1000.00000000,0.00000000,0.00000000,0.00000000,1000.00000000,0,NULL,NULL,0,NULL,0,2,NULL,2,'USD',120.00000000,0.00000000,1200.00000000,0.00000000,1200.00000000,NULL),(28,14,NULL,4,'','','Nice Bio Apple Pie.<br />\r\n&nbsp;',0.000,'CGST+SGST',0.000,'1',0.000,'1',1,0,0,5.00000000,0.00000000,5.00000000,0.00000000,0.00000000,0.00000000,5.00000000,0,NULL,NULL,0,NULL,0,1,NULL,1,'EUR',5.00000000,0.00000000,5.00000000,0.00000000,5.00000000,NULL),(29,14,NULL,5,'iii','','<strong><span style=\"font-family:roboto,uilanguagefont,arial,sans-serif; font-size:14px\">DoliDroid is the Android front-end client for Dolibarr ERP &amp; CRM web software.</span><br />\r\n<span style=\"font-family:roboto,uilanguagefont,arial,sans-serif; font-size:14px\">This application is not a standalone program. It is a front end to use a online hosted Dolibarr ERP &amp; CRM software (an Open-source web software to manage your business).</span></strong>\r\n<p><u>The advantage of DoliDroid are :</u><br />\r\n- DoliDroid is not a duplicate code of Dolibarr, but a front-end of a Dolibarr web installation, so all your online existing features are supported by this application. This is also true for external modules features.<br />\r\n- Upgrading Dolibarr will not break DoliDroid.<br />\r\n- DoliDroid use embedded image resources to reduce bandwidth usage.<br />\r\n- DoliDroid use internal cache for pages that should not change (like menu page)<br />\r\n- Connections parameters are saved. No need to enter them each time you use DoliDroid.<br />\r\n- Integration with your phone or other applications (Clicking on PDF open PDF reader, clicking onto email or phone launch your email application or launch Android dialer, ...)</p>\r\n\r\n<p><span style=\"color:#DAA520\"><strong>WARNING !&nbsp;</strong></span></p>\r\n\r\n<p>This application need Android 4.0+ and a hosted Dolibarr ERP &amp; CRM version 3.5 or newer accessible by internet<br />\r\n(For example, when hosted on any SaaS solution like DoliCloud -&nbsp;<a href=\"https://www.google.com/url?q=https://www.google.com/url?q%3Dhttp://www.dolicloud.com%26sa%3DD%26usg%3DAFQjCNGdd9htz4JDciiMtScpBwK83qIRkw&amp;sa=D&amp;usg=AFQjCNGMpCbxNnU5BiK59e368K5AR0l_pg\" style=\"text-decoration: none; color: rgb(51, 105, 30); cursor: pointer;\" target=\"_blank\">http://www.dolicloud.com</a>).</p>',4.000,'',0.000,'0',0.000,'0',1,0,0,5.00000000,0.00000000,5.00000000,0.20000000,0.00000000,0.00000000,5.20000000,0,NULL,NULL,0,NULL,0,2,NULL,1,'EUR',5.00000000,0.00000000,5.00000000,0.20000000,5.20000000,NULL),(30,14,NULL,5,'iii','','<strong><span style=\"font-family:roboto,uilanguagefont,arial,sans-serif; font-size:14px\">DoliDroid is the Android front-end client for Dolibarr ERP &amp; CRM web software.</span><br />\r\n<span style=\"font-family:roboto,uilanguagefont,arial,sans-serif; font-size:14px\">This application is not a standalone program. It is a front end to use a online hosted Dolibarr ERP &amp; CRM software (an Open-source web software to manage your business).</span></strong>\r\n<p><u>The advantage of DoliDroid are :</u><br />\r\n- DoliDroid is not a duplicate code of Dolibarr, but a front-end of a Dolibarr web installation, so all your online existing features are supported by this application. This is also true for external modules features.<br />\r\n- Upgrading Dolibarr will not break DoliDroid.<br />\r\n- DoliDroid use embedded image resources to reduce bandwidth usage.<br />\r\n- DoliDroid use internal cache for pages that should not change (like menu page)<br />\r\n- Connections parameters are saved. No need to enter them each time you use DoliDroid.<br />\r\n- Integration with your phone or other applications (Clicking on PDF open PDF reader, clicking onto email or phone launch your email application or launch Android dialer, ...)</p>\r\n\r\n<p><span style=\"color:#DAA520\"><strong>WARNING !&nbsp;</strong></span></p>\r\n\r\n<p>This application need Android 4.0+ and a hosted Dolibarr ERP &amp; CRM version 3.5 or newer accessible by internet<br />\r\n(For example, when hosted on any SaaS solution like DoliCloud -&nbsp;<a href=\"https://www.google.com/url?q=https://www.google.com/url?q%3Dhttp://www.dolicloud.com%26sa%3DD%26usg%3DAFQjCNGdd9htz4JDciiMtScpBwK83qIRkw&amp;sa=D&amp;usg=AFQjCNGMpCbxNnU5BiK59e368K5AR0l_pg\" style=\"text-decoration: none; color: rgb(51, 105, 30); cursor: pointer;\" target=\"_blank\">http://www.dolicloud.com</a>).</p>',4.000,'',0.000,'0',0.000,'0',1,0,0,5.00000000,0.00000000,5.00000000,0.20000000,0.00000000,0.00000000,5.20000000,0,NULL,NULL,0,NULL,0,3,NULL,1,'EUR',5.00000000,0.00000000,5.00000000,0.20000000,5.20000000,NULL),(31,14,NULL,4,'','','Nice Bio Apple Pie.<br />\r\n&nbsp;',0.000,'CGST+SGST',0.000,'1',0.000,'1',1,0,0,1.00000000,0.00000000,1.00000000,0.00000000,0.00000000,0.00000000,1.00000000,0,NULL,NULL,0,NULL,0,4,NULL,1,'EUR',1.00000000,0.00000000,1.00000000,0.00000000,1.00000000,NULL),(32,3,NULL,NULL,'','','1',5.500,'bbb',0.000,'0',0.000,'0',1,0,0,1.00000000,0.00000000,1.00000000,0.06000000,0.00000000,0.00000000,1.06000000,0,NULL,NULL,0,NULL,0,3,NULL,2,'USD',1.20000000,0.00000000,1.20000000,0.07000000,1.27000000,NULL),(43,4,NULL,3,'','','',0.000,'',0.000,'0',0.000,'0',1,0,0,1.00000000,0.00000000,1.00000000,0.00000000,0.00000000,0.00000000,1.00000000,1,NULL,NULL,0,NULL,0,1,NULL,1,'EUR',1.00000000,0.00000000,1.00000000,0.00000000,1.00000000,NULL),(46,4,NULL,3,'','','',0.000,'',0.000,'0',0.000,'0',1,0,0,10.00000000,0.00000000,10.00000000,0.00000000,0.00000000,0.00000000,10.00000000,1,NULL,NULL,0,NULL,0,2,NULL,1,'EUR',10.00000000,0.00000000,10.00000000,0.00000000,10.00000000,NULL),(47,4,NULL,3,'','','',0.000,'',0.000,'0',0.000,'0',1,0,0,10.00000000,0.00000000,10.00000000,0.00000000,0.00000000,0.00000000,10.00000000,1,NULL,NULL,0,NULL,0,3,NULL,1,'EUR',10.00000000,0.00000000,10.00000000,0.00000000,10.00000000,NULL),(48,4,NULL,3,'','','',0.000,'',0.000,'0',0.000,'0',1,0,0,10.00000000,0.00000000,10.00000000,0.00000000,0.00000000,0.00000000,10.00000000,1,NULL,NULL,0,NULL,0,4,NULL,1,'EUR',10.00000000,0.00000000,10.00000000,0.00000000,10.00000000,NULL),(49,3,NULL,NULL,'','','aaaa',20.000,'',0.000,'0',0.000,'0',1,0,0,-4.16667000,0.00000000,-4.17000000,-0.83000000,0.00000000,0.00000000,-5.00000000,0,NULL,NULL,0,NULL,0,4,1,2,'USD',-5.00000000,0.00000000,-5.00000000,-1.00000000,-6.00000000,NULL),(50,3,NULL,NULL,'','','ssss',20.000,'',0.000,'0',0.000,'0',1,0,0,0.00000000,0.00000000,0.00000000,0.00000000,0.00000000,0.00000000,0.00000000,0,NULL,NULL,0,NULL,0,5,1,2,'USD',0.00000000,0.00000000,0.00000000,0.00000000,0.00000000,NULL),(51,3,NULL,NULL,'','','dddd',20.000,'',0.000,'0',0.000,'0',1,0,0,0.00000000,0.00000000,0.00000000,0.00000000,0.00000000,0.00000000,0.00000000,0,NULL,NULL,0,NULL,0,6,1,2,'USD',0.00000000,0.00000000,0.00000000,0.00000000,0.00000000,NULL);

--
-- Table structure for table `llx_commande_fournisseurdet_extrafields`
--

CREATE TABLE `llx_commande_fournisseurdet_extrafields` (
  `rowid` int(11) NOT NULL AUTO_INCREMENT,
  `tms` timestamp NOT NULL DEFAULT current_timestamp() ON UPDATE current_timestamp(),
  `fk_object` int(11) NOT NULL,
  `import_key` varchar(14) DEFAULT NULL,
  PRIMARY KEY (`rowid`),
  UNIQUE KEY `uk_commande_fournisseurdet_extrafields` (`fk_object`)
) ENGINE=InnoDB DEFAULT CHARSET=utf8mb3 COLLATE=utf8mb3_unicode_ci;

--
-- Dumping data for table `llx_commande_fournisseurdet_extrafields`
--


--
-- Table structure for table `llx_commandedet`
--

CREATE TABLE `llx_commandedet` (
  `rowid` int(11) NOT NULL AUTO_INCREMENT,
  `fk_commande` int(11) DEFAULT NULL,
  `fk_parent_line` int(11) DEFAULT NULL,
  `fk_product` int(11) DEFAULT NULL,
  `label` varchar(255) DEFAULT NULL,
  `ref_ext` varchar(255) DEFAULT NULL,
  `description` text DEFAULT NULL,
  `tva_tx` double(6,3) DEFAULT NULL,
  `vat_src_code` varchar(10) DEFAULT '',
  `localtax1_tx` double(6,3) DEFAULT NULL,
  `localtax1_type` varchar(10) DEFAULT NULL,
  `localtax2_tx` double(6,3) DEFAULT NULL,
  `localtax2_type` varchar(10) DEFAULT NULL,
  `qty` double DEFAULT NULL,
  `remise_percent` double DEFAULT 0,
  `remise` double DEFAULT 0,
  `fk_remise_except` int(11) DEFAULT NULL,
  `price` double DEFAULT NULL,
  `subprice` double(24,8) DEFAULT 0.00000000,
  `subprice_ttc` double(24,8) DEFAULT 0.00000000,
  `total_ht` double(24,8) DEFAULT 0.00000000,
  `total_tva` double(24,8) DEFAULT 0.00000000,
  `total_localtax1` double(24,8) DEFAULT 0.00000000,
  `total_localtax2` double(24,8) DEFAULT 0.00000000,
  `total_ttc` double(24,8) DEFAULT 0.00000000,
  `product_type` int(11) DEFAULT 0,
  `date_start` datetime DEFAULT NULL,
  `date_end` datetime DEFAULT NULL,
  `info_bits` int(11) DEFAULT 0,
  `fk_product_fournisseur_price` int(11) DEFAULT NULL,
  `buy_price_ht` double(24,8) DEFAULT 0.00000000,
  `special_code` int(10) unsigned DEFAULT 0,
  `rang` int(11) DEFAULT 0,
  `import_key` varchar(14) DEFAULT NULL,
  `fk_commandefourndet` int(11) DEFAULT NULL,
  `fk_unit` int(11) DEFAULT NULL,
  `fk_multicurrency` int(11) DEFAULT NULL,
  `multicurrency_code` varchar(3) DEFAULT NULL,
  `multicurrency_subprice` double(24,8) DEFAULT 0.00000000,
  `multicurrency_subprice_ttc` double(24,8) DEFAULT 0.00000000,
  `multicurrency_total_ht` double(24,8) DEFAULT 0.00000000,
  `multicurrency_total_tva` double(24,8) DEFAULT 0.00000000,
  `multicurrency_total_ttc` double(24,8) DEFAULT 0.00000000,
  `extraparams` varchar(255) DEFAULT NULL,
  PRIMARY KEY (`rowid`),
  KEY `idx_commandedet_fk_commande` (`fk_commande`),
  KEY `idx_commandedet_fk_product` (`fk_product`),
  KEY `fk_commandedet_fk_unit` (`fk_unit`),
  KEY `fk_commandedet_fk_commandefourndet` (`fk_commandefourndet`),
  CONSTRAINT `fk_commandedet_fk_commande` FOREIGN KEY (`fk_commande`) REFERENCES `llx_commande` (`rowid`),
  CONSTRAINT `fk_commandedet_fk_commandefourndet` FOREIGN KEY (`fk_commandefourndet`) REFERENCES `llx_commande_fournisseurdet` (`rowid`),
  CONSTRAINT `fk_commandedet_fk_unit` FOREIGN KEY (`fk_unit`) REFERENCES `llx_c_units` (`rowid`)
) ENGINE=InnoDB AUTO_INCREMENT=344 DEFAULT CHARSET=utf8mb3 COLLATE=utf8mb3_unicode_ci;

--
-- Dumping data for table `llx_commandedet`
--

INSERT INTO `llx_commandedet` (`rowid`, `fk_commande`, `fk_parent_line`, `fk_product`, `label`, `ref_ext`, `description`, `tva_tx`, `vat_src_code`, `localtax1_tx`, `localtax1_type`, `localtax2_tx`, `localtax2_type`, `qty`, `remise_percent`, `remise`, `fk_remise_except`, `price`, `subprice`, `subprice_ttc`, `total_ht`, `total_tva`, `total_localtax1`, `total_localtax2`, `total_ttc`, `product_type`, `date_start`, `date_end`, `info_bits`, `fk_product_fournisseur_price`, `buy_price_ht`, `special_code`, `rang`, `import_key`, `fk_commandefourndet`, `fk_unit`, `fk_multicurrency`, `multicurrency_code`, `multicurrency_subprice`, `multicurrency_subprice_ttc`, `multicurrency_total_ht`, `multicurrency_total_tva`, `multicurrency_total_ttc`, `extraparams`) VALUES (1,1,NULL,NULL,NULL,NULL,'Product 1',0.000,'',0.000,'',0.000,'',1,0,0,NULL,10,10.00000000,0.00000000,10.00000000,0.00000000,0.00000000,0.00000000,10.00000000,0,NULL,NULL,0,NULL,0.00000000,0,1,NULL,NULL,NULL,NULL,NULL,0.00000000,0.00000000,0.00000000,0.00000000,0.00000000,NULL),(2,1,NULL,2,NULL,NULL,'',0.000,'',0.000,'',0.000,'',1,0,0,NULL,NULL,NULL,0.00000000,0.00000000,0.00000000,0.00000000,0.00000000,0.00000000,0,NULL,NULL,0,NULL,0.00000000,0,2,NULL,NULL,NULL,NULL,NULL,0.00000000,0.00000000,0.00000000,0.00000000,0.00000000,NULL),(3,1,NULL,5,NULL,NULL,'cccc',0.000,'',0.000,'',0.000,'',1,0,0,NULL,0,0.00000000,0.00000000,0.00000000,0.00000000,0.00000000,0.00000000,0.00000000,0,NULL,NULL,0,NULL,0.00000000,0,3,NULL,NULL,NULL,NULL,NULL,0.00000000,0.00000000,0.00000000,0.00000000,0.00000000,NULL),(4,2,NULL,NULL,NULL,NULL,'hgf',0.000,'',0.000,'',0.000,'',1,0,0,NULL,10,10.00000000,0.00000000,10.00000000,0.00000000,0.00000000,0.00000000,10.00000000,0,NULL,NULL,0,NULL,0.00000000,0,1,NULL,NULL,NULL,NULL,NULL,0.00000000,0.00000000,0.00000000,0.00000000,0.00000000,NULL),(10,5,NULL,NULL,NULL,NULL,'gfdgdf',0.000,'',0.000,'',0.000,'',1,0,0,NULL,10,10.00000000,0.00000000,10.00000000,0.00000000,0.00000000,0.00000000,10.00000000,0,NULL,NULL,0,NULL,0.00000000,0,1,NULL,NULL,NULL,NULL,NULL,0.00000000,0.00000000,0.00000000,0.00000000,0.00000000,NULL),(14,3,NULL,NULL,NULL,NULL,'gdfgdf',0.000,'',0.000,'',0.000,'',1,0,0,NULL,10,10.00000000,0.00000000,10.00000000,0.00000000,0.00000000,0.00000000,10.00000000,1,NULL,NULL,0,NULL,0.00000000,0,1,NULL,NULL,NULL,NULL,NULL,0.00000000,0.00000000,0.00000000,0.00000000,0.00000000,NULL),(15,3,NULL,NULL,NULL,NULL,'fghfgh',0.000,'',0.000,'',0.000,'',1,0,0,NULL,20,20.00000000,0.00000000,20.00000000,0.00000000,0.00000000,0.00000000,20.00000000,0,NULL,NULL,0,NULL,0.00000000,0,2,NULL,NULL,NULL,NULL,NULL,0.00000000,0.00000000,0.00000000,0.00000000,0.00000000,NULL),(16,17,NULL,2,NULL,NULL,'',0.000,'',0.000,'0',0.000,'0',3,0,0,NULL,0,0.00000000,0.00000000,0.00000000,0.00000000,0.00000000,0.00000000,0.00000000,0,NULL,NULL,0,NULL,0.00000000,0,1,NULL,NULL,NULL,0,'EUR',0.00000000,0.00000000,0.00000000,0.00000000,0.00000000,NULL),(17,17,NULL,10,NULL,NULL,'A powerfull computer XP4523&nbsp;',0.000,'',0.000,'0',0.000,'0',5,0,0,NULL,100,100.00000000,0.00000000,500.00000000,0.00000000,0.00000000,0.00000000,500.00000000,0,NULL,NULL,0,NULL,0.00000000,0,2,NULL,NULL,NULL,0,'EUR',100.00000000,0.00000000,500.00000000,0.00000000,500.00000000,NULL),(18,17,NULL,12,NULL,NULL,'Cloud hosting of Dolibarr ERP and CRM software',0.000,'',0.000,'0',0.000,'0',1,0,0,NULL,9,9.00000000,0.00000000,9.00000000,0.00000000,0.00000000,0.00000000,9.00000000,1,NULL,NULL,0,NULL,0.00000000,0,3,NULL,NULL,NULL,0,'EUR',9.00000000,0.00000000,9.00000000,0.00000000,9.00000000,NULL),(19,18,NULL,10,NULL,NULL,'A powerfull computer XP4523&nbsp;',0.000,'',0.000,'0',0.000,'0',5,0,0,NULL,100,100.00000000,0.00000000,500.00000000,0.00000000,0.00000000,0.00000000,500.00000000,0,NULL,NULL,0,NULL,0.00000000,0,1,NULL,NULL,NULL,0,'EUR',100.00000000,0.00000000,500.00000000,0.00000000,500.00000000,NULL),(20,18,NULL,3,NULL,NULL,'',0.000,'',0.000,'0',0.000,'0',1,0,0,NULL,0,0.00000000,0.00000000,0.00000000,0.00000000,0.00000000,0.00000000,0.00000000,1,NULL,NULL,0,NULL,0.00000000,0,2,NULL,NULL,NULL,0,'EUR',0.00000000,0.00000000,0.00000000,0.00000000,0.00000000,NULL),(21,18,NULL,1,NULL,NULL,'A beatifull pink dress',0.000,'',0.000,'0',0.000,'0',4,0,0,NULL,100,100.00000000,0.00000000,400.00000000,0.00000000,0.00000000,0.00000000,400.00000000,0,NULL,NULL,0,NULL,0.00000000,0,3,NULL,NULL,NULL,0,'EUR',100.00000000,0.00000000,400.00000000,0.00000000,400.00000000,NULL),(24,20,NULL,4,NULL,NULL,'Nice Bio Apple Pie.<br />\r\n&nbsp;',0.000,'',0.000,'0',0.000,'0',4,0,0,NULL,5,5.00000000,0.00000000,20.00000000,0.00000000,0.00000000,0.00000000,20.00000000,0,NULL,NULL,0,NULL,0.00000000,0,1,NULL,NULL,NULL,0,'EUR',5.00000000,0.00000000,20.00000000,0.00000000,20.00000000,NULL),(25,20,NULL,1,NULL,NULL,'A beatifull pink dress',0.000,'',0.000,'0',0.000,'0',3,0,0,NULL,100,100.00000000,0.00000000,300.00000000,0.00000000,0.00000000,0.00000000,300.00000000,0,NULL,NULL,0,NULL,0.00000000,0,2,NULL,NULL,NULL,0,'EUR',100.00000000,0.00000000,300.00000000,0.00000000,300.00000000,NULL),(26,20,NULL,4,NULL,NULL,'Nice Bio Apple Pie.<br />\r\n&nbsp;',0.000,'',0.000,'0',0.000,'0',2,0,0,NULL,5,5.00000000,0.00000000,10.00000000,0.00000000,0.00000000,0.00000000,10.00000000,0,NULL,NULL,0,NULL,0.00000000,0,3,NULL,NULL,NULL,0,'EUR',5.00000000,0.00000000,10.00000000,0.00000000,10.00000000,NULL),(55,29,NULL,2,NULL,NULL,'',0.000,'',0.000,'0',0.000,'0',2,0,0,NULL,0,0.00000000,0.00000000,0.00000000,0.00000000,0.00000000,0.00000000,0.00000000,0,NULL,NULL,0,NULL,0.00000000,0,1,NULL,NULL,NULL,0,'EUR',0.00000000,0.00000000,0.00000000,0.00000000,0.00000000,NULL),(56,29,NULL,3,NULL,NULL,'',0.000,'',0.000,'0',0.000,'0',1,0,0,NULL,0,0.00000000,0.00000000,0.00000000,0.00000000,0.00000000,0.00000000,0.00000000,1,NULL,NULL,0,NULL,0.00000000,0,2,NULL,NULL,NULL,0,'EUR',0.00000000,0.00000000,0.00000000,0.00000000,0.00000000,NULL),(57,29,NULL,10,NULL,NULL,'A powerfull computer XP4523&nbsp;',0.000,'',0.000,'0',0.000,'0',4,0,0,NULL,100,100.00000000,0.00000000,400.00000000,0.00000000,0.00000000,0.00000000,400.00000000,0,NULL,NULL,0,NULL,0.00000000,0,3,NULL,NULL,NULL,0,'EUR',100.00000000,0.00000000,400.00000000,0.00000000,400.00000000,NULL),(58,29,NULL,12,NULL,NULL,'Cloud hosting of Dolibarr ERP and CRM software',0.000,'',0.000,'0',0.000,'0',3,0,0,NULL,9,9.00000000,0.00000000,27.00000000,0.00000000,0.00000000,0.00000000,27.00000000,1,NULL,NULL,0,NULL,0.00000000,0,4,NULL,NULL,NULL,0,'EUR',9.00000000,0.00000000,27.00000000,0.00000000,27.00000000,NULL),(59,29,NULL,5,NULL,NULL,'<strong><span style=\"font-family:roboto,uilanguagefont,arial,sans-serif; font-size:14px\">DoliDroid is the Android front-end client for Dolibarr ERP &amp; CRM web software.</span><br />\r\n<span style=\"font-family:roboto,uilanguagefont,arial,sans-serif; font-size:14px\">This application is not a standalone program. It is a front end to use a online hosted Dolibarr ERP &amp; CRM software (an Open-source web software to manage your business).</span></strong>\r\n<p><u>The advantage of DoliDroid are :</u><br />\r\n- DoliDroid is not a duplicate code of Dolibarr, but a front-end of a Dolibarr web installation, so all your online existing features are supported by this application. This is also true for external modules features.<br />\r\n- Upgrading Dolibarr will not break DoliDroid.<br />\r\n- DoliDroid use embedded image resources to reduce bandwidth usage.<br />\r\n- DoliDroid use internal cache for pages that should not change (like menu page)<br />\r\n- Connections parameters are saved. No need to enter them each time you use DoliDroid.<br />\r\n- Integration with your phone or other applications (Clicking on PDF open PDF reader, clicking onto email or phone launch your email application or launch Android dialer, ...)</p>\r\n\r\n<p><span style=\"color:#DAA520\"><strong>WARNING !&nbsp;</strong></span></p>\r\n\r\n<p>This application need Android 4.0+ and a hosted Dolibarr ERP &amp; CRM version 3.5 or newer accessible by internet<br />\r\n(For example, when hosted on any SaaS solution like DoliCloud -&nbsp;<a href=\"https://www.google.com/url?q=https://www.google.com/url?q%3Dhttp://www.dolicloud.com%26sa%3DD%26usg%3DAFQjCNGdd9htz4JDciiMtScpBwK83qIRkw&amp;sa=D&amp;usg=AFQjCNGMpCbxNnU5BiK59e368K5AR0l_pg\" style=\"text-decoration: none; color: rgb(51, 105, 30); cursor: pointer;\" target=\"_blank\">http://www.dolicloud.com</a>).</p>',0.000,'',0.000,'0',0.000,'0',3,0,0,NULL,10,10.00000000,0.00000000,30.00000000,0.00000000,0.00000000,0.00000000,30.00000000,0,NULL,NULL,0,NULL,0.00000000,0,5,NULL,NULL,NULL,0,'EUR',10.00000000,0.00000000,30.00000000,0.00000000,30.00000000,NULL),(75,34,NULL,3,NULL,NULL,'',0.000,'',0.000,'0',0.000,'0',4,0,0,NULL,0,0.00000000,0.00000000,0.00000000,0.00000000,0.00000000,0.00000000,0.00000000,1,NULL,NULL,0,NULL,0.00000000,0,1,NULL,NULL,NULL,0,'EUR',0.00000000,0.00000000,0.00000000,0.00000000,0.00000000,NULL),(76,34,NULL,4,NULL,NULL,'Nice Bio Apple Pie.<br />\r\n&nbsp;',0.000,'',0.000,'0',0.000,'0',3,0,0,NULL,5,5.00000000,0.00000000,15.00000000,0.00000000,0.00000000,0.00000000,15.00000000,0,NULL,NULL,0,NULL,0.00000000,0,2,NULL,NULL,NULL,0,'EUR',5.00000000,0.00000000,15.00000000,0.00000000,15.00000000,NULL),(77,34,NULL,1,NULL,NULL,'A beatifull pink dress',0.000,'',0.000,'0',0.000,'0',1,0,0,NULL,100,100.00000000,0.00000000,100.00000000,0.00000000,0.00000000,0.00000000,100.00000000,0,NULL,NULL,0,NULL,0.00000000,0,3,NULL,NULL,NULL,0,'EUR',100.00000000,0.00000000,100.00000000,0.00000000,100.00000000,NULL),(78,34,NULL,12,NULL,NULL,'Cloud hosting of Dolibarr ERP and CRM software',0.000,'',0.000,'0',0.000,'0',1,0,0,NULL,9,9.00000000,0.00000000,9.00000000,0.00000000,0.00000000,0.00000000,9.00000000,1,NULL,NULL,0,NULL,0.00000000,0,4,NULL,NULL,NULL,0,'EUR',9.00000000,0.00000000,9.00000000,0.00000000,9.00000000,NULL),(94,38,NULL,10,NULL,NULL,'A powerfull computer XP4523&nbsp;',0.000,'',0.000,'0',0.000,'0',2,0,0,NULL,100,100.00000000,0.00000000,200.00000000,0.00000000,0.00000000,0.00000000,200.00000000,0,NULL,NULL,0,NULL,0.00000000,0,1,NULL,NULL,NULL,0,'EUR',100.00000000,0.00000000,200.00000000,0.00000000,200.00000000,NULL),(95,38,NULL,2,NULL,NULL,'',0.000,'',0.000,'0',0.000,'0',3,0,0,NULL,0,0.00000000,0.00000000,0.00000000,0.00000000,0.00000000,0.00000000,0.00000000,0,NULL,NULL,0,NULL,0.00000000,0,2,NULL,NULL,NULL,0,'EUR',0.00000000,0.00000000,0.00000000,0.00000000,0.00000000,NULL),(99,40,NULL,1,NULL,NULL,'A beatifull pink dress',0.000,'',0.000,'0',0.000,'0',4,0,0,NULL,100,100.00000000,0.00000000,400.00000000,0.00000000,0.00000000,0.00000000,400.00000000,0,NULL,NULL,0,NULL,0.00000000,0,1,NULL,NULL,NULL,0,'EUR',100.00000000,0.00000000,400.00000000,0.00000000,400.00000000,NULL),(100,40,NULL,10,NULL,NULL,'A powerfull computer XP4523&nbsp;',0.000,'',0.000,'0',0.000,'0',4,0,0,NULL,100,100.00000000,0.00000000,400.00000000,0.00000000,0.00000000,0.00000000,400.00000000,0,NULL,NULL,0,NULL,0.00000000,0,2,NULL,NULL,NULL,0,'EUR',100.00000000,0.00000000,400.00000000,0.00000000,400.00000000,NULL),(101,40,NULL,3,NULL,NULL,'',0.000,'',0.000,'0',0.000,'0',3,0,0,NULL,0,0.00000000,0.00000000,0.00000000,0.00000000,0.00000000,0.00000000,0.00000000,1,NULL,NULL,0,NULL,0.00000000,0,3,NULL,NULL,NULL,0,'EUR',0.00000000,0.00000000,0.00000000,0.00000000,0.00000000,NULL),(102,40,NULL,4,NULL,NULL,'Nice Bio Apple Pie.<br />\r\n&nbsp;',0.000,'',0.000,'0',0.000,'0',2,0,0,NULL,5,5.00000000,0.00000000,10.00000000,0.00000000,0.00000000,0.00000000,10.00000000,0,NULL,NULL,0,NULL,0.00000000,0,4,NULL,NULL,NULL,0,'EUR',5.00000000,0.00000000,10.00000000,0.00000000,10.00000000,NULL),(103,40,NULL,1,NULL,NULL,'A beatifull pink dress',0.000,'',0.000,'0',0.000,'0',4,0,0,NULL,100,100.00000000,0.00000000,400.00000000,0.00000000,0.00000000,0.00000000,400.00000000,0,NULL,NULL,0,NULL,0.00000000,0,5,NULL,NULL,NULL,0,'EUR',100.00000000,0.00000000,400.00000000,0.00000000,400.00000000,NULL),(112,43,NULL,12,NULL,NULL,'Cloud hosting of Dolibarr ERP and CRM software',0.000,'',0.000,'0',0.000,'0',2,0,0,NULL,9,9.00000000,0.00000000,18.00000000,0.00000000,0.00000000,0.00000000,18.00000000,1,NULL,NULL,0,NULL,0.00000000,0,1,NULL,NULL,NULL,0,'EUR',9.00000000,0.00000000,18.00000000,0.00000000,18.00000000,NULL),(113,43,NULL,12,NULL,NULL,'Cloud hosting of Dolibarr ERP and CRM software',0.000,'',0.000,'0',0.000,'0',5,0,0,NULL,9,9.00000000,0.00000000,45.00000000,0.00000000,0.00000000,0.00000000,45.00000000,1,NULL,NULL,0,NULL,0.00000000,0,2,NULL,NULL,NULL,0,'EUR',9.00000000,0.00000000,45.00000000,0.00000000,45.00000000,NULL),(114,43,NULL,10,NULL,NULL,'A powerfull computer XP4523&nbsp;',0.000,'',0.000,'0',0.000,'0',4,0,0,NULL,100,100.00000000,0.00000000,400.00000000,0.00000000,0.00000000,0.00000000,400.00000000,0,NULL,NULL,0,NULL,0.00000000,0,3,NULL,NULL,NULL,0,'EUR',100.00000000,0.00000000,400.00000000,0.00000000,400.00000000,NULL),(115,43,NULL,4,NULL,NULL,'Nice Bio Apple Pie.<br />\r\n&nbsp;',0.000,'',0.000,'0',0.000,'0',3,0,0,NULL,5,5.00000000,0.00000000,15.00000000,0.00000000,0.00000000,0.00000000,15.00000000,0,NULL,NULL,0,NULL,0.00000000,0,4,NULL,NULL,NULL,0,'EUR',5.00000000,0.00000000,15.00000000,0.00000000,15.00000000,NULL),(116,43,NULL,2,NULL,NULL,'',0.000,'',0.000,'0',0.000,'0',4,0,0,NULL,0,0.00000000,0.00000000,0.00000000,0.00000000,0.00000000,0.00000000,0.00000000,0,NULL,NULL,0,NULL,0.00000000,0,5,NULL,NULL,NULL,0,'EUR',0.00000000,0.00000000,0.00000000,0.00000000,0.00000000,NULL),(125,47,NULL,2,NULL,NULL,'',0.000,'',0.000,'0',0.000,'0',3,0,0,NULL,0,0.00000000,0.00000000,0.00000000,0.00000000,0.00000000,0.00000000,0.00000000,0,NULL,NULL,0,NULL,0.00000000,0,1,NULL,NULL,NULL,0,'EUR',0.00000000,0.00000000,0.00000000,0.00000000,0.00000000,NULL),(126,47,NULL,4,NULL,NULL,'Nice Bio Apple Pie.<br />\r\n&nbsp;',0.000,'',0.000,'0',0.000,'0',3,0,0,NULL,5,5.00000000,0.00000000,15.00000000,0.00000000,0.00000000,0.00000000,15.00000000,0,NULL,NULL,0,NULL,0.00000000,0,2,NULL,NULL,NULL,0,'EUR',5.00000000,0.00000000,15.00000000,0.00000000,15.00000000,NULL),(127,47,NULL,3,NULL,NULL,'',0.000,'',0.000,'0',0.000,'0',5,0,0,NULL,0,0.00000000,0.00000000,0.00000000,0.00000000,0.00000000,0.00000000,0.00000000,1,NULL,NULL,0,NULL,0.00000000,0,3,NULL,NULL,NULL,0,'EUR',0.00000000,0.00000000,0.00000000,0.00000000,0.00000000,NULL),(128,47,NULL,5,NULL,NULL,'<strong><span style=\"font-family:roboto,uilanguagefont,arial,sans-serif; font-size:14px\">DoliDroid is the Android front-end client for Dolibarr ERP &amp; CRM web software.</span><br />\r\n<span style=\"font-family:roboto,uilanguagefont,arial,sans-serif; font-size:14px\">This application is not a standalone program. It is a front end to use a online hosted Dolibarr ERP &amp; CRM software (an Open-source web software to manage your business).</span></strong>\r\n<p><u>The advantage of DoliDroid are :</u><br />\r\n- DoliDroid is not a duplicate code of Dolibarr, but a front-end of a Dolibarr web installation, so all your online existing features are supported by this application. This is also true for external modules features.<br />\r\n- Upgrading Dolibarr will not break DoliDroid.<br />\r\n- DoliDroid use embedded image resources to reduce bandwidth usage.<br />\r\n- DoliDroid use internal cache for pages that should not change (like menu page)<br />\r\n- Connections parameters are saved. No need to enter them each time you use DoliDroid.<br />\r\n- Integration with your phone or other applications (Clicking on PDF open PDF reader, clicking onto email or phone launch your email application or launch Android dialer, ...)</p>\r\n\r\n<p><span style=\"color:#DAA520\"><strong>WARNING !&nbsp;</strong></span></p>\r\n\r\n<p>This application need Android 4.0+ and a hosted Dolibarr ERP &amp; CRM version 3.5 or newer accessible by internet<br />\r\n(For example, when hosted on any SaaS solution like DoliCloud -&nbsp;<a href=\"https://www.google.com/url?q=https://www.google.com/url?q%3Dhttp://www.dolicloud.com%26sa%3DD%26usg%3DAFQjCNGdd9htz4JDciiMtScpBwK83qIRkw&amp;sa=D&amp;usg=AFQjCNGMpCbxNnU5BiK59e368K5AR0l_pg\" style=\"text-decoration: none; color: rgb(51, 105, 30); cursor: pointer;\" target=\"_blank\">http://www.dolicloud.com</a>).</p>',0.000,'',0.000,'0',0.000,'0',4,0,0,NULL,10,10.00000000,0.00000000,40.00000000,0.00000000,0.00000000,0.00000000,40.00000000,0,NULL,NULL,0,NULL,0.00000000,0,4,NULL,NULL,NULL,0,'EUR',10.00000000,0.00000000,40.00000000,0.00000000,40.00000000,NULL),(129,48,NULL,5,NULL,NULL,'<strong><span style=\"font-family:roboto,uilanguagefont,arial,sans-serif; font-size:14px\">DoliDroid is the Android front-end client for Dolibarr ERP &amp; CRM web software.</span><br />\r\n<span style=\"font-family:roboto,uilanguagefont,arial,sans-serif; font-size:14px\">This application is not a standalone program. It is a front end to use a online hosted Dolibarr ERP &amp; CRM software (an Open-source web software to manage your business).</span></strong>\r\n<p><u>The advantage of DoliDroid are :</u><br />\r\n- DoliDroid is not a duplicate code of Dolibarr, but a front-end of a Dolibarr web installation, so all your online existing features are supported by this application. This is also true for external modules features.<br />\r\n- Upgrading Dolibarr will not break DoliDroid.<br />\r\n- DoliDroid use embedded image resources to reduce bandwidth usage.<br />\r\n- DoliDroid use internal cache for pages that should not change (like menu page)<br />\r\n- Connections parameters are saved. No need to enter them each time you use DoliDroid.<br />\r\n- Integration with your phone or other applications (Clicking on PDF open PDF reader, clicking onto email or phone launch your email application or launch Android dialer, ...)</p>\r\n\r\n<p><span style=\"color:#DAA520\"><strong>WARNING !&nbsp;</strong></span></p>\r\n\r\n<p>This application need Android 4.0+ and a hosted Dolibarr ERP &amp; CRM version 3.5 or newer accessible by internet<br />\r\n(For example, when hosted on any SaaS solution like DoliCloud -&nbsp;<a href=\"https://www.google.com/url?q=https://www.google.com/url?q%3Dhttp://www.dolicloud.com%26sa%3DD%26usg%3DAFQjCNGdd9htz4JDciiMtScpBwK83qIRkw&amp;sa=D&amp;usg=AFQjCNGMpCbxNnU5BiK59e368K5AR0l_pg\" style=\"text-decoration: none; color: rgb(51, 105, 30); cursor: pointer;\" target=\"_blank\">http://www.dolicloud.com</a>).</p>',0.000,'',0.000,'0',0.000,'0',4,0,0,NULL,10,10.00000000,0.00000000,40.00000000,0.00000000,0.00000000,0.00000000,40.00000000,0,NULL,NULL,0,NULL,0.00000000,0,1,NULL,NULL,NULL,0,'EUR',10.00000000,0.00000000,40.00000000,0.00000000,40.00000000,NULL),(130,48,NULL,1,NULL,NULL,'A beatifull pink dress',0.000,'',0.000,'0',0.000,'0',5,0,0,NULL,100,100.00000000,0.00000000,500.00000000,0.00000000,0.00000000,0.00000000,500.00000000,0,NULL,NULL,0,NULL,0.00000000,0,2,NULL,NULL,NULL,0,'EUR',100.00000000,0.00000000,500.00000000,0.00000000,500.00000000,NULL),(134,50,NULL,10,NULL,NULL,'A powerfull computer XP4523&nbsp;',0.000,'',0.000,'0',0.000,'0',1,0,0,NULL,100,100.00000000,0.00000000,100.00000000,0.00000000,0.00000000,0.00000000,100.00000000,0,NULL,NULL,0,NULL,0.00000000,0,1,NULL,NULL,NULL,0,'EUR',100.00000000,0.00000000,100.00000000,0.00000000,100.00000000,NULL),(135,50,NULL,12,NULL,NULL,'Cloud hosting of Dolibarr ERP and CRM software',0.000,'',0.000,'0',0.000,'0',2,0,0,NULL,9,9.00000000,0.00000000,18.00000000,0.00000000,0.00000000,0.00000000,18.00000000,1,NULL,NULL,0,NULL,0.00000000,0,2,NULL,NULL,NULL,0,'EUR',9.00000000,0.00000000,18.00000000,0.00000000,18.00000000,NULL),(145,54,NULL,1,NULL,NULL,'A beatifull pink dress',0.000,'',0.000,'0',0.000,'0',2,0,0,NULL,100,100.00000000,0.00000000,200.00000000,0.00000000,0.00000000,0.00000000,200.00000000,0,NULL,NULL,0,NULL,0.00000000,0,1,NULL,NULL,NULL,0,'EUR',100.00000000,0.00000000,200.00000000,0.00000000,200.00000000,NULL),(146,54,NULL,5,NULL,NULL,'<strong><span style=\"font-family:roboto,uilanguagefont,arial,sans-serif; font-size:14px\">DoliDroid is the Android front-end client for Dolibarr ERP &amp; CRM web software.</span><br />\r\n<span style=\"font-family:roboto,uilanguagefont,arial,sans-serif; font-size:14px\">This application is not a standalone program. It is a front end to use a online hosted Dolibarr ERP &amp; CRM software (an Open-source web software to manage your business).</span></strong>\r\n<p><u>The advantage of DoliDroid are :</u><br />\r\n- DoliDroid is not a duplicate code of Dolibarr, but a front-end of a Dolibarr web installation, so all your online existing features are supported by this application. This is also true for external modules features.<br />\r\n- Upgrading Dolibarr will not break DoliDroid.<br />\r\n- DoliDroid use embedded image resources to reduce bandwidth usage.<br />\r\n- DoliDroid use internal cache for pages that should not change (like menu page)<br />\r\n- Connections parameters are saved. No need to enter them each time you use DoliDroid.<br />\r\n- Integration with your phone or other applications (Clicking on PDF open PDF reader, clicking onto email or phone launch your email application or launch Android dialer, ...)</p>\r\n\r\n<p><span style=\"color:#DAA520\"><strong>WARNING !&nbsp;</strong></span></p>\r\n\r\n<p>This application need Android 4.0+ and a hosted Dolibarr ERP &amp; CRM version 3.5 or newer accessible by internet<br />\r\n(For example, when hosted on any SaaS solution like DoliCloud -&nbsp;<a href=\"https://www.google.com/url?q=https://www.google.com/url?q%3Dhttp://www.dolicloud.com%26sa%3DD%26usg%3DAFQjCNGdd9htz4JDciiMtScpBwK83qIRkw&amp;sa=D&amp;usg=AFQjCNGMpCbxNnU5BiK59e368K5AR0l_pg\" style=\"text-decoration: none; color: rgb(51, 105, 30); cursor: pointer;\" target=\"_blank\">http://www.dolicloud.com</a>).</p>',0.000,'',0.000,'0',0.000,'0',2,0,0,NULL,10,10.00000000,0.00000000,20.00000000,0.00000000,0.00000000,0.00000000,20.00000000,0,NULL,NULL,0,NULL,0.00000000,0,2,NULL,NULL,NULL,0,'EUR',10.00000000,0.00000000,20.00000000,0.00000000,20.00000000,NULL),(158,58,NULL,2,NULL,NULL,'',0.000,'',0.000,'0',0.000,'0',3,0,0,NULL,0,0.00000000,0.00000000,0.00000000,0.00000000,0.00000000,0.00000000,0.00000000,0,NULL,NULL,0,NULL,0.00000000,0,1,NULL,NULL,NULL,0,'EUR',0.00000000,0.00000000,0.00000000,0.00000000,0.00000000,NULL),(159,58,NULL,10,NULL,NULL,'A powerfull computer XP4523&nbsp;',0.000,'',0.000,'0',0.000,'0',4,0,0,NULL,100,100.00000000,0.00000000,400.00000000,0.00000000,0.00000000,0.00000000,400.00000000,0,NULL,NULL,0,NULL,0.00000000,0,2,NULL,NULL,NULL,0,'EUR',100.00000000,0.00000000,400.00000000,0.00000000,400.00000000,NULL),(160,58,NULL,12,NULL,NULL,'Cloud hosting of Dolibarr ERP and CRM software',0.000,'',0.000,'0',0.000,'0',4,0,0,NULL,9,9.00000000,0.00000000,36.00000000,0.00000000,0.00000000,0.00000000,36.00000000,1,NULL,NULL,0,NULL,0.00000000,0,3,NULL,NULL,NULL,0,'EUR',9.00000000,0.00000000,36.00000000,0.00000000,36.00000000,NULL),(174,62,NULL,4,NULL,NULL,'Nice Bio Apple Pie.<br />\r\n&nbsp;',0.000,'',0.000,'0',0.000,'0',2,0,0,NULL,5,5.00000000,0.00000000,10.00000000,0.00000000,0.00000000,0.00000000,10.00000000,0,NULL,NULL,0,NULL,0.00000000,0,1,NULL,NULL,NULL,0,'EUR',5.00000000,0.00000000,10.00000000,0.00000000,10.00000000,NULL),(175,62,NULL,10,NULL,NULL,'A powerfull computer XP4523&nbsp;',0.000,'',0.000,'0',0.000,'0',2,0,0,NULL,100,100.00000000,0.00000000,200.00000000,0.00000000,0.00000000,0.00000000,200.00000000,0,NULL,NULL,0,NULL,0.00000000,0,2,NULL,NULL,NULL,0,'EUR',100.00000000,0.00000000,200.00000000,0.00000000,200.00000000,NULL),(176,62,NULL,1,NULL,NULL,'A beatifull pink dress',0.000,'',0.000,'0',0.000,'0',2,0,0,NULL,100,100.00000000,0.00000000,200.00000000,0.00000000,0.00000000,0.00000000,200.00000000,0,NULL,NULL,0,NULL,0.00000000,0,3,NULL,NULL,NULL,0,'EUR',100.00000000,0.00000000,200.00000000,0.00000000,200.00000000,NULL),(198,68,NULL,12,NULL,NULL,'Cloud hosting of Dolibarr ERP and CRM software',0.000,'',0.000,'0',0.000,'0',5,0,0,NULL,9,9.00000000,0.00000000,45.00000000,0.00000000,0.00000000,0.00000000,45.00000000,1,NULL,NULL,0,NULL,0.00000000,0,1,NULL,NULL,NULL,0,'EUR',9.00000000,0.00000000,45.00000000,0.00000000,45.00000000,NULL),(199,68,NULL,2,NULL,NULL,'',0.000,'',0.000,'0',0.000,'0',5,0,0,NULL,0,0.00000000,0.00000000,0.00000000,0.00000000,0.00000000,0.00000000,0.00000000,0,NULL,NULL,0,NULL,0.00000000,0,2,NULL,NULL,NULL,0,'EUR',0.00000000,0.00000000,0.00000000,0.00000000,0.00000000,NULL),(209,72,NULL,3,NULL,NULL,'',0.000,'',0.000,'0',0.000,'0',1,0,0,NULL,0,0.00000000,0.00000000,0.00000000,0.00000000,0.00000000,0.00000000,0.00000000,1,NULL,NULL,0,NULL,0.00000000,0,1,NULL,NULL,NULL,0,'EUR',0.00000000,0.00000000,0.00000000,0.00000000,0.00000000,NULL),(210,72,NULL,1,NULL,NULL,'A beatifull pink dress',0.000,'',0.000,'0',0.000,'0',4,0,0,NULL,100,100.00000000,0.00000000,400.00000000,0.00000000,0.00000000,0.00000000,400.00000000,0,NULL,NULL,0,NULL,0.00000000,0,2,NULL,NULL,NULL,0,'EUR',100.00000000,0.00000000,400.00000000,0.00000000,400.00000000,NULL),(211,72,NULL,5,NULL,NULL,'<strong><span style=\"font-family:roboto,uilanguagefont,arial,sans-serif; font-size:14px\">DoliDroid is the Android front-end client for Dolibarr ERP &amp; CRM web software.</span><br />\r\n<span style=\"font-family:roboto,uilanguagefont,arial,sans-serif; font-size:14px\">This application is not a standalone program. It is a front end to use a online hosted Dolibarr ERP &amp; CRM software (an Open-source web software to manage your business).</span></strong>\r\n<p><u>The advantage of DoliDroid are :</u><br />\r\n- DoliDroid is not a duplicate code of Dolibarr, but a front-end of a Dolibarr web installation, so all your online existing features are supported by this application. This is also true for external modules features.<br />\r\n- Upgrading Dolibarr will not break DoliDroid.<br />\r\n- DoliDroid use embedded image resources to reduce bandwidth usage.<br />\r\n- DoliDroid use internal cache for pages that should not change (like menu page)<br />\r\n- Connections parameters are saved. No need to enter them each time you use DoliDroid.<br />\r\n- Integration with your phone or other applications (Clicking on PDF open PDF reader, clicking onto email or phone launch your email application or launch Android dialer, ...)</p>\r\n\r\n<p><span style=\"color:#DAA520\"><strong>WARNING !&nbsp;</strong></span></p>\r\n\r\n<p>This application need Android 4.0+ and a hosted Dolibarr ERP &amp; CRM version 3.5 or newer accessible by internet<br />\r\n(For example, when hosted on any SaaS solution like DoliCloud -&nbsp;<a href=\"https://www.google.com/url?q=https://www.google.com/url?q%3Dhttp://www.dolicloud.com%26sa%3DD%26usg%3DAFQjCNGdd9htz4JDciiMtScpBwK83qIRkw&amp;sa=D&amp;usg=AFQjCNGMpCbxNnU5BiK59e368K5AR0l_pg\" style=\"text-decoration: none; color: rgb(51, 105, 30); cursor: pointer;\" target=\"_blank\">http://www.dolicloud.com</a>).</p>',0.000,'',0.000,'0',0.000,'0',1,0,0,NULL,10,10.00000000,0.00000000,10.00000000,0.00000000,0.00000000,0.00000000,10.00000000,0,NULL,NULL,0,NULL,0.00000000,0,3,NULL,NULL,NULL,0,'EUR',10.00000000,0.00000000,10.00000000,0.00000000,10.00000000,NULL),(212,72,NULL,1,NULL,NULL,'A beatifull pink dress',0.000,'',0.000,'0',0.000,'0',2,0,0,NULL,100,100.00000000,0.00000000,200.00000000,0.00000000,0.00000000,0.00000000,200.00000000,0,NULL,NULL,0,NULL,0.00000000,0,4,NULL,NULL,NULL,0,'EUR',100.00000000,0.00000000,200.00000000,0.00000000,200.00000000,NULL),(213,72,NULL,3,NULL,NULL,'',0.000,'',0.000,'0',0.000,'0',2,0,0,NULL,0,0.00000000,0.00000000,0.00000000,0.00000000,0.00000000,0.00000000,0.00000000,1,NULL,NULL,0,NULL,0.00000000,0,5,NULL,NULL,NULL,0,'EUR',0.00000000,0.00000000,0.00000000,0.00000000,0.00000000,NULL),(227,75,NULL,10,NULL,NULL,'A powerfull computer XP4523&nbsp;',0.000,'',0.000,'0',0.000,'0',4,0,0,NULL,100,100.00000000,0.00000000,400.00000000,0.00000000,0.00000000,0.00000000,400.00000000,0,NULL,NULL,0,NULL,0.00000000,0,1,NULL,NULL,NULL,0,'EUR',100.00000000,0.00000000,400.00000000,0.00000000,400.00000000,NULL),(235,78,NULL,10,NULL,NULL,'A powerfull computer XP4523&nbsp;',0.000,'',0.000,'0',0.000,'0',4,0,0,NULL,100,100.00000000,0.00000000,400.00000000,0.00000000,0.00000000,0.00000000,400.00000000,0,NULL,NULL,0,NULL,0.00000000,0,1,NULL,NULL,NULL,0,'EUR',100.00000000,0.00000000,400.00000000,0.00000000,400.00000000,NULL),(236,78,NULL,12,NULL,NULL,'Cloud hosting of Dolibarr ERP and CRM software',0.000,'',0.000,'0',0.000,'0',2,0,0,NULL,9,9.00000000,0.00000000,18.00000000,0.00000000,0.00000000,0.00000000,18.00000000,1,NULL,NULL,0,NULL,0.00000000,0,2,NULL,NULL,NULL,0,'EUR',9.00000000,0.00000000,18.00000000,0.00000000,18.00000000,NULL),(237,78,NULL,4,NULL,NULL,'Nice Bio Apple Pie.<br />\r\n&nbsp;',0.000,'',0.000,'0',0.000,'0',2,0,0,NULL,5,5.00000000,0.00000000,10.00000000,0.00000000,0.00000000,0.00000000,10.00000000,0,NULL,NULL,0,NULL,0.00000000,0,3,NULL,NULL,NULL,0,'EUR',5.00000000,0.00000000,10.00000000,0.00000000,10.00000000,NULL),(238,78,NULL,10,NULL,NULL,'A powerfull computer XP4523&nbsp;',0.000,'',0.000,'0',0.000,'0',5,0,0,NULL,100,100.00000000,0.00000000,500.00000000,0.00000000,0.00000000,0.00000000,500.00000000,0,NULL,NULL,0,NULL,0.00000000,0,4,NULL,NULL,NULL,0,'EUR',100.00000000,0.00000000,500.00000000,0.00000000,500.00000000,NULL),(246,81,NULL,10,NULL,NULL,'A powerfull computer XP4523&nbsp;',0.000,'',0.000,'0',0.000,'0',4,0,0,NULL,100,100.00000000,0.00000000,400.00000000,0.00000000,0.00000000,0.00000000,400.00000000,0,NULL,NULL,0,NULL,0.00000000,0,1,NULL,NULL,NULL,0,'EUR',100.00000000,0.00000000,400.00000000,0.00000000,400.00000000,NULL),(247,81,NULL,10,NULL,NULL,'A powerfull computer XP4523&nbsp;',0.000,'',0.000,'0',0.000,'0',3,0,0,NULL,100,100.00000000,0.00000000,300.00000000,0.00000000,0.00000000,0.00000000,300.00000000,0,NULL,NULL,0,NULL,0.00000000,0,2,NULL,NULL,NULL,0,'EUR',100.00000000,0.00000000,300.00000000,0.00000000,300.00000000,NULL),(248,81,NULL,4,NULL,NULL,'Nice Bio Apple Pie.<br />\r\n&nbsp;',0.000,'',0.000,'0',0.000,'0',5,0,0,NULL,5,5.00000000,0.00000000,25.00000000,0.00000000,0.00000000,0.00000000,25.00000000,0,NULL,NULL,0,NULL,0.00000000,0,3,NULL,NULL,NULL,0,'EUR',5.00000000,0.00000000,25.00000000,0.00000000,25.00000000,NULL),(253,83,NULL,4,NULL,NULL,'Nice Bio Apple Pie.<br />\r\n&nbsp;',0.000,'',0.000,'0',0.000,'0',1,0,0,NULL,5,5.00000000,0.00000000,5.00000000,0.00000000,0.00000000,0.00000000,5.00000000,0,NULL,NULL,0,NULL,0.00000000,0,1,NULL,NULL,NULL,0,'EUR',5.00000000,0.00000000,5.00000000,0.00000000,5.00000000,NULL),(254,83,NULL,3,NULL,NULL,'',0.000,'',0.000,'0',0.000,'0',2,0,0,NULL,0,0.00000000,0.00000000,0.00000000,0.00000000,0.00000000,0.00000000,0.00000000,1,NULL,NULL,0,NULL,0.00000000,0,2,NULL,NULL,NULL,0,'EUR',0.00000000,0.00000000,0.00000000,0.00000000,0.00000000,NULL),(255,83,NULL,5,NULL,NULL,'<strong><span style=\"font-family:roboto,uilanguagefont,arial,sans-serif; font-size:14px\">DoliDroid is the Android front-end client for Dolibarr ERP &amp; CRM web software.</span><br />\r\n<span style=\"font-family:roboto,uilanguagefont,arial,sans-serif; font-size:14px\">This application is not a standalone program. It is a front end to use a online hosted Dolibarr ERP &amp; CRM software (an Open-source web software to manage your business).</span></strong>\r\n<p><u>The advantage of DoliDroid are :</u><br />\r\n- DoliDroid is not a duplicate code of Dolibarr, but a front-end of a Dolibarr web installation, so all your online existing features are supported by this application. This is also true for external modules features.<br />\r\n- Upgrading Dolibarr will not break DoliDroid.<br />\r\n- DoliDroid use embedded image resources to reduce bandwidth usage.<br />\r\n- DoliDroid use internal cache for pages that should not change (like menu page)<br />\r\n- Connections parameters are saved. No need to enter them each time you use DoliDroid.<br />\r\n- Integration with your phone or other applications (Clicking on PDF open PDF reader, clicking onto email or phone launch your email application or launch Android dialer, ...)</p>\r\n\r\n<p><span style=\"color:#DAA520\"><strong>WARNING !&nbsp;</strong></span></p>\r\n\r\n<p>This application need Android 4.0+ and a hosted Dolibarr ERP &amp; CRM version 3.5 or newer accessible by internet<br />\r\n(For example, when hosted on any SaaS solution like DoliCloud -&nbsp;<a href=\"https://www.google.com/url?q=https://www.google.com/url?q%3Dhttp://www.dolicloud.com%26sa%3DD%26usg%3DAFQjCNGdd9htz4JDciiMtScpBwK83qIRkw&amp;sa=D&amp;usg=AFQjCNGMpCbxNnU5BiK59e368K5AR0l_pg\" style=\"text-decoration: none; color: rgb(51, 105, 30); cursor: pointer;\" target=\"_blank\">http://www.dolicloud.com</a>).</p>',0.000,'',0.000,'0',0.000,'0',5,0,0,NULL,10,10.00000000,0.00000000,50.00000000,0.00000000,0.00000000,0.00000000,50.00000000,0,NULL,NULL,0,NULL,0.00000000,0,3,NULL,NULL,NULL,0,'EUR',10.00000000,0.00000000,50.00000000,0.00000000,50.00000000,NULL),(256,83,NULL,5,NULL,NULL,'<strong><span style=\"font-family:roboto,uilanguagefont,arial,sans-serif; font-size:14px\">DoliDroid is the Android front-end client for Dolibarr ERP &amp; CRM web software.</span><br />\r\n<span style=\"font-family:roboto,uilanguagefont,arial,sans-serif; font-size:14px\">This application is not a standalone program. It is a front end to use a online hosted Dolibarr ERP &amp; CRM software (an Open-source web software to manage your business).</span></strong>\r\n<p><u>The advantage of DoliDroid are :</u><br />\r\n- DoliDroid is not a duplicate code of Dolibarr, but a front-end of a Dolibarr web installation, so all your online existing features are supported by this application. This is also true for external modules features.<br />\r\n- Upgrading Dolibarr will not break DoliDroid.<br />\r\n- DoliDroid use embedded image resources to reduce bandwidth usage.<br />\r\n- DoliDroid use internal cache for pages that should not change (like menu page)<br />\r\n- Connections parameters are saved. No need to enter them each time you use DoliDroid.<br />\r\n- Integration with your phone or other applications (Clicking on PDF open PDF reader, clicking onto email or phone launch your email application or launch Android dialer, ...)</p>\r\n\r\n<p><span style=\"color:#DAA520\"><strong>WARNING !&nbsp;</strong></span></p>\r\n\r\n<p>This application need Android 4.0+ and a hosted Dolibarr ERP &amp; CRM version 3.5 or newer accessible by internet<br />\r\n(For example, when hosted on any SaaS solution like DoliCloud -&nbsp;<a href=\"https://www.google.com/url?q=https://www.google.com/url?q%3Dhttp://www.dolicloud.com%26sa%3DD%26usg%3DAFQjCNGdd9htz4JDciiMtScpBwK83qIRkw&amp;sa=D&amp;usg=AFQjCNGMpCbxNnU5BiK59e368K5AR0l_pg\" style=\"text-decoration: none; color: rgb(51, 105, 30); cursor: pointer;\" target=\"_blank\">http://www.dolicloud.com</a>).</p>',0.000,'',0.000,'0',0.000,'0',5,0,0,NULL,10,10.00000000,0.00000000,50.00000000,0.00000000,0.00000000,0.00000000,50.00000000,0,NULL,NULL,0,NULL,0.00000000,0,4,NULL,NULL,NULL,0,'EUR',10.00000000,0.00000000,50.00000000,0.00000000,50.00000000,NULL),(257,84,NULL,10,NULL,NULL,'A powerfull computer XP4523&nbsp;',0.000,'',0.000,'0',0.000,'0',5,0,0,NULL,100,100.00000000,0.00000000,500.00000000,0.00000000,0.00000000,0.00000000,500.00000000,0,NULL,NULL,0,NULL,0.00000000,0,1,NULL,NULL,NULL,0,'EUR',100.00000000,0.00000000,500.00000000,0.00000000,500.00000000,NULL),(258,84,NULL,4,NULL,NULL,'Nice Bio Apple Pie.<br />\r\n&nbsp;',0.000,'',0.000,'0',0.000,'0',2,0,0,NULL,5,5.00000000,0.00000000,10.00000000,0.00000000,0.00000000,0.00000000,10.00000000,0,NULL,NULL,0,NULL,0.00000000,0,2,NULL,NULL,NULL,0,'EUR',5.00000000,0.00000000,10.00000000,0.00000000,10.00000000,NULL),(259,84,NULL,3,NULL,NULL,'',0.000,'',0.000,'0',0.000,'0',1,0,0,NULL,0,0.00000000,0.00000000,0.00000000,0.00000000,0.00000000,0.00000000,0.00000000,1,NULL,NULL,0,NULL,0.00000000,0,3,NULL,NULL,NULL,0,'EUR',0.00000000,0.00000000,0.00000000,0.00000000,0.00000000,NULL),(260,85,NULL,12,NULL,NULL,'Cloud hosting of Dolibarr ERP and CRM software',0.000,'',0.000,'0',0.000,'0',3,0,0,NULL,9,9.00000000,0.00000000,27.00000000,0.00000000,0.00000000,0.00000000,27.00000000,1,NULL,NULL,0,NULL,0.00000000,0,1,NULL,NULL,NULL,0,'EUR',9.00000000,0.00000000,27.00000000,0.00000000,27.00000000,NULL),(261,85,NULL,3,NULL,NULL,'',0.000,'',0.000,'0',0.000,'0',4,0,0,NULL,0,0.00000000,0.00000000,0.00000000,0.00000000,0.00000000,0.00000000,0.00000000,1,NULL,NULL,0,NULL,0.00000000,0,2,NULL,NULL,NULL,0,'EUR',0.00000000,0.00000000,0.00000000,0.00000000,0.00000000,NULL),(262,85,NULL,5,NULL,NULL,'<strong><span style=\"font-family:roboto,uilanguagefont,arial,sans-serif; font-size:14px\">DoliDroid is the Android front-end client for Dolibarr ERP &amp; CRM web software.</span><br />\r\n<span style=\"font-family:roboto,uilanguagefont,arial,sans-serif; font-size:14px\">This application is not a standalone program. It is a front end to use a online hosted Dolibarr ERP &amp; CRM software (an Open-source web software to manage your business).</span></strong>\r\n<p><u>The advantage of DoliDroid are :</u><br />\r\n- DoliDroid is not a duplicate code of Dolibarr, but a front-end of a Dolibarr web installation, so all your online existing features are supported by this application. This is also true for external modules features.<br />\r\n- Upgrading Dolibarr will not break DoliDroid.<br />\r\n- DoliDroid use embedded image resources to reduce bandwidth usage.<br />\r\n- DoliDroid use internal cache for pages that should not change (like menu page)<br />\r\n- Connections parameters are saved. No need to enter them each time you use DoliDroid.<br />\r\n- Integration with your phone or other applications (Clicking on PDF open PDF reader, clicking onto email or phone launch your email application or launch Android dialer, ...)</p>\r\n\r\n<p><span style=\"color:#DAA520\"><strong>WARNING !&nbsp;</strong></span></p>\r\n\r\n<p>This application need Android 4.0+ and a hosted Dolibarr ERP &amp; CRM version 3.5 or newer accessible by internet<br />\r\n(For example, when hosted on any SaaS solution like DoliCloud -&nbsp;<a href=\"https://www.google.com/url?q=https://www.google.com/url?q%3Dhttp://www.dolicloud.com%26sa%3DD%26usg%3DAFQjCNGdd9htz4JDciiMtScpBwK83qIRkw&amp;sa=D&amp;usg=AFQjCNGMpCbxNnU5BiK59e368K5AR0l_pg\" style=\"text-decoration: none; color: rgb(51, 105, 30); cursor: pointer;\" target=\"_blank\">http://www.dolicloud.com</a>).</p>',0.000,'',0.000,'0',0.000,'0',2,0,0,NULL,10,10.00000000,0.00000000,20.00000000,0.00000000,0.00000000,0.00000000,20.00000000,0,NULL,NULL,0,NULL,0.00000000,0,3,NULL,NULL,NULL,0,'EUR',10.00000000,0.00000000,20.00000000,0.00000000,20.00000000,NULL),(276,75,NULL,1,NULL,NULL,'A beatifull pink dress',0.000,'',0.000,'0',0.000,'0',1,0,0,NULL,100,100.00000000,0.00000000,100.00000000,0.00000000,0.00000000,0.00000000,100.00000000,0,NULL,NULL,0,NULL,90.00000000,0,3,NULL,NULL,NULL,0,'EUR',100.00000000,0.00000000,100.00000000,0.00000000,100.00000000,NULL),(278,75,NULL,13,NULL,NULL,'A powerfull computer XP4523&nbsp;<br />\r\n(Code douane: USXP765 - Pays d&#39;origine: Etats-Unis)',5.000,'',9.975,'1',0.000,'0',5,0,0,NULL,100,100.00000000,0.00000000,500.00000000,25.00000000,49.88000000,0.00000000,574.88000000,0,NULL,NULL,0,NULL,0.00000000,0,2,NULL,NULL,NULL,0,'EUR',100.00000000,0.00000000,500.00000000,25.00000000,574.88000000,NULL),(279,75,NULL,13,NULL,NULL,'A powerfull computer XP4523&nbsp;<br>\n(Code douane: USXP765 - Pays d\'origine: Etats-Unis)',0.000,'',0.000,'0',0.000,'0',2,0,0,NULL,100,100.00000000,0.00000000,200.00000000,0.00000000,0.00000000,0.00000000,200.00000000,0,NULL,NULL,0,NULL,0.00000000,0,4,NULL,NULL,NULL,0,'EUR',100.00000000,0.00000000,200.00000000,0.00000000,200.00000000,NULL),(280,90,NULL,4,NULL,NULL,'Nice Bio Apple Pie.<br />\r\n&nbsp;',0.000,'',0.000,'0',0.000,'0',2,0,0,NULL,5,5.00000000,0.00000000,10.00000000,0.00000000,0.00000000,0.00000000,10.00000000,0,NULL,NULL,0,NULL,0.00000000,0,1,NULL,NULL,NULL,0,'EUR',5.00000000,0.00000000,10.00000000,0.00000000,10.00000000,NULL),(281,90,NULL,5,NULL,NULL,'<strong><span style=\"font-family:roboto,uilanguagefont,arial,sans-serif; font-size:14px\">DoliDroid is the Android front-end client for Dolibarr ERP &amp; CRM web software.</span><br />\r\n<span style=\"font-family:roboto,uilanguagefont,arial,sans-serif; font-size:14px\">This application is not a standalone program. It is a front end to use a online hosted Dolibarr ERP &amp; CRM software (an Open-source web software to manage your business).</span></strong>\r\n<p><u>The advantage of DoliDroid are :</u><br />\r\n- DoliDroid is not a duplicate code of Dolibarr, but a front-end of a Dolibarr web installation, so all your online existing features are supported by this application. This is also true for external modules features.<br />\r\n- Upgrading Dolibarr will not break DoliDroid.<br />\r\n- DoliDroid use embedded image resources to reduce bandwidth usage.<br />\r\n- DoliDroid use internal cache for pages that should not change (like menu page)<br />\r\n- Connections parameters are saved. No need to enter them each time you use DoliDroid.<br />\r\n- Integration with your phone or other applications (Clicking on PDF open PDF reader, clicking onto email or phone launch your email application or launch Android dialer, ...)</p>\r\n\r\n<p><span style=\"color:#DAA520\"><strong>WARNING !&nbsp;</strong></span></p>\r\n\r\n<p>This application need Android 4.0+ and a hosted Dolibarr ERP &amp; CRM version 3.5 or newer accessible by internet<br />\r\n(For example, when hosted on any SaaS solution like DoliCloud -&nbsp;<a href=\"https://www.google.com/url?q=https://www.google.com/url?q%3Dhttp://www.dolicloud.com%26sa%3DD%26usg%3DAFQjCNGdd9htz4JDciiMtScpBwK83qIRkw&amp;sa=D&amp;usg=AFQjCNGMpCbxNnU5BiK59e368K5AR0l_pg\" style=\"text-decoration: none; color: rgb(51, 105, 30); cursor: pointer;\" target=\"_blank\">http://www.dolicloud.com</a>).</p>',0.000,'',0.000,'0',0.000,'0',3,0,0,NULL,10,10.00000000,0.00000000,30.00000000,0.00000000,0.00000000,0.00000000,30.00000000,0,NULL,NULL,0,NULL,0.00000000,0,2,NULL,NULL,NULL,0,'EUR',10.00000000,0.00000000,30.00000000,0.00000000,30.00000000,NULL),(282,90,NULL,2,NULL,NULL,'',0.000,'',0.000,'0',0.000,'0',5,0,0,NULL,NULL,0.00000000,0.00000000,0.00000000,0.00000000,0.00000000,0.00000000,0.00000000,0,NULL,NULL,0,NULL,0.00000000,0,3,NULL,NULL,NULL,0,'EUR',0.00000000,0.00000000,0.00000000,0.00000000,0.00000000,NULL),(283,90,NULL,1,NULL,NULL,'A beatifull pink dress',0.000,'',0.000,'0',0.000,'0',4,0,0,NULL,100,100.00000000,0.00000000,400.00000000,0.00000000,0.00000000,0.00000000,400.00000000,0,NULL,NULL,0,NULL,0.00000000,0,4,NULL,NULL,NULL,0,'EUR',100.00000000,0.00000000,400.00000000,0.00000000,400.00000000,NULL),(284,91,NULL,1,NULL,NULL,'A beatifull pink dress',0.000,'',0.000,'0',0.000,'0',3,0,0,NULL,100,100.00000000,0.00000000,300.00000000,0.00000000,0.00000000,0.00000000,300.00000000,0,NULL,NULL,0,NULL,0.00000000,0,1,NULL,NULL,NULL,0,'EUR',100.00000000,0.00000000,300.00000000,0.00000000,300.00000000,NULL),(285,91,NULL,1,NULL,NULL,'A beatifull pink dress',0.000,'',0.000,'0',0.000,'0',5,0,0,NULL,100,100.00000000,0.00000000,500.00000000,0.00000000,0.00000000,0.00000000,500.00000000,0,NULL,NULL,0,NULL,0.00000000,0,2,NULL,NULL,NULL,0,'EUR',100.00000000,0.00000000,500.00000000,0.00000000,500.00000000,NULL),(286,91,NULL,13,NULL,NULL,'A powerfull computer XP4523&nbsp;',0.000,'',0.000,'0',0.000,'0',2,0,0,NULL,100,100.00000000,0.00000000,200.00000000,0.00000000,0.00000000,0.00000000,200.00000000,0,NULL,NULL,0,NULL,0.00000000,0,3,NULL,NULL,NULL,0,'EUR',100.00000000,0.00000000,200.00000000,0.00000000,200.00000000,NULL),(287,92,NULL,10,NULL,NULL,'A powerfull computer XP4523&nbsp;',0.000,'',0.000,'0',0.000,'0',4,0,0,NULL,100,100.00000000,0.00000000,400.00000000,0.00000000,0.00000000,0.00000000,400.00000000,0,NULL,NULL,0,NULL,0.00000000,0,1,NULL,NULL,NULL,0,'EUR',100.00000000,0.00000000,400.00000000,0.00000000,400.00000000,NULL),(288,92,NULL,13,NULL,NULL,'A powerfull computer XP4523&nbsp;',0.000,'',0.000,'0',0.000,'0',3,0,0,NULL,100,100.00000000,0.00000000,300.00000000,0.00000000,0.00000000,0.00000000,300.00000000,0,NULL,NULL,0,NULL,0.00000000,0,2,NULL,NULL,NULL,0,'EUR',100.00000000,0.00000000,300.00000000,0.00000000,300.00000000,NULL),(289,92,NULL,10,NULL,NULL,'A powerfull computer XP4523&nbsp;',0.000,'',0.000,'0',0.000,'0',2,0,0,NULL,100,100.00000000,0.00000000,200.00000000,0.00000000,0.00000000,0.00000000,200.00000000,0,NULL,NULL,0,NULL,0.00000000,0,3,NULL,NULL,NULL,0,'EUR',100.00000000,0.00000000,200.00000000,0.00000000,200.00000000,NULL),(290,92,NULL,13,NULL,NULL,'A powerfull computer XP4523&nbsp;',0.000,'',0.000,'0',0.000,'0',1,0,0,NULL,100,100.00000000,0.00000000,100.00000000,0.00000000,0.00000000,0.00000000,100.00000000,0,NULL,NULL,0,NULL,0.00000000,0,4,NULL,NULL,NULL,0,'EUR',100.00000000,0.00000000,100.00000000,0.00000000,100.00000000,NULL),(291,92,NULL,12,NULL,NULL,'Cloud hosting of Dolibarr ERP and CRM software',0.000,'',0.000,'0',0.000,'0',2,0,0,NULL,9,9.00000000,0.00000000,18.00000000,0.00000000,0.00000000,0.00000000,18.00000000,0,NULL,NULL,0,NULL,0.00000000,0,5,NULL,NULL,NULL,0,'EUR',9.00000000,0.00000000,18.00000000,0.00000000,18.00000000,NULL),(292,6,NULL,11,NULL,NULL,'A nice rollup',0.000,'',0.000,'0',0.000,'0',1,0,0,NULL,0,0.00000000,0.00000000,0.00000000,0.00000000,0.00000000,0.00000000,0.00000000,0,NULL,NULL,0,NULL,0.00000000,0,1,NULL,NULL,NULL,NULL,'',0.00000000,0.00000000,0.00000000,0.00000000,0.00000000,NULL),(295,93,NULL,11,NULL,NULL,'A nice rollup',0.000,'',0.000,'0',0.000,'0',1,0,0,NULL,0,0.00000000,0.00000000,0.00000000,0.00000000,0.00000000,0.00000000,0.00000000,0,NULL,NULL,0,NULL,0.00000000,0,2,NULL,NULL,NULL,1,'EUR',0.00000000,0.00000000,0.00000000,0.00000000,0.00000000,NULL),(296,94,NULL,1,NULL,NULL,'A beatifull pink dress',0.000,'',0.000,'0',0.000,'0',3,0,0,NULL,100,100.00000000,0.00000000,300.00000000,0.00000000,0.00000000,0.00000000,300.00000000,0,NULL,NULL,0,NULL,0.00000000,0,1,NULL,NULL,NULL,NULL,'EUR',100.00000000,0.00000000,300.00000000,0.00000000,300.00000000,NULL),(297,94,NULL,1,NULL,NULL,'A beatifull pink dress',0.000,'',0.000,'0',0.000,'0',5,0,0,NULL,100,100.00000000,0.00000000,500.00000000,0.00000000,0.00000000,0.00000000,500.00000000,0,NULL,NULL,0,NULL,0.00000000,0,2,NULL,NULL,NULL,NULL,'EUR',100.00000000,0.00000000,500.00000000,0.00000000,500.00000000,NULL),(298,94,NULL,13,NULL,NULL,'A powerfull computer XP4523&nbsp;',0.000,'',0.000,'0',0.000,'0',2,0,0,NULL,100,100.00000000,0.00000000,200.00000000,0.00000000,0.00000000,0.00000000,200.00000000,0,NULL,NULL,0,NULL,0.00000000,0,3,NULL,NULL,NULL,NULL,'EUR',100.00000000,0.00000000,200.00000000,0.00000000,200.00000000,NULL),(299,95,NULL,1,NULL,NULL,'A beatifull pink dress',0.000,'',0.000,'0',0.000,'0',3,0,0,NULL,100,100.00000000,0.00000000,300.00000000,0.00000000,0.00000000,0.00000000,300.00000000,0,NULL,NULL,0,NULL,0.00000000,0,1,NULL,NULL,NULL,NULL,'EUR',100.00000000,0.00000000,300.00000000,0.00000000,300.00000000,NULL),(300,95,NULL,1,NULL,NULL,'A beatifull pink dress',0.000,'',0.000,'0',0.000,'0',5,0,0,NULL,100,100.00000000,0.00000000,500.00000000,0.00000000,0.00000000,0.00000000,500.00000000,0,NULL,NULL,0,NULL,0.00000000,0,2,NULL,NULL,NULL,NULL,'EUR',100.00000000,0.00000000,500.00000000,0.00000000,500.00000000,NULL),(301,95,NULL,13,NULL,NULL,'A powerfull computer XP4523&nbsp;',0.000,'',0.000,'0',0.000,'0',2,0,0,NULL,100,100.00000000,0.00000000,200.00000000,0.00000000,0.00000000,0.00000000,200.00000000,0,NULL,NULL,0,NULL,0.00000000,0,3,NULL,NULL,NULL,NULL,'EUR',100.00000000,0.00000000,200.00000000,0.00000000,200.00000000,NULL),(302,96,NULL,NULL,NULL,NULL,'fd',0.000,'',0.000,'0',0.000,'0',1,0,0,NULL,10,10.00000000,0.00000000,10.00000000,0.00000000,0.00000000,0.00000000,10.00000000,0,NULL,NULL,0,NULL,0.00000000,0,1,NULL,NULL,NULL,NULL,'EUR',10.00000000,0.00000000,10.00000000,0.00000000,10.00000000,NULL),(303,97,NULL,NULL,NULL,NULL,'fd',0.000,'',0.000,'0',0.000,'0',1,0,0,NULL,10,10.00000000,0.00000000,10.00000000,0.00000000,0.00000000,0.00000000,10.00000000,0,NULL,NULL,0,NULL,0.00000000,0,1,NULL,NULL,NULL,NULL,'EUR',10.00000000,0.00000000,10.00000000,0.00000000,10.00000000,NULL),(304,98,NULL,4,NULL,NULL,'Nice Bio Apple Pie.<br />\r\n&nbsp;',0.000,'CGST+SGST',9.000,'1',9.000,'1',1,0,0,NULL,5,5.00000000,0.00000000,5.00000000,0.00000000,0.45000000,0.45000000,5.90000000,0,NULL,NULL,0,NULL,10.00000000,0,1,NULL,NULL,NULL,NULL,'EUR',5.00000000,0.00000000,5.00000000,0.00000000,5.90000000,NULL),(305,98,NULL,NULL,NULL,NULL,'aaa',0.000,'',0.000,'0',0.000,'0',1,0,0,NULL,-2,-2.00000000,0.00000000,-2.00000000,0.00000000,0.00000000,0.00000000,-2.00000000,0,NULL,NULL,0,NULL,0.00000000,0,2,NULL,NULL,NULL,NULL,'EUR',-2.00000000,0.00000000,-2.00000000,0.00000000,-2.00000000,NULL),(306,99,NULL,4,NULL,NULL,'Nice Bio Apple Pie.<br />\r\n&nbsp;',4.000,'',0.000,'0',0.000,'0',1,0,0,NULL,6,6.00000000,0.00000000,6.00000000,0.24000000,0.00000000,0.00000000,6.24000000,0,NULL,NULL,0,NULL,10.00000000,0,1,NULL,NULL,NULL,NULL,'EUR',6.00000000,0.00000000,6.00000000,0.24000000,6.24000000,NULL),(307,99,NULL,NULL,NULL,NULL,'aaa',0.000,'',0.000,'0',0.000,'0',1,0,0,NULL,-2,-2.00000000,0.00000000,-2.00000000,0.00000000,0.00000000,0.00000000,-2.00000000,0,NULL,NULL,0,NULL,0.00000000,0,2,NULL,NULL,NULL,NULL,'EUR',-2.00000000,0.00000000,-2.00000000,0.00000000,-2.00000000,NULL),(308,100,NULL,NULL,NULL,'','sss',18.000,'IGST',0.000,'0',0.000,'0',1,0,0,NULL,10,10.00000000,0.00000000,10.00000000,1.80000000,0.00000000,0.00000000,11.80000000,1,NULL,NULL,0,NULL,0.00000000,0,1,NULL,NULL,NULL,1,'EUR',10.00000000,0.00000000,10.00000000,1.80000000,11.80000000,NULL),(309,100,NULL,NULL,NULL,'','sss',0.000,'CGST+SGST',9.000,'1',9.000,'1',1,0,0,NULL,10,10.00000000,0.00000000,10.00000000,0.00000000,0.90000000,0.90000000,11.80000000,1,NULL,NULL,0,NULL,0.00000000,0,2,NULL,NULL,NULL,1,'EUR',10.00000000,0.00000000,10.00000000,0.00000000,11.80000000,NULL),(311,88,NULL,10,NULL,'','A powerfull computer XP4523&nbsp;<br>\n(Customs|Commodity|HS|TARIC code: USXP765 - Country of origin: United States)',0.000,'',0.000,'0',0.000,'0',1,0,0,NULL,100,100.00000000,0.00000000,100.00000000,0.00000000,0.00000000,0.00000000,100.00000000,0,NULL,NULL,0,NULL,0.00000000,0,1,NULL,NULL,NULL,NULL,'EUR',100.00000000,0.00000000,100.00000000,0.00000000,100.00000000,NULL),(312,88,NULL,3,NULL,'','EcoTaxDeee',0.000,'',0.000,'0',0.000,'0',1,0,0,NULL,0.5,0.50000000,0.00000000,0.50000000,0.00000000,0.00000000,0.00000000,0.50000000,1,NULL,NULL,0,NULL,0.50000000,2,2,NULL,NULL,NULL,NULL,'EUR',0.50000000,0.00000000,0.50000000,0.00000000,0.50000000,NULL),(343,85,NULL,1,NULL,'','A beatifull pink dress',0.000,'',0.000,'0',0.000,'0',1,0,0,NULL,9,9.00000000,0.00000000,9.00000000,0.00000000,0.00000000,0.00000000,9.00000000,0,NULL,NULL,0,NULL,90.00000000,0,4,NULL,NULL,NULL,NULL,'EUR',9.00000000,0.00000000,9.00000000,0.00000000,9.00000000,NULL);

--
