-- Table structure for table `llx_blockedlog_authority`
--

CREATE TABLE `llx_blockedlog_authority` (
  `rowid` int(11) NOT NULL AUTO_INCREMENT,
  `blockchain` longtext NOT NULL,
  `signature` varchar(100) NOT NULL,
  `tms` timestamp NOT NULL DEFAULT current_timestamp() ON UPDATE current_timestamp(),
  PRIMARY KEY (`rowid`),
  KEY `signature` (`signature`)
) ENGINE=InnoDB DEFAULT CHARSET=utf8mb4 COLLATE=utf8mb4_unicode_ci;

--
-- Dumping data for table `llx_blockedlog_authority`
--


--
-- Table structure for table `llx_bom_bom`
--

CREATE TABLE `llx_bom_bom` (
  `rowid` int(11) NOT NULL AUTO_INCREMENT,
  `entity` int(11) NOT NULL DEFAULT 1,
  `ref` varchar(128) NOT NULL,
  `label` varchar(255) DEFAULT NULL,
  `description` text DEFAULT NULL,
  `note_public` text DEFAULT NULL,
  `note_private` text DEFAULT NULL,
  `fk_product` int(11) DEFAULT NULL,
  `qty` double(24,8) DEFAULT NULL,
  `efficiency` double(8,4) DEFAULT 1.0000,
  `date_creation` datetime NOT NULL,
  `tms` timestamp NOT NULL DEFAULT current_timestamp() ON UPDATE current_timestamp(),
  `date_valid` datetime DEFAULT NULL,
  `fk_user_creat` int(11) NOT NULL,
  `fk_user_modif` int(11) DEFAULT NULL,
  `fk_user_valid` int(11) DEFAULT NULL,
  `import_key` varchar(14) DEFAULT NULL,
  `status` int(11) NOT NULL,
  `duration` double(24,8) DEFAULT NULL,
  `fk_warehouse` int(11) DEFAULT NULL,
  `model_pdf` varchar(255) DEFAULT NULL,
  `last_main_doc` varchar(255) DEFAULT NULL,
  `bomtype` int(11) DEFAULT 0,
  PRIMARY KEY (`rowid`),
  UNIQUE KEY `uk_bom_bom_ref` (`ref`,`entity`),
  KEY `idx_bom_bom_rowid` (`rowid`),
  KEY `idx_bom_bom_ref` (`ref`),
  KEY `llx_bom_bom_fk_user_creat` (`fk_user_creat`),
  KEY `idx_bom_bom_status` (`status`),
  KEY `idx_bom_bom_fk_product` (`fk_product`),
  CONSTRAINT `llx_bom_bom_fk_user_creat` FOREIGN KEY (`fk_user_creat`) REFERENCES `llx_user` (`rowid`)
) ENGINE=InnoDB AUTO_INCREMENT=10 DEFAULT CHARSET=utf8mb3 COLLATE=utf8mb3_unicode_ci;

--
-- Dumping data for table `llx_bom_bom`
--

INSERT INTO `llx_bom_bom` (`rowid`, `entity`, `ref`, `label`, `description`, `note_public`, `note_private`, `fk_product`, `qty`, `efficiency`, `date_creation`, `tms`, `date_valid`, `fk_user_creat`, `fk_user_modif`, `fk_user_valid`, `import_key`, `status`, `duration`, `fk_warehouse`, `model_pdf`, `last_main_doc`, `bomtype`) VALUES (6,1,'BOM1911-0001','BOM For the Home Apple Pie',NULL,NULL,NULL,4,1.00000000,1.0000,'2019-11-28 18:17:12','2020-01-08 15:41:49','2020-01-08 19:41:49',12,12,12,NULL,1,NULL,NULL,'generic_bom_odt:/home/ldestailleur/git/dolibarr_11.0/documents/doctemplates/boms/template_bom.odt',NULL,0),(7,1,'BOM2202-0002','Recycling ABC',NULL,NULL,NULL,11,2.00000000,1.0000,'2022-02-07 13:53:32','2023-02-27 18:29:28','2022-02-07 13:54:11',12,12,12,NULL,0,NULL,NULL,NULL,NULL,1),(8,1,'BOM2301-0003','111',NULL,NULL,NULL,1,1.00000000,1.0000,'2023-01-31 15:26:51','2024-12-13 16:37:02','2024-12-13 16:37:02',12,NULL,12,NULL,1,NULL,NULL,NULL,NULL,0);

--
-- Table structure for table `llx_bom_bom_extrafields`
--

CREATE TABLE `llx_bom_bom_extrafields` (
  `rowid` int(11) NOT NULL AUTO_INCREMENT,
  `tms` timestamp NOT NULL DEFAULT current_timestamp() ON UPDATE current_timestamp(),
  `fk_object` int(11) NOT NULL,
  `import_key` varchar(14) DEFAULT NULL,
  PRIMARY KEY (`rowid`),
  UNIQUE KEY `uk_bom_bom_extrafields_fk_object` (`fk_object`)
) ENGINE=InnoDB DEFAULT CHARSET=utf8mb3 COLLATE=utf8mb3_unicode_ci;

--
-- Dumping data for table `llx_bom_bom_extrafields`
--


--
-- Table structure for table `llx_bom_bomline`
--

CREATE TABLE `llx_bom_bomline` (
  `rowid` int(11) NOT NULL AUTO_INCREMENT,
  `fk_bom` int(11) NOT NULL,
  `fk_product` int(11) NOT NULL,
  `fk_bom_child` int(11) DEFAULT NULL,
  `description` text DEFAULT NULL,
  `import_key` varchar(14) DEFAULT NULL,
  `qty` double(24,8) NOT NULL,
  `efficiency` double(8,4) NOT NULL DEFAULT 1.0000,
  `position` int(11) NOT NULL,
  `qty_frozen` smallint(6) DEFAULT 0,
  `disable_stock_change` smallint(6) DEFAULT 0,
  `fk_unit` int(11) DEFAULT NULL,
  `fk_default_workstation` int(11) DEFAULT NULL,
  `tms` timestamp NOT NULL DEFAULT current_timestamp() ON UPDATE current_timestamp(),
  PRIMARY KEY (`rowid`),
  KEY `idx_bom_bomline_rowid` (`rowid`),
  KEY `idx_bom_bomline_fk_product` (`fk_product`),
  KEY `idx_bom_bomline_fk_bom` (`fk_bom`),
  CONSTRAINT `llx_bom_bomline_fk_bom` FOREIGN KEY (`fk_bom`) REFERENCES `llx_bom_bom` (`rowid`)
) ENGINE=InnoDB AUTO_INCREMENT=15 DEFAULT CHARSET=utf8mb3 COLLATE=utf8mb3_unicode_ci;

--
-- Dumping data for table `llx_bom_bomline`
--

INSERT INTO `llx_bom_bomline` (`rowid`, `fk_bom`, `fk_product`, `fk_bom_child`, `description`, `import_key`, `qty`, `efficiency`, `position`, `qty_frozen`, `disable_stock_change`, `fk_unit`, `fk_default_workstation`, `tms`) VALUES (4,6,25,NULL,NULL,NULL,4.00000000,1.0000,1,0,0,NULL,NULL,'2026-06-02 06:55:49'),(5,6,3,NULL,NULL,NULL,1.00000000,1.0000,3,0,1,1,NULL,'2026-06-02 06:55:49'),(6,6,2,NULL,NULL,NULL,1.00000000,1.0000,2,1,0,NULL,NULL,'2026-06-02 06:55:49'),(9,6,1,NULL,NULL,NULL,3.00000000,1.0000,0,0,0,NULL,NULL,'2026-06-02 06:55:49'),(10,7,30,NULL,NULL,NULL,1.00000000,1.0000,2,0,0,NULL,NULL,'2026-06-02 06:55:49'),(11,7,29,NULL,NULL,NULL,1.00000000,1.0000,1,0,0,NULL,NULL,'2026-06-02 06:55:49'),(12,8,12,NULL,NULL,NULL,1.00000000,1.0000,1,0,0,4,NULL,'2026-06-02 06:55:49'),(13,8,5,NULL,NULL,NULL,1.00000000,1.0000,2,0,0,NULL,NULL,'2026-06-02 06:55:49'),(14,8,3,NULL,NULL,NULL,1.00000000,1.0000,3,0,0,47,2,'2026-06-02 06:55:49');

--
-- Table structure for table `llx_bom_bomline_extrafields`
--

CREATE TABLE `llx_bom_bomline_extrafields` (
  `rowid` int(11) NOT NULL AUTO_INCREMENT,
  `tms` timestamp NOT NULL DEFAULT current_timestamp() ON UPDATE current_timestamp(),
  `fk_object` int(11) NOT NULL,
  `import_key` varchar(14) DEFAULT NULL,
  PRIMARY KEY (`rowid`)
) ENGINE=InnoDB DEFAULT CHARSET=utf8mb3 COLLATE=utf8mb3_unicode_ci;

--
-- Dumping data for table `llx_bom_bomline_extrafields`
--


--
-- Table structure for table `llx_bookcal_availabilities`
--

CREATE TABLE `llx_bookcal_availabilities` (
  `rowid` int(11) NOT NULL AUTO_INCREMENT,
  `label` varchar(255) DEFAULT NULL,
  `description` text DEFAULT NULL,
  `note_public` text DEFAULT NULL,
  `note_private` text DEFAULT NULL,
  `date_creation` datetime NOT NULL,
  `tms` timestamp NULL DEFAULT current_timestamp() ON UPDATE current_timestamp(),
  `fk_user_creat` int(11) NOT NULL,
  `fk_user_modif` int(11) DEFAULT NULL,
  `last_main_doc` varchar(255) DEFAULT NULL,
  `import_key` varchar(14) DEFAULT NULL,
  `model_pdf` varchar(255) DEFAULT NULL,
  `status` int(11) NOT NULL,
  `start` date NOT NULL,
  `end` date NOT NULL,
  `duration` int(11) NOT NULL DEFAULT 30,
  `startHour` int(11) NOT NULL,
  `endHour` int(11) NOT NULL,
  `fk_bookcal_calendar` int(11) NOT NULL,
  PRIMARY KEY (`rowid`),
  KEY `fk_bookcal_availabilities_fk_user_creat` (`fk_user_creat`),
  KEY `idx_bookcal_availabilities_fk_bookcal_calendar` (`fk_bookcal_calendar`),
  KEY `idx_bookcal_availabilities_rowid` (`rowid`),
  KEY `idx_bookcal_availabilities_status` (`status`),
  CONSTRAINT `fk_bookcal_availabilities_fk_bookcal_calendar` FOREIGN KEY (`fk_bookcal_calendar`) REFERENCES `llx_bookcal_calendar` (`rowid`),
  CONSTRAINT `fk_bookcal_availabilities_fk_user_creat` FOREIGN KEY (`fk_user_creat`) REFERENCES `llx_user` (`rowid`)
) ENGINE=InnoDB DEFAULT CHARSET=utf8mb4 COLLATE=utf8mb4_unicode_ci;

--
-- Dumping data for table `llx_bookcal_availabilities`
--


--
-- Table structure for table `llx_bookcal_availabilities_extrafields`
--

CREATE TABLE `llx_bookcal_availabilities_extrafields` (
  `rowid` int(11) NOT NULL AUTO_INCREMENT,
  `tms` timestamp NULL DEFAULT current_timestamp() ON UPDATE current_timestamp(),
  `fk_object` int(11) NOT NULL,
  `import_key` varchar(14) DEFAULT NULL,
  PRIMARY KEY (`rowid`),
  KEY `idx_availabilities_fk_object` (`fk_object`)
) ENGINE=InnoDB DEFAULT CHARSET=utf8mb4 COLLATE=utf8mb4_unicode_ci;

--
-- Dumping data for table `llx_bookcal_availabilities_extrafields`
--


--
-- Table structure for table `llx_bookcal_calendar`
--

CREATE TABLE `llx_bookcal_calendar` (
  `rowid` int(11) NOT NULL AUTO_INCREMENT,
  `entity` int(11) NOT NULL DEFAULT 1,
  `ref` varchar(128) NOT NULL,
  `label` varchar(255) DEFAULT NULL,
  `fk_soc` int(11) DEFAULT NULL,
  `fk_project` int(11) DEFAULT NULL,
  `description` text DEFAULT NULL,
  `note_public` text DEFAULT NULL,
  `note_private` text DEFAULT NULL,
  `date_creation` datetime NOT NULL,
  `tms` timestamp NULL DEFAULT current_timestamp() ON UPDATE current_timestamp(),
  `fk_user_creat` int(11) NOT NULL,
  `fk_user_modif` int(11) DEFAULT NULL,
  `import_key` varchar(14) DEFAULT NULL,
  `status` int(11) NOT NULL DEFAULT 0,
  `type` int(11) NOT NULL,
  `visibility` int(11) NOT NULL DEFAULT 1,
  PRIMARY KEY (`rowid`),
  KEY `idx_bookcal_calendar_rowid` (`rowid`),
  KEY `idx_bookcal_calendar_ref` (`ref`),
  KEY `idx_bookcal_calendar_fk_soc` (`fk_soc`),
  KEY `idx_bookcal_calendar_fk_project` (`fk_project`),
  KEY `llx_bookcal_calendar_fk_user_creat` (`fk_user_creat`),
  KEY `idx_bookcal_calendar_status` (`status`),
  CONSTRAINT `llx_bookcal_calendar_fk_user_creat` FOREIGN KEY (`fk_user_creat`) REFERENCES `llx_user` (`rowid`)
) ENGINE=InnoDB AUTO_INCREMENT=2 DEFAULT CHARSET=utf8mb4 COLLATE=utf8mb4_unicode_ci;

--
-- Dumping data for table `llx_bookcal_calendar`
--

INSERT INTO `llx_bookcal_calendar` (`rowid`, `entity`, `ref`, `label`, `fk_soc`, `fk_project`, `description`, `note_public`, `note_private`, `date_creation`, `tms`, `fk_user_creat`, `fk_user_modif`, `import_key`, `status`, `type`, `visibility`) VALUES (1,1,'ccc','',NULL,NULL,'',NULL,NULL,'2025-04-08 12:44:56','2025-04-08 10:44:56',12,NULL,NULL,0,3,12);

--
-- Table structure for table `llx_bookcal_calendar_extrafields`
--

CREATE TABLE `llx_bookcal_calendar_extrafields` (
  `rowid` int(11) NOT NULL AUTO_INCREMENT,
  `tms` timestamp NULL DEFAULT current_timestamp() ON UPDATE current_timestamp(),
  `fk_object` int(11) NOT NULL,
  `import_key` varchar(14) DEFAULT NULL,
  PRIMARY KEY (`rowid`),
  KEY `idx_calendar_fk_object` (`fk_object`)
) ENGINE=InnoDB DEFAULT CHARSET=utf8mb4 COLLATE=utf8mb4_unicode_ci;

--
-- Dumping data for table `llx_bookcal_calendar_extrafields`
--


--
-- Table structure for table `llx_bookmark`
--

CREATE TABLE `llx_bookmark` (
  `rowid` int(11) NOT NULL AUTO_INCREMENT,
  `fk_user` int(11) NOT NULL,
  `dateb` datetime DEFAULT NULL,
  `url` text DEFAULT NULL,
  `target` varchar(16) DEFAULT NULL,
  `title` varchar(64) DEFAULT NULL,
  `favicon` varchar(24) DEFAULT NULL,
  `position` int(11) DEFAULT 0,
  `entity` int(11) NOT NULL DEFAULT 1,
  PRIMARY KEY (`rowid`),
  UNIQUE KEY `uk_bookmark_title` (`fk_user`,`entity`,`title`)
) ENGINE=InnoDB AUTO_INCREMENT=10 DEFAULT CHARSET=utf8mb3 COLLATE=utf8mb3_unicode_ci;

--
-- Dumping data for table `llx_bookmark`
--

INSERT INTO `llx_bookmark` (`rowid`, `fk_user`, `dateb`, `url`, `target`, `title`, `favicon`, `position`, `entity`) VALUES (1,3,'2012-07-09 01:29:03','https://wiki.dolibarr.org','1','Online documentation','none',1,1),(2,3,'2012-07-09 01:30:15','https://www.dolibarr.org','1','Official portal','none',2,1),(3,0,'2012-07-09 01:30:53','https://www.dolistore.com','1','DoliStore','none',10,1),(4,0,'2012-07-09 01:31:35','https://asso.dolibarr.org/index.php/Main_Page','1','The foundation','none',0,1),(5,0,'2016-03-02 16:40:41','https://www.facebook.com/dolibarr','1','Facebook page','none',50,1),(6,0,'2016-03-02 16:41:12','https://www.twitter.com/dolibarr','1','Twitter channel','none',60,1),(9,12,'2023-02-19 15:11:00','/dolibarr_17.0/htdocs/index.php?mainmenu=home&leftmenu=home','0','bbb','none',0,1);

--
-- Table structure for table `llx_bordereau_cheque`
--

CREATE TABLE `llx_bordereau_cheque` (
  `rowid` int(11) NOT NULL AUTO_INCREMENT,
  `datec` datetime NOT NULL,
  `date_bordereau` date DEFAULT NULL,
  `ref` varchar(30) NOT NULL,
  `label` varchar(255) DEFAULT NULL,
  `entity` int(11) NOT NULL DEFAULT 1,
  `amount` double(24,8) NOT NULL,
  `nbcheque` smallint(6) NOT NULL,
  `fk_bank_account` int(11) DEFAULT NULL,
  `fk_user_author` int(11) DEFAULT NULL,
  `note` text DEFAULT NULL,
  `statut` smallint(6) NOT NULL DEFAULT 0,
  `ref_ext` varchar(255) DEFAULT NULL,
  `tms` timestamp NOT NULL DEFAULT current_timestamp() ON UPDATE current_timestamp(),
  `type` varchar(6) DEFAULT 'CHQ',
  PRIMARY KEY (`rowid`),
  UNIQUE KEY `uk_bordereau_cheque` (`ref`,`entity`)
) ENGINE=InnoDB AUTO_INCREMENT=4 DEFAULT CHARSET=utf8mb3 COLLATE=utf8mb3_unicode_ci;

--
-- Dumping data for table `llx_bordereau_cheque`
--

INSERT INTO `llx_bordereau_cheque` (`rowid`, `datec`, `date_bordereau`, `ref`, `label`, `entity`, `amount`, `nbcheque`, `fk_bank_account`, `fk_user_author`, `note`, `statut`, `ref_ext`, `tms`, `type`) VALUES (2,'2017-02-06 08:12:05','2017-02-06','CHK1702-0001',NULL,1,150.00000000,1,1,12,NULL,1,'','2017-02-06 04:12:13','CHQ'),(3,'2023-08-15 13:00:36','2023-08-15','CHK2308-0002',NULL,1,10.00000000,1,4,12,NULL,1,'','2023-08-15 13:00:41','CHQ');

--
-- Table structure for table `llx_boxes`
--

CREATE TABLE `llx_boxes` (
  `rowid` int(11) NOT NULL AUTO_INCREMENT,
  `entity` int(11) NOT NULL DEFAULT 1,
  `box_id` int(11) NOT NULL,
  `position` smallint(6) NOT NULL,
  `box_order` varchar(3) NOT NULL,
  `fk_user` int(11) NOT NULL DEFAULT 0,
  `maxline` int(11) DEFAULT NULL,
  `params` varchar(255) DEFAULT NULL,
  PRIMARY KEY (`rowid`),
  UNIQUE KEY `uk_boxes` (`entity`,`box_id`,`position`,`fk_user`),
  KEY `idx_boxes_boxid` (`box_id`),
  KEY `idx_boxes_fk_user` (`fk_user`),
  CONSTRAINT `fk_boxes_box_id` FOREIGN KEY (`box_id`) REFERENCES `llx_boxes_def` (`rowid`)
) ENGINE=InnoDB AUTO_INCREMENT=2235 DEFAULT CHARSET=utf8mb3 COLLATE=utf8mb3_unicode_ci;

--
-- Dumping data for table `llx_boxes`
--

INSERT INTO `llx_boxes` (`rowid`, `entity`, `box_id`, `position`, `box_order`, `fk_user`, `maxline`, `params`) VALUES (253,2,323,0,'0',0,NULL,NULL),(304,2,324,0,'0',0,NULL,NULL),(305,2,325,0,'0',0,NULL,NULL),(306,2,326,0,'0',0,NULL,NULL),(307,2,327,0,'0',0,NULL,NULL),(308,2,328,0,'0',0,NULL,NULL),(309,2,329,0,'0',0,NULL,NULL),(310,2,330,0,'0',0,NULL,NULL),(311,2,331,0,'0',0,NULL,NULL),(312,2,332,0,'0',0,NULL,NULL),(313,2,333,0,'0',0,NULL,NULL),(366,1,396,0,'B50',0,NULL,NULL),(1027,1,396,0,'B01',2,NULL,NULL),(1183,1,433,0,'B30',0,NULL,NULL),(1430,1,454,11,'B52',0,NULL,NULL),(1433,1,457,11,'A51',0,NULL,NULL),(2121,1,1210,0,'A23',0,NULL,NULL),(2122,1,1211,0,'A43',0,NULL,NULL),(2123,1,1212,0,'B22',0,NULL,NULL),(2124,1,1213,0,'B42',0,NULL,NULL),(2125,1,1214,0,'B24',0,NULL,NULL),(2126,1,1215,0,'B44',0,NULL,NULL),(2127,1,1216,0,'A25',0,NULL,NULL),(2128,1,1217,0,'A49',0,NULL,NULL),(2129,1,1218,0,'A29',0,NULL,NULL),(2130,1,1219,0,'B48',0,NULL,NULL),(2131,1,1220,0,'B28',0,NULL,NULL),(2132,1,1221,0,'A47',0,NULL,NULL),(2133,1,1222,0,'A27',0,NULL,NULL),(2134,1,1223,0,'B46',0,NULL,NULL),(2135,1,1224,0,'B26',0,NULL,NULL),(2136,1,1225,0,'A45',0,NULL,NULL),(2137,1,1226,0,'A21',0,NULL,NULL),(2138,1,1227,0,'A41',0,NULL,NULL),(2140,1,1231,0,'B14',0,NULL,NULL),(2142,1,1238,0,'A13',0,NULL,NULL),(2143,1,1239,0,'B34',0,NULL,NULL),(2144,1,1240,0,'B12',0,NULL,NULL),(2145,1,1241,0,'A33',0,NULL,NULL),(2146,1,1242,0,'A11',0,NULL,NULL),(2147,1,1243,0,'B32',0,NULL,NULL),(2148,1,1244,0,'B10',0,NULL,NULL),(2149,1,1245,0,'A31',0,NULL,NULL),(2150,1,1246,0,'A15',0,NULL,NULL),(2151,1,1247,0,'B36',0,NULL,NULL),(2152,1,1248,0,'B20',0,NULL,NULL),(2153,1,1249,0,'B40',0,NULL,NULL),(2154,1,1250,0,'A19',0,NULL,NULL),(2155,1,1251,0,'A39',0,NULL,NULL),(2156,1,1252,0,'B18',0,NULL,NULL),(2157,1,1253,0,'B38',0,NULL,NULL),(2158,1,1254,0,'A17',0,NULL,NULL),(2161,1,1261,0,'A37',0,NULL,NULL),(2162,1,1262,0,'B16',0,NULL,NULL),(2163,1,1263,0,'A09',0,NULL,NULL),(2187,1,1279,0,'B06',0,NULL,NULL),(2188,1,1280,0,'A07',0,NULL,NULL),(2194,1,1261,0,'A01',12,NULL,NULL),(2196,1,1217,0,'A03',12,NULL,NULL),(2197,1,1239,0,'B01',12,NULL,NULL),(2198,1,1252,0,'B02',12,NULL,NULL),(2199,1,1231,0,'B03',12,NULL,NULL),(2206,1,454,11,'B01',12,NULL,NULL),(2215,1,1297,0,'A01',0,NULL,NULL),(2216,1,1298,0,'B08',0,NULL,NULL),(2232,1,1318,0,'0',0,NULL,NULL),(2233,1,1319,0,'0',0,NULL,NULL),(2234,1,1320,0,'0',0,NULL,NULL);

--
-- Table structure for table `llx_boxes_def`
--

CREATE TABLE `llx_boxes_def` (
  `rowid` int(11) NOT NULL AUTO_INCREMENT,
  `file` varchar(200) NOT NULL,
  `entity` int(11) NOT NULL DEFAULT 1,
  `tms` timestamp NOT NULL DEFAULT current_timestamp() ON UPDATE current_timestamp(),
  `note` varchar(130) DEFAULT NULL,
  `fk_user` int(11) NOT NULL DEFAULT 0,
  PRIMARY KEY (`rowid`),
  UNIQUE KEY `uk_boxes_def` (`file`,`entity`,`note`)
) ENGINE=InnoDB AUTO_INCREMENT=1322 DEFAULT CHARSET=utf8mb3 COLLATE=utf8mb3_unicode_ci;

--
-- Dumping data for table `llx_boxes_def`
--

INSERT INTO `llx_boxes_def` (`rowid`, `file`, `entity`, `tms`, `note`, `fk_user`) VALUES (323,'box_actions.php',2,'2015-03-13 15:29:19',NULL,0),(324,'box_clients.php',2,'2015-03-13 20:21:35',NULL,0),(325,'box_prospect.php',2,'2015-03-13 20:21:35',NULL,0),(326,'box_contacts.php',2,'2015-03-13 20:21:35',NULL,0),(327,'box_activity.php',2,'2015-03-13 20:21:35','(WarningUsingThisBoxSlowDown)',0),(328,'box_propales.php',2,'2015-03-13 20:32:38',NULL,0),(329,'box_comptes.php',2,'2015-03-13 20:33:09',NULL,0),(330,'box_factures_imp.php',2,'2015-03-13 20:33:09',NULL,0),(331,'box_factures.php',2,'2015-03-13 20:33:09',NULL,0),(332,'box_produits.php',2,'2015-03-13 20:33:09',NULL,0),(333,'box_produits_alerte_stock.php',2,'2015-03-13 20:33:09',NULL,0),(396,'box_graph_product_distribution.php',1,'2017-11-15 22:41:47',NULL,0),(433,'box_last_ticket',1,'2019-06-05 09:15:29',NULL,0),(454,'box_graph_ticket_by_severity.php',1,'2021-04-15 10:22:55',NULL,0),(457,'box_graph_new_vs_close_ticket.php',1,'2021-04-15 10:22:55',NULL,0),(1210,'box_bookmarks.php',1,'2025-03-25 21:48:32',NULL,0),(1211,'box_contracts.php',1,'2025-03-25 21:48:32',NULL,0),(1212,'box_services_expired.php',1,'2025-03-25 21:48:32',NULL,0),(1213,'box_scheduled_jobs.php',1,'2025-03-25 21:48:32',NULL,0),(1214,'box_shipments.php',1,'2025-03-25 21:48:32',NULL,0),(1215,'box_external_rss.php',1,'2025-03-25 21:48:33','1 (Dolibarr.org News)',0),(1216,'box_graph_invoices_supplier_permonth.php',1,'2025-03-25 21:48:33',NULL,0),(1217,'box_graph_orders_supplier_permonth.php',1,'2025-03-25 21:48:33',NULL,0),(1218,'box_fournisseurs.php',1,'2025-03-25 21:48:33',NULL,0),(1219,'box_factures_fourn_imp.php',1,'2025-03-25 21:48:33',NULL,0),(1220,'box_factures_fourn.php',1,'2025-03-25 21:48:33',NULL,0),(1221,'box_supplier_orders.php',1,'2025-03-25 21:48:33',NULL,0),(1222,'box_supplier_orders_awaiting_reception.php',1,'2025-03-25 21:48:33',NULL,0),(1223,'box_ficheinter.php',1,'2025-03-25 21:48:33',NULL,0),(1224,'box_factures_imp.php',1,'2025-03-25 21:48:33',NULL,0),(1225,'box_factures.php',1,'2025-03-25 21:48:33',NULL,0),(1226,'box_graph_invoices_permonth.php',1,'2025-03-25 21:48:33',NULL,0),(1227,'box_customers_outstanding_bill_reached.php',1,'2025-03-25 21:48:33',NULL,0),(1228,'box_last_knowledgerecord.php',1,'2025-03-25 21:48:33',NULL,0),(1229,'box_last_modified_knowledgerecord.php',1,'2025-03-25 21:48:33',NULL,0),(1231,'box_birthdays_members.php',1,'2025-03-25 21:48:33',NULL,0),(1232,'box_members_last_modified.php',1,'2025-03-25 21:48:33',NULL,0),(1233,'box_members_last_subscriptions.php',1,'2025-03-25 21:48:33',NULL,0),(1234,'box_members_subscriptions_by_year.php',1,'2025-03-25 21:48:33',NULL,0),(1235,'box_members_by_type.php',1,'2025-03-25 21:48:33',NULL,0),(1236,'box_members_by_tags.php',1,'2025-03-25 21:48:33',NULL,0),(1238,'box_commandes.php',1,'2025-03-25 21:48:33',NULL,0),(1239,'box_graph_orders_permonth.php',1,'2025-03-25 21:48:33',NULL,0),(1240,'box_produits.php',1,'2025-03-25 21:48:33',NULL,0),(1241,'box_produits_alerte_stock.php',1,'2025-03-25 21:48:34',NULL,0),(1242,'box_project.php',1,'2025-03-25 21:48:34',NULL,0),(1243,'box_project_opportunities.php',1,'2025-03-25 21:48:34',NULL,0),(1244,'box_task.php',1,'2025-03-25 21:48:34',NULL,0),(1245,'box_validated_projects.php',1,'2025-03-25 21:48:34',NULL,0),(1246,'box_funnel_of_prospection.php',1,'2025-03-25 21:48:34',NULL,0),(1247,'box_graph_propales_permonth.php',1,'2025-03-25 21:48:34',NULL,0),(1248,'box_propales.php',1,'2025-03-25 21:48:34',NULL,0),(1249,'box_services_contracts.php',1,'2025-03-25 21:48:34',NULL,0),(1250,'box_clients.php',1,'2025-03-25 21:48:34',NULL,0),(1251,'box_prospect.php',1,'2025-03-25 21:48:34',NULL,0),(1252,'box_contacts.php',1,'2025-03-25 21:48:34',NULL,0),(1253,'box_activity.php',1,'2025-03-25 21:48:34','(WarningUsingThisBoxSlowDown)',0),(1254,'box_goodcustomers.php',1,'2025-03-25 21:48:34','(WarningUsingThisBoxSlowDown)',0),(1261,'box_lastlogin.php',1,'2025-03-25 21:48:34',NULL,0),(1262,'box_birthdays.php',1,'2025-03-25 21:48:34',NULL,0),(1263,'box_dolibarr_state_board.php',1,'2025-03-25 21:48:34',NULL,0),(1279,'box_actions.php',1,'2025-04-11 21:22:17',NULL,0),(1280,'box_actions_future.php',1,'2025-04-11 21:22:17',NULL,0),(1291,'box_accountancy_last_manual_entries.php',1,'2025-05-26 20:16:27',NULL,0),(1292,'box_accountancy_suspense_account.php',1,'2025-05-26 20:16:27',NULL,0),(1297,'box_last_ticket.php',1,'2025-06-04 16:31:05',NULL,0),(1298,'box_last_modified_ticket.php',1,'2025-06-04 16:31:05',NULL,0),(1300,'box_graph_nb_ticket_last_x_days.php',1,'2025-06-04 16:31:05',NULL,0),(1301,'box_graph_nb_tickets_type.php',1,'2025-06-04 16:31:05',NULL,0),(1318,'box_boms.php',1,'2026-06-02 16:28:36',NULL,0),(1319,'box_comptes.php',1,'2026-06-02 16:28:36',NULL,0),(1320,'box_mos.php',1,'2026-06-02 16:28:38',NULL,0),(1321,'box_new_vs_close_ticket.php',1,'2026-06-02 16:28:39',NULL,0);

--
-- Table structure for table `llx_budget`
--

CREATE TABLE `llx_budget` (
  `rowid` int(11) NOT NULL AUTO_INCREMENT,
  `entity` int(11) NOT NULL DEFAULT 1,
  `label` varchar(255) NOT NULL,
  `status` int(11) DEFAULT NULL,
  `note` text DEFAULT NULL,
  `date_start` date DEFAULT NULL,
  `date_end` date DEFAULT NULL,
  `datec` datetime DEFAULT NULL,
  `tms` timestamp NOT NULL DEFAULT current_timestamp() ON UPDATE current_timestamp(),
  `fk_user_creat` int(11) DEFAULT NULL,
  `fk_user_modif` int(11) DEFAULT NULL,
  `import_key` int(11) DEFAULT NULL,
  PRIMARY KEY (`rowid`)
) ENGINE=InnoDB DEFAULT CHARSET=utf8mb3 COLLATE=utf8mb3_unicode_ci;

--
-- Dumping data for table `llx_budget`
--


--
-- Table structure for table `llx_budget_lines`
--

CREATE TABLE `llx_budget_lines` (
  `rowid` int(11) NOT NULL AUTO_INCREMENT,
  `fk_budget` int(11) NOT NULL,
  `fk_project_ids` varchar(255) NOT NULL,
  `amount` double(24,8) NOT NULL,
  `datec` datetime DEFAULT NULL,
  `tms` timestamp NOT NULL DEFAULT current_timestamp() ON UPDATE current_timestamp(),
  `fk_user_creat` int(11) DEFAULT NULL,
  `fk_user_modif` int(11) DEFAULT NULL,
  `import_key` int(11) DEFAULT NULL,
  PRIMARY KEY (`rowid`),
  UNIQUE KEY `uk_budget_lines` (`fk_budget`,`fk_project_ids`),
  CONSTRAINT `fk_budget_lines_budget` FOREIGN KEY (`fk_budget`) REFERENCES `llx_budget` (`rowid`)
) ENGINE=InnoDB DEFAULT CHARSET=utf8mb3 COLLATE=utf8mb3_unicode_ci;

--
-- Dumping data for table `llx_budget_lines`
--


--
-- Table structure for table `llx_c_accounting_category`
--

CREATE TABLE `llx_c_accounting_category` (
  `rowid` int(11) NOT NULL AUTO_INCREMENT,
  `entity` int(11) NOT NULL DEFAULT 1,
  `fk_report` int(11) NOT NULL DEFAULT 1,
  `code` varchar(16) NOT NULL,
  `label` varchar(255) NOT NULL,
  `range_account` varchar(255) NOT NULL,
  `sens` tinyint(4) NOT NULL DEFAULT 0,
  `category_type` tinyint(4) NOT NULL DEFAULT 0,
  `formula` varchar(255) NOT NULL,
  `position` int(11) DEFAULT 0,
  `fk_country` int(11) DEFAULT NULL,
  `active` int(11) DEFAULT 1,
  PRIMARY KEY (`rowid`),
  UNIQUE KEY `uk_c_accounting_category` (`code`,`entity`,`fk_report`)
) ENGINE=InnoDB AUTO_INCREMENT=106 DEFAULT CHARSET=utf8mb3 COLLATE=utf8mb3_unicode_ci;

--
-- Dumping data for table `llx_c_accounting_category`
--

INSERT INTO `llx_c_accounting_category` (`rowid`, `entity`, `fk_report`, `code`, `label`, `range_account`, `sens`, `category_type`, `formula`, `position`, `fk_country`, `active`) VALUES (1,1,1,'VENTES','Ventes de marchandises','7xxxxx',0,0,'',10,1,1),(2,1,1,'DEPENSES','Coût d achats marchandises vendues','6xxxxx',0,0,'',20,1,1),(3,1,1,'PROFIT','Marge commerciale','Balance',0,1,'VENTES+DEPENSES-aaa',30,1,1),(4,1,1,'123','ddd','603xxx | 607xxx | 609xxx',0,0,'0',4,14,1),(5,1,1,'aaa','aaa','',0,0,'',25,1,1),(6,1,1,'PERS1','Custom group 1','',0,0,'',1,117,1),(7,1,1,'INCOMES','Income of products/services','Example: 7xxxxx',0,0,'',10,0,1),(8,1,1,'EXPENSES','Expenses of products/services','Example: 6xxxxx',0,0,'',20,0,1);

--
-- Table structure for table `llx_c_accounting_report`
--

CREATE TABLE `llx_c_accounting_report` (
  `rowid` int(11) NOT NULL AUTO_INCREMENT,
  `entity` int(11) NOT NULL DEFAULT 1,
  `code` varchar(16) NOT NULL,
  `label` varchar(255) NOT NULL,
  `fk_country` int(11) DEFAULT NULL,
  `active` int(11) DEFAULT 1,
  PRIMARY KEY (`rowid`),
  UNIQUE KEY `uk_c_accounting_report` (`code`,`entity`)
) ENGINE=InnoDB AUTO_INCREMENT=41 DEFAULT CHARSET=utf8mb4 COLLATE=utf8mb4_general_ci;

--
-- Dumping data for table `llx_c_accounting_report`
--

INSERT INTO `llx_c_accounting_report` (`rowid`, `entity`, `code`, `label`, `fk_country`, `active`) VALUES (1,1,'REP','Report personalized',NULL,1);

--
-- Table structure for table `llx_c_action_trigger`
--

CREATE TABLE `llx_c_action_trigger` (
  `rowid` int(11) NOT NULL AUTO_INCREMENT,
  `code` varchar(128) DEFAULT NULL,
  `label` varchar(128) NOT NULL,
  `description` varchar(255) DEFAULT NULL,
  `elementtype` varchar(64) NOT NULL,
  `rang` int(11) DEFAULT 0,
  `contexts` varchar(255) DEFAULT NULL,
  PRIMARY KEY (`rowid`),
  UNIQUE KEY `uk_action_trigger_code` (`code`),
  KEY `idx_action_trigger_rang` (`rang`)
) ENGINE=InnoDB AUTO_INCREMENT=963 DEFAULT CHARSET=utf8mb3 COLLATE=utf8mb3_unicode_ci;

--
-- Dumping data for table `llx_c_action_trigger`
--



--
-- Table structure for table `llx_c_actioncomm`
--

CREATE TABLE `llx_c_actioncomm` (
  `id` int(11) NOT NULL,
  `code` varchar(50) NOT NULL,
  `type` varchar(50) NOT NULL DEFAULT 'system',
  `libelle` varchar(128) DEFAULT NULL,
  `module` varchar(50) DEFAULT NULL,
  `active` tinyint(4) NOT NULL DEFAULT 1,
  `todo` tinyint(4) DEFAULT NULL,
  `position` int(11) NOT NULL DEFAULT 0,
  `color` varchar(9) DEFAULT NULL,
  `picto` varchar(48) DEFAULT NULL,
  PRIMARY KEY (`id`),
  UNIQUE KEY `uk_c_actioncomm` (`code`)
) ENGINE=InnoDB DEFAULT CHARSET=utf8mb3 COLLATE=utf8mb3_unicode_ci;

--
-- Dumping data for table `llx_c_actioncomm`
--

INSERT INTO `llx_c_actioncomm` (`id`, `code`, `type`, `libelle`, `module`, `active`, `todo`, `position`, `color`, `picto`) VALUES (1,'AC_TEL','system','Phone call',NULL,1,NULL,2,NULL,NULL),(2,'AC_FAX','system','Send Fax',NULL,1,NULL,3,NULL,NULL),(3,'AC_PROP','systemauto','Send commercial proposal by email','propal',1,NULL,10,NULL,NULL),(4,'AC_EMAIL','system','Send Email',NULL,1,NULL,4,NULL,NULL),(5,'AC_RDV','system','Rendez-vous',NULL,1,NULL,1,NULL,NULL),(6,'AC_EMAIL_IN','system','reception Email',NULL,1,NULL,4,NULL,NULL),(8,'AC_COM','systemauto','Send customer order by email','order',1,NULL,8,NULL,NULL),(9,'AC_FAC','systemauto','Send customer invoice by email','invoice',1,NULL,6,NULL,NULL),(10,'AC_SHIP','systemauto','Send shipping by email','shipping',1,NULL,11,NULL,NULL),(11,'AC_INT','system','Intervention on site',NULL,1,NULL,4,NULL,NULL),(30,'AC_SUP_ORD','systemauto','Send supplier order by email','order_supplier',1,NULL,9,NULL,NULL),(31,'AC_SUP_INV','systemauto','Send supplier invoice by email','invoice_supplier',1,NULL,7,NULL,NULL),(40,'AC_OTH_AUTO','systemauto','Other (automatically inserted events)',NULL,1,NULL,20,NULL,NULL),(50,'AC_OTH','system','Other (manually inserted events)',NULL,1,NULL,5,NULL,NULL),(60,'AC_EO_ONLINECONF','module','Online/Virtual conference','conference@eventorganization',1,NULL,60,NULL,NULL),(61,'AC_EO_INDOORCONF','module','Indoor conference','conference@eventorganization',1,NULL,61,NULL,NULL),(62,'AC_EO_ONLINEBOOTH','module','Online/Virtual booth','booth@eventorganization',1,NULL,62,NULL,NULL),(63,'AC_EO_INDOORBOOTH','module','Indoor booth','booth@eventorganization',1,NULL,63,NULL,NULL),(100700,'AC_CABMED','module','Send document by email','cabinetmed',0,NULL,100,NULL,NULL),(448310,'C42_NEWS','systemauto','Nouveautés H2G2','h2g2',1,NULL,80,NULL,NULL),(448311,'AC_MAS_ACT','module','Action de masse','h2g2',1,NULL,0,NULL,NULL),(1680009,'IE_MES','module','Mise en service','gestionparc',1,NULL,57,NULL,NULL);

--
-- Table structure for table `llx_c_asset_disposal_type`
--

CREATE TABLE `llx_c_asset_disposal_type` (
  `rowid` int(11) NOT NULL AUTO_INCREMENT,
  `entity` int(11) NOT NULL DEFAULT 1,
  `code` varchar(16) NOT NULL,
  `label` varchar(50) NOT NULL,
  `active` int(11) NOT NULL DEFAULT 1,
  PRIMARY KEY (`rowid`),
  UNIQUE KEY `uk_c_asset_disposal_type` (`code`,`entity`)
) ENGINE=InnoDB AUTO_INCREMENT=4 DEFAULT CHARSET=utf8mb3 COLLATE=utf8mb3_unicode_ci;

--
-- Dumping data for table `llx_c_asset_disposal_type`
--

INSERT INTO `llx_c_asset_disposal_type` (`rowid`, `entity`, `code`, `label`, `active`) VALUES (1,1,'C','Sale',1),(2,1,'HS','Putting out of service',1),(3,1,'D','Destruction',1);

--
-- Table structure for table `llx_c_availability`
--

CREATE TABLE `llx_c_availability` (
  `rowid` int(11) NOT NULL AUTO_INCREMENT,
  `code` varchar(30) NOT NULL,
  `label` varchar(128) DEFAULT NULL,
  `active` tinyint(4) NOT NULL DEFAULT 1,
  `position` int(11) NOT NULL DEFAULT 0,
  `type_duration` varchar(1) DEFAULT NULL,
  `qty` double DEFAULT 0,
  PRIMARY KEY (`rowid`),
  UNIQUE KEY `uk_c_availability` (`code`)
) ENGINE=InnoDB AUTO_INCREMENT=5 DEFAULT CHARSET=utf8mb3 COLLATE=utf8mb3_unicode_ci;

--
-- Dumping data for table `llx_c_availability`
--

INSERT INTO `llx_c_availability` (`rowid`, `code`, `label`, `active`, `position`, `type_duration`, `qty`) VALUES (1,'AV_NOW','Immediate',1,0,NULL,0),(2,'AV_1W','1 week',1,0,'w',1),(3,'AV_2W','2 weeks',1,0,'w',2),(4,'AV_3W','3 weeks',1,0,'w',3);

--
-- Table structure for table `llx_c_barcode_type`
--

CREATE TABLE `llx_c_barcode_type` (
  `rowid` int(11) NOT NULL AUTO_INCREMENT,
  `code` varchar(16) NOT NULL,
  `entity` int(11) NOT NULL DEFAULT 1,
  `libelle` varchar(128) DEFAULT NULL,
  `coder` varchar(16) NOT NULL,
  `example` varchar(16) NOT NULL,
  PRIMARY KEY (`rowid`),
  UNIQUE KEY `uk_c_barcode_type` (`code`,`entity`)
) ENGINE=InnoDB AUTO_INCREMENT=431 DEFAULT CHARSET=utf8mb3 COLLATE=utf8mb3_unicode_ci;

--
-- Dumping data for table `llx_c_barcode_type`
--

INSERT INTO `llx_c_barcode_type` (`rowid`, `code`, `entity`, `libelle`, `coder`, `example`) VALUES (1,'EAN8',1,'EAN8','0','1234567'),(2,'EAN13',1,'EAN13','phpbarcode','123456789012'),(3,'UPC',1,'UPC','0','123456789012'),(4,'ISBN',1,'ISBN','0','123456789'),(5,'C39',1,'Code 39','0','1234567890'),(6,'C128',1,'Code 128','tcpdfbarcode','ABCD1234567890'),(13,'DATAMATRIX',1,'Datamatrix','0','1234567xyz'),(14,'QRCODE',1,'Qr Code','0','www.dolibarr.org');

--
-- Table structure for table `llx_c_chargesociales`
--

CREATE TABLE `llx_c_chargesociales` (
  `id` int(11) NOT NULL AUTO_INCREMENT,
  `libelle` varchar(128) DEFAULT NULL,
  `deductible` smallint(6) NOT NULL DEFAULT 0,
  `active` tinyint(4) NOT NULL DEFAULT 1,
  `code` varchar(12) NOT NULL,
  `fk_pays` int(11) NOT NULL DEFAULT 1,
  `module` varchar(32) DEFAULT NULL,
  `accountancy_code` varchar(32) DEFAULT NULL,
  PRIMARY KEY (`id`)
) ENGINE=InnoDB AUTO_INCREMENT=10214 DEFAULT CHARSET=utf8mb3 COLLATE=utf8mb3_unicode_ci;

--
-- Dumping data for table `llx_c_chargesociales`
--

INSERT INTO `llx_c_chargesociales` (`id`, `libelle`, `deductible`, `active`, `code`, `fk_pays`, `module`, `accountancy_code`) VALUES (1,'Allocations familiales',1,1,'TAXFAM',1,NULL,NULL),(2,'CSG Deductible',1,1,'TAXCSGD',1,NULL,NULL),(3,'CSG/CRDS NON Deductible',0,1,'TAXCSGND',1,NULL,NULL),(10,'Taxe apprentissage',0,1,'TAXAPP',1,NULL,NULL),(11,'Taxe professionnelle',0,1,'TAXPRO',1,NULL,NULL),(12,'Cotisation foncière des entreprises',0,1,'TAXCFE',1,NULL,NULL),(13,'Cotisation sur la valeur ajoutée des entreprises',0,1,'TAXCVAE',1,NULL,NULL),(20,'Impots locaux/fonciers',0,1,'TAXFON',1,NULL,NULL),(25,'Impots revenus',0,1,'TAXREV',1,NULL,NULL),(30,'Assurance Sante',0,1,'TAXSECU',1,NULL,NULL),(40,'Mutuelle',0,1,'TAXMUT',1,NULL,NULL),(50,'Assurance vieillesse',0,1,'TAXRET',1,NULL,NULL),(60,'Assurance Chomage',0,1,'TAXCHOM',1,NULL,'104'),(201,'ONSS',1,1,'TAXBEONSS',2,NULL,NULL),(210,'Precompte professionnel',1,1,'TAXBEPREPRO',2,NULL,NULL),(220,'Prime d\'existence',1,1,'TAXBEPRIEXI',2,NULL,NULL),(230,'Precompte immobilier',1,1,'TAXBEPREIMMO',2,NULL,NULL),(4101,'Krankenversicherung',1,1,'TAXATKV',41,NULL,NULL),(4102,'Unfallversicherung',1,1,'TAXATUV',41,NULL,NULL),(4103,'Pensionsversicherung',1,1,'TAXATPV',41,NULL,NULL),(4104,'Arbeitslosenversicherung',1,1,'TAXATAV',41,NULL,NULL),(4105,'Insolvenzentgeltsicherungsfond',1,1,'TAXATIESG',41,NULL,NULL),(4106,'Wohnbauförderung',1,1,'TAXATWF',41,NULL,NULL),(4107,'Arbeiterkammerumlage',1,1,'TAXATAK',41,NULL,NULL),(4108,'Mitarbeitervorsorgekasse',1,1,'TAXATMVK',41,NULL,NULL),(4109,'Familienlastenausgleichsfond',1,1,'TAXATFLAF',41,NULL,NULL),(10201,'Αναλυτική Περιοδική Δήλωση (ΑΠΔ)',1,1,'ΑΠΔ',102,NULL,NULL),(10202,'Φόρος Μισθωτών Υπηρεσιών (ΦΜΥ)',1,1,'ΦΜΥ',102,NULL,NULL),(10203,'Ασφαλιστικές εισφορές (ΕΦΚΑ)',1,1,'ΕΦΚΑ',102,NULL,NULL),(10204,'Προκαταβολή Φόρου Εισοδήματος',0,1,'ΕΦΟΡΙΑ',102,NULL,NULL),(10205,'Ενιαίος Φόρος Ιδιοκτησίας Ακινήτων (ΕΝ.Φ.Ι.Α) ',0,1,'ΕΝΦΙΑ',102,NULL,NULL),(10206,'Ετήσιο τέλος διατήρησης Μερίδας στο Γ.Ε.ΜΗ.',1,1,'ΓΕΜΗ',102,NULL,NULL),(10207,'Επαγγελματικό Επιμελητήριο',1,1,'ΕΕ',102,NULL,NULL),(10208,'Εμπορικό και Βιομηχανικό Επιμελητηρίο',1,1,'ΕΒΕ',102,NULL,NULL),(10209,'Τέλη Κυκλοφορίας',1,1,'ΤΕΛΗ',102,NULL,NULL),(10210,'Ασφάλιση οχήματος',1,1,'ΑΣΦΑΛΕΙΑ',102,NULL,NULL),(10211,'Ενοίκιο',1,1,'ΕΝΟΙΚΙΟ',102,NULL,NULL),(10212,'Κοινόχρηστα',1,1,'ΚΟΙΝΟ',102,NULL,NULL),(10213,'Ηλεκτροδότηση',1,1,'ΡΕΥΜΑ',102,NULL,NULL);

--
-- Table structure for table `llx_c_civility`
--

CREATE TABLE `llx_c_civility` (
  `rowid` int(11) NOT NULL AUTO_INCREMENT,
  `code` varchar(6) NOT NULL,
  `label` varchar(128) DEFAULT NULL,
  `active` tinyint(4) NOT NULL DEFAULT 1,
  `module` varchar(32) DEFAULT NULL,
  PRIMARY KEY (`rowid`),
  UNIQUE KEY `uk_c_civility` (`code`)
) ENGINE=InnoDB AUTO_INCREMENT=9 DEFAULT CHARSET=utf8mb3 COLLATE=utf8mb3_unicode_ci;

--
-- Dumping data for table `llx_c_civility`
--

INSERT INTO `llx_c_civility` (`rowid`, `code`, `label`, `active`, `module`) VALUES (1,'MME','Madame',1,NULL),(3,'MR','Monsieur',1,NULL),(5,'MLE','Mademoiselle',1,NULL),(7,'MTRE','Maître',1,NULL),(8,'DR','Docteur',1,NULL);

--
-- Table structure for table `llx_c_country`
--

CREATE TABLE `llx_c_country` (
  `rowid` int(11) NOT NULL,
  `code` varchar(2) NOT NULL,
  `code_iso` varchar(3) DEFAULT NULL,
  `label` varchar(128) DEFAULT NULL,
  `active` tinyint(4) NOT NULL DEFAULT 1,
  `favorite` tinyint(4) NOT NULL DEFAULT 0,
  `eec` tinyint(4) NOT NULL DEFAULT 0,
  `numeric_code` varchar(3) DEFAULT NULL,
  `sepa` tinyint(4) NOT NULL DEFAULT 0,
  `phone_code` int(11) DEFAULT NULL,
  `trunk_prefix` varchar(5) DEFAULT NULL,
  PRIMARY KEY (`rowid`),
  UNIQUE KEY `idx_c_country_code` (`code`),
  UNIQUE KEY `idx_c_country_label` (`label`),
  UNIQUE KEY `idx_c_country_code_iso` (`code_iso`)
) ENGINE=InnoDB DEFAULT CHARSET=utf8mb3 COLLATE=utf8mb3_unicode_ci;

--
-- Dumping data for table `llx_c_country`
--

INSERT INTO `llx_c_country` (`rowid`, `code`, `code_iso`, `label`, `active`, `favorite`, `eec`, `numeric_code`, `sepa`, `phone_code`, `trunk_prefix`) VALUES (0,'',NULL,'-',1,1,0,NULL,0,NULL,NULL),(1,'FR','FRA','France',1,0,1,'250',1,33,'0'),(2,'BE','BEL','Belgium',1,0,1,'056',1,32,'0'),(3,'IT','ITA','Italy',1,0,1,'380',1,39,NULL),(4,'ES','ESP','Spain',1,0,1,'724',1,34,NULL),(5,'DE','DEU','Germany',1,0,1,'276',1,49,'0'),(6,'CH','CHE','Switzerland',1,0,0,'756',1,41,'0'),(7,'GB','GBR','United Kingdom',1,0,1,'826',1,44,'0'),(8,'IE','IRL','Irland',1,0,1,'372',1,353,'0'),(9,'CN','CHN','China',1,0,0,'156',0,86,'0'),(10,'TN','TUN','Tunisia',1,0,0,'788',0,216,NULL),(11,'US','USA','United States',1,0,0,'840',0,1,'1'),(12,'MA','MAR','Maroc',1,0,0,'504',0,212,'0'),(13,'DZ','DZA','Algeria',1,0,0,'012',0,213,'0'),(14,'CA','CAN','Canada',1,0,0,'124',0,1,'1'),(15,'TG','TGO','Togo',1,0,0,'768',0,228,NULL),(16,'GA','GAB','Gabon',1,0,0,'266',0,241,NULL),(17,'NL','NLD','Nerderland',1,0,1,'528',1,31,'0'),(18,'HU','HUN','Hongrie',1,0,1,'348',1,36,'06'),(19,'RU','RUS','Russia',1,0,0,'643',0,7,'8'),(20,'SE','SWE','Sweden',1,0,1,'752',1,46,'0'),(21,'CI','CIV','Côte d\'Ivoire',1,0,0,'384',0,225,NULL),(22,'SN','SEN','Senegal',1,0,0,'686',0,221,NULL),(23,'AR','ARG','Argentine',1,0,0,'032',0,54,'0'),(24,'CM','CMR','Cameroun',1,0,0,'120',0,237,NULL),(25,'PT','PRT','Portugal',1,0,1,'620',1,351,NULL),(26,'SA','SAU','Saudi Arabia',1,0,0,'682',0,966,'0'),(27,'MC','MCO','Monaco',1,0,1,'492',1,377,NULL),(28,'AU','AUS','Australia',1,0,0,'036',0,61,'0'),(29,'SG','SGP','Singapour',1,0,0,'702',0,65,NULL),(30,'AF','AFG','Afghanistan',1,0,0,'004',0,93,'0'),(31,'AX','ALA','Iles Aland',1,0,0,'248',1,358,'0'),(32,'AL','ALB','Albanie',1,0,0,'008',1,355,'0'),(33,'AS','ASM','Samoa américaines',1,0,0,'016',0,1684,'1'),(34,'AD','AND','Andorre',1,0,0,'020',1,376,NULL),(35,'AO','AGO','Angola',1,0,0,'024',0,244,'0'),(36,'AI','AIA','Anguilla',1,0,0,'660',0,1264,'1'),(37,'AQ','ATA','Antarctique',1,0,0,'010',0,NULL,NULL),(38,'AG','ATG','Antigua-et-Barbuda',1,0,0,'028',0,1268,'1'),(39,'AM','ARM','Arménie',1,0,0,'051',0,374,'0'),(40,'AW','ABW','Aruba',1,0,0,'533',0,297,NULL),(41,'AT','AUT','Autriche',1,0,1,'040',1,43,'0'),(42,'AZ','AZE','Azerbaïdjan',1,0,0,'031',0,994,'0'),(43,'BS','BHS','Bahamas',1,0,0,'044',0,1242,'1'),(44,'BH','BHR','Bahreïn',1,0,0,'048',0,973,NULL),(45,'BD','BGD','Bangladesh',1,0,0,'050',0,880,'0'),(46,'BB','BRB','Barbade',1,0,0,'052',0,1246,'1'),(47,'BY','BLR','Biélorussie',1,0,0,'112',0,375,'8'),(48,'BZ','BLZ','Belize',1,0,0,'084',0,501,NULL),(49,'BJ','BEN','Bénin',1,0,0,'204',0,229,NULL),(50,'BM','BMU','Bermudes',1,0,0,'060',0,1441,'1'),(51,'BT','BTN','Bhoutan',1,0,0,'064',0,975,NULL),(52,'BO','BOL','Bolivie',1,0,0,'068',0,591,'0'),(53,'BA','BIH','Bosnie-Herzégovine',1,0,0,'070',0,387,'0'),(54,'BW','BWA','Botswana',1,0,0,'072',0,267,NULL),(55,'BV','BVT','Ile Bouvet',1,0,0,'074',0,NULL,NULL),(56,'BR','BRA','Brazil',1,0,0,'076',0,55,'0'),(57,'IO','IOT','Territoire britannique de l\'Océan Indien',1,0,0,'086',0,246,NULL),(58,'BN','BRN','Brunei',1,0,0,'096',0,673,NULL),(59,'BG','BGR','Bulgarie',1,0,1,'100',1,359,'0'),(60,'BF','BFA','Burkina Faso',1,0,0,'854',0,226,NULL),(61,'BI','BDI','Burundi',1,0,0,'108',0,257,NULL),(62,'KH','KHM','Cambodge',1,0,0,'116',0,855,'0'),(63,'CV','CPV','Cap-Vert',1,0,0,'132',0,238,NULL),(64,'KY','CYM','Iles Cayman',1,0,0,'136',0,1345,'1'),(65,'CF','CAF','République centrafricaine',1,0,0,'140',0,236,NULL),(66,'TD','TCD','Tchad',1,0,0,'148',0,235,NULL),(67,'CL','CHL','Chili',1,0,0,'152',0,56,NULL),(68,'CX','CXR','Ile Christmas',1,0,0,'162',0,61,NULL),(69,'CC','CCK','Iles des Cocos (Keeling)',1,0,0,'166',0,61,NULL),(70,'CO','COL','Colombie',1,0,0,'170',0,57,NULL),(71,'KM','COM','Comores',1,0,0,'174',0,269,NULL),(72,'CG','COG','Congo',1,0,0,'178',0,242,NULL),(73,'CD','COD','République démocratique du Congo',1,0,0,'180',0,243,'0'),(74,'CK','COK','Iles Cook',1,0,0,'184',0,682,NULL),(75,'CR','CRI','Costa Rica',1,0,0,'188',0,506,NULL),(76,'HR','HRV','Croatie',1,0,1,'191',1,385,'0'),(77,'CU','CUB','Cuba',1,0,0,'192',0,53,'0'),(78,'CY','CYP','Chypre',1,0,1,'196',1,357,NULL),(79,'CZ','CZE','République Tchèque',1,0,1,'203',1,420,NULL),(80,'DK','DNK','Danemark',1,0,1,'208',1,45,NULL),(81,'DJ','DJI','Djibouti',1,0,0,'262',0,253,NULL),(82,'DM','DMA','Dominique',1,0,0,'212',0,1767,'1'),(83,'DO','DOM','République Dominicaine',1,0,0,'214',0,1809,'1'),(84,'EC','ECU','Equateur',1,0,0,'218',0,593,'0'),(85,'EG','EGY','Egypte',1,0,0,'818',0,20,'0'),(86,'SV','SLV','Salvador',1,0,0,'222',0,503,NULL),(87,'GQ','GNQ','Guinée Equatoriale',1,0,0,'226',0,240,NULL),(88,'ER','ERI','Erythrée',1,0,0,'232',0,291,'0'),(89,'EE','EST','Estonia',1,0,1,'233',1,372,NULL),(90,'ET','ETH','Ethiopie',1,0,0,'231',0,251,'0'),(91,'FK','FLK','Iles Falkland',1,0,0,'238',0,500,NULL),(92,'FO','FRO','Iles Féroé',1,0,0,'234',0,298,NULL),(93,'FJ','FJI','Iles Fidji',1,0,0,'242',0,679,NULL),(94,'FI','FIN','Finlande',1,0,1,'246',1,358,'0'),(95,'GF','GUF','Guyane française',1,0,0,'254',1,594,'0'),(96,'PF','PYF','Polynésie française',1,0,0,'258',0,689,NULL),(97,'TF','ATF','Terres australes françaises',1,0,0,'260',0,NULL,NULL),(98,'GM','GMB','Gambie',1,0,0,'270',0,220,NULL),(99,'GE','GEO','Georgia',1,0,0,'268',0,995,'0'),(100,'GH','GHA','Ghana',1,0,0,'288',0,265,'0'),(101,'GI','GIB','Gibraltar',1,0,0,'292',1,350,NULL),(102,'GR','GRC','Greece',1,0,1,'300',1,30,'0'),(103,'GL','GRL','Groenland',1,0,0,'304',0,299,NULL),(104,'GD','GRD','Grenade',1,0,0,'308',0,1473,'1'),(106,'GU','GUM','Guam',1,0,0,'316',0,1671,'1'),(107,'GT','GTM','Guatemala',1,0,0,'320',0,502,NULL),(108,'GN','GIN','Guinea',1,0,0,'324',0,224,NULL),(109,'GW','GNB','Guinea-Bissao',1,0,0,'624',0,245,NULL),(111,'HT','HTI','Haiti',1,0,0,'332',0,509,NULL),(112,'HM','HMD','Iles Heard et McDonald',1,0,0,'334',0,NULL,NULL),(113,'VA','VAT','Saint-Siège (Vatican)',1,0,0,'336',1,379,NULL),(114,'HN','HND','Honduras',1,0,0,'340',0,504,NULL),(115,'HK','HKG','Hong Kong',1,0,0,'344',0,852,NULL),(116,'IS','ISL','Islande',1,0,0,'352',1,354,NULL),(117,'IN','IND','India',1,0,0,'356',0,91,'0'),(118,'ID','IDN','Indonésie',1,0,0,'360',0,62,'0'),(119,'IR','IRN','Iran',1,0,0,'364',0,98,'0'),(120,'IQ','IRQ','Iraq',1,0,0,'368',0,964,'0'),(121,'IL','ISR','Israel',1,0,0,'376',0,972,'0'),(122,'JM','JAM','Jamaïque',1,0,0,'388',0,1876,'1'),(123,'JP','JPN','Japon',1,0,0,'392',0,81,'0'),(124,'JO','JOR','Jordanie',1,0,0,'400',0,962,'0'),(125,'KZ','KAZ','Kazakhstan',1,0,0,'398',0,7,'8'),(126,'KE','KEN','Kenya',1,0,0,'404',0,254,'0'),(127,'KI','KIR','Kiribati',1,0,0,'296',0,686,NULL),(128,'KP','PRK','North Corea',1,0,0,'408',0,850,'0'),(129,'KR','KOR','South Corea',1,0,0,'410',0,82,'0'),(130,'KW','KWT','Koweït',1,0,0,'414',0,965,NULL),(131,'KG','KGZ','Kirghizistan',1,0,0,'417',0,996,'0'),(132,'LA','LAO','Laos',1,0,0,'418',0,856,'0'),(133,'LV','LVA','Lettonie',1,0,1,'428',1,371,NULL),(134,'LB','LBN','Liban',1,0,0,'422',0,961,'0'),(135,'LS','LSO','Lesotho',1,0,0,'426',0,266,NULL),(136,'LR','LBR','Liberia',1,0,0,'430',0,231,NULL),(137,'LY','LBY','Libye',1,0,0,'434',0,218,'0'),(138,'LI','LIE','Liechtenstein',1,0,0,'438',1,423,NULL),(139,'LT','LTU','Lituanie',1,0,1,'440',1,370,'0'),(140,'LU','LUX','Luxembourg',1,0,1,'442',1,352,NULL),(141,'MO','MAC','Macao',1,0,0,'446',0,853,NULL),(142,'MK','MKD','ex-République yougoslave de Macédoine',1,0,0,'807',1,389,'0'),(143,'MG','MDG','Madagascar',1,0,0,'450',0,261,NULL),(144,'MW','MWI','Malawi',1,0,0,'454',0,30,NULL),(145,'MY','MYS','Malaisie',1,0,0,'458',0,60,'0'),(146,'MV','MDV','Maldives',1,0,0,'462',0,960,NULL),(147,'ML','MLI','Mali',1,0,0,'466',0,223,NULL),(148,'MT','MLT','Malte',1,0,1,'470',1,356,NULL),(149,'MH','MHL','Iles Marshall',1,0,0,'584',0,692,'1'),(151,'MR','MRT','Mauritanie',1,0,0,'478',0,222,NULL),(152,'MU','MUS','Maurice',1,0,0,'480',0,230,NULL),(153,'YT','MYT','Mayotte',1,0,0,'175',1,262,'0'),(154,'MX','MEX','Mexique',1,0,0,'484',0,52,NULL),(155,'FM','FSM','Micronésie',1,0,0,'583',0,691,'1'),(156,'MD','MDA','Moldavie',1,0,0,'498',1,373,'0'),(157,'MN','MNG','Mongolie',1,0,0,'496',0,976,'0'),(158,'MS','MSR','Monserrat',1,0,0,'500',0,1664,'1'),(159,'MZ','MOZ','Mozambique',1,0,0,'508',0,258,NULL),(160,'MM','MMR','Birmanie (Myanmar)',1,0,0,'104',0,95,'0'),(161,'NA','NAM','Namibie',1,0,0,'516',0,264,'0'),(162,'NR','NRU','Nauru',1,0,0,'520',0,674,NULL),(163,'NP','NPL','Népal',1,0,0,'524',0,977,'0'),(164,'AN',NULL,'Antilles néerlandaises',1,0,0,NULL,0,NULL,NULL),(165,'NC','NCL','Nouvelle-Calédonie',1,0,0,'540',0,687,NULL),(166,'NZ','NZL','Nouvelle-Zélande',1,0,0,'554',0,64,'0'),(167,'NI','NIC','Nicaragua',1,0,0,'558',0,505,NULL),(168,'NE','NER','Niger',1,0,0,'562',0,227,NULL),(169,'NG','NGA','Nigeria',1,0,0,'566',0,234,'0'),(170,'NU','NIU','Nioué',1,0,0,'570',0,683,NULL),(171,'NF','NFK','Ile Norfolk',1,0,0,'574',0,672,NULL),(172,'MP','MNP','Mariannes du Nord',1,0,0,'580',0,1670,'1'),(173,'NO','NOR','Norvège',1,0,0,'578',1,47,NULL),(174,'OM','OMN','Oman',1,0,0,'512',0,968,NULL),(175,'PK','PAK','Pakistan',1,0,0,'586',0,92,'0'),(176,'PW','PLW','Palaos',1,0,0,'585',0,680,NULL),(177,'PS','PSE','Territoire Palestinien Occupé',1,0,0,'275',0,970,'0'),(178,'PA','PAN','Panama',1,0,0,'591',0,507,NULL),(179,'PG','PNG','Papouasie-Nouvelle-Guinée',1,0,0,'598',0,675,NULL),(180,'PY','PRY','Paraguay',1,0,0,'600',0,595,'0'),(181,'PE','PER','Peru',1,0,0,'604',0,51,'0'),(182,'PH','PHL','Philippines',1,0,0,'608',0,63,'0'),(183,'PN','PCN','Iles Pitcairn',1,0,0,'612',0,NULL,NULL),(184,'PL','POL','Pologne',1,0,1,'616',1,48,NULL),(185,'PR','PRI','Porto Rico',1,0,0,'630',0,1787,'1'),(186,'QA','QAT','Qatar',1,0,0,'634',0,974,NULL),(188,'RO','ROU','Roumanie',1,0,1,'642',1,40,'0'),(189,'RW','RWA','Rwanda',1,0,0,'646',0,250,NULL),(190,'SH','SHN','Sainte-Hélène',1,0,0,'654',0,290,NULL),(191,'KN','KNA','Saint-Christophe-et-Niévès',1,0,0,'659',0,1869,'1'),(192,'LC','LCA','Sainte-Lucie',1,0,0,'662',0,1758,'1'),(193,'PM','SPM','Saint-Pierre-et-Miquelon',1,0,0,'666',1,508,'0'),(194,'VC','VCT','Saint-Vincent-et-les-Grenadines',1,0,0,'670',0,1784,'1'),(195,'WS','WSM','Samoa',1,0,0,'882',0,685,NULL),(196,'SM','SMR','Saint-Marin',1,0,0,'674',1,378,NULL),(197,'ST','STP','Sao Tomé-et-Principe',1,0,0,'678',0,239,NULL),(198,'RS','SRB','Serbie',1,0,0,'688',1,381,'0'),(199,'SC','SYC','Seychelles',1,0,0,'690',0,248,NULL),(200,'SL','SLE','Sierra Leone',1,0,0,'694',0,232,'0'),(201,'SK','SVK','Slovaquie',1,0,1,'703',1,421,'0'),(202,'SI','SVN','Slovénie',1,0,1,'705',1,386,'0'),(203,'SB','SLB','Iles Salomon',1,0,0,'090',0,677,NULL),(204,'SO','SOM','Somalie',1,0,0,'706',0,252,NULL),(205,'ZA','ZAF','Afrique du Sud',1,0,0,'710',0,27,'0'),(206,'GS','SGS','Iles Géorgie du Sud et Sandwich du Sud',1,0,0,'239',0,NULL,NULL),(207,'LK','LKA','Sri Lanka',1,0,0,'144',0,94,'0'),(208,'SD','SDN','Soudan',1,0,0,'729',0,249,'0'),(209,'SR','SUR','Suriname',1,0,0,'740',0,597,'0'),(210,'SJ','SJM','Iles Svalbard et Jan Mayen',1,0,0,'744',0,47,NULL),(211,'SZ','SWZ','Swaziland',1,0,0,'748',0,268,NULL),(212,'SY','SYR','Syrie',1,0,0,'760',0,963,'0'),(213,'TW','TWN','Taïwan',1,0,0,'158',0,886,'0'),(214,'TJ','TJK','Tadjikistan',1,0,0,'762',0,992,'8'),(215,'TZ','TZA','Tanzanie',1,0,0,'834',0,255,'0'),(216,'TH','THA','Thaïlande',1,0,0,'764',0,66,'0'),(217,'TL','TLS','Timor Oriental',1,0,0,'626',0,670,NULL),(218,'TK','TKL','Tokélaou',1,0,0,'772',0,690,NULL),(219,'TO','TON','Tonga',1,0,0,'776',0,676,NULL),(220,'TT','TTO','Trinité-et-Tobago',1,0,0,'780',0,1868,'1'),(221,'TR','TUR','Turquie',1,0,0,'792',0,90,'0'),(222,'TM','TKM','Turkménistan',1,0,0,'795',0,993,'8'),(223,'TC','TCA','Iles Turks-et-Caicos',1,0,0,'796',0,1649,'1'),(224,'TV','TUV','Tuvalu',1,0,0,'798',0,688,NULL),(225,'UG','UGA','Ouganda',1,0,0,'800',0,256,'0'),(226,'UA','UKR','Ukraine',1,0,0,'804',0,380,'0'),(227,'xx','ARE','Émirats arabes unishh',1,0,0,'784',0,NULL,NULL),(228,'UM','UMI','Iles mineures éloignées des États-Unis',1,0,0,'581',0,NULL,NULL),(229,'UY','URY','Uruguay',1,0,0,'858',0,598,NULL),(230,'UZ','UZB','Ouzbékistan',1,0,0,'860',0,998,'0'),(231,'VU','VUT','Vanuatu',1,0,0,'548',0,678,NULL),(232,'VE','VEN','Vénézuela',1,0,0,'862',0,58,'0'),(233,'VN','VNM','Viêt Nam',1,0,0,'704',0,84,'0'),(234,'VG','VGB','Iles Vierges britanniques',1,0,0,'092',0,1284,'1'),(235,'VI','VIR','Iles Vierges américaines',1,0,0,'850',0,1340,'1'),(236,'WF','WLF','Wallis-et-Futuna',1,0,0,'876',0,681,NULL),(237,'EH','ESH','Sahara occidental',1,0,0,'732',0,NULL,'0'),(238,'YE','YEM','Yémen',1,0,0,'887',0,967,'0'),(239,'ZM','ZMB','Zambie',1,0,0,'894',0,260,'0'),(240,'ZW','ZWE','Zimbabwe',1,0,0,'716',0,263,'0'),(241,'GG','GGY','Guernesey',1,0,0,'831',1,44,'0'),(242,'IM','IMN','Ile de Man',1,0,1,'833',1,44,'0'),(243,'JE','JEY','Jersey',1,0,0,'832',1,44,'0'),(244,'ME','MNE','Monténégro',1,0,0,'499',1,382,'0'),(245,'BL','BLM','Saint-Barthélemy',1,0,0,'652',1,590,'0'),(246,'MF','MAF','Saint-Martin',1,0,0,'663',1,590,'0'),(247,'hh',NULL,'hhh',1,0,0,NULL,0,NULL,NULL),(248,'BQ','BES','Bonaire, Sint Eustatius and Saba',1,0,0,'535',0,NULL,NULL),(249,'GP','GLP','Guadeloupe',0,0,0,'312',1,NULL,NULL),(250,'GY','GUY','Guyana',0,0,0,'328',0,NULL,NULL),(251,'MQ','MTQ','Martinique',0,0,0,'474',1,NULL,NULL),(252,'RE','REU','Reunion',0,0,0,'638',1,NULL,NULL),(253,'SS','SSD','South Sudan',1,0,0,'728',0,NULL,NULL);

--
-- Table structure for table `llx_c_currencies`
--

CREATE TABLE `llx_c_currencies` (
  `code_iso` varchar(3) NOT NULL,
  `label` varchar(128) DEFAULT NULL,
  `unicode` varchar(32) DEFAULT NULL,
  `active` tinyint(4) NOT NULL DEFAULT 1,
  `max_decimal_unit` tinyint(4) DEFAULT NULL,
  `max_decimal_tot` tinyint(4) DEFAULT NULL,
  PRIMARY KEY (`code_iso`),
  UNIQUE KEY `uk_c_currencies_code_iso` (`code_iso`)
) ENGINE=InnoDB DEFAULT CHARSET=utf8mb3 COLLATE=utf8mb3_unicode_ci;

--
-- Dumping data for table `llx_c_currencies`
--

INSERT INTO `llx_c_currencies` (`code_iso`, `label`, `unicode`, `active`, `max_decimal_unit`, `max_decimal_tot`) VALUES ('AED','United Arab Emirates Dirham',NULL,1,NULL,NULL),('AFN','Afghanistan Afghani','[1547]',1,NULL,NULL),('ALL','Albania Leklll','[76,101,107]',1,NULL,NULL),('ANG','Netherlands Antilles Guilder','[402]',1,NULL,NULL),('ARP','Pesos argentins',NULL,0,NULL,NULL),('ARS','Argentino Peso','[36]',1,NULL,NULL),('ATS','Shiliing autrichiens',NULL,0,NULL,NULL),('AUD','Australia Dollar','[36]',1,NULL,NULL),('AWG','Aruba Guilder','[402]',1,NULL,NULL),('AZN','Azerbaijan New Manat','[1084,1072,1085]',1,NULL,NULL),('BAM','Bosnia and Herzegovina Convertible Marka','[75,77]',1,NULL,NULL),('BBD','Barbados Dollar','[36]',1,NULL,NULL),('BEF','Francs belges',NULL,0,NULL,NULL),('BGN','Bulgaria Lev','[1083,1074]',1,NULL,NULL),('BMD','Bermuda Dollar','[36]',1,NULL,NULL),('BND','Brunei Darussalam Dollar','[36]',1,NULL,NULL),('BOB','Bolivia Boliviano','[36,98]',1,NULL,NULL),('BRL','Brazil Real','[82,36]',1,NULL,NULL),('BSD','Bahamas Dollar','[36]',1,NULL,NULL),('BWP','Botswana Pula','[80]',1,NULL,NULL),('BYR','Belarus Ruble','[112,46]',1,NULL,NULL),('BZD','Belize Dollar','[66,90,36]',1,NULL,NULL),('CAD','Canada Dollar','[36]',1,NULL,NULL),('CDF','Congolese Franc','[70,67]',1,NULL,NULL),('CHF','Switzerland Franc','[67,72,70]',1,NULL,NULL),('CLP','Chile Peso','[36]',1,NULL,NULL),('CNY','China Yuan Renminbi','[165]',1,NULL,NULL),('COP','Colombia Peso','[36]',1,NULL,NULL),('CRC','Costa Rica Colon','[8353]',1,NULL,NULL),('CUP','Cuba Peso','[8369]',1,NULL,NULL),('CZK','Czech Republic Koruna','[75,269]',1,NULL,NULL),('DEM','Deutsch mark',NULL,0,NULL,NULL),('DKK','Denmark Krone','[107,114]',1,NULL,NULL),('DOP','Dominican Republic Peso','[82,68,36]',1,NULL,NULL),('DZD','Algeria Dinar',NULL,1,NULL,NULL),('EEK','Estonia Kroon','[107,114]',1,NULL,NULL),('EGP','Egypt Pound','[163]',1,NULL,NULL),('ESP','Pesete',NULL,0,NULL,NULL),('EUR','Euro Member Countries','[8364]',1,NULL,NULL),('FIM','Mark finlandais',NULL,0,NULL,NULL),('FJD','Fiji Dollar','[36]',1,NULL,NULL),('FKP','Falkland Islands (Malvinas) Pound','[163]',1,NULL,NULL),('FRF','Francs francais',NULL,0,NULL,NULL),('GBP','United Kingdom Pound','[163]',1,NULL,NULL),('GGP','Guernsey Pound','[163]',1,NULL,NULL),('GHC','Ghana Cedis','[162]',1,NULL,NULL),('GIP','Gibraltar Pound','[163]',1,NULL,NULL),('GRD','Drachme (grece)',NULL,0,NULL,NULL),('GTQ','Guatemala Quetzal','[81]',1,NULL,NULL),('GYD','Guyana Dollar','[36]',1,NULL,NULL),('hhh','ddd','[]',1,NULL,NULL),('HKD','Hong Kong Dollar','[36]',1,NULL,NULL),('HNL','Honduras Lempira','[76]',1,NULL,NULL),('HRK','Croatia Kuna','[107,110]',1,NULL,NULL),('HUF','Hungary Forint','[70,116]',1,NULL,NULL),('IDR','Indonesia Rupiah','[82,112]',1,NULL,NULL),('IEP','Livres irlandaises',NULL,0,NULL,NULL),('ILS','Israel Shekel','[8362]',1,NULL,NULL),('IMP','Isle of Man Pound','[163]',1,NULL,NULL),('INR','India Rupee',NULL,1,NULL,NULL),('IRR','Iran Rial','[65020]',1,NULL,NULL),('ISK','Iceland Krona','[107,114]',1,NULL,NULL),('ITL','Lires',NULL,0,NULL,NULL),('JEP','Jersey Pound','[163]',1,NULL,NULL),('JMD','Jamaica Dollar','[74,36]',1,NULL,NULL),('JPY','Japan Yen','[165]',1,NULL,NULL),('KES','Kenya Shilling',NULL,1,NULL,NULL),('KGS','Kyrgyzstan Som','[1083,1074]',1,NULL,NULL),('KHR','Cambodia Riel','[6107]',1,NULL,NULL),('KPW','Korea (North) Won','[8361]',1,NULL,NULL),('KRW','Korea (South) Won','[8361]',1,NULL,NULL),('KYD','Cayman Islands Dollar','[36]',1,NULL,NULL),('KZT','Kazakhstan Tenge','[1083,1074]',1,NULL,NULL),('LAK','Laos Kip','[8365]',1,NULL,NULL),('LBP','Lebanon Pound','[163]',1,NULL,NULL),('LKR','Sri Lanka Rupee','[8360]',1,NULL,NULL),('LRD','Liberia Dollar','[36]',1,NULL,NULL),('LTL','Lithuania Litas','[76,116]',1,NULL,NULL),('LUF','Francs luxembourgeois',NULL,0,NULL,NULL),('LVL','Latvia Lat','[76,115]',1,NULL,NULL),('MAD','Morocco Dirham',NULL,1,NULL,NULL),('MKD','Macedonia Denar','[1076,1077,1085]',1,NULL,NULL),('MNT','Mongolia Tughrik','[8366]',1,NULL,NULL),('MRO','Mauritania Ouguiya',NULL,1,NULL,NULL),('MUR','Mauritius Rupee','[8360]',1,NULL,NULL),('MXN','Mexico Peso','[36]',1,NULL,NULL),('MXP','Pesos Mexicans',NULL,0,NULL,NULL),('MYR','Malaysia Ringgit','[82,77]',1,NULL,NULL),('MZN','Mozambique Metical','[77,84]',1,NULL,NULL),('NAD','Namibia Dollar','[36]',1,NULL,NULL),('NGN','Nigeria Naira','[8358]',1,NULL,NULL),('NIO','Nicaragua Cordoba','[67,36]',1,NULL,NULL),('NLG','Florins',NULL,0,NULL,NULL),('NOK','Norway Krone','[107,114]',1,NULL,NULL),('NPR','Nepal Rupee','[8360]',1,NULL,NULL),('NZD','New Zealand Dollar','[36]',1,NULL,NULL),('OMR','Oman Rial','[65020]',1,NULL,NULL),('PAB','Panama Balboa','[66,47,46]',1,NULL,NULL),('PEN','Peru Nuevo Sol','[83,47,46]',1,NULL,NULL),('PGK','Papua New Guinea Kina','[75]',1,NULL,NULL),('PHP','Philippines Peso','[8369]',1,NULL,NULL),('PKR','Pakistan Rupee','[8360]',1,NULL,NULL),('PLN','Poland Zloty','[122,322]',1,NULL,NULL),('PTE','Escudos',NULL,0,NULL,NULL),('PYG','Paraguay Guarani','[71,115]',1,NULL,NULL),('QAR','Qatar Riyal','[65020]',1,NULL,NULL),('RON','Romania New Leu','[108,101,105]',1,NULL,NULL),('RSD','Serbia Dinar','[1044,1080,1085,46]',1,NULL,NULL),('RUB','Russia Ruble','[1088,1091,1073]',1,NULL,NULL),('SAR','Saudi Arabia Riyal','[65020]',1,NULL,NULL),('SBD','Solomon Islands Dollar','[36]',1,NULL,NULL),('SCR','Seychelles Rupee','[8360]',1,NULL,NULL),('SEK','Sweden Krona','[107,114]',1,NULL,NULL),('SGD','Singapore Dollar','[36]',1,NULL,NULL),('SHP','Saint Helena Pound','[163]',1,NULL,NULL),('SKK','Couronnes slovaques',NULL,0,NULL,NULL),('SOS','Somalia Shilling','[83]',1,NULL,NULL),('SRD','Suriname Dollar','[36]',1,NULL,NULL),('SUR','Rouble',NULL,0,NULL,NULL),('SVC','El Salvador Colon','[36]',1,NULL,NULL),('SYP','Syria Pound','[163]',1,NULL,NULL),('THB','Thailand Baht','[3647]',1,NULL,NULL),('TND','Tunisia Dinar',NULL,1,NULL,NULL),('TRL','Turkey Lira','[84,76]',1,NULL,NULL),('TRY','Turkey Lira','[8356]',1,NULL,NULL),('TTD','Trinidad and Tobago Dollar','[84,84,36]',1,NULL,NULL),('TVD','Tuvalu Dollar','[36]',1,NULL,NULL),('TWD','Taiwan New Dollar','[78,84,36]',1,NULL,NULL),('UAH','Ukraine Hryvna','[8372]',1,NULL,NULL),('USD','United States Dollar','[36]',1,NULL,NULL),('UYU','Uruguay Peso','[36,85]',1,NULL,NULL),('UZS','Uzbekistan Som','[1083,1074]',1,NULL,NULL),('VEF','Venezuela Bolivar Fuerte','[66,115]',1,NULL,NULL),('VND','Viet Nam Dong','[8363]',1,NULL,NULL),('XAF','Communaute Financiere Africaine (BEAC) CFA Franc',NULL,1,NULL,NULL),('XCD','East Caribbean Dollar','[36]',1,NULL,NULL),('XEU','Ecus',NULL,0,NULL,NULL),('XOF','Communaute Financiere Africaine (BCEAO) Franc',NULL,1,NULL,NULL),('XPF','Franc pacifique (XPF)',NULL,1,NULL,NULL),('YER','Yemen Rial','[65020]',1,NULL,NULL),('ZAR','South Africa Rand','[82]',1,NULL,NULL),('ZWD','Zimbabwe Dollar','[90,36]',1,NULL,NULL);

--
-- Table structure for table `llx_c_departements`
--

CREATE TABLE `llx_c_departements` (
  `rowid` int(11) NOT NULL AUTO_INCREMENT,
  `code_departement` varchar(6) NOT NULL,
  `fk_region` int(11) DEFAULT NULL,
  `cheflieu` varchar(50) DEFAULT NULL,
  `tncc` int(11) DEFAULT NULL,
  `ncc` varchar(50) DEFAULT NULL,
  `nom` varchar(50) DEFAULT NULL,
  `active` tinyint(4) NOT NULL DEFAULT 1,
  PRIMARY KEY (`rowid`),
  UNIQUE KEY `uk_departements` (`code_departement`,`fk_region`),
  KEY `idx_departements_fk_region` (`fk_region`),
  CONSTRAINT `fk_departements_code_region` FOREIGN KEY (`fk_region`) REFERENCES `llx_c_regions` (`code_region`),
  CONSTRAINT `fk_departements_fk_region` FOREIGN KEY (`fk_region`) REFERENCES `llx_c_regions` (`code_region`)
) ENGINE=InnoDB AUTO_INCREMENT=2100 DEFAULT CHARSET=utf8mb3 COLLATE=utf8mb3_unicode_ci;

--
-- Dumping data for table `llx_c_departements`
--

INSERT INTO `llx_c_departements` (`rowid`, `code_departement`, `fk_region`, `cheflieu`, `tncc`, `ncc`, `nom`, `active`) VALUES (1,'0',0,'0',0,'-','-',1),(2,'01',84,'01053',5,'AIN','Ain',1),(3,'02',32,'02408',5,'AISNE','Aisne',1),(4,'03',84,'03190',5,'ALLIER','Allier',1),(5,'04',93,'04070',4,'ALPES-DE-HAUTE-PROVENCE','Alpes-de-Haute-Provence',1),(6,'05',93,'05061',4,'HAUTES-ALPES','Hautes-Alpes',1),(7,'06',93,'06088',4,'ALPES-MARITIMES','Alpes-Maritimes',1),(8,'07',84,'07186',5,'ARDECHE','Ardèche',1),(9,'08',44,'08105',4,'ARDENNES','Ardennes',1),(10,'09',76,'09122',5,'ARIEGE','Ariège',1),(11,'10',44,'10387',5,'AUBE','Aube',1),(12,'11',76,'11069',5,'AUDE','Aude',1),(13,'12',76,'12202',5,'AVEYRON','Aveyron',1),(14,'13',93,'13055',4,'BOUCHES-DU-RHONE','Bouches-du-Rhône',1),(15,'14',28,'14118',2,'CALVADOS','Calvados',1),(16,'15',84,'15014',2,'CANTAL','Cantal',1),(17,'16',75,'16015',3,'CHARENTE','Charente',1),(18,'17',75,'17300',3,'CHARENTE-MARITIME','Charente-Maritime',1),(19,'18',24,'18033',2,'CHER','Cher',1),(20,'19',75,'19272',3,'CORREZE','Corrèze',1),(21,'2A',94,'2A004',3,'CORSE-DU-SUD','Corse-du-Sud',1),(22,'2B',94,'2B033',3,'HAUTE-CORSE','Haute-Corse',1),(23,'21',27,'21231',3,'COTE-D\'OR','Côte-d\'Or',1),(24,'22',53,'22278',4,'COTES-D\'ARMOR','Côtes-d\'Armor',1),(25,'23',75,'23096',3,'CREUSE','Creuse',1),(26,'24',75,'24322',3,'DORDOGNE','Dordogne',1),(27,'25',27,'25056',2,'DOUBS','Doubs',1),(28,'26',84,'26362',3,'DROME','Drôme',1),(29,'27',28,'27229',5,'EURE','Eure',1),(30,'28',24,'28085',1,'EURE-ET-LOIR','Eure-et-Loir',1),(31,'29',53,'29232',2,'FINISTERE','Finistère',1),(32,'30',76,'30189',2,'GARD','Gard',1),(33,'31',76,'31555',3,'HAUTE-GARONNE','Haute-Garonne',1),(34,'32',76,'32013',2,'GERS','Gers',1),(35,'33',75,'33063',3,'GIRONDE','Gironde',1),(36,'34',76,'34172',5,'HERAULT','Hérault',1),(37,'35',53,'35238',1,'ILLE-ET-VILAINE','Ille-et-Vilaine',1),(38,'36',24,'36044',5,'INDRE','Indre',1),(39,'37',24,'37261',1,'INDRE-ET-LOIRE','Indre-et-Loire',1),(40,'38',84,'38185',5,'ISERE','Isère',1),(41,'39',27,'39300',2,'JURA','Jura',1),(42,'40',75,'40192',4,'LANDES','Landes',1),(43,'41',24,'41018',0,'LOIR-ET-CHER','Loir-et-Cher',1),(44,'42',84,'42218',3,'LOIRE','Loire',1),(45,'43',84,'43157',3,'HAUTE-LOIRE','Haute-Loire',1),(46,'44',52,'44109',3,'LOIRE-ATLANTIQUE','Loire-Atlantique',1),(47,'45',24,'45234',2,'LOIRET','Loiret',1),(48,'46',76,'46042',2,'LOT','Lot',1),(49,'47',75,'47001',0,'LOT-ET-GARONNE','Lot-et-Garonne',1),(50,'48',76,'48095',3,'LOZERE','Lozère',1),(51,'49',52,'49007',0,'MAINE-ET-LOIRE','Maine-et-Loire',1),(52,'50',28,'50502',3,'MANCHE','Manche',1),(53,'51',44,'51108',3,'MARNE','Marne',1),(54,'52',44,'52121',3,'HAUTE-MARNE','Haute-Marne',1),(55,'53',52,'53130',3,'MAYENNE','Mayenne',1),(56,'54',44,'54395',0,'MEURTHE-ET-MOSELLE','Meurthe-et-Moselle',1),(57,'55',44,'55029',3,'MEUSE','Meuse',1),(58,'56',53,'56260',2,'MORBIHAN','Morbihan',1),(59,'57',44,'57463',3,'MOSELLE','Moselle',1),(60,'58',27,'58194',3,'NIEVRE','Nièvre',1),(61,'59',32,'59350',2,'NORD','Nord',1),(62,'60',32,'60057',5,'OISE','Oise',1),(63,'61',28,'61001',5,'ORNE','Orne',1),(64,'62',32,'62041',2,'PAS-DE-CALAIS','Pas-de-Calais',1),(65,'63',84,'63113',2,'PUY-DE-DOME','Puy-de-Dôme',1),(66,'64',75,'64445',4,'PYRENEES-ATLANTIQUES','Pyrénées-Atlantiques',1),(67,'65',76,'65440',4,'HAUTES-PYRENEES','Hautes-Pyrénées',1),(68,'66',76,'66136',4,'PYRENEES-ORIENTALES','Pyrénées-Orientales',1),(69,'67',44,'67482',2,'BAS-RHIN','Bas-Rhin',1),(70,'68',44,'68066',2,'HAUT-RHIN','Haut-Rhin',1),(71,'69',84,'69123',2,'RHONE','Rhône',1),(72,'70',27,'70550',3,'HAUTE-SAONE','Haute-Saône',1),(73,'71',27,'71270',0,'SAONE-ET-LOIRE','Saône-et-Loire',1),(74,'72',52,'72181',3,'SARTHE','Sarthe',1),(75,'73',84,'73065',3,'SAVOIE','Savoie',1),(76,'74',84,'74010',3,'HAUTE-SAVOIE','Haute-Savoie',1),(77,'75',11,'75056',0,'PARIS','Paris',1),(78,'76',28,'76540',3,'SEINE-MARITIME','Seine-Maritime',1),(79,'77',11,'77288',0,'SEINE-ET-MARNE','Seine-et-Marne',1),(80,'78',11,'78646',4,'YVELINES','Yvelines',1),(81,'79',75,'79191',4,'DEUX-SEVRES','Deux-Sèvres',1),(82,'80',32,'80021',3,'SOMME','Somme',1),(83,'81',76,'81004',2,'TARN','Tarn',1),(84,'82',76,'82121',0,'TARN-ET-GARONNE','Tarn-et-Garonne',1),(85,'83',93,'83137',2,'VAR','Var',1),(86,'84',93,'84007',0,'VAUCLUSE','Vaucluse',1),(87,'85',52,'85191',3,'VENDEE','Vendée',1),(88,'86',75,'86194',3,'VIENNE','Vienne',1),(89,'87',75,'87085',3,'HAUTE-VIENNE','Haute-Vienne',1),(90,'88',44,'88160',4,'VOSGES','Vosges',1),(91,'89',27,'89024',5,'YONNE','Yonne',1),(92,'90',27,'90010',0,'TERRITOIRE DE BELFORT','Territoire de Belfort',1),(93,'91',11,'91228',5,'ESSONNE','Essonne',1),(94,'92',11,'92050',4,'HAUTS-DE-SEINE','Hauts-de-Seine',1),(95,'93',11,'93008',3,'SEINE-SAINT-DENIS','Seine-Saint-Denis',1),(96,'94',11,'94028',2,'VAL-DE-MARNE','Val-de-Marne',1),(97,'95',11,'95500',2,'VAL-D\'OISE','Val-d\'Oise',1),(98,'971',1,'97105',3,'GUADELOUPE','Guadeloupe',1),(99,'972',2,'97209',3,'MARTINIQUE','Martinique',1),(100,'973',3,'97302',3,'GUYANE','Guyane',1),(101,'974',4,'97411',3,'REUNION','Réunion',1),(102,'01',201,'',1,'ANVERS','Anvers',1),(103,'02',203,'',3,'BRUXELLES-CAPITALE','Bruxelles-Capitale',1),(104,'03',202,'',2,'BRABANT-WALLON','Brabant-Wallon',1),(105,'04',201,'',1,'BRABANT-FLAMAND','Brabant-Flamand',1),(106,'05',201,'',1,'FLANDRE-OCCIDENTALE','Flandre-Occidentale',1),(107,'06',201,'',1,'FLANDRE-ORIENTALE','Flandre-Orientale',1),(108,'07',202,'',2,'HAINAUT','Hainaut',1),(109,'08',201,'',2,'LIEGE','Liège',1),(110,'09',202,'',1,'LIMBOURG','Limbourg',1),(111,'10',202,'',2,'LUXEMBOURG','Luxembourg',1),(112,'11',201,'',2,'NAMUR','Namur',1),(113,'NSW',2801,'',1,'','New South Wales',1),(114,'VIC',2801,'',1,'','Victoria',1),(115,'QLD',2801,'',1,'','Queensland',1),(116,'SA',2801,'',1,'','South Australia',1),(117,'ACT',2801,'',1,'','Australia Capital Territory',1),(118,'TAS',2801,'',1,'','Tasmania',1),(119,'WA',2801,'',1,'','Western Australia',1),(120,'NT',2801,'',1,'','Northern Territory',1),(121,'VI',419,'',19,'ALAVA','Álava',1),(122,'AB',404,'',4,'ALBACETE','Albacete',1),(123,'A',411,'',11,'ALICANTE','Alicante',1),(124,'AL',401,'',1,'ALMERIA','Almería',1),(125,'AV',403,'',3,'AVILA','Avila',1),(126,'BA',412,'',12,'BADAJOZ','Badajoz',1),(127,'PM',414,'',14,'ISLAS BALEARES','Islas Baleares',1),(128,'B',406,'',6,'BARCELONA','Barcelona',1),(129,'BU',403,'',8,'BURGOS','Burgos',1),(130,'CC',412,'',12,'CACERES','Cáceres',1),(131,'CA',401,'',1,'CADIz','Cádiz',1),(132,'CS',411,'',11,'CASTELLON','Castellón',1),(133,'CR',404,'',4,'CIUDAD REAL','Ciudad Real',1),(134,'CO',401,'',1,'CORDOBA','Córdoba',1),(135,'C',413,'',13,'LA CORUÑA','La Coruña',1),(136,'CU',404,'',4,'CUENCA','Cuenca',1),(137,'GI',406,'',6,'GERONA','Gerona',1),(138,'GR',401,'',1,'GRANADA','Granada',1),(139,'GU',404,'',4,'GUADALAJARA','Guadalajara',1),(140,'SS',419,'',19,'GUIPUZCOA','Guipúzcoa',1),(141,'H',401,'',1,'HUELVA','Huelva',1),(142,'HU',402,'',2,'HUESCA','Huesca',1),(143,'J',401,'',1,'JAEN','Jaén',1),(144,'LE',403,'',3,'LEON','León',1),(145,'L',406,'',6,'LERIDA','Lérida',1),(146,'LO',415,'',15,'LA RIOJA','La Rioja',1),(147,'LU',413,'',13,'LUGO','Lugo',1),(148,'M',416,'',16,'MADRID','Madrid',1),(149,'MA',401,'',1,'MALAGA','Málaga',1),(150,'MU',417,'',17,'MURCIA','Murcia',1),(151,'NA',408,'',8,'NAVARRA','Navarra',1),(152,'OR',413,'',13,'ORENSE','Orense',1),(153,'O',418,'',18,'ASTURIAS','Asturias',1),(154,'P',403,'',3,'PALENCIA','Palencia',1),(155,'GC',405,'',5,'LAS PALMAS','Las Palmas',1),(156,'PO',413,'',13,'PONTEVEDRA','Pontevedra',1),(157,'SA',403,'',3,'SALAMANCA','Salamanca',1),(158,'TF',405,'',5,'STA. CRUZ DE TENERIFE','Sta. Cruz de Tenerife',1),(159,'S',410,'',10,'CANTABRIA','Cantabria',1),(160,'SG',403,'',3,'SEGOVIA','Segovia',1),(161,'SE',401,'',1,'SEVILLA','Sevilla',1),(162,'SO',403,'',3,'SORIA','Soria',1),(163,'T',406,'',6,'TARRAGONA','Tarragona',1),(164,'TE',402,'',2,'TERUEL','Teruel',1),(165,'TO',404,'',5,'TOLEDO','Toledo',1),(166,'V',411,'',11,'VALENCIA','Valencia',1),(167,'VA',403,'',3,'VALLADOLID','Valladolid',1),(168,'BI',419,'',19,'VIZCAYA','Vizcaya',1),(169,'ZA',403,'',3,'ZAMORA','Zamora',1),(170,'Z',402,'',1,'ZARAGOZA','Zaragoza',1),(171,'CE',407,'',7,'CEUTA','Ceuta',1),(172,'ML',409,'',9,'MELILLA','Melilla',1),(174,'AG',601,NULL,NULL,'ARGOVIE','Argovie',1),(175,'AI',601,NULL,NULL,'APPENZELL RHODES INTERIEURES','Appenzell Rhodes intérieures',1),(176,'AR',601,NULL,NULL,'APPENZELL RHODES EXTERIEURES','Appenzell Rhodes extérieures',1),(177,'BE',601,NULL,NULL,'BERNE','Berne',1),(178,'BL',601,NULL,NULL,'BALE CAMPAGNE','Bâle Campagne',1),(179,'BS',601,NULL,NULL,'BALE VILLE','Bâle Ville',1),(180,'FR',601,NULL,NULL,'FRIBOURG','Fribourg',1),(181,'GE',601,NULL,NULL,'GENEVE','Genève',1),(182,'GL',601,NULL,NULL,'GLARIS','Glaris',1),(183,'GR',601,NULL,NULL,'GRISONS','Grisons',1),(184,'JU',601,NULL,NULL,'JURA','Jura',1),(185,'LU',601,NULL,NULL,'LUCERNE','Lucerne',1),(186,'NE',601,NULL,NULL,'NEUCHATEL','Neuchâtel',1),(187,'NW',601,NULL,NULL,'NIDWALD','Nidwald',1),(188,'OW',601,NULL,NULL,'OBWALD','Obwald',1),(189,'SG',601,NULL,NULL,'SAINT-GALL','Saint-Gall',1),(190,'SH',601,NULL,NULL,'SCHAFFHOUSE','Schaffhouse',1),(191,'SO',601,NULL,NULL,'SOLEURE','Soleure',1),(192,'SZ',601,NULL,NULL,'SCHWYZ','Schwyz',1),(193,'TG',601,NULL,NULL,'THURGOVIE','Thurgovie',1),(194,'TI',601,NULL,NULL,'TESSIN','Tessin',1),(195,'UR',601,NULL,NULL,'URI','Uri',1),(196,'VD',601,NULL,NULL,'VAUD','Vaud',1),(197,'VS',601,NULL,NULL,'VALAIS','Valais',1),(198,'ZG',601,NULL,NULL,'ZUG','Zug',1),(199,'ZH',601,NULL,NULL,'ZURICH','Zürich',1),(200,'AL',1101,'',0,'ALABAMA','Alabama',1),(201,'AK',1101,'',0,'ALASKA','Alaska',1),(202,'AZ',1101,'',0,'ARIZONA','Arizona',1),(203,'AR',1101,'',0,'ARKANSAS','Arkansas',1),(204,'CA',1101,'',0,'CALIFORNIA','California',1),(205,'CO',1101,'',0,'COLORADO','Colorado',1),(206,'CT',1101,'',0,'CONNECTICUT','Connecticut',1),(207,'DE',1101,'',0,'DELAWARE','Delaware',1),(208,'FL',1101,'',0,'FLORIDA','Florida',1),(209,'GA',1101,'',0,'GEORGIA','Georgia',1),(210,'HI',1101,'',0,'HAWAII','Hawaii',1),(211,'ID',1101,'',0,'IDAHO','Idaho',1),(212,'IL',1101,'',0,'ILLINOIS','Illinois',1),(213,'IN',1101,'',0,'INDIANA','Indiana',1),(214,'IA',1101,'',0,'IOWA','Iowa',1),(215,'KS',1101,'',0,'KANSAS','Kansas',1),(216,'KY',1101,'',0,'KENTUCKY','Kentucky',1),(217,'LA',1101,'',0,'LOUISIANA','Louisiana',1),(218,'ME',1101,'',0,'MAINE','Maine',1),(219,'MD',1101,'',0,'MARYLAND','Maryland',1),(220,'MA',1101,'',0,'MASSACHUSSETTS','Massachusetts',1),(221,'MI',1101,'',0,'MICHIGAN','Michigan',1),(222,'MN',1101,'',0,'MINNESOTA','Minnesota',1),(223,'MS',1101,'',0,'MISSISSIPPI','Mississippi',1),(224,'MO',1101,'',0,'MISSOURI','Missouri',1),(225,'MT',1101,'',0,'MONTANA','Montana',1),(226,'NE',1101,'',0,'NEBRASKA','Nebraska',1),(227,'NV',1101,'',0,'NEVADA','Nevada',1),(228,'NH',1101,'',0,'NEW HAMPSHIRE','New Hampshire',1),(229,'NJ',1101,'',0,'NEW JERSEY','New Jersey',1),(230,'NM',1101,'',0,'NEW MEXICO','New Mexico',1),(231,'NY',1101,'',0,'NEW YORK','New York',1),(232,'NC',1101,'',0,'NORTH CAROLINA','North Carolina',1),(233,'ND',1101,'',0,'NORTH DAKOTA','North Dakota',1),(234,'OH',1101,'',0,'OHIO','Ohio',1),(235,'OK',1101,'',0,'OKLAHOMA','Oklahoma',1),(236,'OR',1101,'',0,'OREGON','Oregon',1),(237,'PA',1101,'',0,'PENNSYLVANIA','Pennsylvania',1),(238,'RI',1101,'',0,'RHODE ISLAND','Rhode Island',1),(239,'SC',1101,'',0,'SOUTH CAROLINA','South Carolina',1),(240,'SD',1101,'',0,'SOUTH DAKOTA','South Dakota',1),(241,'TN',1101,'',0,'TENNESSEE','Tennessee',1),(242,'TX',1101,'',0,'TEXAS','Texas',1),(243,'UT',1101,'',0,'UTAH','Utah',1),(244,'VT',1101,'',0,'VERMONT','Vermont',1),(245,'VA',1101,'',0,'VIRGINIA','Virginia',1),(246,'WA',1101,'',0,'WASHINGTON','Washington',1),(247,'WV',1101,'',0,'WEST VIRGINIA','West Virginia',1),(248,'WI',1101,'',0,'WISCONSIN','Wisconsin',1),(249,'WY',1101,'',0,'WYOMING','Wyoming',1),(250,'SS',8601,NULL,NULL,NULL,'San Salvador',1),(251,'SA',8603,NULL,NULL,NULL,'Santa Ana',1),(252,'AH',8603,NULL,NULL,NULL,'Ahuachapan',1),(253,'SO',8603,NULL,NULL,NULL,'Sonsonate',1),(254,'US',8602,NULL,NULL,NULL,'Usulutan',1),(255,'SM',8602,NULL,NULL,NULL,'San Miguel',1),(256,'MO',8602,NULL,NULL,NULL,'Morazan',1),(257,'LU',8602,NULL,NULL,NULL,'La Union',1),(258,'LL',8601,NULL,NULL,NULL,'La Libertad',1),(259,'CH',8601,NULL,NULL,NULL,'Chalatenango',1),(260,'CA',8601,NULL,NULL,NULL,'Cabañas',1),(261,'LP',8601,NULL,NULL,NULL,'La Paz',1),(262,'SV',8601,NULL,NULL,NULL,'San Vicente',1),(263,'CU',8601,NULL,NULL,NULL,'Cuscatlan',1),(264,'2301',2301,'',0,'CATAMARCA','Catamarca',1),(265,'2302',2301,'',0,'JUJUY','Jujuy',1),(266,'2303',2301,'',0,'TUCAMAN','Tucamán',1),(267,'2304',2301,'',0,'SANTIAGO DEL ESTERO','Santiago del Estero',1),(268,'2305',2301,'',0,'SALTA','Salta',1),(269,'2306',2302,'',0,'CHACO','Chaco',1),(270,'2307',2302,'',0,'CORRIENTES','Corrientes',1),(271,'2308',2302,'',0,'ENTRE RIOS','Entre Ríos',1),(272,'2309',2302,'',0,'FORMOSA','Formosa',1),(273,'2310',2302,'',0,'SANTA FE','Santa Fe',1),(274,'2311',2303,'',0,'LA RIOJA','La Rioja',1),(275,'2312',2303,'',0,'MENDOZA','Mendoza',1),(276,'2313',2303,'',0,'SAN JUAN','San Juan',1),(277,'2314',2303,'',0,'SAN LUIS','San Luis',1),(278,'2315',2304,'',0,'CORDOBA','Córdoba',1),(279,'2316',2304,'',0,'BUENOS AIRES','Buenos Aires',1),(280,'2317',2304,'',0,'CABA','Caba',1),(281,'2318',2305,'',0,'LA PAMPA','La Pampa',1),(282,'2319',2305,'',0,'NEUQUEN','Neuquén',1),(283,'2320',2305,'',0,'RIO NEGRO','Río Negro',1),(284,'2321',2305,'',0,'CHUBUT','Chubut',1),(285,'2322',2305,'',0,'SANTA CRUZ','Santa Cruz',1),(286,'2323',2305,'',0,'TIERRA DEL FUEGO','Tierra del Fuego',1),(287,'2324',2305,'',0,'ISLAS MALVINAS','Islas Malvinas',1),(288,'2325',2305,'',0,'ANTARTIDA','Antártida',1),(289,'AN',11701,NULL,0,'AN','Andaman & Nicobar',1),(290,'AP',11701,NULL,0,'AP','Andhra Pradesh',1),(291,'AR',11701,NULL,0,'AR','Arunachal Pradesh',1),(292,'AS',11701,NULL,0,'AS','Assam',1),(293,'BR',11701,NULL,0,'BR','Bihar',1),(294,'CG',11701,NULL,0,'CG','Chattisgarh',1),(295,'CH',11701,NULL,0,'CH','Chandigarh',1),(296,'DD',11701,NULL,0,'DD','Daman & Diu',1),(297,'DL',11701,NULL,0,'DL','Delhi',1),(298,'DN',11701,NULL,0,'DN','Dadra and Nagar Haveli',1),(299,'GA',11701,NULL,0,'GA','Goa',1),(300,'GJ',11701,NULL,0,'GJ','Gujarat',1),(301,'HP',11701,NULL,0,'HP','Himachal Pradesh',1),(302,'HR',11701,NULL,0,'HR','Haryana',1),(303,'JH',11701,NULL,0,'JH','Jharkhand',1),(304,'JK',11701,NULL,0,'JK','Jammu & Kashmir',1),(305,'KA',11701,NULL,0,'KA','Karnataka',1),(306,'KL',11701,NULL,0,'KL','Kerala',1),(307,'LD',11701,NULL,0,'LD','Lakshadweep',1),(308,'MH',11701,NULL,0,'MH','Maharashtra',1),(309,'ML',11701,NULL,0,'ML','Meghalaya',1),(310,'MN',11701,NULL,0,'MN','Manipur',1),(311,'MP',11701,NULL,0,'MP','Madhya Pradesh',1),(312,'MZ',11701,NULL,0,'MZ','Mizoram',1),(313,'NL',11701,NULL,0,'NL','Nagaland',1),(314,'OR',11701,NULL,0,'OR','Orissa',1),(315,'PB',11701,NULL,0,'PB','Punjab',1),(316,'PY',11701,NULL,0,'PY','Puducherry',1),(317,'RJ',11701,NULL,0,'RJ','Rajasthan',1),(318,'SK',11701,NULL,0,'SK','Sikkim',1),(319,'TN',11701,NULL,0,'TN','Tamil Nadu',1),(320,'TR',11701,NULL,0,'TR','Tripura',1),(321,'UL',11701,NULL,0,'UL','Uttarakhand',1),(322,'UP',11701,NULL,0,'UP','Uttar Pradesh',1),(323,'WB',11701,NULL,0,'WB','West Bengal',1),(374,'151',6715,'',0,'151','Arica',1),(375,'152',6715,'',0,'152','Parinacota',1),(376,'011',6701,'',0,'011','Iquique',1),(377,'014',6701,'',0,'014','Tamarugal',1),(378,'021',6702,'',0,'021','Antofagasa',1),(379,'022',6702,'',0,'022','El Loa',1),(380,'023',6702,'',0,'023','Tocopilla',1),(381,'031',6703,'',0,'031','Copiapó',1),(382,'032',6703,'',0,'032','Chañaral',1),(383,'033',6703,'',0,'033','Huasco',1),(384,'041',6704,'',0,'041','Elqui',1),(385,'042',6704,'',0,'042','Choapa',1),(386,'043',6704,'',0,'043','Limarí',1),(387,'051',6705,'',0,'051','Valparaíso',1),(388,'052',6705,'',0,'052','Isla de Pascua',1),(389,'053',6705,'',0,'053','Los Andes',1),(390,'054',6705,'',0,'054','Petorca',1),(391,'055',6705,'',0,'055','Quillota',1),(392,'056',6705,'',0,'056','San Antonio',1),(393,'057',6705,'',0,'057','San Felipe de Aconcagua',1),(394,'058',6705,'',0,'058','Marga Marga',1),(395,'061',6706,'',0,'061','Cachapoal',1),(396,'062',6706,'',0,'062','Cardenal Caro',1),(397,'063',6706,'',0,'063','Colchagua',1),(398,'071',6707,'',0,'071','Talca',1),(399,'072',6707,'',0,'072','Cauquenes',1),(400,'073',6707,'',0,'073','Curicó',1),(401,'074',6707,'',0,'074','Linares',1),(402,'081',6708,'',0,'081','Concepción',1),(403,'082',6708,'',0,'082','Arauco',1),(404,'083',6708,'',0,'083','Biobío',1),(405,'084',6708,'',0,'084','Ñuble',1),(406,'091',6709,'',0,'091','Cautín',1),(407,'092',6709,'',0,'092','Malleco',1),(408,'141',6714,'',0,'141','Valdivia',1),(409,'142',6714,'',0,'142','Ranco',1),(410,'101',6710,'',0,'101','Llanquihue',1),(411,'102',6710,'',0,'102','Chiloé',1),(412,'103',6710,'',0,'103','Osorno',1),(413,'104',6710,'',0,'104','Palena',1),(414,'111',6711,'',0,'111','Coihaique',1),(415,'112',6711,'',0,'112','Aisén',1),(416,'113',6711,'',0,'113','Capitán Prat',1),(417,'114',6711,'',0,'114','General Carrera',1),(418,'121',6712,'',0,'121','Magallanes',1),(419,'122',6712,'',0,'122','Antártica Chilena',1),(420,'123',6712,'',0,'123','Tierra del Fuego',1),(421,'124',6712,'',0,'124','Última Esperanza',1),(422,'131',6713,'',0,'131','Santiago',1),(423,'132',6713,'',0,'132','Cordillera',1),(424,'133',6713,'',0,'133','Chacabuco',1),(425,'134',6713,'',0,'134','Maipo',1),(426,'135',6713,'',0,'135','Melipilla',1),(427,'136',6713,'',0,'136','Talagante',1),(428,'DIF',15401,'',0,'DIF','Distrito Federal',1),(429,'AGS',15401,'',0,'AGS','Aguascalientes',1),(430,'BCN',15401,'',0,'BCN','Baja California Norte',1),(431,'BCS',15401,'',0,'BCS','Baja California Sur',1),(432,'CAM',15401,'',0,'CAM','Campeche',1),(433,'CHP',15401,'',0,'CHP','Chiapas',1),(434,'CHI',15401,'',0,'CHI','Chihuahua',1),(435,'COA',15401,'',0,'COA','Coahuila',1),(436,'COL',15401,'',0,'COL','Colima',1),(437,'DUR',15401,'',0,'DUR','Durango',1),(438,'GTO',15401,'',0,'GTO','Guanajuato',1),(439,'GRO',15401,'',0,'GRO','Guerrero',1),(440,'HGO',15401,'',0,'HGO','Hidalgo',1),(441,'JAL',15401,'',0,'JAL','Jalisco',1),(442,'MEX',15401,'',0,'MEX','México',1),(443,'MIC',15401,'',0,'MIC','Michoacán de Ocampo',1),(444,'MOR',15401,'',0,'MOR','Morelos',1),(445,'NAY',15401,'',0,'NAY','Nayarit',1),(446,'NLE',15401,'',0,'NLE','Nuevo León',1),(447,'OAX',15401,'',0,'OAX','Oaxaca',1),(448,'PUE',15401,'',0,'PUE','Puebla',1),(449,'QRO',15401,'',0,'QRO','Querétaro',1),(451,'ROO',15401,'',0,'ROO','Quintana Roo',1),(452,'SLP',15401,'',0,'SLP','San Luis Potosí',1),(453,'SIN',15401,'',0,'SIN','Sinaloa',1),(454,'SON',15401,'',0,'SON','Sonora',1),(455,'TAB',15401,'',0,'TAB','Tabasco',1),(456,'TAM',15401,'',0,'TAM','Tamaulipas',1),(457,'TLX',15401,'',0,'TLX','Tlaxcala',1),(458,'VER',15401,'',0,'VER','Veracruz',1),(459,'YUC',15401,'',0,'YUC','Yucatán',1),(460,'ZAC',15401,'',0,'ZAC','Zacatecas',1),(461,'ANT',7001,'',0,'ANT','Antioquia',1),(462,'BOL',7001,'',0,'BOL','Bolívar',1),(463,'BOY',7001,'',0,'BOY','Boyacá',1),(464,'CAL',7001,'',0,'CAL','Caldas',1),(465,'CAU',7001,'',0,'CAU','Cauca',1),(466,'CUN',7001,'',0,'CUN','Cundinamarca',1),(467,'HUI',7001,'',0,'HUI','Huila',1),(468,'LAG',7001,'',0,'LAG','La Guajira',1),(469,'MET',7001,'',0,'MET','Meta',1),(470,'NAR',7001,'',0,'NAR','Nariño',1),(471,'NDS',7001,'',0,'NDS','Norte de Santander',1),(472,'SAN',7001,'',0,'SAN','Santander',1),(473,'SUC',7001,'',0,'SUC','Sucre',1),(474,'TOL',7001,'',0,'TOL','Tolima',1),(475,'VAC',7001,'',0,'VAC','Valle del Cauca',1),(476,'RIS',7001,'',0,'RIS','Risalda',1),(477,'ATL',7001,'',0,'ATL','Atlántico',1),(478,'COR',7001,'',0,'COR','Córdoba',1),(479,'SAP',7001,'',0,'SAP','San Andrés, Providencia y Santa Catalina',1),(480,'ARA',7001,'',0,'ARA','Arauca',1),(481,'CAS',7001,'',0,'CAS','Casanare',1),(482,'AMA',7001,'',0,'AMA','Amazonas',1),(483,'CAQ',7001,'',0,'CAQ','Caquetá',1),(484,'CHO',7001,'',0,'CHO','Chocó',1),(485,'GUA',7001,'',0,'GUA','Guainía',1),(486,'GUV',7001,'',0,'GUV','Guaviare',1),(487,'PUT',7001,'',0,'PUT','Putumayo',1),(488,'QUI',7001,'',0,'QUI','Quindío',1),(489,'VAU',7001,'',0,'VAU','Vaupés',1),(490,'BOG',7001,'',0,'BOG','Bogotá',1),(491,'VID',7001,'',0,'VID','Vichada',1),(492,'CES',7001,'',0,'CES','Cesar',1),(493,'MAG',7001,'',0,'MAG','Magdalena',1),(494,'AT',11401,'',0,'AT','Atlántida',1),(495,'CH',11401,'',0,'CH','Choluteca',1),(496,'CL',11401,'',0,'CL','Colón',1),(497,'CM',11401,'',0,'CM','Comayagua',1),(498,'CO',11401,'',0,'CO','Copán',1),(499,'CR',11401,'',0,'CR','Cortés',1),(500,'EP',11401,'',0,'EP','El Paraíso',1),(501,'FM',11401,'',0,'FM','Francisco Morazán',1),(502,'GD',11401,'',0,'GD','Gracias a Dios',1),(503,'IN',11401,'',0,'IN','Intibucá',1),(504,'IB',11401,'',0,'IB','Islas de la Bahía',1),(505,'LP',11401,'',0,'LP','La Paz',1),(506,'LM',11401,'',0,'LM','Lempira',1),(507,'OC',11401,'',0,'OC','Ocotepeque',1),(508,'OL',11401,'',0,'OL','Olancho',1),(509,'SB',11401,'',0,'SB','Santa Bárbara',1),(510,'VL',11401,'',0,'VL','Valle',1),(511,'YO',11401,'',0,'YO','Yoro',1),(512,'DC',11401,'',0,'DC','Distrito Central',1),(652,'CC',4601,'Oistins',0,'CC','Christ Church',1),(655,'SA',4601,'Greenland',0,'SA','Saint Andrew',1),(656,'SG',4601,'Bulkeley',0,'SG','Saint George',1),(657,'JA',4601,'Holetown',0,'JA','Saint James',1),(658,'SJ',4601,'Four Roads',0,'SJ','Saint John',1),(659,'SB',4601,'Bathsheba',0,'SB','Saint Joseph',1),(660,'SL',4601,'Crab Hill',0,'SL','Saint Lucy',1),(661,'SM',4601,'Bridgetown',0,'SM','Saint Michael',1),(662,'SP',4601,'Speightstown',0,'SP','Saint Peter',1),(663,'SC',4601,'Crane',0,'SC','Saint Philip',1),(664,'ST',4601,'Hillaby',0,'ST','Saint Thomas',1),(777,'AG',315,NULL,NULL,NULL,'AGRIGENTO',1),(778,'AL',312,NULL,NULL,NULL,'ALESSANDRIA',1),(779,'AN',310,NULL,NULL,NULL,'ANCONA',1),(780,'AO',319,NULL,NULL,NULL,'AOSTA',1),(781,'AR',316,NULL,NULL,NULL,'AREZZO',1),(782,'AP',310,NULL,NULL,NULL,'ASCOLI PICENO',1),(783,'AT',312,NULL,NULL,NULL,'ASTI',1),(784,'AV',304,NULL,NULL,NULL,'AVELLINO',1),(785,'BA',313,NULL,NULL,NULL,'BARI',1),(786,'BT',313,NULL,NULL,NULL,'BARLETTA-ANDRIA-TRANI',1),(787,'BL',320,NULL,NULL,NULL,'BELLUNO',1),(788,'BN',304,NULL,NULL,NULL,'BENEVENTO',1),(789,'BG',309,NULL,NULL,NULL,'BERGAMO',1),(790,'BI',312,NULL,NULL,NULL,'BIELLA',1),(791,'BO',305,NULL,NULL,NULL,'BOLOGNA',1),(792,'BZ',317,NULL,NULL,NULL,'BOLZANO',1),(793,'BS',309,NULL,NULL,NULL,'BRESCIA',1),(794,'BR',313,NULL,NULL,NULL,'BRINDISI',1),(795,'CA',314,NULL,NULL,NULL,'CAGLIARI',1),(796,'CL',315,NULL,NULL,NULL,'CALTANISSETTA',1),(797,'CB',311,NULL,NULL,NULL,'CAMPOBASSO',1),(798,'CI',314,NULL,NULL,NULL,'CARBONIA-IGLESIAS',1),(799,'CE',304,NULL,NULL,NULL,'CASERTA',1),(800,'CT',315,NULL,NULL,NULL,'CATANIA',1),(801,'CZ',303,NULL,NULL,NULL,'CATANZARO',1),(802,'CH',301,NULL,NULL,NULL,'CHIETI',1),(803,'CO',309,NULL,NULL,NULL,'COMO',1),(804,'CS',303,NULL,NULL,NULL,'COSENZA',1),(805,'CR',309,NULL,NULL,NULL,'CREMONA',1),(806,'KR',303,NULL,NULL,NULL,'CROTONE',1),(807,'CN',312,NULL,NULL,NULL,'CUNEO',1),(808,'EN',315,NULL,NULL,NULL,'ENNA',1),(809,'FM',310,NULL,NULL,NULL,'FERMO',1),(810,'FE',305,NULL,NULL,NULL,'FERRARA',1),(811,'FI',316,NULL,NULL,NULL,'FIRENZE',1),(812,'FG',313,NULL,NULL,NULL,'FOGGIA',1),(813,'FC',305,NULL,NULL,NULL,'FORLI-CESENA',1),(814,'FR',307,NULL,NULL,NULL,'FROSINONE',1),(815,'GE',308,NULL,NULL,NULL,'GENOVA',1),(816,'GO',306,NULL,NULL,NULL,'GORIZIA',1),(817,'GR',316,NULL,NULL,NULL,'GROSSETO',1),(818,'IM',308,NULL,NULL,NULL,'IMPERIA',1),(819,'IS',311,NULL,NULL,NULL,'ISERNIA',1),(820,'SP',308,NULL,NULL,NULL,'LA SPEZIA',1),(821,'AQ',301,NULL,NULL,NULL,'L AQUILA',1),(822,'LT',307,NULL,NULL,NULL,'LATINA',1),(823,'LE',313,NULL,NULL,NULL,'LECCE',1),(824,'LC',309,NULL,NULL,NULL,'LECCO',1),(825,'LI',314,NULL,NULL,NULL,'LIVORNO',1),(826,'LO',309,NULL,NULL,NULL,'LODI',1),(827,'LU',316,NULL,NULL,NULL,'LUCCA',1),(828,'MC',310,NULL,NULL,NULL,'MACERATA',1),(829,'MN',309,NULL,NULL,NULL,'MANTOVA',1),(830,'MS',316,NULL,NULL,NULL,'MASSA-CARRARA',1),(831,'MT',302,NULL,NULL,NULL,'MATERA',1),(832,'VS',314,NULL,NULL,NULL,'MEDIO CAMPIDANO',1),(833,'ME',315,NULL,NULL,NULL,'MESSINA',1),(834,'MI',309,NULL,NULL,NULL,'MILANO',1),(835,'MB',309,NULL,NULL,NULL,'MONZA e BRIANZA',1),(836,'MO',305,NULL,NULL,NULL,'MODENA',1),(837,'NA',304,NULL,NULL,NULL,'NAPOLI',1),(838,'NO',312,NULL,NULL,NULL,'NOVARA',1),(839,'NU',314,NULL,NULL,NULL,'NUORO',1),(840,'OG',314,NULL,NULL,NULL,'OGLIASTRA',1),(841,'OT',314,NULL,NULL,NULL,'OLBIA-TEMPIO',1),(842,'OR',314,NULL,NULL,NULL,'ORISTANO',1),(843,'PD',320,NULL,NULL,NULL,'PADOVA',1),(844,'PA',315,NULL,NULL,NULL,'PALERMO',1),(845,'PR',305,NULL,NULL,NULL,'PARMA',1),(846,'PV',309,NULL,NULL,NULL,'PAVIA',1),(847,'PG',318,NULL,NULL,NULL,'PERUGIA',1),(848,'PU',310,NULL,NULL,NULL,'PESARO e URBINO',1),(849,'PE',301,NULL,NULL,NULL,'PESCARA',1),(850,'PC',305,NULL,NULL,NULL,'PIACENZA',1),(851,'PI',316,NULL,NULL,NULL,'PISA',1),(852,'PT',316,NULL,NULL,NULL,'PISTOIA',1),(853,'PN',306,NULL,NULL,NULL,'PORDENONE',1),(854,'PZ',302,NULL,NULL,NULL,'POTENZA',1),(855,'PO',316,NULL,NULL,NULL,'PRATO',1),(856,'RG',315,NULL,NULL,NULL,'RAGUSA',1),(857,'RA',305,NULL,NULL,NULL,'RAVENNA',1),(858,'RC',303,NULL,NULL,NULL,'REGGIO CALABRIA',1),(859,'RE',305,NULL,NULL,NULL,'REGGIO NELL EMILIA',1),(860,'RI',307,NULL,NULL,NULL,'RIETI',1),(861,'RN',305,NULL,NULL,NULL,'RIMINI',1),(862,'RM',307,NULL,NULL,NULL,'ROMA',1),(863,'RO',320,NULL,NULL,NULL,'ROVIGO',1),(864,'SA',304,NULL,NULL,NULL,'SALERNO',1),(865,'SS',314,NULL,NULL,NULL,'SASSARI',1),(866,'SV',308,NULL,NULL,NULL,'SAVONA',1),(867,'SI',316,NULL,NULL,NULL,'SIENA',1),(868,'SR',315,NULL,NULL,NULL,'SIRACUSA',1),(869,'SO',309,NULL,NULL,NULL,'SONDRIO',1),(870,'TA',313,NULL,NULL,NULL,'TARANTO',1),(871,'TE',301,NULL,NULL,NULL,'TERAMO',1),(872,'TR',318,NULL,NULL,NULL,'TERNI',1),(873,'TO',312,NULL,NULL,NULL,'TORINO',1),(874,'TP',315,NULL,NULL,NULL,'TRAPANI',1),(875,'TN',317,NULL,NULL,NULL,'TRENTO',1),(876,'TV',320,NULL,NULL,NULL,'TREVISO',1),(877,'TS',306,NULL,NULL,NULL,'TRIESTE',1),(878,'UD',306,NULL,NULL,NULL,'UDINE',1),(879,'VA',309,NULL,NULL,NULL,'VARESE',1),(880,'VE',320,NULL,NULL,NULL,'VENEZIA',1),(881,'VB',312,NULL,NULL,NULL,'VERBANO-CUSIO-OSSOLA',1),(882,'VC',312,NULL,NULL,NULL,'VERCELLI',1),(883,'VR',320,NULL,NULL,NULL,'VERONA',1),(884,'VV',303,NULL,NULL,NULL,'VIBO VALENTIA',1),(885,'VI',320,NULL,NULL,NULL,'VICENZA',1),(886,'VT',307,NULL,NULL,NULL,'VITERBO',1),(1036,'VE-L',23201,'',0,'VE-L','Mérida',1),(1037,'VE-T',23201,'',0,'VE-T','Trujillo',1),(1038,'VE-E',23201,'',0,'VE-E','Barinas',1),(1039,'VE-M',23202,'',0,'VE-M','Miranda',1),(1040,'VE-W',23202,'',0,'VE-W','Vargas',1),(1041,'VE-A',23202,'',0,'VE-A','Distrito Capital',1),(1042,'VE-D',23203,'',0,'VE-D','Aragua',1),(1043,'VE-G',23203,'',0,'VE-G','Carabobo',1),(1044,'VE-I',23204,'',0,'VE-I','Falcón',1),(1045,'VE-K',23204,'',0,'VE-K','Lara',1),(1046,'VE-U',23204,'',0,'VE-U','Yaracuy',1),(1047,'VE-F',23205,'',0,'VE-F','Bolívar',1),(1048,'VE-X',23205,'',0,'VE-X','Amazonas',1),(1049,'VE-Y',23205,'',0,'VE-Y','Delta Amacuro',1),(1050,'VE-O',23206,'',0,'VE-O','Nueva Esparta',1),(1051,'VE-Z',23206,'',0,'VE-Z','Dependencias Federales',1),(1052,'VE-C',23207,'',0,'VE-C','Apure',1),(1053,'VE-J',23207,'',0,'VE-J','Guárico',1),(1054,'VE-H',23207,'',0,'VE-H','Cojedes',1),(1055,'VE-P',23207,'',0,'VE-P','Portuguesa',1),(1056,'VE-B',23208,'',0,'VE-B','Anzoátegui',1),(1057,'VE-N',23208,'',0,'VE-N','Monagas',1),(1058,'VE-R',23208,'',0,'VE-R','Sucre',1),(1059,'VE-V',23209,'',0,'VE-V','Zulia',1),(1060,'VE-S',23209,'',0,'VE-S','Táchira',1),(1061,'66',10201,NULL,NULL,NULL,'?????',1),(1062,'00',10205,NULL,NULL,NULL,'?????',1),(1063,'01',10205,NULL,NULL,NULL,'?????',1),(1064,'02',10205,NULL,NULL,NULL,'?????',1),(1065,'03',10205,NULL,NULL,NULL,'??????',1),(1066,'04',10205,NULL,NULL,NULL,'?????',1),(1067,'05',10205,NULL,NULL,NULL,'??????',1),(1068,'06',10203,NULL,NULL,NULL,'??????',1),(1069,'07',10203,NULL,NULL,NULL,'???????????',1),(1070,'08',10203,NULL,NULL,NULL,'??????',1),(1071,'09',10203,NULL,NULL,NULL,'?????',1),(1072,'10',10203,NULL,NULL,NULL,'??????',1),(1073,'11',10203,NULL,NULL,NULL,'??????',1),(1074,'12',10203,NULL,NULL,NULL,'?????????',1),(1075,'13',10206,NULL,NULL,NULL,'????',1),(1076,'14',10206,NULL,NULL,NULL,'?????????',1),(1077,'15',10206,NULL,NULL,NULL,'????????',1),(1078,'16',10206,NULL,NULL,NULL,'???????',1),(1079,'17',10213,NULL,NULL,NULL,'???????',1),(1080,'18',10213,NULL,NULL,NULL,'????????',1),(1081,'19',10213,NULL,NULL,NULL,'??????',1),(1082,'20',10213,NULL,NULL,NULL,'???????',1),(1083,'21',10212,NULL,NULL,NULL,'????????',1),(1084,'22',10212,NULL,NULL,NULL,'??????',1),(1085,'23',10212,NULL,NULL,NULL,'????????',1),(1086,'24',10212,NULL,NULL,NULL,'???????',1),(1087,'25',10212,NULL,NULL,NULL,'????????',1),(1088,'26',10212,NULL,NULL,NULL,'???????',1),(1089,'27',10202,NULL,NULL,NULL,'??????',1),(1090,'28',10202,NULL,NULL,NULL,'?????????',1),(1091,'29',10202,NULL,NULL,NULL,'????????',1),(1092,'30',10202,NULL,NULL,NULL,'??????',1),(1093,'31',10209,NULL,NULL,NULL,'????????',1),(1094,'32',10209,NULL,NULL,NULL,'???????',1),(1095,'33',10209,NULL,NULL,NULL,'????????',1),(1096,'34',10209,NULL,NULL,NULL,'???????',1),(1097,'35',10209,NULL,NULL,NULL,'????????',1),(1098,'36',10211,NULL,NULL,NULL,'???????????????',1),(1099,'37',10211,NULL,NULL,NULL,'?????',1),(1100,'38',10211,NULL,NULL,NULL,'?????',1),(1101,'39',10207,NULL,NULL,NULL,'????????',1),(1102,'40',10207,NULL,NULL,NULL,'???????',1),(1103,'41',10207,NULL,NULL,NULL,'??????????',1),(1104,'42',10207,NULL,NULL,NULL,'?????',1),(1105,'43',10207,NULL,NULL,NULL,'???????',1),(1106,'44',10208,NULL,NULL,NULL,'??????',1),(1107,'45',10208,NULL,NULL,NULL,'??????',1),(1108,'46',10208,NULL,NULL,NULL,'??????',1),(1109,'47',10208,NULL,NULL,NULL,'?????',1),(1110,'48',10208,NULL,NULL,NULL,'????',1),(1111,'49',10210,NULL,NULL,NULL,'??????',1),(1112,'50',10210,NULL,NULL,NULL,'????',1),(1113,'51',10210,NULL,NULL,NULL,'????????',1),(1114,'52',10210,NULL,NULL,NULL,'????????',1),(1115,'53',10210,NULL,NULL,NULL,'???-??????',1),(1116,'54',10210,NULL,NULL,NULL,'??',1),(1117,'55',10210,NULL,NULL,NULL,'?????',1),(1118,'56',10210,NULL,NULL,NULL,'???????',1),(1119,'57',10210,NULL,NULL,NULL,'?????',1),(1120,'58',10210,NULL,NULL,NULL,'?????',1),(1121,'59',10210,NULL,NULL,NULL,'?????',1),(1122,'60',10210,NULL,NULL,NULL,'?????',1),(1123,'61',10210,NULL,NULL,NULL,'?????',1),(1124,'62',10204,NULL,NULL,NULL,'????????',1),(1125,'63',10204,NULL,NULL,NULL,'??????',1),(1126,'64',10204,NULL,NULL,NULL,'???????',1),(1127,'65',10204,NULL,NULL,NULL,'?????',1),(1128,'AL01',1301,'',0,'','Wilaya d\'Adrar',1),(1129,'AL02',1301,'',0,'','Wilaya de Chlef',1),(1130,'AL03',1301,'',0,'','Wilaya de Laghouat',1),(1131,'AL04',1301,'',0,'','Wilaya d\'Oum El Bouaghi',1),(1132,'AL05',1301,'',0,'','Wilaya de Batna',1),(1133,'AL06',1301,'',0,'','Wilaya de Béjaïa',1),(1134,'AL07',1301,'',0,'','Wilaya de Biskra',1),(1135,'AL08',1301,'',0,'','Wilaya de Béchar',1),(1136,'AL09',1301,'',0,'','Wilaya de Blida',1),(1137,'AL11',1301,'',0,'','Wilaya de Bouira',1),(1138,'AL12',1301,'',0,'','Wilaya de Tamanrasset',1),(1139,'AL13',1301,'',0,'','Wilaya de Tébessa',1),(1140,'AL14',1301,'',0,'','Wilaya de Tlemcen',1),(1141,'AL15',1301,'',0,'','Wilaya de Tiaret',1),(1142,'AL16',1301,'',0,'','Wilaya de Tizi Ouzou',1),(1143,'AL17',1301,'',0,'','Wilaya d\'Alger',1),(1144,'AL18',1301,'',0,'','Wilaya de Djelfa',1),(1145,'AL19',1301,'',0,'','Wilaya de Jijel',1),(1146,'AL20',1301,'',0,'','Wilaya de Sétif	',1),(1147,'AL21',1301,'',0,'','Wilaya de Saïda',1),(1148,'AL22',1301,'',0,'','Wilaya de Skikda',1),(1149,'AL23',1301,'',0,'','Wilaya de Sidi Bel Abbès',1),(1150,'AL24',1301,'',0,'','Wilaya d\'Annaba',1),(1151,'AL25',1301,'',0,'','Wilaya de Guelma',1),(1152,'AL26',1301,'',0,'','Wilaya de Constantine',1),(1153,'AL27',1301,'',0,'','Wilaya de Médéa',1),(1154,'AL28',1301,'',0,'','Wilaya de Mostaganem',1),(1155,'AL29',1301,'',0,'','Wilaya de M\'Sila',1),(1156,'AL30',1301,'',0,'','Wilaya de Mascara',1),(1157,'AL31',1301,'',0,'','Wilaya d\'Ouargla',1),(1158,'AL32',1301,'',0,'','Wilaya d\'Oran',1),(1159,'AL33',1301,'',0,'','Wilaya d\'El Bayadh',1),(1160,'AL34',1301,'',0,'','Wilaya d\'Illizi',1),(1161,'AL35',1301,'',0,'','Wilaya de Bordj Bou Arreridj',1),(1162,'AL36',1301,'',0,'','Wilaya de Boumerdès',1),(1163,'AL37',1301,'',0,'','Wilaya d\'El Tarf',1),(1164,'AL38',1301,'',0,'','Wilaya de Tindouf',1),(1165,'AL39',1301,'',0,'','Wilaya de Tissemsilt',1),(1166,'AL40',1301,'',0,'','Wilaya d\'El Oued',1),(1167,'AL41',1301,'',0,'','Wilaya de Khenchela',1),(1168,'AL42',1301,'',0,'','Wilaya de Souk Ahras',1),(1169,'AL43',1301,'',0,'','Wilaya de Tipaza',1),(1170,'AL44',1301,'',0,'','Wilaya de Mila',1),(1171,'AL45',1301,'',0,'','Wilaya d\'Aïn Defla',1),(1172,'AL46',1301,'',0,'','Wilaya de Naâma',1),(1173,'AL47',1301,'',0,'','Wilaya d\'Aïn Témouchent',1),(1174,'AL48',1301,'',0,'','Wilaya de Ghardaia',1),(1175,'AL49',1301,'',0,'','Wilaya de Relizane',1),(1176,'MA',1209,'',0,'','Province de Benslimane',1),(1177,'MA1',1209,'',0,'','Province de Berrechid',1),(1178,'MA2',1209,'',0,'','Province de Khouribga',1),(1179,'MA3',1209,'',0,'','Province de Settat',1),(1180,'MA4',1210,'',0,'','Province d\'El Jadida',1),(1181,'MA5',1210,'',0,'','Province de Safi',1),(1182,'MA6',1210,'',0,'','Province de Sidi Bennour',1),(1183,'MA7',1210,'',0,'','Province de Youssoufia',1),(1184,'MA6B',1205,'',0,'','Préfecture de Fès',1),(1185,'MA7B',1205,'',0,'','Province de Boulemane',1),(1186,'MA8',1205,'',0,'','Province de Moulay Yacoub',1),(1187,'MA9',1205,'',0,'','Province de Sefrou',1),(1188,'MA8A',1202,'',0,'','Province de Kénitra',1),(1189,'MA9A',1202,'',0,'','Province de Sidi Kacem',1),(1190,'MA10',1202,'',0,'','Province de Sidi Slimane',1),(1191,'MA11',1208,'',0,'','Préfecture de Casablanca',1),(1192,'MA12',1208,'',0,'','Préfecture de Mohammédia',1),(1193,'MA13',1208,'',0,'','Province de Médiouna',1),(1194,'MA14',1208,'',0,'','Province de Nouaceur',1),(1195,'MA15',1214,'',0,'','Province d\'Assa-Zag',1),(1196,'MA16',1214,'',0,'','Province d\'Es-Semara',1),(1197,'MA17A',1214,'',0,'','Province de Guelmim',1),(1198,'MA18',1214,'',0,'','Province de Tata',1),(1199,'MA19',1214,'',0,'','Province de Tan-Tan',1),(1200,'MA15',1215,'',0,'','Province de Boujdour',1),(1201,'MA16',1215,'',0,'','Province de Lâayoune',1),(1202,'MA17',1215,'',0,'','Province de Tarfaya',1),(1203,'MA18',1211,'',0,'','Préfecture de Marrakech',1),(1204,'MA19',1211,'',0,'','Province d\'Al Haouz',1),(1205,'MA20',1211,'',0,'','Province de Chichaoua',1),(1206,'MA21',1211,'',0,'','Province d\'El Kelâa des Sraghna',1),(1207,'MA22',1211,'',0,'','Province d\'Essaouira',1),(1208,'MA23',1211,'',0,'','Province de Rehamna',1),(1209,'MA24',1206,'',0,'','Préfecture de Meknès',1),(1210,'MA25',1206,'',0,'','Province d’El Hajeb',1),(1211,'MA26',1206,'',0,'','Province d\'Errachidia',1),(1212,'MA27',1206,'',0,'','Province d’Ifrane',1),(1213,'MA28',1206,'',0,'','Province de Khénifra',1),(1214,'MA29',1206,'',0,'','Province de Midelt',1),(1215,'MA30',1204,'',0,'','Préfecture d\'Oujda-Angad',1),(1216,'MA31',1204,'',0,'','Province de Berkane',1),(1217,'MA32',1204,'',0,'','Province de Driouch',1),(1218,'MA33',1204,'',0,'','Province de Figuig',1),(1219,'MA34',1204,'',0,'','Province de Jerada',1),(1220,'MA35',1204,'',0,'','Province de Nadorgg',1),(1221,'MA36',1204,'',0,'','Province de Taourirt',1),(1222,'MA37',1216,'',0,'','Province d\'Aousserd',1),(1223,'MA38',1216,'',0,'','Province d\'Oued Ed-Dahab',1),(1224,'MA39',1207,'',0,'','Préfecture de Rabat',1),(1225,'MA40',1207,'',0,'','Préfecture de Skhirat-Témara',1),(1226,'MA41',1207,'',0,'','Préfecture de Salé',1),(1227,'MA42',1207,'',0,'','Province de Khémisset',1),(1228,'MA43',1213,'',0,'','Préfecture d\'Agadir Ida-Outanane',1),(1229,'MA44',1213,'',0,'','Préfecture d\'Inezgane-Aït Melloul',1),(1230,'MA45',1213,'',0,'','Province de Chtouka-Aït Baha',1),(1231,'MA46',1213,'',0,'','Province d\'Ouarzazate',1),(1232,'MA47',1213,'',0,'','Province de Sidi Ifni',1),(1233,'MA48',1213,'',0,'','Province de Taroudant',1),(1234,'MA49',1213,'',0,'','Province de Tinghir',1),(1235,'MA50',1213,'',0,'','Province de Tiznit',1),(1236,'MA51',1213,'',0,'','Province de Zagora',1),(1237,'MA52',1212,'',0,'','Province d\'Azilal',1),(1238,'MA53',1212,'',0,'','Province de Beni Mellal',1),(1239,'MA54',1212,'',0,'','Province de Fquih Ben Salah',1),(1240,'MA55',1201,'',0,'','Préfecture de M\'diq-Fnideq',1),(1241,'MA56',1201,'',0,'','Préfecture de Tanger-Asilah',1),(1242,'MA57',1201,'',0,'','Province de Chefchaouen',1),(1243,'MA58',1201,'',0,'','Province de Fahs-Anjra',1),(1244,'MA59',1201,'',0,'','Province de Larache',1),(1245,'MA60',1201,'',0,'','Province d\'Ouezzane',1),(1246,'MA61',1201,'',0,'','Province de Tétouan',1),(1247,'MA62',1203,'',0,'','Province de Guercif',1),(1248,'MA63',1203,'',0,'','Province d\'Al Hoceïma',1),(1249,'MA64',1203,'',0,'','Province de Taounate',1),(1250,'MA65',1203,'',0,'','Province de Taza',1),(1251,'MA6A',1205,'',0,'','Préfecture de Fès',1),(1252,'MA7A',1205,'',0,'','Province de Boulemane',1),(1253,'MA15A',1214,'',0,'','Province d\'Assa-Zag',1),(1254,'MA16A',1214,'',0,'','Province d\'Es-Semara',1),(1255,'MA18A',1211,'',0,'','Préfecture de Marrakech',1),(1256,'MA19A',1214,'',0,'','Province de Tan-Tan',1),(1257,'MA19B',1214,'',0,'','Province de Tan-Tan',1),(1258,'TN01',1001,'',0,'','Ariana',1),(1259,'TN02',1001,'',0,'','Béja',1),(1260,'TN03',1001,'',0,'','Ben Arous',1),(1261,'TN04',1001,'',0,'','Bizerte',1),(1262,'TN05',1001,'',0,'','Gabès',1),(1263,'TN06',1001,'',0,'','Gafsa',1),(1264,'TN07',1001,'',0,'','Jendouba',1),(1265,'TN08',1001,'',0,'','Kairouan',1),(1266,'TN09',1001,'',0,'','Kasserine',1),(1267,'TN10',1001,'',0,'','Kébili',1),(1268,'TN11',1001,'',0,'','La Manouba',1),(1269,'TN12',1001,'',0,'','Le Kef',1),(1270,'TN13',1001,'',0,'','Mahdia',1),(1271,'TN14',1001,'',0,'','Médenine',1),(1272,'TN15',1001,'',0,'','Monastir',1),(1273,'TN16',1001,'',0,'','Nabeul',1),(1274,'TN17',1001,'',0,'','Sfax',1),(1275,'TN18',1001,'',0,'','Sidi Bouzid',1),(1276,'TN19',1001,'',0,'','Siliana',1),(1277,'TN20',1001,'',0,'','Sousse',1),(1278,'TN21',1001,'',0,'','Tataouine',1),(1279,'TN22',1001,'',0,'','Tozeur',1),(1280,'TN23',1001,'',0,'','Tunis',1),(1281,'TN24',1001,'',0,'','Zaghouan',1),(1287,'976',6,'97601',3,'MAYOTTE','Mayotte',1),(1513,'ON',1401,'',1,'','Ontario',1),(1514,'QC',1401,'',1,'','Quebec',1),(1515,'NS',1401,'',1,'','Nova Scotia',1),(1516,'NB',1401,'',1,'','New Brunswick',1),(1517,'MB',1401,'',1,'','Manitoba',1),(1518,'BC',1401,'',1,'','British Columbia',1),(1519,'PE',1401,'',1,'','Prince Edward Island',1),(1520,'SK',1401,'',1,'','Saskatchewan',1),(1521,'AB',1401,'',1,'','Alberta',1),(1522,'NL',1401,'',1,'','Newfoundland and Labrador',1),(1575,'BW',501,NULL,NULL,'BADEN-WÜRTTEMBERG','Baden-Württemberg',1),(1576,'BY',501,NULL,NULL,'BAYERN','Bayern',1),(1577,'BE',501,NULL,NULL,'BERLIN','Berlin',1),(1578,'BB',501,NULL,NULL,'BRANDENBURG','Brandenburg',1),(1579,'HB',501,NULL,NULL,'BREMEN','Bremen',1),(1580,'HH',501,NULL,NULL,'HAMBURG','Hamburg',1),(1581,'HE',501,NULL,NULL,'HESSEN','Hessen',1),(1582,'MV',501,NULL,NULL,'MECKLENBURG-VORPOMMERN','Mecklenburg-Vorpommern',1),(1583,'NI',501,NULL,NULL,'NIEDERSACHSEN','Niedersachsen',1),(1584,'NW',501,NULL,NULL,'NORDRHEIN-WESTFALEN','Nordrhein-Westfalen',1),(1585,'RP',501,NULL,NULL,'RHEINLAND-PFALZ','Rheinland-Pfalz',1),(1586,'SL',501,NULL,NULL,'SAARLAND','Saarland',1),(1587,'SN',501,NULL,NULL,'SACHSEN','Sachsen',1),(1588,'ST',501,NULL,NULL,'SACHSEN-ANHALT','Sachsen-Anhalt',1),(1589,'SH',501,NULL,NULL,'SCHLESWIG-HOLSTEIN','Schleswig-Holstein',1),(1590,'TH',501,NULL,NULL,'THÜRINGEN','Thüringen',1),(1592,'67',10205,'',0,'','Δράμα',1),(1684,'701',701,NULL,0,NULL,'Bedfordshire',1),(1685,'702',701,NULL,0,NULL,'Berkshire',1),(1686,'703',701,NULL,0,NULL,'Bristol, City of',1),(1687,'704',701,NULL,0,NULL,'Buckinghamshire',1),(1688,'705',701,NULL,0,NULL,'Cambridgeshire',1),(1689,'706',701,NULL,0,NULL,'Cheshire',1),(1690,'707',701,NULL,0,NULL,'Cleveland',1),(1691,'708',701,NULL,0,NULL,'Cornwall',1),(1692,'709',701,NULL,0,NULL,'Cumberland',1),(1693,'710',701,NULL,0,NULL,'Cumbria',1),(1694,'711',701,NULL,0,NULL,'Derbyshire',1),(1695,'712',701,NULL,0,NULL,'Devon',1),(1696,'713',701,NULL,0,NULL,'Dorset',1),(1697,'714',701,NULL,0,NULL,'Co. Durham',1),(1698,'715',701,NULL,0,NULL,'East Riding of Yorkshire',1),(1699,'716',701,NULL,0,NULL,'East Sussex',1),(1700,'717',701,NULL,0,NULL,'Essex',1),(1701,'718',701,NULL,0,NULL,'Gloucestershire',1),(1702,'719',701,NULL,0,NULL,'Greater Manchester',1),(1703,'720',701,NULL,0,NULL,'Hampshire',1),(1704,'721',701,NULL,0,NULL,'Hertfordshire',1),(1705,'722',701,NULL,0,NULL,'Hereford and Worcester',1),(1706,'723',701,NULL,0,NULL,'Herefordshire',1),(1707,'724',701,NULL,0,NULL,'Huntingdonshire',1),(1708,'725',701,NULL,0,NULL,'Isle of Man',1),(1709,'726',701,NULL,0,NULL,'Isle of Wight',1),(1710,'727',701,NULL,0,NULL,'Jersey',1),(1711,'728',701,NULL,0,NULL,'Kent',1),(1712,'729',701,NULL,0,NULL,'Lancashire',1),(1713,'730',701,NULL,0,NULL,'Leicestershire',1),(1714,'731',701,NULL,0,NULL,'Lincolnshire',1),(1715,'732',701,NULL,0,NULL,'London - City of London',1),(1716,'733',701,NULL,0,NULL,'Merseyside',1),(1717,'734',701,NULL,0,NULL,'Middlesex',1),(1718,'735',701,NULL,0,NULL,'Norfolk',1),(1719,'736',701,NULL,0,NULL,'North Yorkshire',1),(1720,'737',701,NULL,0,NULL,'North Riding of Yorkshire',1),(1721,'738',701,NULL,0,NULL,'Northamptonshire',1),(1722,'739',701,NULL,0,NULL,'Northumberland',1),(1723,'740',701,NULL,0,NULL,'Nottinghamshire',1),(1724,'741',701,NULL,0,NULL,'Oxfordshire',1),(1725,'742',701,NULL,0,NULL,'Rutland',1),(1726,'743',701,NULL,0,NULL,'Shropshire',1),(1727,'744',701,NULL,0,NULL,'Somerset',1),(1728,'745',701,NULL,0,NULL,'Staffordshire',1),(1729,'746',701,NULL,0,NULL,'Suffolk',1),(1730,'747',701,NULL,0,NULL,'Surrey',1),(1731,'748',701,NULL,0,NULL,'Sussex',1),(1732,'749',701,NULL,0,NULL,'Tyne and Wear',1),(1733,'750',701,NULL,0,NULL,'Warwickshire',1),(1734,'751',701,NULL,0,NULL,'West Midlands',1),(1735,'752',701,NULL,0,NULL,'West Sussex',1),(1736,'753',701,NULL,0,NULL,'West Yorkshire',1),(1737,'754',701,NULL,0,NULL,'West Riding of Yorkshire',1),(1738,'755',701,NULL,0,NULL,'Wiltshire',1),(1739,'756',701,NULL,0,NULL,'Worcestershire',1),(1740,'757',701,NULL,0,NULL,'Yorkshire',1),(1741,'758',702,NULL,0,NULL,'Anglesey',1),(1742,'759',702,NULL,0,NULL,'Breconshire',1),(1743,'760',702,NULL,0,NULL,'Caernarvonshire',1),(1744,'761',702,NULL,0,NULL,'Cardiganshire',1),(1745,'762',702,NULL,0,NULL,'Carmarthenshire',1),(1746,'763',702,NULL,0,NULL,'Ceredigion',1),(1747,'764',702,NULL,0,NULL,'Denbighshire',1),(1748,'765',702,NULL,0,NULL,'Flintshire',1),(1749,'766',702,NULL,0,NULL,'Glamorgan',1),(1750,'767',702,NULL,0,NULL,'Gwent',1),(1751,'768',702,NULL,0,NULL,'Gwynedd',1),(1752,'769',702,NULL,0,NULL,'Merionethshire',1),(1753,'770',702,NULL,0,NULL,'Monmouthshire',1),(1754,'771',702,NULL,0,NULL,'Mid Glamorgan',1),(1755,'772',702,NULL,0,NULL,'Montgomeryshire',1),(1756,'773',702,NULL,0,NULL,'Pembrokeshire',1),(1757,'774',702,NULL,0,NULL,'Powys',1),(1758,'775',702,NULL,0,NULL,'Radnorshire',1),(1759,'776',702,NULL,0,NULL,'South Glamorgan',1),(1760,'777',703,NULL,0,NULL,'Aberdeen, City of',1),(1761,'778',703,NULL,0,NULL,'Angus',1),(1762,'779',703,NULL,0,NULL,'Argyll',1),(1763,'780',703,NULL,0,NULL,'Ayrshire',1),(1764,'781',703,NULL,0,NULL,'Banffshire',1),(1765,'782',703,NULL,0,NULL,'Berwickshire',1),(1766,'783',703,NULL,0,NULL,'Bute',1),(1767,'784',703,NULL,0,NULL,'Caithness',1),(1768,'785',703,NULL,0,NULL,'Clackmannanshire',1),(1769,'786',703,NULL,0,NULL,'Dumfriesshire',1),(1770,'787',703,NULL,0,NULL,'Dumbartonshire',1),(1771,'788',703,NULL,0,NULL,'Dundee, City of',1),(1772,'789',703,NULL,0,NULL,'East Lothian',1),(1773,'790',703,NULL,0,NULL,'Fife',1),(1774,'791',703,NULL,0,NULL,'Inverness',1),(1775,'792',703,NULL,0,NULL,'Kincardineshire',1),(1776,'793',703,NULL,0,NULL,'Kinross-shire',1),(1777,'794',703,NULL,0,NULL,'Kirkcudbrightshire',1),(1778,'795',703,NULL,0,NULL,'Lanarkshire',1),(1779,'796',703,NULL,0,NULL,'Midlothian',1),(1780,'797',703,NULL,0,NULL,'Morayshire',1),(1781,'798',703,NULL,0,NULL,'Nairnshire',1),(1782,'799',703,NULL,0,NULL,'Orkney',1),(1783,'800',703,NULL,0,NULL,'Peebleshire',1),(1784,'801',703,NULL,0,NULL,'Perthshire',1),(1785,'802',703,NULL,0,NULL,'Renfrewshire',1),(1786,'803',703,NULL,0,NULL,'Ross & Cromarty',1),(1787,'804',703,NULL,0,NULL,'Roxburghshire',1),(1788,'805',703,NULL,0,NULL,'Selkirkshire',1),(1789,'806',703,NULL,0,NULL,'Shetland',1),(1790,'807',703,NULL,0,NULL,'Stirlingshire',1),(1791,'808',703,NULL,0,NULL,'Sutherland',1),(1792,'809',703,NULL,0,NULL,'West Lothian',1),(1793,'810',703,NULL,0,NULL,'Wigtownshire',1),(1794,'811',704,NULL,0,NULL,'Antrim',1),(1795,'812',704,NULL,0,NULL,'Armagh',1),(1796,'813',704,NULL,0,NULL,'Co. Down',1),(1797,'814',704,NULL,0,NULL,'Co. Fermanagh',1),(1798,'815',704,NULL,0,NULL,'Co. Londonderry',1),(1849,'GR',1701,NULL,NULL,NULL,'Groningen',1),(1850,'FR',1701,NULL,NULL,NULL,'Friesland',1),(1851,'DR',1701,NULL,NULL,NULL,'Drenthe',1),(1852,'OV',1701,NULL,NULL,NULL,'Overijssel',1),(1853,'GD',1701,NULL,NULL,NULL,'Gelderland',1),(1854,'FL',1701,NULL,NULL,NULL,'Flevoland',1),(1855,'UT',1701,NULL,NULL,NULL,'Utrecht',1),(1856,'NH',1701,NULL,NULL,NULL,'Noord-Holland',1),(1857,'ZH',1701,NULL,NULL,NULL,'Zuid-Holland',1),(1858,'ZL',1701,NULL,NULL,NULL,'Zeeland',1),(1859,'NB',1701,NULL,NULL,NULL,'Noord-Brabant',1),(1860,'LB',1701,NULL,NULL,NULL,'Limburg',1),(1900,'AC',5601,'ACRE',0,'AC','Acre',1),(1901,'AL',5601,'ALAGOAS',0,'AL','Alagoas',1),(1902,'AP',5601,'AMAPA',0,'AP','Amapá',1),(1903,'AM',5601,'AMAZONAS',0,'AM','Amazonas',1),(1904,'BA',5601,'BAHIA',0,'BA','Bahia',1),(1905,'CE',5601,'CEARA',0,'CE','Ceará',1),(1906,'ES',5601,'ESPIRITO SANTO',0,'ES','Espirito Santo',1),(1907,'GO',5601,'GOIAS',0,'GO','Goiás',1),(1908,'MA',5601,'MARANHAO',0,'MA','Maranhão',1),(1909,'MT',5601,'MATO GROSSO',0,'MT','Mato Grosso',1),(1910,'MS',5601,'MATO GROSSO DO SUL',0,'MS','Mato Grosso do Sul',1),(1911,'MG',5601,'MINAS GERAIS',0,'MG','Minas Gerais',1),(1912,'PA',5601,'PARA',0,'PA','Pará',1),(1913,'PB',5601,'PARAIBA',0,'PB','Paraiba',1),(1914,'PR',5601,'PARANA',0,'PR','Paraná',1),(1915,'PE',5601,'PERNAMBUCO',0,'PE','Pernambuco',1),(1916,'PI',5601,'PIAUI',0,'PI','Piauí',1),(1917,'RJ',5601,'RIO DE JANEIRO',0,'RJ','Rio de Janeiro',1),(1918,'RN',5601,'RIO GRANDE DO NORTE',0,'RN','Rio Grande do Norte',1),(1919,'RS',5601,'RIO GRANDE DO SUL',0,'RS','Rio Grande do Sul',1),(1920,'RO',5601,'RONDONIA',0,'RO','Rondônia',1),(1921,'RR',5601,'RORAIMA',0,'RR','Roraima',1),(1922,'SC',5601,'SANTA CATARINA',0,'SC','Santa Catarina',1),(1923,'SE',5601,'SERGIPE',0,'SE','Sergipe',1),(1924,'SP',5601,'SAO PAULO',0,'SP','Sao Paulo',1),(1925,'TO',5601,'TOCANTINS',0,'TO','Tocantins',1),(1926,'DF',5601,'DISTRITO FEDERAL',0,'DF','Distrito Federal',1),(1927,'001',5201,'',0,'','Belisario Boeto',1),(1928,'002',5201,'',0,'','Hernando Siles',1),(1929,'003',5201,'',0,'','Jaime Zudáñez',1),(1930,'004',5201,'',0,'','Juana Azurduy de Padilla',1),(1931,'005',5201,'',0,'','Luis Calvo',1),(1932,'006',5201,'',0,'','Nor Cinti',1),(1933,'007',5201,'',0,'','Oropeza',1),(1934,'008',5201,'',0,'','Sud Cinti',1),(1935,'009',5201,'',0,'','Tomina',1),(1936,'010',5201,'',0,'','Yamparáez',1),(1937,'011',5202,'',0,'','Abel Iturralde',1),(1938,'012',5202,'',0,'','Aroma',1),(1939,'013',5202,'',0,'','Bautista Saavedra',1),(1940,'014',5202,'',0,'','Caranavi',1),(1941,'015',5202,'',0,'','Eliodoro Camacho',1),(1942,'016',5202,'',0,'','Franz Tamayo',1),(1943,'017',5202,'',0,'','Gualberto Villarroel',1),(1944,'018',5202,'',0,'','Ingaví',1),(1945,'019',5202,'',0,'','Inquisivi',1),(1946,'020',5202,'',0,'','José Ramón Loayza',1),(1947,'021',5202,'',0,'','Larecaja',1),(1948,'022',5202,'',0,'','Los Andes (Bolivia)',1),(1949,'023',5202,'',0,'','Manco Kapac',1),(1950,'024',5202,'',0,'','Muñecas',1),(1951,'025',5202,'',0,'','Nor Yungas',1),(1952,'026',5202,'',0,'','Omasuyos',1),(1953,'027',5202,'',0,'','Pacajes',1),(1954,'028',5202,'',0,'','Pedro Domingo Murillo',1),(1955,'029',5202,'',0,'','Sud Yungas',1),(1956,'030',5202,'',0,'','General José Manuel Pando',1),(1957,'031',5203,'',0,'','Arani',1),(1958,'032',5203,'',0,'','Arque',1),(1959,'033',5203,'',0,'','Ayopaya',1),(1960,'034',5203,'',0,'','Bolívar (Bolivia)',1),(1961,'035',5203,'',0,'','Campero',1),(1962,'036',5203,'',0,'','Capinota',1),(1963,'037',5203,'',0,'','Cercado (Cochabamba)',1),(1964,'038',5203,'',0,'','Esteban Arze',1),(1965,'039',5203,'',0,'','Germán Jordán',1),(1966,'040',5203,'',0,'','José Carrasco',1),(1967,'041',5203,'',0,'','Mizque',1),(1968,'042',5203,'',0,'','Punata',1),(1969,'043',5203,'',0,'','Quillacollo',1),(1970,'044',5203,'',0,'','Tapacarí',1),(1971,'045',5203,'',0,'','Tiraque',1),(1972,'046',5203,'',0,'','Chapare',1),(1973,'047',5204,'',0,'','Carangas',1),(1974,'048',5204,'',0,'','Cercado (Oruro)',1),(1975,'049',5204,'',0,'','Eduardo Avaroa',1),(1976,'050',5204,'',0,'','Ladislao Cabrera',1),(1977,'051',5204,'',0,'','Litoral de Atacama',1),(1978,'052',5204,'',0,'','Mejillones',1),(1979,'053',5204,'',0,'','Nor Carangas',1),(1980,'054',5204,'',0,'','Pantaleón Dalence',1),(1981,'055',5204,'',0,'','Poopó',1),(1982,'056',5204,'',0,'','Sabaya',1),(1983,'057',5204,'',0,'','Sajama',1),(1984,'058',5204,'',0,'','San Pedro de Totora',1),(1985,'059',5204,'',0,'','Saucarí',1),(1986,'060',5204,'',0,'','Sebastián Pagador',1),(1987,'061',5204,'',0,'','Sud Carangas',1),(1988,'062',5204,'',0,'','Tomás Barrón',1),(1989,'063',5205,'',0,'','Alonso de Ibáñez',1),(1990,'064',5205,'',0,'','Antonio Quijarro',1),(1991,'065',5205,'',0,'','Bernardino Bilbao',1),(1992,'066',5205,'',0,'','Charcas (Potosí)',1),(1993,'067',5205,'',0,'','Chayanta',1),(1994,'068',5205,'',0,'','Cornelio Saavedra',1),(1995,'069',5205,'',0,'','Daniel Campos',1),(1996,'070',5205,'',0,'','Enrique Baldivieso',1),(1997,'071',5205,'',0,'','José María Linares',1),(1998,'072',5205,'',0,'','Modesto Omiste',1),(1999,'073',5205,'',0,'','Nor Chichas',1),(2000,'074',5205,'',0,'','Nor Lípez',1),(2001,'075',5205,'',0,'','Rafael Bustillo',1),(2002,'076',5205,'',0,'','Sud Chichas',1),(2003,'077',5205,'',0,'','Sud Lípez',1),(2004,'078',5205,'',0,'','Tomás Frías',1),(2005,'079',5206,'',0,'','Aniceto Arce',1),(2006,'080',5206,'',0,'','Burdet O\'Connor',1),(2007,'081',5206,'',0,'','Cercado (Tarija)',1),(2008,'082',5206,'',0,'','Eustaquio Méndez',1),(2009,'083',5206,'',0,'','José María Avilés',1),(2010,'084',5206,'',0,'','Gran Chaco',1),(2011,'085',5207,'',0,'','Andrés Ibáñez',1),(2012,'086',5207,'',0,'','Caballero',1),(2013,'087',5207,'',0,'','Chiquitos',1),(2014,'088',5207,'',0,'','Cordillera (Bolivia)',1),(2015,'089',5207,'',0,'','Florida',1),(2016,'090',5207,'',0,'','Germán Busch',1),(2017,'091',5207,'',0,'','Guarayos',1),(2018,'092',5207,'',0,'','Ichilo',1),(2019,'093',5207,'',0,'','Obispo Santistevan',1),(2020,'094',5207,'',0,'','Sara',1),(2021,'095',5207,'',0,'','Vallegrande',1),(2022,'096',5207,'',0,'','Velasco',1),(2023,'097',5207,'',0,'','Warnes',1),(2024,'098',5207,'',0,'','Ángel Sandóval',1),(2025,'099',5207,'',0,'','Ñuflo de Chaves',1),(2026,'100',5208,'',0,'','Cercado (Beni)',1),(2027,'101',5208,'',0,'','Iténez',1),(2028,'102',5208,'',0,'','Mamoré',1),(2029,'103',5208,'',0,'','Marbán',1),(2030,'104',5208,'',0,'','Moxos',1),(2031,'105',5208,'',0,'','Vaca Díez',1),(2032,'106',5208,'',0,'','Yacuma',1),(2033,'107',5208,'',0,'','General José Ballivián Segurola',1),(2034,'108',5209,'',0,'','Abuná',1),(2035,'109',5209,'',0,'','Madre de Dios',1),(2036,'110',5209,'',0,'','Manuripi',1),(2037,'111',5209,'',0,'','Nicolás Suárez',1),(2038,'112',5209,'',0,'','General Federico Román',1),(2039,'B',4101,NULL,NULL,'BURGENLAND','Burgenland',1),(2040,'K',4101,NULL,NULL,'KAERNTEN','Kärnten',1),(2041,'N',4101,NULL,NULL,'NIEDEROESTERREICH','Niederösterreich',1),(2042,'O',4101,NULL,NULL,'OBEROESTERREICH','Oberösterreich',1),(2043,'S',4101,NULL,NULL,'SALZBURG','Salzburg',1),(2044,'ST',4101,NULL,NULL,'STEIERMARK','Steiermark',1),(2045,'T',4101,NULL,NULL,'TIROL','Tirol',1),(2046,'V',4101,NULL,NULL,'VORARLBERG','Vorarlberg',1),(2047,'W',4101,NULL,NULL,'WIEN','Wien',1),(2048,'2326',2305,'',0,'MISIONES','Misiones',1),(2049,'PA-1',17801,'',0,'','Bocas del Toro',1),(2050,'PA-2',17801,'',0,'','Coclé',1),(2051,'PA-3',17801,'',0,'','Colón',1),(2052,'PA-4',17801,'',0,'','Chiriquí',1),(2053,'PA-5',17801,'',0,'','Darién',1),(2054,'PA-6',17801,'',0,'','Herrera',1),(2055,'PA-7',17801,'',0,'','Los Santos',1),(2056,'PA-8',17801,'',0,'','Panamá',1),(2057,'PA-9',17801,'',0,'','Veraguas',1),(2058,'PA-13',17801,'',0,'','Panamá Oeste',1),(2059,'AE-1',22701,'',0,'','Abu Dhabi',1),(2060,'AE-2',22701,'',0,'','Dubai',1),(2061,'AE-3',22701,'',0,'','Ajman',1),(2062,'AE-4',22701,'',0,'','Fujairah',1),(2063,'AE-5',22701,'',0,'','Ras al-Khaimah',1),(2064,'AE-6',22701,'',0,'','Sharjah',1),(2065,'AE-7',22701,'',0,'','Umm al-Quwain',1),(2066,'BA',11801,NULL,0,'BA','Bali',1),(2067,'BB',11801,NULL,0,'BB','Bangka Belitung',1),(2068,'BT',11801,NULL,0,'BT','Banten',1),(2069,'BE',11801,NULL,0,'BA','Bengkulu',1),(2070,'YO',11801,NULL,0,'YO','DI Yogyakarta',1),(2071,'JK',11801,NULL,0,'JK','DKI Jakarta',1),(2072,'GO',11801,NULL,0,'GO','Gorontalo',1),(2073,'JA',11801,NULL,0,'JA','Jambi',1),(2074,'JB',11801,NULL,0,'JB','Jawa Barat',1),(2075,'JT',11801,NULL,0,'JT','Jawa Tengah',1),(2076,'JI',11801,NULL,0,'JI','Jawa Timur',1),(2077,'KB',11801,NULL,0,'KB','Kalimantan Barat',1),(2078,'KS',11801,NULL,0,'KS','Kalimantan Selatan',1),(2079,'KT',11801,NULL,0,'KT','Kalimantan Tengah',1),(2080,'KI',11801,NULL,0,'KI','Kalimantan Timur',1),(2081,'KU',11801,NULL,0,'KU','Kalimantan Utara',1),(2082,'KR',11801,NULL,0,'KR','Kepulauan Riau',1),(2083,'LA',11801,NULL,0,'LA','Lampung',1),(2084,'MA',11801,NULL,0,'MA','Maluku',1),(2085,'MU',11801,NULL,0,'MU','Maluku Utara',1),(2086,'AC',11801,NULL,0,'AC','Nanggroe Aceh Darussalam',1),(2087,'NB',11801,NULL,0,'NB','Nusa Tenggara Barat',1),(2088,'NT',11801,NULL,0,'NT','Nusa Tenggara Timur',1),(2089,'PA',11801,NULL,0,'PA','Papua',1),(2090,'PB',11801,NULL,0,'PB','Papua Barat',1),(2091,'RI',11801,NULL,0,'RI','Riau',1),(2092,'SR',11801,NULL,0,'SR','Sulawesi Barat',1),(2093,'SN',11801,NULL,0,'SN','Sulawesi Selatan',1),(2094,'ST',11801,NULL,0,'ST','Sulawesi Tengah',1),(2095,'SG',11801,NULL,0,'SG','Sulawesi Tenggara',1),(2096,'SA',11801,NULL,0,'SA','Sulawesi Utara',1),(2097,'SB',11801,NULL,0,'SB','Sumatera Barat',1),(2098,'SS',11801,NULL,0,'SS','Sumatera Selatan',1),(2099,'SU',11801,NULL,0,'SU','Sumatera Utara	',1);

--
-- Table structure for table `llx_c_ecotaxe`
--

CREATE TABLE `llx_c_ecotaxe` (
  `rowid` int(11) NOT NULL AUTO_INCREMENT,
  `code` varchar(64) NOT NULL,
  `label` varchar(255) DEFAULT NULL,
  `price` double(24,8) DEFAULT NULL,
  `organization` varchar(255) DEFAULT NULL,
  `fk_pays` int(11) NOT NULL,
  `active` tinyint(4) NOT NULL DEFAULT 1,
  PRIMARY KEY (`rowid`),
  UNIQUE KEY `uk_c_ecotaxe` (`code`)
) ENGINE=InnoDB AUTO_INCREMENT=39 DEFAULT CHARSET=utf8mb3 COLLATE=utf8mb3_unicode_ci;

--
-- Dumping data for table `llx_c_ecotaxe`
--

INSERT INTO `llx_c_ecotaxe` (`rowid`, `code`, `label`, `price`, `organization`, `fk_pays`, `active`) VALUES (1,'ER-A-A','Materiels electriques < 0,2kg',0.01000000,'ERP',1,1),(2,'ER-A-B','Materiels electriques >= 0,2 kg et < 0,5 kg',0.03000000,'ERP',1,1),(3,'ER-A-C','Materiels electriques >= 0,5 kg et < 1 kg',0.04000000,'ERP',1,1),(4,'ER-A-D','Materiels electriques >= 1 kg et < 2 kg',0.13000000,'ERP',1,1),(5,'ER-A-E','Materiels electriques >= 2 kg et < 4kg',0.21000000,'ERP',1,1),(6,'ER-A-F','Materiels electriques >= 4 kg et < 8 kg',0.42000000,'ERP',1,1),(7,'ER-A-G','Materiels electriques >= 8 kg et < 15 kg',0.84000000,'ERP',1,1),(8,'ER-A-H','Materiels electriques >= 15 kg et < 20 kg',1.25000000,'ERP',1,1),(9,'ER-A-I','Materiels electriques >= 20 kg et < 30 kg',1.88000000,'ERP',1,1),(10,'ER-A-J','Materiels electriques >= 30 kg',3.34000000,'ERP',1,1),(11,'ER-M-1','TV, Moniteurs < 9kg',0.84000000,'ERP',1,1),(12,'ER-M-2','TV, Moniteurs >= 9kg et < 15kg',1.67000000,'ERP',1,1),(13,'ER-M-3','TV, Moniteurs >= 15kg et < 30kg',3.34000000,'ERP',1,1),(14,'ER-M-4','TV, Moniteurs >= 30 kg',6.69000000,'ERP',1,1),(15,'EC-A-A','Materiels electriques  0,2 kg max',0.00840000,'Ecologic',1,1),(16,'EC-A-B','Materiels electriques 0,21 kg min - 0,50 kg max',0.02500000,'Ecologic',1,1),(17,'EC-A-C','Materiels electriques  0,51 kg min - 1 kg max',0.04000000,'Ecologic',1,1),(18,'EC-A-D','Materiels electriques  1,01 kg min - 2,5 kg max',0.13000000,'Ecologic',1,1),(19,'EC-A-E','Materiels electriques  2,51 kg min - 4 kg max',0.21000000,'Ecologic',1,1),(20,'EC-A-F','Materiels electriques 4,01 kg min - 8 kg max',0.42000000,'Ecologic',1,1),(21,'EC-A-G','Materiels electriques  8,01 kg min - 12 kg max',0.63000000,'Ecologic',1,1),(22,'EC-A-H','Materiels electriques 12,01 kg min - 20 kg max',1.05000000,'Ecologic',1,1),(23,'EC-A-I','Materiels electriques  20,01 kg min',1.88000000,'Ecologic',1,1),(24,'EC-M-1','TV, Moniteurs 9 kg max',0.84000000,'Ecologic',1,1),(25,'EC-M-2','TV, Moniteurs 9,01 kg min - 18 kg max',1.67000000,'Ecologic',1,1),(26,'EC-M-3','TV, Moniteurs 18,01 kg min - 36 kg max',3.34000000,'Ecologic',1,1),(27,'EC-M-4','TV, Moniteurs 36,01 kg min',6.69000000,'Ecologic',1,1),(28,'ES-M-1','TV, Moniteurs <= 20 pouces',0.84000000,'Eco-systemes',1,1),(29,'ES-M-2','TV, Moniteurs > 20 pouces et <= 32 pouces',3.34000000,'Eco-systemes',1,1),(30,'ES-M-3','TV, Moniteurs > 32 pouces et autres grands ecrans',6.69000000,'Eco-systemes',1,1),(31,'ES-A-A','Ordinateur fixe, Audio home systems (HIFI), elements hifi separes',0.84000000,'Eco-systemes',1,1),(32,'ES-A-B','Ordinateur portable, CD-RCR, VCR, lecteurs et enregistreurs DVD, instruments de musique et caisses de resonance, haut parleurs...',0.25000000,'Eco-systemes',1,1),(33,'ES-A-C','Imprimante, photocopieur, telecopieur',0.42000000,'Eco-systemes',1,1),(34,'ES-A-D','Accessoires, clavier, souris, PDA, imprimante photo, appareil photo, gps, telephone, repondeur, telephone sans fil, modem, telecommande, casque, camescope, baladeur mp3, radio portable, radio K7 et CD portable, radio reveil',0.08400000,'Eco-systemes',1,1),(35,'ES-A-E','GSM',0.00840000,'Eco-systemes',1,1),(36,'ES-A-F','Jouets et equipements de loisirs et de sports < 0,5 kg',0.04200000,'Eco-systemes',1,1),(37,'ES-A-G','Jouets et equipements de loisirs et de sports > 0,5 kg',0.17000000,'Eco-systemes',1,1),(38,'ES-A-H','Jouets et equipements de loisirs et de sports > 10 kg',1.25000000,'Eco-systemes',1,1);

--
-- Table structure for table `llx_c_effectif`
--

CREATE TABLE `llx_c_effectif` (
  `id` int(11) NOT NULL,
  `code` varchar(12) NOT NULL,
  `libelle` varchar(128) DEFAULT NULL,
  `active` tinyint(4) NOT NULL DEFAULT 1,
  `module` varchar(32) DEFAULT NULL,
  PRIMARY KEY (`id`),
  UNIQUE KEY `uk_c_effectif` (`code`)
) ENGINE=InnoDB DEFAULT CHARSET=utf8mb3 COLLATE=utf8mb3_unicode_ci;

--
-- Dumping data for table `llx_c_effectif`
--

INSERT INTO `llx_c_effectif` (`id`, `code`, `libelle`, `active`, `module`) VALUES (0,'EF0','-',1,NULL),(1,'EF1-5','1 - 5',1,NULL),(2,'EF6-10','6 - 10',1,NULL),(3,'EF11-50','11 - 50',1,NULL),(4,'EF51-100','51 - 100',1,NULL),(5,'EF101-500','101 - 500',1,NULL),(6,'EF500-','> 500',1,NULL);

--
-- Table structure for table `llx_c_email_senderprofile`
--

CREATE TABLE `llx_c_email_senderprofile` (
  `rowid` int(11) NOT NULL AUTO_INCREMENT,
  `entity` int(11) NOT NULL DEFAULT 1,
  `private` smallint(6) NOT NULL DEFAULT 0,
  `date_creation` datetime DEFAULT NULL,
  `tms` timestamp NOT NULL DEFAULT current_timestamp() ON UPDATE current_timestamp(),
  `label` varchar(255) DEFAULT NULL,
  `email` varchar(255) NOT NULL,
  `signature` text DEFAULT NULL,
  `position` smallint(6) DEFAULT 0,
  `active` tinyint(4) NOT NULL DEFAULT 1,
  PRIMARY KEY (`rowid`),
  UNIQUE KEY `uk_c_email_senderprofile` (`entity`,`label`,`email`)
) ENGINE=InnoDB AUTO_INCREMENT=9 DEFAULT CHARSET=utf8mb3 COLLATE=utf8mb3_unicode_ci;

--
-- Dumping data for table `llx_c_email_senderprofile`
--

INSERT INTO `llx_c_email_senderprofile` (`rowid`, `entity`, `private`, `date_creation`, `tms`, `label`, `email`, `signature`, `position`, `active`) VALUES (8,1,0,'2025-04-10 21:30:51','2025-04-10 19:30:51','aaaa','aaaa@aa.com',NULL,NULL,1);

--
-- Table structure for table `llx_c_email_templates`
--

CREATE TABLE `llx_c_email_templates` (
  `rowid` int(11) NOT NULL AUTO_INCREMENT,
  `entity` int(11) NOT NULL DEFAULT 1,
  `module` varchar(32) DEFAULT NULL,
  `type_template` varchar(32) DEFAULT NULL,
  `lang` varchar(6) DEFAULT NULL,
  `private` smallint(6) NOT NULL DEFAULT 0,
  `fk_user` int(11) DEFAULT NULL,
  `datec` datetime DEFAULT NULL,
  `tms` timestamp NOT NULL DEFAULT current_timestamp() ON UPDATE current_timestamp(),
  `label` varchar(255) DEFAULT NULL,
  `position` smallint(6) DEFAULT NULL,
  `active` tinyint(4) NOT NULL DEFAULT 1,
  `topic` text DEFAULT NULL,
  `content` mediumtext DEFAULT NULL,
  `content_lines` text DEFAULT NULL,
  `enabled` varchar(255) DEFAULT '1',
  `joinfiles` varchar(255) DEFAULT '1',
  `email_from` varchar(255) DEFAULT NULL,
  `email_to` varchar(255) DEFAULT NULL,
  `email_tocc` varchar(255) DEFAULT NULL,
  `email_tobcc` varchar(255) DEFAULT NULL,
  `defaultfortype` smallint(6) DEFAULT 0,
  PRIMARY KEY (`rowid`),
  UNIQUE KEY `uk_c_email_templates` (`entity`,`label`,`lang`),
  KEY `idx_type` (`type_template`)
) ENGINE=InnoDB AUTO_INCREMENT=1658 DEFAULT CHARSET=utf8mb3 COLLATE=utf8mb3_unicode_ci;

--
-- Dumping data for table `llx_c_email_templates`
--

INSERT INTO `llx_c_email_templates` (`rowid`, `entity`, `module`, `type_template`, `lang`, `private`, `fk_user`, `datec`, `tms`, `label`, `position`, `active`, `topic`, `content`, `content_lines`, `enabled`, `joinfiles`, `email_from`, `email_to`, `email_tocc`, `email_tobcc`, `defaultfortype`) VALUES (1,1,NULL,'propal_send','',1,NULL,NULL,'2018-01-19 11:17:48','My Private email template for proposals',1,1,'Hello __FIRSTNAME__','We wish you a happy new year<br>__USER_SIGNATURE__',NULL,'1','1',NULL,NULL,NULL,NULL,0),(2,0,'adherent','member','',0,NULL,NULL,'2018-01-19 11:17:48','(SendAnEMailToMember)',1,1,'__(CardContent)__','__(Hello)__,<br><br>\n\n__(ThisIsContentOfYourCard)__<br>\n__(ID)__ : __ID__<br>\n__(Civiliyty)__ : __MEMBER_CIVILITY__<br>\n__(Firstname)__ : __MEMBER_FIRSTNAME__<br>\n__(Lastname)__ : __MEMBER_LASTNAME__<br>\n__(Fullname)__ : __MEMBER_FULLNAME__<br>\n__(Company)__ : __MEMBER_COMPANY__<br>\n__(Address)__ : __MEMBER_ADDRESS__<br>\n__(Zip)__ : __MEMBER_ZIP__<br>\n__(Town)__ : __MEMBER_TOWN__<br>\n__(Country)__ : __MEMBER_COUNTRY__<br>\n__(Email)__ : __MEMBER_EMAIL__<br>\n__(Birthday)__ : __MEMBER_BIRTH__<br>\n__(Photo)__ : __MEMBER_PHOTO__<br>\n__(Login)__ : __MEMBER_LOGIN__<br>\n__(Password)__ : __MEMBER_PASSWORD__<br>\n__(Phone)__ : __MEMBER_PHONE__<br>\n__(PhonePerso)__ : __MEMBER_PHONEPRO__<br>\n__(PhoneMobile)__ : __MEMBER_PHONEMOBILE__<br><br>\n__(Sincerely)__<br>__USER_SIGNATURE__',NULL,'1','1',NULL,NULL,NULL,NULL,0),(3,0,'banque','thirdparty','',0,NULL,NULL,'2018-01-19 11:17:48','(YourSEPAMandate)',1,0,'__(YourSEPAMandate)__','__(Hello)__,<br><br>\n\n__(FindYourSEPAMandate)__ :<br>\n__MYCOMPANY_NAME__<br>\n__MYCOMPANY_FULLADDRESS__<br><br>\n__(Sincerely)__<br>\n__USER_SIGNATURE__',NULL,'1','1',NULL,NULL,NULL,NULL,0),(6,0,'adherent','member','',0,NULL,NULL,'2018-11-23 11:56:08','(SendingEmailOnAutoSubscription)',10,1,'[__[MAIN_INFO_SOCIETE_NOM]__] __(YourMembershipRequestWasReceived)__','__(Hello)__ __MEMBER_FULLNAME__,<br><br>\n\n__(ThisIsContentOfYourMembershipRequestWasReceived)__<br>\n<br>__ONLINE_PAYMENT_TEXT_AND_URL__<br>\n<br><br>\n__(Sincerely)__<br>__USER_SIGNATURE__',NULL,'1','0',NULL,NULL,NULL,NULL,0),(7,0,'adherent','member','',0,NULL,NULL,'2018-11-23 11:56:08','(SendingEmailOnMemberValidation)',20,1,'[__[MAIN_INFO_SOCIETE_NOM]__] __(YourMembershipWasValidated)__','__(Hello)__ __MEMBER_FULLNAME__,<br><br>\n\n__(ThisIsContentOfYourMembershipWasValidated)__<br>\n<br>__ONLINE_PAYMENT_TEXT_AND_URL__<br>\n<br><br>\n__(Sincerely)__<br>__USER_SIGNATURE__',NULL,'1','0',NULL,NULL,NULL,NULL,0),(8,0,'adherent','member','',0,NULL,NULL,'2018-11-23 11:56:08','(SendingEmailOnNewSubscription)',30,1,'[__[MAIN_INFO_SOCIETE_NOM]__] __(YourSubscriptionWasRecorded)__','__(Hello)__ __MEMBER_FULLNAME__,<br><br>\n\n__(ThisIsContentOfYourSubscriptionWasRecorded)__<br>\n\n<br><br>\n__(Sincerely)__<br>__USER_SIGNATURE__',NULL,'1','1',NULL,NULL,NULL,NULL,0),(9,0,'adherent','member','',0,NULL,NULL,'2018-11-23 11:56:08','(SendingReminderForExpiredSubscription)',40,1,'[__[MAIN_INFO_SOCIETE_NOM]__] __(SubscriptionReminderEmail)__','__(Hello)__ __MEMBER_FULLNAME__,<br><br>\n\n__(ThisIsContentOfSubscriptionReminderEmail)__<br>\n<br>__ONLINE_PAYMENT_TEXT_AND_URL__<br>\n<br><br>\n__(Sincerely)__<br>__USER_SIGNATURE__',NULL,'1','0',NULL,NULL,NULL,NULL,0),(10,0,'adherent','member','',0,NULL,NULL,'2018-11-23 11:56:08','(SendingEmailOnCancelation)',50,1,'[__[MAIN_INFO_SOCIETE_NOM]__] __(YourMembershipWasCanceled)__','__(Hello)__ __MEMBER_FULLNAME__,<br><br>\n\n__(YourMembershipWasCanceled)__<br>\n<br><br>\n__(Sincerely)__<br>__USER_SIGNATURE__',NULL,'1','0',NULL,NULL,NULL,NULL,0),(11,0,'adherent','member','',0,NULL,NULL,'2018-11-23 11:56:08','(SendingAnEMailToMember)',60,1,'[__[MAIN_INFO_SOCIETE_NOM]__] __(CardContent)__','__(Hello)__,<br><br>\n\n__(ThisIsContentOfYourCard)__<br>\n__(ID)__ : __ID__<br>\n__(Civiliyty)__ : __MEMBER_CIVILITY__<br>\n__(Firstname)__ : __MEMBER_FIRSTNAME__<br>\n__(Lastname)__ : __MEMBER_LASTNAME__<br>\n__(Fullname)__ : __MEMBER_FULLNAME__<br>\n__(Company)__ : __MEMBER_COMPANY__<br>\n__(Address)__ : __MEMBER_ADDRESS__<br>\n__(Zip)__ : __MEMBER_ZIP__<br>\n__(Town)__ : __MEMBER_TOWN__<br>\n__(Country)__ : __MEMBER_COUNTRY__<br>\n__(Email)__ : __MEMBER_EMAIL__<br>\n__(Birthday)__ : __MEMBER_BIRTH__<br>\n__(Photo)__ : __MEMBER_PHOTO__<br>\n__(Login)__ : __MEMBER_LOGIN__<br>\n__(Password)__ : __MEMBER_PASSWORD__<br>\n__(Phone)__ : __MEMBER_PHONE__<br>\n__(PhonePerso)__ : __MEMBER_PHONEPRO__<br>\n__(PhoneMobile)__ : __MEMBER_PHONEMOBILE__<br><br>\n__(Sincerely)__<br>__USER_SIGNATURE__',NULL,'1','0',NULL,NULL,NULL,NULL,0),(12,0,'recruitment','recruitmentcandidature_send','',0,NULL,NULL,'2020-12-10 12:24:39','(AnswerCandidature)',100,1,'[__[MAIN_INFO_SOCIETE_NOM]__] __(YourCandidature)__','__(Hello)__ __CANDIDATE_FULLNAME__,<br><br>\n\n__(YourCandidatureAnswer)__<br>\n<br><br>\n__(Sincerely)__<br>__USER_SIGNATURE__',NULL,'$conf->recruitment->enabled','0',NULL,NULL,NULL,NULL,0),(14,0,'','eventorganization_send','',0,NULL,NULL,'2021-02-14 13:42:41','EventOrganizationEmailAskConf',10,1,'[__[MAIN_INFO_SOCIETE_NOM]__] __(EventOrganizationEmailAskConf)__','__(Hello)__ __THIRDPARTY_NAME__,<br /><br />__(ThisIsContentOfYourOrganizationEventConfRequestWasReceived)__<br /><br />__ONLINE_PAYMENT_TEXT_AND_URL__<br /><br /><br />__(Sincerely)__<br />__USER_SIGNATURE__',NULL,'1',NULL,NULL,NULL,NULL,NULL,0),(15,0,'','eventorganization_send','',0,NULL,NULL,'2021-02-14 13:42:41','EventOrganizationEmailAskBooth',20,1,'[__[MAIN_INFO_SOCIETE_NOM]__] __(EventOrganizationEmailAskBooth)__','__(Hello)__ __THIRDPARTY_NAME__,<br /><br />__(ThisIsContentOfYourOrganizationEventBoothRequestWasReceived)__<br /><br />__ONLINE_PAYMENT_TEXT_AND_URL__<br /><br /><br />__(Sincerely)__<br />__USER_SIGNATURE__',NULL,'1',NULL,NULL,NULL,NULL,NULL,0),(16,0,'','eventorganization_send','',0,NULL,NULL,'2021-02-14 13:42:41','EventOrganizationEmailSubsBooth',30,1,'[__[MAIN_INFO_SOCIETE_NOM]__] __(EventOrganizationEmailSubsBooth)__','__(Hello)__ __THIRDPARTY_NAME__,<br /><br />__(ThisIsContentOfYourOrganizationEventBoothSubscriptionWasReceived)__<br /><br />__ONLINE_PAYMENT_TEXT_AND_URL__<br /><br /><br />__(Sincerely)__<br />__USER_SIGNATURE__',NULL,'1',NULL,NULL,NULL,NULL,NULL,0),(17,0,'','eventorganization_send','',0,NULL,NULL,'2021-02-14 13:42:41','EventOrganizationEmailSubsEvent',40,1,'[__[MAIN_INFO_SOCIETE_NOM]__] __(EventOrganizationEmailSubsEvent)__','__(Hello)__ __THIRDPARTY_NAME__,<br /><br />__(ThisIsContentOfYourOrganizationEventEventSubscriptionWasReceived)__<br /><br />__ONLINE_PAYMENT_TEXT_AND_URL__<br /><br /><br />__(Sincerely)__<br />__USER_SIGNATURE__',NULL,'1',NULL,NULL,NULL,NULL,NULL,0),(18,0,'','eventorganization_send','',0,NULL,NULL,'2021-02-14 13:42:41','EventOrganizationMassEmailAttendees',50,1,'[__[MAIN_INFO_SOCIETE_NOM]__] __(EventOrganizationMassEmailAttendees)__','__(Hello)__ __THIRDPARTY_NAME__,<br /><br />__(ThisIsContentOfYourOrganizationEventBulkMailToAttendees)__<br /><br />__(Sincerely)__<br />__USER_SIGNATURE__',NULL,'1',NULL,NULL,NULL,NULL,NULL,0),(19,0,'','eventorganization_send','',0,NULL,NULL,'2021-02-14 13:42:41','EventOrganizationMassEmailSpeakers',60,1,'[__[MAIN_INFO_SOCIETE_NOM]__] __(EventOrganizationMassEmailSpeakers)__','__(Hello)__ __THIRDPARTY_NAME__,<br /><br />__(ThisIsContentOfYourOrganizationEventBulkMailToSpeakers)__<br /><br />__(Sincerely)__<br />__USER_SIGNATURE__',NULL,'1',NULL,NULL,NULL,NULL,NULL,0),(20,0,'partnership','member',NULL,0,NULL,NULL,'2021-04-15 10:22:55','(AlertStatusPartnershipExpiration)',100,1,'[__[MAIN_INFO_SOCIETE_NOM]__] - __(YourMembershipWillSoonExpireTopic)__','<body>\n <p>Dear __MEMBER_FULLNAME__,<br><br>\n__(YourMembershipWillSoonExpireContent)__</p>\n<br />\n\n            __(Sincerely)__ <br />\n            __[PARTNERSHIP_SOCIETE_NOM]__ <br />\n </body>\n',NULL,'1','0',NULL,NULL,NULL,NULL,0),(27,0,'partnership','partnership_send','',0,NULL,NULL,'2021-07-11 17:49:44','(SendingEmailOnPartnershipWillSoonBeCanceled)',100,1,'[__[MAIN_INFO_SOCIETE_NOM]__] - __(YourPartnershipWillSoonBeCanceledTopic)__','<body>\n <p>Hello,<br><br>\n__(YourPartnershipWillSoonBeCanceledContent)__</p>\n<br />\n\n<br />\n\n            __(Sincerely)__ <br />\n            __[MAIN_INFO_SOCIETE_NOM]__ <br />\n </body>\n',NULL,'1','0',NULL,NULL,NULL,NULL,0),(28,0,'partnership','partnership_send','',0,NULL,NULL,'2021-07-11 17:49:44','(SendingEmailOnPartnershipCanceled)',100,1,'[__[MAIN_INFO_SOCIETE_NOM]__] - __(YourPartnershipCanceledTopic)__','<body>\n <p>Hello,<br><br>\n__(YourPartnershipCanceledContent)__</p>\n<br />\n\n<br />\n\n            __(Sincerely)__ <br />\n            __[MAIN_INFO_SOCIETE_NOM]__ <br />\n </body>\n',NULL,'1','0',NULL,NULL,NULL,NULL,0),(29,0,'partnership','partnership_send','',0,NULL,NULL,'2021-07-11 17:49:44','(SendingEmailOnPartnershipRefused)',100,1,'[__[MAIN_INFO_SOCIETE_NOM]__] - __(YourPartnershipRefusedTopic)__','<body>\n <p>Hello,<br><br>\n__(YourPartnershipRefusedContent)__</p>\n<br />\n\n<br />\n\n            __(Sincerely)__ <br />\n            __[MAIN_INFO_SOCIETE_NOM]__ <br />\n </body>\n',NULL,'1','0',NULL,NULL,NULL,NULL,0),(30,0,'partnership','partnership_send','',0,NULL,NULL,'2021-07-11 17:49:44','(SendingEmailOnPartnershipAccepted)',100,1,'[__[MAIN_INFO_SOCIETE_NOM]__] - __(YourPartnershipAcceptedTopic)__','<body>\n <p>Hello,<br><br>\n__(YourPartnershipAcceptedContent)__</p>\n<br />\n\n<br />\n\n            __(Sincerely)__ <br />\n            __[MAIN_INFO_SOCIETE_NOM]__ <br />\n </body>\n',NULL,'1','0',NULL,NULL,NULL,NULL,0),(31,0,'','conferenceorbooth','',0,NULL,NULL,'2022-02-07 13:38:10','(EventOrganizationEmailAskConf)',10,1,'[__[MAIN_INFO_SOCIETE_NOM]__] __(EventOrganizationEmailAskConf)__','__(Hello)__,<br /><br />__(OrganizationEventConfRequestWasReceived)__<br /><br /><br />__(Sincerely)__<br />__USER_SIGNATURE__',NULL,'1',NULL,NULL,NULL,NULL,NULL,0),(32,0,'','conferenceorbooth','',0,NULL,NULL,'2022-02-07 13:38:10','(EventOrganizationEmailAskBooth)',20,1,'[__[MAIN_INFO_SOCIETE_NOM]__] __(EventOrganizationEmailAskBooth)__','__(Hello)__,<br /><br />__(OrganizationEventBoothRequestWasReceived)__<br /><br /><br />__(Sincerely)__<br />__USER_SIGNATURE__',NULL,'1',NULL,NULL,NULL,NULL,NULL,0),(33,0,'','conferenceorbooth','',0,NULL,NULL,'2022-02-07 13:38:10','(EventOrganizationEmailBoothPayment)',30,1,'[__[MAIN_INFO_SOCIETE_NOM]__] __(EventOrganizationEmailBoothPayment)__','__(Hello)__,<br /><br />__(OrganizationEventPaymentOfBoothWasReceived)__<br /><br /><br />__(Sincerely)__<br />__USER_SIGNATURE__',NULL,'1',NULL,NULL,NULL,NULL,NULL,0),(34,0,'','conferenceorbooth','',0,NULL,NULL,'2022-02-07 13:38:10','(EventOrganizationEmailRegistrationPayment)',40,1,'[__[MAIN_INFO_SOCIETE_NOM]__] __(EventOrganizationEmailRegistrationPayment)__','__(Hello)__,<br /><br />__(OrganizationEventPaymentOfRegistrationWasReceived)__<br /><br />__(Sincerely)__<br />__USER_SIGNATURE__',NULL,'1',NULL,NULL,NULL,NULL,NULL,0),(35,0,'','conferenceorbooth','',0,NULL,NULL,'2022-02-07 13:38:10','(EventOrganizationMassEmailAttendees)',50,1,'[__[MAIN_INFO_SOCIETE_NOM]__] __(EventOrganizationMassEmailAttendees)__','__(Hello)__,<br /><br />__(OrganizationEventBulkMailToAttendees)__<br /><br />__(Sincerely)__<br />__USER_SIGNATURE__',NULL,'1',NULL,NULL,NULL,NULL,NULL,0),(36,0,'','conferenceorbooth','',0,NULL,NULL,'2022-02-07 13:38:10','(EventOrganizationMassEmailSpeakers)',60,1,'[__[MAIN_INFO_SOCIETE_NOM]__] __(EventOrganizationMassEmailSpeakers)__','__(Hello)__,<br /><br />__(OrganizationEventBulkMailToSpeakers)__<br /><br />__(Sincerely)__<br />__USER_SIGNATURE__',NULL,'1',NULL,NULL,NULL,NULL,NULL,0),(37,1,'sellyoursaas','thirdparty',NULL,0,NULL,NULL,'2023-01-19 12:20:13','(PasswordAssistance)',100,1,'[__[SELLYOURSAAS_NAME]__] - __(SubjectNewPasswordForYouCustomerDashboard)__','<body>\n <p>\n__(Hello)__,<br><br>\n__(RequestToResetPasswordReceived)__<br><br>__(YouMustClickToChange)__<br><br><a href=\"__URL_TO_RESET__\">__URL_TO_RESET__</a><br><br>__(ApplicantIpAddress)__: __USER_REMOTE_IP__<br>__(ForgetIfNothing)__<br><br><p>\n__(Sincerely)__,<br><br>\n----------------------------------------- <br>The __[SELLYOURSAAS_NAME]__ Team<br>\nEMail: __[SELLYOURSAAS_MAIN_EMAIL]__<br>\n</body>',NULL,'1','0',NULL,NULL,NULL,NULL,0),(38,1,'sellyoursaas','thirdparty',NULL,0,NULL,NULL,'2023-01-19 12:20:13','(ChannelPartnerCreated)',100,1,'[__[SELLYOURSAAS_NAME]__] - Channel Partner Created','<body>\n <p>Dear __[SELLYOURSAAS_NAME]__ partner,<br><br>\nWe are delighted to welcome you as a Channel Partner of __[SELLYOURSAAS_NAME]__.\n          </p>\n          <p>\n             Your account has been setup for you. Features for reselling __[SELLYOURSAAS_NAME]__ are now available in the same dashboard as your customer dashboard, so:\n          </p>\n          <ul>\n              <li>Login link: <a href=\"__[SELLYOURSAAS_ACCOUNT_URL]__\">__[SELLYOURSAAS_ACCOUNT_URL]__</a></li>\n              <li>Username: <strong>__THIRDPARTY_EMAIL__</strong></li>\n          </ul>                \n          <p>\n              Sincerely, <br />\n              The __[SELLYOURSAAS_NAME]__ Team <br />\n            ----------------------------------------- <br />\n            EMail: __[SELLYOURSAAS_MAIN_EMAIL]__<br />\n</body>\n        ',NULL,'1','0',NULL,NULL,NULL,NULL,0),(39,1,'sellyoursaas','contract',NULL,0,NULL,NULL,'2023-01-19 12:20:13','InstanceDeployed',100,1,'Welcome to __[SELLYOURSAAS_NAME]__ - Your instance __REF_CLIENT__ is ready','<body>\n <p>Welcome,<br><br>\nWe are delighted to welcome you as a user of __[SELLYOURSAAS_NAME]__, the Ondemand service of your __PACKAGELABEL__.\n                <br>\n                   Your application is installed, setup and ready for you.\n                   Here are the details you need to get started:\n               \n                <br /><br /><strong>Your __PACKAGELABEL__ :</strong>\n                <ul>\n                    <li>URL: <a href=\"https://__REF_CLIENT__?username=__APPUSERNAME__\">https://__REF_CLIENT__</a></li>\n                    <li>Login: __APPUSERNAME__</li>\n                </ul>\n                <br /><strong>Your customer dashboard :</strong>\n                <ul>\n                    <li>URL: <a href=\"__[SELLYOURSAAS_ACCOUNT_URL]__?username=__THIRDPARTY_EMAIL__\">__[SELLYOURSAAS_ACCOUNT_URL]__</a></li>\n                    <li>Login: __THIRDPARTY_EMAIL__</li>\n                </ul>                \n            \n            <br />__EMAIL_FOOTER__</p>\n            Sincerely, <br />\n            The __[SELLYOURSAAS_NAME]__ Team <br />\n            ----------------------------------------- <br />\n            EMail: __[SELLYOURSAAS_MAIN_EMAIL]__<br />\n</body>\n            ',NULL,'1','0',NULL,NULL,NULL,NULL,0),(40,1,'sellyoursaas','contract',NULL,0,NULL,NULL,'2023-01-19 12:20:13','InstanceUndeployed',100,1,'[__[SELLYOURSAAS_NAME]__] - Destruction of your instance __REF_CLIENT__','<body>\n <p>Dear __[SELLYOURSAAS_NAME]__ user,<br><br>\nYou made a request from your __[SELLYOURSAAS_NAME]__ customer dashboard to delete your instance <b>__REF_CLIENT__</b>.\n                <br>\n                    Your instance was suspended and your data will be destroyed in a few days. For an immediate deletion, please click on this link:<br><a href=\"__[SELLYOURSAAS_ACCOUNT_URL]__?contractid=__ID__&action=undeployconfirmed&hash=__HASH__\">I confirm deletion of __REF_CLIENT__</a>               \n            \n            <br /></p>\n            Sincerely, <br />\n            The __[SELLYOURSAAS_NAME]__ Team <br />\n            ----------------------------------------- <br />\n            EMail: __[SELLYOURSAAS_MAIN_EMAIL]__<br />\n</body>\n            ',NULL,'1','0',NULL,NULL,NULL,NULL,0),(41,1,'sellyoursaas','contract',NULL,0,NULL,NULL,'2023-01-19 12:20:13','GentleTrialExpiringReminder',100,1,'[__[SELLYOURSAAS_NAME]__] - Your trial of __REF_CLIENT__ will soon expire','<body>\n <p>Dear __[SELLYOURSAAS_NAME]__ user,<br><br>\nThis is a reminder that the trial of your instance <a href=\"https://__REF_CLIENT__\">__REF_CLIENT__</a> will expire soon (__SELLYOURSAAS_EXPIRY_DATE__). If you wish to continue using this service, please login to your customer console to add a payment method (Credit or Debit card accepted):\n          </p>\n          <p>\nClick here to go on your customer console: <a href=\"__[SELLYOURSAAS_ACCOUNT_URL]__?username=__THIRDPARTY_EMAIL__\">__[SELLYOURSAAS_ACCOUNT_URL]__</a><br />\nRemind: Your customer dashboard login is <strong>__THIRDPARTY_EMAIL__</strong><br /><br />\nIf you have entered a payment mode recently, thank you to ignore this email.<br />\n</p>\n          <br />\n            Sincerely, <br />\n            The __[SELLYOURSAAS_NAME]__ Team <br />\n            ----------------------------------------- <br />\n            EMail: __[SELLYOURSAAS_MAIN_EMAIL]__<br />\n</body>\n       ',NULL,'1','0',NULL,NULL,NULL,NULL,0),(42,1,'sellyoursaas','contract',NULL,0,NULL,NULL,'2023-01-19 12:20:13','GentleTrialExpiringReminderFreeInstance',100,1,'[__[SELLYOURSAAS_NAME]__] - Your trial of __REF_CLIENT__ will soon expire','<body>\n <p>Dear __[SELLYOURSAAS_NAME]__ user,<br><br>\nThis is a reminder that the trial of your instance <a href=\"https://__REF_CLIENT__\">__REF_CLIENT__</a> will expire soon (__SELLYOURSAAS_EXPIRY_DATE__). If you wish to continue using this service, please login to your customer console to confirm the final validation of your instance (if you do not confirm, the instance will be destroyed soon):\n          </p>\n          <p>\nClick here to go on your customer console: <a href=\"__[SELLYOURSAAS_ACCOUNT_URL]__?username=__THIRDPARTY_EMAIL__\">__[SELLYOURSAAS_ACCOUNT_URL]__</a><br />\nRemind: Your customer dashboard login is <strong>__THIRDPARTY_EMAIL__</strong><br /><br />\nIf you have already confirmed your instance, thank you to ignore this email.<br />\n</p>\n          <br />\n            Sincerely, <br />\n            The __[SELLYOURSAAS_NAME]__ Team <br />\n            ----------------------------------------- <br />\n            EMail: __[SELLYOURSAAS_MAIN_EMAIL]__<br />\n</body>\n       ',NULL,'1','0',NULL,NULL,NULL,NULL,0),(43,1,'sellyoursaas','contract',NULL,0,NULL,NULL,'2023-01-19 12:20:13','EndOfTrial',100,1,'[__[SELLYOURSAAS_NAME]__] - Your trial of __REF_CLIENT__ has come to an end','<body>\n <p>Dear __[SELLYOURSAAS_NAME]__ user,<br><br>\nThank you for taking the time to check out  __[SELLYOURSAAS_NAME]__. Your trial account for our service at <strong>__REF_CLIENT__</strong> has now expired. If you wish to continue using this service, please login to your dashboard and add a payment method: <a href=\"__[SELLYOURSAAS_ACCOUNT_URL]__?username=__THIRDPARTY_EMAIL__\">__[SELLYOURSAAS_NAME]__ dashboard</a>.<br /><br />\nRemind: Your __[SELLYOURSAAS_NAME]__ dashboard login is <strong>__THIRDPARTY_EMAIL__</strong><br /><br />If you don\'t want to continue using this service, no action is needed: Your data will be automatically destroyed in a few days.</p><br />\n Sincerely, <br /> \n               The __[SELLYOURSAAS_NAME]__ Team <br />\n            ----------------------------------------- <br />\n            EMail: __[SELLYOURSAAS_MAIN_EMAIL]__<br />\n</body>\n       ',NULL,'1','0',NULL,NULL,NULL,NULL,0),(44,1,'sellyoursaas','facture_send',NULL,0,NULL,NULL,'2023-01-19 12:20:13','InvoicePaymentSuccess',100,1,'[__[SELLYOURSAAS_NAME]__] - Invoice Payment Success __REF__','<body>\n <p>Dear __[SELLYOURSAAS_NAME]__ user,<br><br>\nThis email confirms a successful payment (__AMOUNT_FORMATED__) from your __[SELLYOURSAAS_NAME]__ instance <strong>__REF_CLIENT__</strong> account. You can login to your <a href=\"__[SELLYOURSAAS_ACCOUNT_URL]__?username=__THIRDPARTY_EMAIL__\">__[SELLYOURSAAS_NAME]__ dashboard</a> to download your PDF invoices at any time.<br />\nRemind: Your __[SELLYOURSAAS_NAME]__ dashboard login is <strong>__THIRDPARTY_EMAIL__</strong><br />\n            </p>\n            <p><a href=\"__DIRECTDOWNLOAD_URL_INVOICE__\">Direct link to download the PDF of this invoice</a><br /><br />If you have any questions relating to the above please do not hesitate get in touch.</p>\n<br />\n\n            Sincerely, <br />\n            The __[SELLYOURSAAS_NAME]__ Team <br />\n            ----------------------------------------- <br />\n            EMail: __[SELLYOURSAAS_MAIN_EMAIL]__<br />\n</body>\n        ',NULL,'1','0',NULL,NULL,NULL,NULL,0),(45,1,'sellyoursaas','facture_send',NULL,0,NULL,NULL,'2023-01-19 12:20:13','InvoicePaymentFailure',100,1,'[__[SELLYOURSAAS_NAME]__] - Invoice Payment Failure __REF__','<body>\n <p>Dear __[SELLYOURSAAS_NAME]__ user,<br><br>\nAn attempt to take payment for your __[SELLYOURSAAS_NAME]__ subscription (invoice __REF__ for the instance __REF_CLIENT__) has failed. Please update your payment method, or contact your bank or payment method provider.<br />\n                Should failure to take this payment continue, access to our service will be discontinued, and any data you have with us maybe lost.<br />\n<br />\nPlease login to your <a href=\"__[SELLYOURSAAS_ACCOUNT_URL]__\">__[SELLYOURSAAS_NAME]__ dashboard</a> to update and fix your payment information as soon as possible to prevent any interuptions in service.<br />\nRemind: Your __[SELLYOURSAAS_NAME]__ dashboard login is <strong>__THIRDPARTY_EMAIL__</strong><br />\n              </p>\n              <p>\n                The error we received from your bank was: <br />\n                __SELLYOURSAAS_PAYMENT_ERROR_DESC__\n              </p><br />\n\n            Sincerely, <br />\n            The __[SELLYOURSAAS_NAME]__ Team <br />\n            ----------------------------------------- <br />\n            EMail: __[SELLYOURSAAS_MAIN_EMAIL]__<br />\n</body>\n          ',NULL,'1','0',NULL,NULL,NULL,NULL,0),(46,1,'sellyoursaas','contract',NULL,0,NULL,NULL,'2023-01-19 12:20:13','CustomerAccountSuspendedTrial',100,1,'[__[SELLYOURSAAS_NAME]__] - Account Suspension of __REF_CLIENT__ after end of trial','<body>\n <p>Dear __[SELLYOURSAAS_NAME]__ user,<br><br>\nWe wish to inform you that your instance __REF_CLIENT__ has been suspended.<br>This is likely due to the end of your trial period. If you wish to continue using your application, please login to your <a href=\"__[SELLYOURSAAS_ACCOUNT_URL]__?username=__THIRDPARTY_EMAIL__\">__[SELLYOURSAAS_NAME]__ dashboard</a> to enter a payment mode. Your instance access will be restored. If you don\'t want to engage with us, no action is needed: Your instance and data will we deleted in a few days.</p><br />\n Sincerely, <br /> \n               The __[SELLYOURSAAS_NAME]__ Team <br />\n            ----------------------------------------- <br />\n            EMail: __[SELLYOURSAAS_MAIN_EMAIL]__<br />\n</body>\n       ',NULL,'1','0',NULL,NULL,NULL,NULL,0),(47,1,'sellyoursaas','contract',NULL,0,NULL,NULL,'2023-01-19 12:20:13','CustomerAccountSuspended',100,1,'[__[SELLYOURSAAS_NAME]__] - Account Suspension of __REF_CLIENT__','<body>\n <p>Dear __[SELLYOURSAAS_NAME]__ user,<br><br>\nWe wish to inform you that your instance __REF_CLIENT__ has been suspended.<br>This is likely due to a payment problem.  If you wish to continue using your application, please login to your <a href=\"__[SELLYOURSAAS_ACCOUNT_URL]__?username=__THIRDPARTY_EMAIL__\">__[SELLYOURSAAS_NAME]__ dashboard</a> to fix your payment mode. Your instance access will be restored. If you don\'t want to continue with us, just ignore this email and following reminders: Your instance and data will we deleted in a few weeks.</p><br />\n<br />\n Sincerely, <br />\n               The __[SELLYOURSAAS_NAME]__ Team <br />\n            ----------------------------------------- <br />\n            EMail: __[SELLYOURSAAS_MAIN_EMAIL]__<br />\n</body>\n       ',NULL,'1','0',NULL,NULL,NULL,NULL,0),(48,1,'sellyoursaas','contract',NULL,0,NULL,NULL,'2023-01-19 12:20:13','CustomerInstanceUpgraded',100,1,'[__[SELLYOURSAAS_NAME]__] - Upgrade of instance __REF_CLIENT__','<body>\n <p>Dear __[SELLYOURSAAS_NAME]__ user,<br><br>\nWe wish to inform you your instance has been upgraded to a higher stable version.<br>If you experience problem after this upgrade, you can contact us at __[SELLYOURSAAS_MAIN_EMAIL]__ </p><br />\n Sincerely, <br /> \n               The __[SELLYOURSAAS_NAME]__ Team <br />\n            ----------------------------------------- <br />\n            EMail: __[SELLYOURSAAS_MAIN_EMAIL]__<br />\n</body>\n       ',NULL,'1','0',NULL,NULL,NULL,NULL,0),(49,1,'sellyoursaas','thirdparty',NULL,0,NULL,NULL,'2023-01-19 12:20:13','YourYearlyPaymentRequest',100,1,'[__[SELLYOURSAAS_NAME]__] - Your yearly payment request for your __[SELLYOURSAAS_NAME]__ subscription','<body>\n <p>Dear __[SELLYOURSAAS_NAME]__ user,<br><br>\nYour request to make a yearly payment for the subscription to __[SELLYOURSAAS_NAME]__ was recorded. Just after next deadline, the payment will be done for the full year.<br>For payment per credit/debit card, you will receive an email to make the payment online.<br /><br />\nThe __[SELLYOURSAAS_NAME]__ Team <br />\n            ----------------------------------------- <br />\n            EMail: __[SELLYOURSAAS_MAIN_EMAIL]__<br />\n</body>\n        ',NULL,'1','0',NULL,NULL,NULL,NULL,0),(50,1,'sellyoursaas','facture_send',NULL,0,NULL,NULL,'2023-01-19 12:20:13','YourPaymentRemind',100,1,'[__[SELLYOURSAAS_NAME]__] - Reminder for paying your __[SELLYOURSAAS_NAME]__ subscription','<body>\n <p>Dear __[SELLYOURSAAS_NAME]__ user,<br><br>\nExcept error on our part, the invoice __REF__ for your subscription to __[SELLYOURSAAS_NAME]__ service seems to be unpaid. This is a remind of the link to download your invoice and to use the pay online your subscription (the covered period appears on the invoice). We recommend you to pay within a delay of 7 days to avoid any suspension of service.<br>__ONLINE_PAYMENT_URL__&suffix=__[SELLYOURSAAS_NAME]__<br><br>\nThe __[SELLYOURSAAS_NAME]__ Team <br />\n            ----------------------------------------- <br />\n            EMail: __[SELLYOURSAAS_MAIN_EMAIL]__<br />\n</body>\n        ',NULL,'1','0',NULL,NULL,NULL,NULL,0),(51,1,'sellyoursaas','facture_send',NULL,0,NULL,NULL,'2023-01-19 12:20:13','YourLinkForYourPayment',100,1,'[__[SELLYOURSAAS_NAME]__] - Request for the payment of your __[SELLYOURSAAS_NAME]__ subscription','<body>\n <p>Dear __[SELLYOURSAAS_NAME]__ user,<br><br>\nA new period will start for your subscription to __[SELLYOURSAAS_NAME]__ service. This is the link to download your invoice and to use the pay online your subscription (the covered period appears on the invoice). We recommend you to pay within a delay of 15 days to avoid any suspension of service.<br>__ONLINE_PAYMENT_URL__&suffix=__[SELLYOURSAAS_NAME]__<br><br>\nThe __[SELLYOURSAAS_NAME]__ Team <br />\n            ----------------------------------------- <br />\n            EMail: __[SELLYOURSAAS_MAIN_EMAIL]__<br />\n</body>\n        ',NULL,'1','0',NULL,NULL,NULL,NULL,0),(52,1,'sellyoursaas','thirdparty',NULL,0,NULL,NULL,'2023-01-19 12:20:13','(AlertCreditCardExpiration)',100,1,'[__[SELLYOURSAAS_NAME]__] - Your credit card is expiring','<body>\n <p>Dear __[SELLYOURSAAS_NAME]__ user,<br><br>\nWe wish to inform you that your payment method (Credit card ....__CARD_LAST4__) will soon expire.<br />\n              \n              Please login to your <a href=\"__[SELLYOURSAAS_ACCOUNT_URL]__?username=__THIRDPARTY_EMAIL__\">__[SELLYOURSAAS_NAME]__ dashboard</a> to update your credit card information as soon as possible to prevent any interuptions in service.<br />\nRemind: Your DoliCloud dashboard login is <strong>__THIRDPARTY_EMAIL__</strong><br />\n            </p>\n            <p>If you have any questions relating to the above please do not hesitate get in touch.</p>\n<br />\n\n            Sincerely, <br />\n            The __[SELLYOURSAAS_NAME]__ Team <br />\n            ----------------------------------------- <br />\n            EMail: __[SELLYOURSAAS_MAIN_EMAIL]__<br />\n</body>\n        ',NULL,'1','0',NULL,NULL,NULL,NULL,0),(53,1,'sellyoursaas','contract','fr_FR',0,NULL,NULL,'2023-01-19 12:20:13','InstanceDeployed',100,1,'Bienvenue sur __[SELLYOURSAAS_NAME]__ - Votre instance __REF_CLIENT__ est prête','<body>\n <p>Bienvenue,<br><br>\nNous sommes heureux de vous accueillir comme utilisateur/utilisatrice de __[SELLYOURSAAS_NAME]__, le service à la demande de votre __PACKAGELABEL__.\n                <br>\n                   Votre application est installée, configurée et prête pour vous.\n                   Voici les détails à connaitre pour démarrer:\n               \n                <br /><br /><strong>Votre __PACKAGELABEL__ :</strong>\n                <ul>\n                    <li>URL: <a href=\"https://__REF_CLIENT__?username=__APPUSERNAME__\">https://__REF_CLIENT__</a></li>\n                    <li>Login: __APPUSERNAME__</li>\n                </ul>\n                <br /><strong>Votre espace client :</strong>\n                <ul>\n                    <li>URL: <a href=\"__[SELLYOURSAAS_ACCOUNT_URL]__?username=__THIRDPARTY_EMAIL__\">__[SELLYOURSAAS_ACCOUNT_URL]__</a></li>\n                    <li>Login: __THIRDPARTY_EMAIL__</li>\n                </ul>                \n            \n            <br />__EMAIL_FOOTER__</p>\n            Cordialement, <br />\n            L\'équipe __[SELLYOURSAAS_NAME]__<br />\n            ----------------------------------------- <br />\n            EMail: __[SELLYOURSAAS_MAIN_EMAIL]__<br />\n</body>\n            ',NULL,'1','0',NULL,NULL,NULL,NULL,0),(54,1,'sellyoursaas','contract','fr_FR',0,NULL,NULL,'2023-01-19 12:20:13','InstanceUndeployed',100,1,'[__[SELLYOURSAAS_NAME]__] - Destruction de votre instance __REF_CLIENT__','<body>\n <p>Cher utilisateur/utilisatrice __[SELLYOURSAAS_NAME]__,<br><br>\nVous avez réalisé une demande depuis votre espace client __[SELLYOURSAAS_NAME]__ afin de détruire votre instance <b>__REF_CLIENT__</b>.\n                <br>\n                    Votre instance a déjà été suspendue et vos données seront détruites dans quelques jours. Pour une destruction immédiate, cliquez le lien suivant:<br><a href=\"__[SELLYOURSAAS_ACCOUNT_URL]__?contractid=__ID__&action=undeployconfirmed&hash=__HASH__\">Je confirme la destruction de __REF_CLIENT__</a>               \n            \n            <br /></p>\n            Cordialement, <br />\n            L\'équipe __[SELLYOURSAAS_NAME]__<br />\n            ----------------------------------------- <br />\n            EMail: __[SELLYOURSAAS_MAIN_EMAIL]__<br />\n</body>\n            ',NULL,'1','0',NULL,NULL,NULL,NULL,0),(55,1,'sellyoursaas','contract','fr_FR',0,NULL,NULL,'2023-01-19 12:20:13','GentleTrialExpiringReminder',100,1,'[__[SELLYOURSAAS_NAME]__] - Votre période d\'essai pour __REF_CLIENT__ expire bientôt','<body>\n <p>Cher utilisateur/utilisatrice __[SELLYOURSAAS_NAME]__,<br><br>\nCeci est un rappel pour vous informer que votre période de test pour l\'instance <a href=\"https://__REF_CLIENT__\">__REF_CLIENT__</a> va bientot expirer (le __SELLYOURSAAS_EXPIRY_DATE__). Si vous désirez continuer à utiliser le service, merci de vous logguer à votre espace client pour ajouter un mode de paiement (Carte de crédit ou débit).\n          </p>\n          <p>\nPour cela, cliquer ici pour basculer sur votre espace client: <a href=\"__[SELLYOURSAAS_ACCOUNT_URL]__?username=__THIRDPARTY_EMAIL__\">__[SELLYOURSAAS_ACCOUNT_URL]__</a><br />\nRappel: Votre login de l\'espace client est <strong>__THIRDPARTY_EMAIL__</strong><br /><br />\nSi vous avez renseigné un mode de paiement récemment, merci d\'ignorer cet email.<br />\n</p>\n          <br />\n            Cordialement, <br />\n            L\'équipe __[SELLYOURSAAS_NAME]__<br />\n            ----------------------------------------- <br />\n            EMail: __[SELLYOURSAAS_MAIN_EMAIL]__<br />\n</body>\n       ',NULL,'1','0',NULL,NULL,NULL,NULL,0),(56,1,'sellyoursaas','contract','fr_FR',0,NULL,NULL,'2023-01-19 12:20:13','EndOfTrial',100,1,'[__[SELLYOURSAAS_NAME]__] - Votre période d\'essai pour __REF_CLIENT__ est terminée','<body>\n <p>Cher utilisateur/utilisatrice __[SELLYOURSAAS_NAME]__,<br><br>\nMerci d\'avoir pris le temps de tester __[SELLYOURSAAS_NAME]__. Votre période d\'essai pour le service <strong>__REF_CLIENT__</strong> est maintenant expirée. Si vous désirez continuer à utiliser ce service, merci de vous connecter à votres espace client et ajouter un mode de paiement: <a href=\"__[SELLYOURSAAS_ACCOUNT_URL]__?username=__THIRDPARTY_EMAIL__\">Espace client __[SELLYOURSAAS_NAME]__</a>.<br /><br />\nRappel: Votre login de l\'espace client est <strong>__THIRDPARTY_EMAIL__</strong><br /><br />Si vous ne désirez plus utiliser le service, ignorez simplement ce dernier rappel. Vos données seront automatiquement détruites dans quelques jours.</p><br />\n Cordialement, <br /> \n               L\'équipe __[SELLYOURSAAS_NAME]__ <br />\n            ----------------------------------------- <br />\n            EMail: __[SELLYOURSAAS_MAIN_EMAIL]__<br />\n</body>\n       ',NULL,'1','0',NULL,NULL,NULL,NULL,0),(57,1,'sellyoursaas','facture_send','fr_FR',0,NULL,NULL,'2023-01-19 12:20:13','InvoicePaymentSuccess',100,1,'[__[SELLYOURSAAS_NAME]__] - Paiement réussi de la facture __REF__','<body>\n <p>Cher utilisateur/utilisatrice __[SELLYOURSAAS_NAME]__,<br><br>\nCet email confirme un paiement avec succès (__AMOUNT_FORMATED__) pour votre instance __[SELLYOURSAAS_NAME]__ <strong>__REF_CLIENT__</strong>. Vous pouvez vous logguer sur votre <a href=\"__[SELLYOURSAAS_ACCOUNT_URL]__?username=__THIRDPARTY_EMAIL__\">Espace client __[SELLYOURSAAS_NAME]__</a> pour télécharger vos factures PDF à tout moment.<br />\nRappel: Votre login de votre Espace Client __[SELLYOURSAAS_NAME]__ est <strong>__THIRDPARTY_EMAIL__</strong><br />\n            </p>\n            <p><a href=\"__DIRECTDOWNLOAD_URL_INVOICE__\">Lien direct pour télécharger le PDF de cette facture</a><br /><br />Si vous avez des questions en rapport avec ce message, n\'hésitez pas à nous contacter.</p>\n<br />\n\n            Cordialement, <br />\n            L\'équipe __[SELLYOURSAAS_NAME]__<br />\n            ----------------------------------------- <br />\n            EMail: __[SELLYOURSAAS_MAIN_EMAIL]__<br />\n</body>\n        ',NULL,'1','0',NULL,NULL,NULL,NULL,0),(58,1,'sellyoursaas','facture_send','fr_FR',0,NULL,NULL,'2023-01-19 12:20:13','InvoicePaymentFailure',100,1,'[__[SELLYOURSAAS_NAME]__] - Paiement en échec de la facture __REF__','<body>\n <p>Cher utilisateur/utilisatrice __[SELLYOURSAAS_NAME]__,<br><br>\nUne tentative pour réaliser le paiement de votre abonnement __[SELLYOURSAAS_NAME]__ (facture __REF__ pour l\'instance __REF_CLIENT__) a échoué.\n\nMerci de vérifier/mettre à jour votre mode de paiement, ou contacter votre banque ou fournisseur de votre mode de paiement pour autoriser les prochaines tentatives si ce dernier est bien correct.<br />\n                Plusieurs tentatives seront réalisées mais au cas où les échecs de paiements se prolongeraient, l\'accès au service pourrait être interrompu (et vos données pourraient être détruites 2 mois après).<br />\n<br />\nMerci de vous logguer à votre <a href=\"__[SELLYOURSAAS_ACCOUNT_URL]__\">Espace Client __[SELLYOURSAAS_NAME]__</a> pour corriger votre mode de paiement si ce dernier le nécessite, pour éviter toute interruption de service.<br />\nRappel: Votre login d\'accès à l\'Espace Client  __[SELLYOURSAAS_NAME]__ est <strong>__THIRDPARTY_EMAIL__</strong><br />\n              </p>\n              <p>\n                L\'erreur renvoyée par votre banque est la suivante: <br />\n                __SELLYOURSAAS_PAYMENT_ERROR_DESC__\n              </p><br />\n\n            Cordialement, <br />\n            L\'équipe __[SELLYOURSAAS_NAME]__<br />\n            ----------------------------------------- <br />\n            EMail: __[SELLYOURSAAS_MAIN_EMAIL]__<br />\n</body>\n          ',NULL,'1','0',NULL,NULL,NULL,NULL,0),(59,1,'sellyoursaas','contract','fr_FR',0,NULL,NULL,'2023-01-19 12:20:13','CustomerAccountSuspendedTrial',100,1,'[__[SELLYOURSAAS_NAME]__] - Suspension de l\'instance __REF_CLIENT__ après fin de période d\'essai','<body>\n <p>Cher utilisateur/utilisatrice __[SELLYOURSAAS_NAME]__,<br><br>\nNous attirons votre attention sur le fait que votre instance __REF_CLIENT__ a été suspendue.<br>Ceci est probablement due à la fin de votre période d\'essai. Si vous désirez continuer à utiliser l\'application, merci de vous connecter à votre <a href=\"__[SELLYOURSAAS_ACCOUNT_URL]__?username=__THIRDPARTY_EMAIL__\">Espace Client __[SELLYOURSAAS_NAME]__</a> pour entrer un mode de paiement. L\'accès à votre instance sera alors rétabli immédiatement. Si vous ne désirez pas continuer, ignorez simplement cet email et votre instance et ses données seront détruites dans quelques jours.</p><br />\n Cordialement, <br />\n            L\'équipe __[SELLYOURSAAS_NAME]__<br />\n            ----------------------------------------- <br />\n            EMail: __[SELLYOURSAAS_MAIN_EMAIL]__<br />\n</body>\n       ',NULL,'1','0',NULL,NULL,NULL,NULL,0),(60,1,'sellyoursaas','contract','fr_FR',0,NULL,NULL,'2023-01-19 12:20:13','CustomerAccountSuspended',100,1,'[__[SELLYOURSAAS_NAME]__] - Suspension de l\'instance __REF_CLIENT__','<body>\n <p>Cher utilisateur/utilisatrice __[SELLYOURSAAS_NAME]__,<br><br>\nNous attirons votre attention sur le fait que votre instance __REF_CLIENT__ a été suspendue.<br>Ceci est probablement due à des problèmes de paiements. Si vous désirez continuer à utiliser l\'application, merci de vous connecter à votre <a href=\"__[SELLYOURSAAS_ACCOUNT_URL]__?username=__THIRDPARTY_EMAIL__\">Espace Client __[SELLYOURSAAS_NAME]__</a> pour entrer un mode de paiement. L\'accès à votre instance sera alors rétabli immédiatement. Si vous ne désirez pas continuer, ignorez simplement cet email et les autres rappels à venir, et votre instance et ses données seront détruites dans quelques semaines.</p><br />\n Cordialement, <br />\n            L\'équipe __[SELLYOURSAAS_NAME]__<br />\n            ----------------------------------------- <br />\n            EMail: __[SELLYOURSAAS_MAIN_EMAIL]__<br />\n</body>\n       ',NULL,'1','0',NULL,NULL,NULL,NULL,0),(61,1,'sellyoursaas','contract','fr_FR',0,NULL,NULL,'2023-01-19 12:20:13','CustomerInstanceUpgraded',100,1,'[__[SELLYOURSAAS_NAME]__] - Mise à jour de l\'instance __REF_CLIENT__','<body>\n <p>Cher utilisateur/utilisatrice __[SELLYOURSAAS_NAME]__,<br><br>\nNous vous informons que votre instance a été mise à jour sur une version stable supérieure.<br>Si vous rencontrez des difficultés après cette mise à jour, contacter nous à __[SELLYOURSAAS_MAIN_EMAIL]__ </p><br />\n Cordialement, <br /> \n               L\'équipe __[SELLYOURSAAS_NAME]__<br />\n            ----------------------------------------- <br />\n            EMail: __[SELLYOURSAAS_MAIN_EMAIL]__<br />\n</body>\n       ',NULL,'1','0',NULL,NULL,NULL,NULL,0),(62,1,'sellyoursaas','thirdparty','fr_FR',0,NULL,NULL,'2023-01-19 12:20:13','YourYearlyPaymentRequest',100,1,'[__[SELLYOURSAAS_NAME]__] - Votre demande de paiement annuel pour votre abonnement __[SELLYOURSAAS_NAME]__','<body>\n <p>Cher utilisateur/utilisatrice __[SELLYOURSAAS_NAME]__,<br><br>\nVotre demande de paiement annuel pour l\'abonnement au service __[SELLYOURSAAS_NAME]__ a été enregistrée. A la prochaine échance, le paiement se fera pour une année entière.<br>Dans le cas de paiement par carte, vous recevrez un mail, peu après le début de la nouvelle période annuelle pour réaliser le paiement en ligne.<br /><br />\nL\'équipe __[SELLYOURSAAS_NAME]__<br />\n            ----------------------------------------- <br />\n            EMail: __[SELLYOURSAAS_MAIN_EMAIL]__<br />\n</body>\n        ',NULL,'1','0',NULL,NULL,NULL,NULL,0),(63,1,'sellyoursaas','facture_send','fr_FR',0,NULL,NULL,'2023-01-19 12:20:13','YourPaymentRemind',100,1,'[__[SELLYOURSAAS_NAME]__] - Relance paiement abonnement  __[SELLYOURSAAS_NAME]__','<body>\n <p>Cher utilisateur/utilisatrice __[SELLYOURSAAS_NAME]__,<br><br>\nSauf erreur de notre part, la facture __REF__ pour votre abonnement au service __[SELLYOURSAAS_NAME]__ n\'a pas encore été payée. Voici un rappel du lien permettant de télécharger la facure et réaliser le paiement en ligne (la période couverte apparait sur la facture). Nous vous recommandons de réaliser le paiement dans un délai de 7 jours afin d\'éviter la suspension du service.<br>__ONLINE_PAYMENT_URL__&suffix=__[SELLYOURSAAS_NAME]__<br /><br />\nL\'équipe __[SELLYOURSAAS_NAME]__<br />\n            ----------------------------------------- <br />\n            EMail: __[SELLYOURSAAS_MAIN_EMAIL]__<br />\n</body>\n        ',NULL,'1','0',NULL,NULL,NULL,NULL,0),(64,1,'sellyoursaas','facture_send','fr_FR',0,NULL,NULL,'2023-01-19 12:20:13','YourLinkForYourPayment',100,1,'[__[SELLYOURSAAS_NAME]__] - Requête pour le paiement de votre abonnement __[SELLYOURSAAS_NAME]__','<body>\n <p>Cher utilisateur/utilisatrice __[SELLYOURSAAS_NAME]__,<br><br>\nUne nouvelle période démarre pour votre abonnement au service __[SELLYOURSAAS_NAME]__. Voici le lien à utiliser pour télécharger votre facture et réaliser le paiement en ligne (la période couverte apparait sur la facture). Nous vous recommandons de payer dans un délai de 15 jours pour éviter toute suspension de service ultérieure.<br>__ONLINE_PAYMENT_URL__&suffix=__[SELLYOURSAAS_NAME]__<br><br>L\'équipe __[SELLYOURSAAS_NAME]__<br />\n            ----------------------------------------- <br />\n            EMail: __[SELLYOURSAAS_MAIN_EMAIL]__<br />\n</body>\n        ',NULL,'1','0',NULL,NULL,NULL,NULL,0),(65,1,'sellyoursaas','thirdparty','fr_FR',0,NULL,NULL,'2023-01-19 12:20:13','(AlertCreditCardExpiration)',100,1,'[__[SELLYOURSAAS_NAME]__] - Expiration de votre carte bancaire','<body>\n <p>Cher utilisateur/utilisatrice __[SELLYOURSAAS_NAME]__,<br><br>\nNous voulions vous informer que votre mode de paiement (Carte bancaire ....__CARD_LAST4__) va bientôt expirer.<br />\n              \n              Merci de vous logguez sur votre <a href=\"__[SELLYOURSAAS_ACCOUNT_URL]__?username=__THIRDPARTY_EMAIL__\">espace client __[SELLYOURSAAS_NAME]__</a> pour mettre à jour vos informations de paiement, dès que possible, afin de prévenir toute interruption de service.<br />\nRappel: Le login de votre espace client est <strong>__THIRDPARTY_EMAIL__</strong><br />\n            </p>\n            <p>Si vous avez des questions sur ce point, ne pas hésitez à nous contacter.</p>\n<br />\n<br />\n           Cordialement, <br />\n           L\'équipe __[SELLYOURSAAS_NAME]__ <br />\n            ----------------------------------------- <br />\n            EMail: __[SELLYOURSAAS_MAIN_EMAIL]__<br />\n</body>\n        ',NULL,'1','0',NULL,NULL,NULL,NULL,0),(66,1,'sellyoursaas','contract','es_ES',0,NULL,NULL,'2023-01-19 12:20:13','InstanceDeployed',100,1,'Bienvenido a __[SELLYOURSAAS_NAME]__ - Su instancia __REF_CLIENT__ está lista','<body>\n <p>Bienvenida,<br><br>\nEstamos muy contentos de ternerle como usuario de __[SELLYOURSAAS_NAME]__, el servicio en línea de sus aplicaciones __PACKAGELABEL__.\n                <br>\n                   Su aplicación ya se encuentra instalada y disponible para su uso.\n                   Aquí están los detalles que necesita para acceder.:\n               \n                <br /><br /><strong>Su aplicación __PACKAGELABEL__ :</strong>\n                <ul>\n                    <li>URL: <a href=\"https://__REF_CLIENT__?username=__APPUSERNAME__\">https://__REF_CLIENT__</a></li>\n                    <li>Login: __APPUSERNAME__</li>\n                </ul>\n                <br /><strong>Su área de cliente :</strong>\n                <ul>\n                    <li>URL: <a href=\"__[SELLYOURSAAS_ACCOUNT_URL]__?username=__THIRDPARTY_EMAIL__\">__[SELLYOURSAAS_ACCOUNT_URL]__</a></li>\n                    <li>Login: __THIRDPARTY_EMAIL__</li>\n                </ul>                \n            \n            <br />__EMAIL_FOOTER__</p>\n            El equipo __[SELLYOURSAAS_NAME]__ <br />\n            ----------------------------------------- <br />\n            E-Mail: __[SELLYOURSAAS_MAIN_EMAIL]__<br />\n</body>\n            ',NULL,'1','0',NULL,NULL,NULL,NULL,0),(67,1,'sellyoursaas','contract','es_ES',0,NULL,NULL,'2023-01-19 12:20:13','InstanceUndeployed',100,1,'[__[SELLYOURSAAS_NAME]__] - Destrucción de su instancia __REF_CLIENT__','<body>\n <p>Estimado usuario de __[SELLYOURSAAS_NAME]__,<br><br>\nHiciste una solicitud desde tu panel de control del cliente __[SELLYOURSAAS_NAME]__ para eliminar tu instancia <b>__REF_CLIENT__</b>.\n                <br>\n                    Su instancia fue suspendida y sus datos serán destruidos en pocos días. Para una eliminación inmediata, haga clic en este enlace: <br><a href=\"__[SELLYOURSAAS_ACCOUNT_URL]__?contractid=__ID__&action=undeployconfirmed&hash=__HASH__\">Confirmo la eliminación de __REF_CLIENT__</a>              \n            \n            <br /></p>\n                        El equipo __[SELLYOURSAAS_NAME]__ <br />\n            ----------------------------------------- <br />\n            E-Mail: __[SELLYOURSAAS_MAIN_EMAIL]__<br />\n</body>\n            ',NULL,'1','0',NULL,NULL,NULL,NULL,0),(68,1,'sellyoursaas','contract','es_ES',0,NULL,NULL,'2023-01-19 12:20:13','GentleTrialExpiringReminder',100,1,'[__[SELLYOURSAAS_NAME]__] - Su periodo de prueba para __REF_CLIENT__ expira pronto','<body>\n <p>Estimado usuario de __[SELLYOURSAAS_NAME]__,<br><br>\nSu periodo de prueba de su instancia <a href=\"https://__REF_CLIENT__\">__REF_CLIENT__</a> termina pronto (el __SELLYOURSAAS_EXPIRY_DATE__). Si desea continuar usando el servicio, le agradeceríamos se conectara a su área de cliente para añadir un modo de pago:\n          </p>\n          <p>\nHaga clic aquí para ir a la consola de su cliente: <a href=\"__[SELLYOURSAAS_ACCOUNT_URL]__?username=__THIRDPARTY_EMAIL__\">__[SELLYOURSAAS_ACCOUNT_URL]__</a><br />\nRecuerde: Su login de acceso a su área de cliente __[SELLYOURSAAS_NAME]__ es <strong>__THIRDPARTY_EMAIL__</strong><br /><br />\nSi ha ingresado recientemente en un modo de pago, gracias por ignorar este e-mail.<br />\n</p>\n          <br />\n                        El equipo __[SELLYOURSAAS_NAME]__ <br />\n            ----------------------------------------- <br />\n            E-Mail: __[SELLYOURSAAS_MAIN_EMAIL]__<br />\n</body>\n       ',NULL,'1','0',NULL,NULL,NULL,NULL,0),(69,1,'sellyoursaas','contract','es_ES',0,NULL,NULL,'2023-01-19 12:20:13','EndOfTrial',100,1,'[__[SELLYOURSAAS_NAME]__] - Su periodo de prueba para __REF_CLIENT__ ha expirado','<body>\n <p>Estimado usuario de __[SELLYOURSAAS_NAME]__,<br><br>\nLe damos las gracias por tomarse el tiempo de probar __[SELLYOURSAAS_NAME]__. Su periodo de prueba de <strong>__REF_CLIENT__</strong> ha expirado. Si desea continuar usando nuestro servicio, le agradeceríamos se conectara a su área de cliente y añada un modo de pago: <a href=\"__[SELLYOURSAAS_ACCOUNT_URL]__?username=__THIRDPARTY_EMAIL__\">__[SELLYOURSAAS_NAME]__ dashboard</a>.<br /><br />\nRecuerde: Su login de acceso a su área de cliente __[SELLYOURSAAS_NAME]__ es <strong>__THIRDPARTY_EMAIL__</strong><br /><br />Su instancia se conservará tanto tiempo como desee. Por el contrario, si no desea continuar usando el servicio, simplemente ignore esta alerta. Sus datos y su cuenta serán eliminados en pocos dias.</p><br /> \n               El equipo __[SELLYOURSAAS_NAME]__ <br />\n            ----------------------------------------- <br />\n            E-Mail: __[SELLYOURSAAS_MAIN_EMAIL]__<br />\n</body>\n       ',NULL,'1','0',NULL,NULL,NULL,NULL,0),(70,1,'sellyoursaas','facture_send','es_ES',0,NULL,NULL,'2023-01-19 12:20:13','InvoicePaymentSuccess',100,1,'[__[SELLYOURSAAS_NAME]__] - Pago de la factura __REF__ realizado','<body>\n <p>Estimado usuario de __[SELLYOURSAAS_NAME]__,<br><br>\nEste correo electrónico confirma el pago exitoso (__AMOUNT_FORMATED__) de su cuenta __[SELLYOURSAAS_NAME]__ <strong>__REF_CLIENT__</strong>. Puede iniciar sesión en su <a href=\"__[SELLYOURSAAS_ACCOUNT_URL]__?username=__THIRDPARTY_EMAIL__\">area de cliente __[SELLYOURSAAS_NAME]__</a> para descargar sus facturas en PDF en cualquier momento.<br />\nRecuerde: Su login de acceso a su área de cliente __[SELLYOURSAAS_NAME]__ es <strong>__THIRDPARTY_EMAIL__</strong><br />\n            </p>\n            <p><a href=\"__DIRECTDOWNLOAD_URL_INVOICE__\">Enlace directo a su factura en PDF</a><br /><br />Si tiene alguna pregunta relacionada con lo anterior, no dude en ponerse en contacto.</p>\n<br />\n\n               El equipo __[SELLYOURSAAS_NAME]__<br />\n            ----------------------------------------- <br />\n            E-Mail: __[SELLYOURSAAS_MAIN_EMAIL]__<br />\n</body>\n        ',NULL,'1','0',NULL,NULL,NULL,NULL,0),(71,1,'sellyoursaas','facture_send','es_ES',0,NULL,NULL,'2023-01-19 12:20:13','InvoicePaymentFailure',100,1,'[__[SELLYOURSAAS_NAME]__] - Error en el pago de la factura __REF__','<body>\n <p>Estimado usuario de __[SELLYOURSAAS_NAME]__,<br><br>\nSe produjo un error al intentar realizar el pago de su suscripción a __[SELLYOURSAAS_NAME]__ (factura __REF__ para la aplicación __REF_CLIENT__). Actualice su método de pago o comuníquese con su banco o proveedor de métodos de pago. <br />\n Si no continúa este pago, se suspenderá el acceso a nuestro servicio y es posible que pierda los datos que tenga con nosotros. <br />\n<br />\nInicie sesión en su <a href=\"__[SELLYOURSAAS_ACCOUNT_URL]__\"> area de client __[SELLYOURSAAS_NAME]__</a> para actualizar y corregir su tarjeta de crédito lo antes posible para evitar cualquier interupción en el servicio.<br />\nRecuerde: Su login de acceso a su área de cliente __[SELLYOURSAAS_NAME]__ es <strong>__THIRDPARTY_EMAIL__</strong><br />\n              </p>\n              <p>\n                El error que recibimos de su banco fue: <br />\n                __SELLYOURSAAS_PAYMENT_ERROR_DESC__\n              </p><br />\n\n                        El equipo __[SELLYOURSAAS_NAME]__ <br />\n            ----------------------------------------- <br />\n            E-Mail: __[SELLYOURSAAS_MAIN_EMAIL]__<br />\n</body>\n          ',NULL,'1','0',NULL,NULL,NULL,NULL,0),(72,1,'sellyoursaas','contract','es_ES',0,NULL,NULL,'2023-01-19 12:20:13','CustomerAccountSuspendedTrial',100,1,'[__[SELLYOURSAAS_NAME]__] - Suspensión de la instancia __REF_CLIENT__ una vez finalizado el período de prueba','<body>\n <p>Estimado usuario de __[SELLYOURSAAS_NAME]__,<br><br>\nQueremos informarle que su instancia __REF_CLIENT__ ha sido suspendida.<br>Es probable que esto se deba al final de su período de prueba. Si desea continuar usando su aplicación, inicie sesión en su <a href=\"__[SELLYOURSAAS_ACCOUNT_URL]__?username=__THIRDPARTY_EMAIL__\">area de cliente __[SELLYOURSAAS_NAME]__</a> para ingresar a un modo de pago. El acceso a su instancia será restaurado. Si no desea participar con nosotros, simplemente ignore este correo electrónico y su instancia se eliminará en pocos días.</p><br />\n                           El equipo __[SELLYOURSAAS_NAME]__ <br />\n            ----------------------------------------- <br />\n            E-Mail: __[SELLYOURSAAS_MAIN_EMAIL]__<br />\n</body>\n       ',NULL,'1','0',NULL,NULL,NULL,NULL,0),(73,1,'sellyoursaas','contract','es_ES',0,NULL,NULL,'2023-01-19 12:20:13','CustomerAccountSuspended',100,1,'[__[SELLYOURSAAS_NAME]__] - Suspensión de la instancia __REF_CLIENT__','<body>\n <p>Estimado usuario de __[SELLYOURSAAS_NAME]__,<br><br>\nQueremos informarle que su instancia __REF_CLIENT__ ha sido suspendida.<br>Esto es probablemente debido a un problema de pago. Si desea continuar usando su aplicación, inicie sesión en su <a href=\"__[SELLYOURSAAS_ACCOUNT_URL]__?username=__THIRDPARTY_EMAIL__\">area de cliente __[SELLYOURSAAS_NAME]__</a> para corregir su modo de pago. El acceso a su instancia será restaurado. Si no desea continuar con nosotros, simplemente ignore este correo electrónico y siga los recordatorios, y su instancia y sus datos serán eliminados en unas pocas semanas.</p><br />\n<br />\n                           El equipo __[SELLYOURSAAS_NAME]__ <br />\n            ----------------------------------------- <br />\n            E-Mail: __[SELLYOURSAAS_MAIN_EMAIL]__<br />\n</body>\n       ',NULL,'1','0',NULL,NULL,NULL,NULL,0),(74,1,'sellyoursaas','contract','es_ES',0,NULL,NULL,'2023-01-19 12:20:13','CustomerInstanceUpgraded',100,1,'[__[SELLYOURSAAS_NAME]__] - Actualización de la instancia __REF_CLIENT__','<body>\n <p>Estimado usuario de __[SELLYOURSAAS_NAME]__,<br><br>\nDeseamos informarle que su instancia se ha actualizado a una versión estable superior.<br>Si tiene algún problema después de esta actualización, puede contactarnos a __[SELLYOURSAAS_MAIN_EMAIL]__ </p><br /> \n                           El equipo __[SELLYOURSAAS_NAME]__ <br />\n            ----------------------------------------- <br />\n            E-Mail: __[SELLYOURSAAS_MAIN_EMAIL]__<br />\n</body>\n       ',NULL,'1','0',NULL,NULL,NULL,NULL,0),(75,1,'sellyoursaas','thirdparty','es_ES',0,NULL,NULL,'2023-01-19 12:20:13','YourYearlyPaymentRequest',100,1,'[__[SELLYOURSAAS_NAME]__] - Su solicitud de pago anual para su suscripción __[SELLYOURSAAS_NAME]__','<body>\n <p>Estimado usuario de __[SELLYOURSAAS_NAME]__,<br><br>\nSu solicitud de pago anual para su suscripción al servicio __[SELLYOURSAAS_NAME]__ ha sido registrado. En el próximo vencimiento, el pago será por un año completo..<br>En el caso del pago con tarjeta, recibirá un e-mail, poco después del comienzo del nuevo período anual para realizar el pago en línea.<br /><br />\nEl equipo __[SELLYOURSAAS_NAME]__<br />\n            ----------------------------------------- <br />\n            EMail: __[SELLYOURSAAS_MAIN_EMAIL]__<br />\n</body>\n        ',NULL,'1','0',NULL,NULL,NULL,NULL,0),(76,1,'sellyoursaas','facture_send','es_ES',0,NULL,NULL,'2023-01-19 12:20:13','YourPaymentRemind',100,1,'[__[SELLYOURSAAS_NAME]__] - Pago de renovación de su suscripción a  __[SELLYOURSAAS_NAME]__','<body>\n <p>Estimado usuario de __[SELLYOURSAAS_NAME]__,<br><br>\nSalvo error por nuestra parte, la factura __REF__ de su suscripción al servicio __[SELLYOURSAAS_NAME]__ aún no ha sido pagada. Aquí hay un recordatorio del enlace para descargar la facutura y hacer el pago en línea (el período cubierto aparece en la factura). Le recomendamos que realice el pago dentro de los 7 días para evitar la suspensión del servicio.<br>__ONLINE_PAYMENT_URL__&suffix=__[SELLYOURSAAS_NAME]__<br /><br />\nEl equipo __[SELLYOURSAAS_NAME]__<br />\n            ----------------------------------------- <br />\n            EMail: __[SELLYOURSAAS_MAIN_EMAIL]__<br />\n</body>\n        ',NULL,'1','0',NULL,NULL,NULL,NULL,0),(77,1,'sellyoursaas','facture_send','es_ES',0,NULL,NULL,'2023-01-19 12:20:13','YourLinkForYourPayment',100,1,'[__[SELLYOURSAAS_NAME]__] - Solicitud de pago de su suscripción __[SELLYOURSAAS_NAME]__','<body>\n <p>Estimado usuario de __[SELLYOURSAAS_NAME]__,<br><br>\nComienza un nuevo período para su suscripción al servicio __[SELLYOURSAAS_NAME]__. Aquí está el enlace para descargar su factura y realizar el pago en línea (el período cubierto aparece en la factura). Le recomendamos que pague dentro de los 15 días para evitar la suspensión del servicio.<br>__ONLINE_PAYMENT_URL__&suffix=__[SELLYOURSAAS_NAME]__<br><br>\nEl equipo __[SELLYOURSAAS_NAME]__<br />\n            ----------------------------------------- <br />\n            EMail: __[SELLYOURSAAS_MAIN_EMAIL]__<br />\n</body>\n        ',NULL,'1','0',NULL,NULL,NULL,NULL,0),(78,1,'sellyoursaas','thirdparty','es_ES',0,NULL,NULL,'2023-01-19 12:20:13','(AlertCreditCardExpiration)',100,1,'[__[SELLYOURSAAS_NAME]__] - Caducidad de su tarjeta bancaria','<body>\n <p>Estimado usuario de __[SELLYOURSAAS_NAME]__,<br><br>\nQueríamos informarle que su método de pago (tarjeta bancaria ....__CARD_LAST4__) caducará pronto.<br />\n              \nInicie sesión en su <a href=\"__[SELLYOURSAAS_ACCOUNT_URL]__?username=__THIRDPARTY_EMAIL__\">área de cliente __[SELLYOURSAAS_NAME]__</a> para actualizar su información de pago lo antes posible a fin de evitar cualquier interrupción del servicio.<br />\nRappel: Le login de votre espace client est <strong>__THIRDPARTY_EMAIL__</strong>Recordatorio: el inicio de sesión de su área de cliente es <strong>__THIRDPARTY_EMAIL__</strong><br />\n            </p>\n            <p>Si tiene alguna pregunta sobre este punto, no dude en ponerse en contacto con nosotros.</p>\n<br />\n            El equipo __[SELLYOURSAAS_NAME]__<br />\n            ----------------------------------------- <br />\n            EMail: __[SELLYOURSAAS_MAIN_EMAIL]__<br />\n</body>\n        ',NULL,'1','0',NULL,NULL,NULL,NULL,0),(79,1,'sellyoursaas','contract','de_DE',0,NULL,NULL,'2023-01-19 12:20:13','InstanceDeployed',100,1,'Willkommen beim __[SELLYOURSAAS_NAME]__ - Ihre Instanz __REF_CLIENT__ steht bereit','<body>\n <p>Herzlich willkommen,<br><br>\nwir freuen uns, Sie als neuen Nutzer des __[SELLYOURSAAS_NAME]__ als Plattform für das Cloud-Angebot __PACKAGELABEL__ zu begrüßen.\n <br>\nIhre Anwendung wurde installiert und für Sie eingerichtet und steht jetzt zur Nutzung bereit.\nFür den Start hier einige Informationen:\n   \n<br /><br /><strong>Ihre Instanz __PACKAGELABEL__ :</strong>\n       <ul>\n     <li>URL: <a href=\"https://__REF_CLIENT__?username=__APPUSERNAME__\">https://__REF_CLIENT__</a></li>\n                    <li>Login: __APPUSERNAME__</li>\n                </ul>\n                <br /><strong>Ihr __[SELLYOURSAAS_MAIN_EMAIL]__-Kundenkonto:</strong>\n       <ul>\n    <li>URL: <a href=\"__[SELLYOURSAAS_ACCOUNT_URL]__?username=__THIRDPARTY_EMAIL__\">__[SELLYOURSAAS_ACCOUNT_URL]__</a></li>\n                    <li>Login: __THIRDPARTY_EMAIL__</li>\n                </ul>                \n            \n            <br />__EMAIL_FOOTER__</p>\n           Freundliche Grüße, <br />\n            Ihr __[SELLYOURSAAS_NAME]__-Team <br />\n            ----------------------------------------- <br />\n            E-Mail: __[SELLYOURSAAS_MAIN_EMAIL]__<br />\n</body>\n            ',NULL,'1','0',NULL,NULL,NULL,NULL,0),(80,1,'sellyoursaas','contract','de_DE',0,NULL,NULL,'2023-01-19 12:20:13','InstanceUndeployed',100,1,'[__[SELLYOURSAAS_NAME]__] - Löschung Ihrer Instanz __REF_CLIENT__','<body>\n <p>Lieber __[SELLYOURSAAS_NAME]__-Nutzer,<br><br>\nSie haben in Ihrem __[SELLYOURSAAS_NAME]__-Kundenkonto darum gebeten, Ihre Instanz <b>__REF_CLIENT__</b> zu löschen.\n                <br>\nIhre Instanz wurde jetzt gesperrt und die Daten werden in den nächsten Tagen automatisch gelöscht. Sollen die Daten sofort gelöscht werden, klicken Sie bitte auf diesen Link:<br><a href=\"__[SELLYOURSAAS_ACCOUNT_URL]__?contractid=__ID__&action=undeployconfirmed&hash=__HASH__\">Ich wünsche die sofortige Löschun von __REF_CLIENT__</a>               \n            \n            <br /></p>\n            Freundliche Grüße, <br />\n            Ihr __[SELLYOURSAAS_NAME]__-Team <br />\n            ----------------------------------------- <br />\n            E-Mail: __[SELLYOURSAAS_MAIN_EMAIL]__<br />\n</body>\n            ',NULL,'1','0',NULL,NULL,NULL,NULL,0),(81,1,'sellyoursaas','contract','de_DE',0,NULL,NULL,'2023-01-19 12:20:13','GentleTrialExpiringReminder',100,1,'[__[SELLYOURSAAS_NAME]__] - Ihr Probezeitraum für __REF_CLIENT__ läuft bald ab','<body>\n <p>Lieber __[SELLYOURSAAS_NAME]__-Nutzer,<br><br>\nDies ist eine Erinnerung, dass Ihr Probezeitraum für die Instanz <a href=\"https://__REF_CLIENT__\">__REF_CLIENT__</a> in kürze abläuft (__SELLYOURSAAS_EXPIRY_DATE__). Falls Sie diese Instanz weiter nutzen möchten, loggen Sie sich bitte im __[SELLYOURSAAS_NAME]__-Kundenkonto ein und fügen ein Zahlungsmittel hinzu (Kreditkarte):\n          </p>\n          <p>\nHier klicken, um zum Kundenkonto zu gelangen: <a href=\"__[SELLYOURSAAS_ACCOUNT_URL]__?username=__THIRDPARTY_EMAIL__\">__[SELLYOURSAAS_ACCOUNT_URL]__</a><br />\nErinnerung: Ihr Login für das Kundenkonto lautet <strong>__THIRDPARTY_EMAIL__</strong><br /><br />\nFalls Sie bereits vor kurzem ein Zahlungsmittel hinterlegt haben, ignorieren Sie diese E-Mail bitte.<br />\n</p>\n          <br />\n            Freundliche Grüßé, <br />\n            Ihr __[SELLYOURSAAS_NAME]__-Team <br />\n            ----------------------------------------- <br />\n            EMail: __[SELLYOURSAAS_MAIN_EMAIL]__<br />\n</body>\n       ',NULL,'1','0',NULL,NULL,NULL,NULL,0),(82,1,'sellyoursaas','contract','de_DE',0,NULL,NULL,'2023-01-19 12:20:13','EndOfTrial',100,1,'[__[SELLYOURSAAS_NAME]__] - Ihr Probezeitraum für __REF_CLIENT__ ist abgelaufen','<body>\n <p>Lieber __[SELLYOURSAAS_NAME]__-Nutzer,<br><br>\nVielen Dank, dass Sie sich die Zeit genommen haben, Leistungen des  __[SELLYOURSAAS_NAME]__ auszuprobieren. Ihr Probezeitraum für die Instanz <strong>__REF_CLIENT__</strong> ist jetzt abgelaufen. Falls Sie die Instanz weiterhin nutzen möchten, loggen Sie sich bitte im Kundenkonto ein und hinterlegen ein Zahlungsmittel: <a href=\"__[SELLYOURSAAS_ACCOUNT_URL]__?username=__THIRDPARTY_EMAIL__\">__[SELLYOURSAAS_NAME]__-Kundenkonto</a>.<br /><br />\nErinnerung: Ihr Login zum __[SELLYOURSAAS_NAME]__-Kundenkonto login lautet <strong>__THIRDPARTY_EMAIL__</strong><br /><br />Falls Sie die Instanz nicht weiter nutzen wollen, ist keine weitere Aktion erforderlich: Ihre Daten werden innerhalb der nächsten tage automatisch gelöscht.</p><br />\n Freundliche Grüße, <br /> \n               Ihr __[SELLYOURSAAS_NAME]__-Team <br />\n            ----------------------------------------- <br />\n            E-Mail: __[SELLYOURSAAS_MAIN_EMAIL]__<br />\n</body>\n       ',NULL,'1','0',NULL,NULL,NULL,NULL,0),(83,1,'sellyoursaas','facture_send','de_DE',0,NULL,NULL,'2023-01-19 12:20:13','InvoicePaymentSuccess',100,1,'[__[SELLYOURSAAS_NAME]__] - Erfolgreiche Bezahlung der Rechnung __REF__','<body>\n <p>Lieber __[SELLYOURSAAS_NAME]__-Nutzer,<br><br>\nHiermit bestätigen wir die erfolgreiche Zahlung von (__AMOUNT_FORMATED__) für Ihre __[SELLYOURSAAS_NAME]__ Instanz <strong>__REF_CLIENT__</strong>. Um Ihre Rechnungen herunterzuladen, können Sie sich jederzeit im  <a href=\"__[SELLYOURSAAS_ACCOUNT_URL]__?username=__THIRDPARTY_EMAIL__\">__[SELLYOURSAAS_NAME]__-Kundenkonto</a> einloggen.<br />\nErinnerung: Ihr Login zum __[SELLYOURSAAS_NAME]__-Kundenkonto lautet <strong>__THIRDPARTY_EMAIL__</strong><br />\n            </p>\n            <p><a href=\"__DIRECTDOWNLOAD_URL_INVOICE__\">Direkter Link um diese Rechnung als PDF herunterzuladen</a><br /><br />Bei Fragen zögern Sie bitte nicht uns zu kontaktieren.</p>\n<br />\n\n            Freundliche Grüße, <br />\n            Ihr __[SELLYOURSAAS_NAME]__-Team <br />\n            ----------------------------------------- <br />\n            E-Mail: __[SELLYOURSAAS_MAIN_EMAIL]__<br />\n</body>\n        ',NULL,'1','0',NULL,NULL,NULL,NULL,0),(84,1,'sellyoursaas','facture_send','de_DE',0,NULL,NULL,'2023-01-19 12:20:13','InvoicePaymentFailure',100,1,'[__[SELLYOURSAAS_NAME]__] - Fehler bei der Bezahlung der Rechnung __REF__','<body>\n <p>Lieber __[SELLYOURSAAS_NAME]__-Nutzer,<br><br>\nEin Versuch, die Bezahlung für Ihre Leistungen des __[SELLYOURSAAS_NAME]__ vorzunehmen (Rechnung __REF__ für die Instanz __REF_CLIENT__) ist fehlgeschlagen. Bitte aktualisieren Sie das hinterlegte Zahlungsmittel oder kontaktieren Sie Ihre Bank bzw. Kreditkartenherausgeber.<br />\n                Sollte die Bezahlung auch weiterhin nicht möglich sein, wird der Zugang zu Ihrer Instanz automatisch gesperrt und die Daten nach einer weiteren Übergangsfrist gelöscht.<br />\n<br />\nBitte loggen Sie sich im <a href=\"__[SELLYOURSAAS_ACCOUNT_URL]__\">__[SELLYOURSAAS_NAME]__-Kundenkonto</a> ein, um das hinterlegt Zahlungsmittel so schnell wie möglich zu aktualisieren um eine Unterbrechung der Leistung zu vermeiden.<br />\nErinnerung: Ihr Login zum __[SELLYOURSAAS_NAME]__-Kundenkonto lautet <strong>__THIRDPARTY_EMAIL__</strong><br />\n              </p>\n              <p>\n                Die Fehlermeldung bei der Zahlungsdurchführung lautet: <br />\n                __SELLYOURSAAS_PAYMENT_ERROR_DESC__\n              </p><br />\n\n            Freundliche Grüße, <br />\n            Ihr __[SELLYOURSAAS_NAME]__-Team <br />\n            ----------------------------------------- <br />\n            E-Mail: __[SELLYOURSAAS_MAIN_EMAIL]__<br />\n</body>\n          ',NULL,'1','0',NULL,NULL,NULL,NULL,0),(85,1,'sellyoursaas','contract','de_DE',0,NULL,NULL,'2023-01-19 12:20:13','CustomerAccountSuspendedTrial',100,1,'[__[SELLYOURSAAS_NAME]__] - Sperrung der Instanz __REF_CLIENT__ nach Ablauf des Probezeitraums','<body>\n <p>Lieber __[SELLYOURSAAS_NAME]__-Nutzer,<br><br>\nWir möchten Sie darüber informieren, dass Ihre Instanz __REF_CLIENT__ gesperrt wurde.<br>Der Grund hierfür ist in der Regel der Ablauf Ihres Probezeitraums. Falls Sie Ihre Instanz weiterhin nutzen möchten, loggen Sie sich in Ihr <a href=\"__[SELLYOURSAAS_ACCOUNT_URL]__?username=__THIRDPARTY_EMAIL__\">__[SELLYOURSAAS_NAME]__-Kundenkonto</a> ein, um ein Zahlungsmittel zu hinterlegen. Danach wird die Sperrung wieder aufgehoben und der Zugang ist wieder möglich. Falls Sie die Instanz nicht weiter nutzen möchten, müssen Sie nichts weiter tun: Ihre Instanz und Ihre Daten werden in den kommenden Tagen automatisch gelöscht.</p><br />\n Freundliche Grüße, <br /> \n               Ihr __[SELLYOURSAAS_NAME]__-Team <br />\n            ----------------------------------------- <br />\n            E-Mail: __[SELLYOURSAAS_MAIN_EMAIL]__<br />\n</body>\n       ',NULL,'1','0',NULL,NULL,NULL,NULL,0),(86,1,'sellyoursaas','contract','de_DE',0,NULL,NULL,'2023-01-19 12:20:13','CustomerAccountSuspended',100,1,'[__[SELLYOURSAAS_NAME]__] - Sperrung der Instanz __REF_CLIENT__','<body>\n <p>Lieber __[SELLYOURSAAS_NAME]__-Nutzer,<br><br>\nWir möchten Sie darüber informieren, dass Ihre Instanz __REF_CLIENT__ gesperrt wurde.<br>Der Grund hierfür ist in der Regel ein Problem bei der Zahlungsabwicklung. Falls Sie Ihre Instanz weiter nutzen möchten, loggen Sie sich bitte in Ihr <a href=\"__[SELLYOURSAAS_ACCOUNT_URL]__?username=__THIRDPARTY_EMAIL__\">__[SELLYOURSAAS_NAME]__-Kundenkonto</a> ein, um das hinterlegte Zahlungsmittel zu aktualisieren. Die Sperre wird dann aufgehoben und der Zugang wieder ermöglicht. Falls Sie unsere leistungen nicht mehr nutzen möchten, können Sie diese und folgewnde Erinnerungen ignorieren: Ihre Instanz und die hinterlegten Daten werden in wenigen Wochen automatisch gelöscht.</p><br />\n<br />\n Freundliche Grüße, <br />\n               Ihr __[SELLYOURSAAS_NAME]__-Team <br />\n            ----------------------------------------- <br />\n            E-Mail: __[SELLYOURSAAS_MAIN_EMAIL]__<br />\n</body>\n       ',NULL,'1','0',NULL,NULL,NULL,NULL,0),(87,1,'sellyoursaas','contract','de_DE',0,NULL,NULL,'2023-01-19 12:20:13','CustomerInstanceUpgraded',100,1,'[__[SELLYOURSAAS_NAME]__] - Upgrade der Instanz __REF_CLIENT__','<body>\n <p>Lieber __[SELLYOURSAAS_NAME]__-Nutzer,<br><br>\nWir möchten Sie darüber informieren, dass Ihre Instanz auf eine neuere, stabile Version aktualisiert wurde.<br>Sollten Sie nach dem Upgrade Probleme feststellen, können Sie uns unter __[SELLYOURSAAS_MAIN_EMAIL]__ oder über Ihr Kundenkonto kontaktieren.</p><br />\n Freundliche Grüße, <br /> \n               Ihr __[SELLYOURSAAS_NAME]__-Team <br />\n            ----------------------------------------- <br />\n            EMail: __[SELLYOURSAAS_MAIN_EMAIL]__<br />\n</body>\n       ',NULL,'1','0',NULL,NULL,NULL,NULL,0),(88,1,'sellyoursaas','thirdparty','de_DE',0,NULL,NULL,'2023-01-19 12:20:13','YourYearlyPaymentRequest',100,1,'[__[SELLYOURSAAS_NAME]__] - Ihr gewünschter Wechsel zur jährlichen Zahlweise für Leistungen im __[SELLYOURSAAS_NAME]__','<body>\n <p>Lieber __[SELLYOURSAAS_NAME]__-Nutzer,<br><br>\nWir haben Ihre Anfrage, die Zahlweise für Leistungen des __[SELLYOURSAAS_NAME]__ auf jährliche Zahlung umzustellen, erhalten. Ab dem nächsten Zahlungslauf werden die Zahlungen jeweils für ein Jahr im Voraus erfolgen.<br>Für eine Zahlung per Kreditkarte erhalten Sie eine E-Mail mit Angaben, wie Sie die Bezahlung online vornehmen können.<br /><br />\nIhr __[SELLYOURSAAS_NAME]__-Team <br />\n            ----------------------------------------- <br />\n            EMail: __[SELLYOURSAAS_MAIN_EMAIL]__<br />\n</body>\n        ',NULL,'1','0',NULL,NULL,NULL,NULL,0),(89,1,'sellyoursaas','facture_send','de_DE',0,NULL,NULL,'2023-01-19 12:20:13','YourPaymentRemind',100,1,'[__[SELLYOURSAAS_NAME]__] - Erinnerung: Bitte denken Sie an die Zahlung Ihrer __[SELLYOURSAAS_NAME]__-Leistungen','<body>\n <p>Lieber __[SELLYOURSAAS_NAME]__-Nutzer,<br><br>\nNach den uns derzeit vorliegenden Informationen wurde die Rechnung __REF__ für Leistungen des __[SELLYOURSAAS_NAME]__ bisher nicht beglichen. Dies ist eine Erinnerung, die Rechnung herunterzuladen. Sie können die Zahlung über den angegebenen Link online vornehmen (der betreffende Leistungszeitraum ist auf der Rechnung aufgeführt). Wir empfehlen, die Zahlung innerhalb der nächsten sieben Tage vorzunehmen, um eine Sperrung der Instanz zu vermeiden.<br>__ONLINE_PAYMENT_URL__&suffix=__[SELLYOURSAAS_NAME]__<br><br>\nIhr __[SELLYOURSAAS_NAME]__-Team <br />\n            ----------------------------------------- <br />\n            E-Mail: __[SELLYOURSAAS_MAIN_EMAIL]__<br />\n</body>\n        ',NULL,'1','0',NULL,NULL,NULL,NULL,0),(90,1,'sellyoursaas','facture_send','de_DE',0,NULL,NULL,'2023-01-19 12:20:13','YourLinkForYourPayment',100,1,'[__[SELLYOURSAAS_NAME]__] - Neue Rechnung für Leistungen im __[SELLYOURSAAS_NAME]__ mit der Bitte um Bezahlung','<body>\n <p>Lieber __[SELLYOURSAAS_NAME]__-Nutzer,<br><br>\nA new period will start for your subscription to __[SELLYOURSAAS_NAME]__ service. This is the link to download your invoice and to use the pay online your subscription (the covered period appears on the invoice). We recommend you to pay within a delay of 15 days to avoid any suspension of service.<br>__ONLINE_PAYMENT_URL__&suffix=__[SELLYOURSAAS_NAME]__<br><br>\nThe __[SELLYOURSAAS_NAME]__ Team <br />\n            ----------------------------------------- <br />\n            EMail: __[SELLYOURSAAS_MAIN_EMAIL]__<br />\n</body>\n        ',NULL,'1','0',NULL,NULL,NULL,NULL,0),(91,1,'sellyoursaas','thirdparty','de_DE',0,NULL,NULL,'2023-01-19 12:20:13','(AlertCreditCardExpiration)',100,1,'[__[SELLYOURSAAS_NAME]__] - Ihre Kreditkarte läuft in Kürze ab','<body>\n <p>Lieber __[SELLYOURSAAS_NAME]__-Nutzer,<br><br>\nWir möchten Sie darüber informieren, dass Ihr hinterlegtes Zahlungsmittel (Kreditkarte ....__CARD_LAST4__) in Kürze abläuft.<br />\n              \n              Bitte loggen Sie sich in Ihr <a href=\"__[SELLYOURSAAS_ACCOUNT_URL]__?username=__THIRDPARTY_EMAIL__\">__[SELLYOURSAAS_NAME]__-Kundenkonto</a> ein, um Ihre Kreditkarteninformationen so schnell wie möglich zu aktualisieren, um einen unterbrechungsfreien Service sicherzustellen.<br />\nErinnerung: Ihr Login für das Kundenkonto lautet <strong>__THIRDPARTY_EMAIL__</strong><br />\n            </p>\n            <p>Bei Fragen zögern Sie nicht uns zu kontaktieren.</p>\n<br />\n\n            Freundliche Grüße, <br />\n            Ihr __[SELLYOURSAAS_NAME]__-Team <br />\n            ----------------------------------------- <br />\n            E-Mail: __[SELLYOURSAAS_MAIN_EMAIL]__<br />\n</body>\n        ',NULL,'1','0',NULL,NULL,NULL,NULL,0),(92,1,NULL,'project','en_US',0,NULL,NULL,'2023-02-10 12:25:02','aaa',1,1,'aaa','Bonjour<br />\r\n<br />\r\nNous avons re&ccedil;ue une demande sur GLPI.&nbsp;Elle est r&eacute;f&eacute;renc&eacute; sous le num&eacute;ro&nbsp;<strong>__REF__</strong><br />\r\n<br />\r\nJe suis votre interlocuteur, je m&#39;appelle&nbsp;__USER_FIRSTNAME__<br />\r\n<br />\r\n__USER_SIGNATURE__ &nbsp;',NULL,'1','0',NULL,NULL,NULL,NULL,0),(93,1,NULL,'member','fr_FR',0,NULL,NULL,'2023-03-03 10:48:42','hfghgf',1,1,'hhh','ggg',NULL,'1','0',NULL,NULL,NULL,NULL,0),(94,0,'supplier_invoice','invoice_supplier_send','',0,NULL,NULL,'2024-06-20 09:34:39','(SendingReminderEmailOnUnpaidSupplierInvoice)',100,1,'[__[MAIN_INFO_SOCIETE_NOM]__] - __(SupplierInvoice)__','__(Hello)__,<br /><br />__(SupplierInvoiceUnpaidContent)__<br />__URL_SUPPLIER_INVOICE__<br /><br />__(Sincerely)__<br />__USER_SIGNATURE__',NULL,'isModEnabled(\"supplier_invoice\")','0',NULL,NULL,NULL,NULL,0),(96,1,'sellyoursaas','thirdparty','',0,NULL,NULL,'2024-12-01 12:39:26','(PasswordAssistance)',100,1,'[__[SELLYOURSAAS_NAME]__] - __(SubjectNewPasswordForYouCustomerDashboard)__','<body>\n <p>\n__(Hello)__,<br><br>\n__(RequestToResetPasswordReceived)__<br><br>__(YouMustClickToChange)__<br><br><a href=\"__URL_TO_RESET__\">__URL_TO_RESET__</a><br><br>__(ApplicantIpAddress)__: __USER_REMOTE_IP__<br>__(ForgetIfNothing)__<br><br><p>\n__(Sincerely)__,<br><br>\n----------------------------------------- <br>The __[SELLYOURSAAS_NAME]__ Team<br>\nEMail: __[SELLYOURSAAS_MAIN_EMAIL]__<br>\n</body>',NULL,'1','0',NULL,NULL,NULL,NULL,0),(97,1,'sellyoursaas','thirdparty','',0,NULL,NULL,'2024-12-01 12:39:26','(ChannelPartnerCreated)',100,1,'[__[SELLYOURSAAS_NAME]__] - Channel Partner Created','<body>\n <p>Dear __[SELLYOURSAAS_NAME]__ partner,<br><br>\nWe are delighted to welcome you as a Channel Partner of __[SELLYOURSAAS_NAME]__.\n          </p>\n          <p>\n             Your account has been setup for you. Features for reselling __[SELLYOURSAAS_NAME]__ are now available in the same dashboard as your customer dashboard, so:\n          </p>\n          <ul>\n              <li>Login link: <a href=\"__[SELLYOURSAAS_ACCOUNT_URL]__\">__[SELLYOURSAAS_ACCOUNT_URL]__</a></li>\n              <li>Username: <strong>__THIRDPARTY_EMAIL__</strong></li>\n          </ul>                \n          <p>\n              Sincerely, <br />\n              The __[SELLYOURSAAS_NAME]__ Team <br />\n            ----------------------------------------- <br />\n            EMail: __[SELLYOURSAAS_MAIN_EMAIL]__<br />\n</body>\n        ',NULL,'1','0',NULL,NULL,NULL,NULL,0),(98,1,'sellyoursaas','contract','',0,NULL,NULL,'2024-12-01 12:39:26','InstanceDeployed',100,1,'Welcome to __[SELLYOURSAAS_NAME]__ - Your instance __REFCLIENT__ is ready','<body>\n <p>Welcome,<br><br>\nWe are delighted to welcome you as a user of __[SELLYOURSAAS_NAME]__, the Ondemand service of your __PACKAGELABEL__.\n                <br>\n                   Your application is installed, setup and ready for you.\n                   Here are the details you need to get started:\n               \n                <br /><br /><strong>Your __PACKAGELABEL__ :</strong>\n                <ul>\n                    <li>URL: <a href=\"https://__REFCLIENT__?username=__APPUSERNAME__\">https://__REFCLIENT__</a></li>\n                    <li>Login: __APPUSERNAME__</li>\n                </ul>\n                <br /><strong>Your customer dashboard :</strong>\n                <ul>\n                    <li>URL: <a href=\"__[SELLYOURSAAS_ACCOUNT_URL]__?username=__THIRDPARTY_EMAIL_URLENCODED__\">__[SELLYOURSAAS_ACCOUNT_URL]__</a></li>\n                    <li>Login: __THIRDPARTY_EMAIL__</li>\n                </ul>                \n            \n            <br />__EMAIL_FOOTER__</p>\n            Sincerely, <br />\n            The __[SELLYOURSAAS_NAME]__ Team <br />\n            ----------------------------------------- <br />\n            EMail: __[SELLYOURSAAS_MAIN_EMAIL]__<br />\n</body>\n            ',NULL,'1','0',NULL,NULL,NULL,NULL,0),(99,1,'sellyoursaas','contract','',0,NULL,NULL,'2024-12-01 12:39:26','InstanceUndeployed',100,1,'[__[SELLYOURSAAS_NAME]__] - Destruction of your instance __REFCLIENT__','<body>\n <p>Dear __[SELLYOURSAAS_NAME]__ user,<br><br>\nYou made a request from your __[SELLYOURSAAS_NAME]__ customer dashboard to delete your instance <b>__REFCLIENT__</b>.\n                <br>\n                    Your instance was suspended and your data will be destroyed in a few days. For an immediate deletion, please click on this link:<br><a href=\"__[SELLYOURSAAS_ACCOUNT_URL]__?contractid=__ID__&action=undeployconfirmed&hash=__HASH__\">I confirm deletion of __REFCLIENT__</a>               \n            \n            <br /></p>\n            Sincerely, <br />\n            The __[SELLYOURSAAS_NAME]__ Team <br />\n            ----------------------------------------- <br />\n            EMail: __[SELLYOURSAAS_MAIN_EMAIL]__<br />\n</body>\n            ',NULL,'1','0',NULL,NULL,NULL,NULL,0),(100,1,'sellyoursaas','contract','',0,NULL,NULL,'2024-12-01 12:39:26','GentleTrialExpiringReminder',100,1,'[__[SELLYOURSAAS_NAME]__] - Your trial of __REFCLIENT__ will soon expire','<body>\n <p>Dear __[SELLYOURSAAS_NAME]__ user,<br><br>\nThis is a reminder that the trial of your instance <a href=\"https://__REFCLIENT__\">__REFCLIENT__</a> will expire soon (__SELLYOURSAAS_EXPIRY_DATE__). If you wish to continue using this service, please login to your customer console to add a payment method (Credit or Debit card accepted):\n          </p>\n          <p>\nClick here to go on your customer console: <a href=\"__[SELLYOURSAAS_ACCOUNT_URL]__?username=__THIRDPARTY_EMAIL_URLENCODED__\">__[SELLYOURSAAS_ACCOUNT_URL]__</a><br />\nRemind: Your customer dashboard login is <strong>__THIRDPARTY_EMAIL__</strong><br /><br />\nIf you have entered a payment mode recently, thank you to ignore this email.<br />\n</p>\n          <br />\n            Sincerely, <br />\n            The __[SELLYOURSAAS_NAME]__ Team <br />\n            ----------------------------------------- <br />\n            EMail: __[SELLYOURSAAS_MAIN_EMAIL]__<br />\n</body>\n       ',NULL,'1','0',NULL,NULL,NULL,NULL,0),(101,1,'sellyoursaas','contract','',0,NULL,NULL,'2024-12-01 12:39:26','HardTrialExpiringReminder',100,1,'[__[SELLYOURSAAS_NAME]__] - Your trial of __REFCLIENT__ is almost expired','<body>\n <p>Dear __[SELLYOURSAAS_NAME]__ user,<br><br>\nYour trial for <a href=\"https://__REFCLIENT__\">__REFCLIENT__</a> expires very soon: (__SELLYOURSAAS_EXPIRY_DATE__). If you wish to continue using this service, please login to your customer console to add a payment method (Credit or Debit card accepted):\n          </p>\n          <p>\nClick here to go on your customer console: <a href=\"__[SELLYOURSAAS_ACCOUNT_URL]__?username=__THIRDPARTY_EMAIL_URLENCODED__\">__[SELLYOURSAAS_ACCOUNT_URL]__</a><br />\nRemind: Your customer dashboard login is <strong>__THIRDPARTY_EMAIL__</strong><br /><br />\nIf you have recently entered a payment method, please disregard this email.<br />\n</p>\n          <br />\n            Sincerely, <br />\n            The __[SELLYOURSAAS_NAME]__ Team <br />\n            ----------------------------------------- <br />\n            EMail: __[SELLYOURSAAS_MAIN_EMAIL]__<br />\n</body>\n       ',NULL,'1','0',NULL,NULL,NULL,NULL,0),(102,1,'sellyoursaas','contract','',0,NULL,NULL,'2024-12-01 12:39:26','GentleTrialExpiringReminderFreeInstance',100,1,'[__[SELLYOURSAAS_NAME]__] - Your trial of __REFCLIENT__ will soon expire','<body>\n <p>Dear __[SELLYOURSAAS_NAME]__ user,<br><br>\nThis is a reminder that the trial of your instance <a href=\"https://__REFCLIENT__\">__REFCLIENT__</a> will expire soon (__SELLYOURSAAS_EXPIRY_DATE__). If you wish to continue using this service, please login to your customer console to confirm the final validation of your instance (if you do not confirm, the instance will be destroyed soon):\n          </p>\n          <p>\nClick here to go on your customer console: <a href=\"__[SELLYOURSAAS_ACCOUNT_URL]__?username=__THIRDPARTY_EMAIL_URLENCODED__\">__[SELLYOURSAAS_ACCOUNT_URL]__</a><br />\nRemind: Your customer dashboard login is <strong>__THIRDPARTY_EMAIL__</strong><br /><br />\nIf you have already confirmed your instance, thank you to ignore this email.<br />\n</p>\n          <br />\n            Sincerely, <br />\n            The __[SELLYOURSAAS_NAME]__ Team <br />\n            ----------------------------------------- <br />\n            EMail: __[SELLYOURSAAS_MAIN_EMAIL]__<br />\n</body>\n       ',NULL,'1','0',NULL,NULL,NULL,NULL,0),(103,1,'sellyoursaas','contract','',0,NULL,NULL,'2024-12-01 12:39:26','EndOfTrial',100,1,'[__[SELLYOURSAAS_NAME]__] - Your trial of __REFCLIENT__ has come to an end','<body>\n <p>Dear __[SELLYOURSAAS_NAME]__ user,<br><br>\nThank you for taking the time to check out  __[SELLYOURSAAS_NAME]__. Your trial account for our service at <strong>__REF_CLIENT__</strong> has now expired. If you wish to continue using this service, please login to your dashboard and add a payment method: <a href=\"__[SELLYOURSAAS_ACCOUNT_URL]__?username=__THIRDPARTY_EMAIL_URLENCODED__\">__[SELLYOURSAAS_NAME]__ dashboard</a>.<br /><br />\nRemind: Your __[SELLYOURSAAS_NAME]__ dashboard login is <strong>__THIRDPARTY_EMAIL__</strong><br /><br />If you don\'t want to continue using this service, no action is needed: Your data will be automatically destroyed in a few days.</p><br />\n Sincerely, <br /> \n               The __[SELLYOURSAAS_NAME]__ Team <br />\n            ----------------------------------------- <br />\n            EMail: __[SELLYOURSAAS_MAIN_EMAIL]__<br />\n</body>\n       ',NULL,'1','0',NULL,NULL,NULL,NULL,0),(104,1,'sellyoursaas','facture_send','',0,NULL,NULL,'2024-12-01 12:39:26','InvoicePaymentSuccess',100,1,'[__[SELLYOURSAAS_NAME]__] - Invoice Payment Success __REF__','<body>\n <p>Dear __[SELLYOURSAAS_NAME]__ user,<br><br>\nThis email confirms a successful payment (__AMOUNT_FORMATED__) from your __[SELLYOURSAAS_NAME]__ instance <strong>__REFCLIENT__</strong> account. You can login to your <a href=\"__[SELLYOURSAAS_ACCOUNT_URL]__?username=__THIRDPARTY_EMAIL_URLENCODED__\">__[SELLYOURSAAS_NAME]__ dashboard</a> to download your PDF invoices at any time.<br />\nRemind: Your __[SELLYOURSAAS_NAME]__ dashboard login is <strong>__THIRDPARTY_EMAIL__</strong><br />\n            </p>\n            <p><a href=\"__DIRECTDOWNLOAD_URL_INVOICE__\">Direct link to download the PDF of this invoice</a><br /><br />If you have any questions relating to the above please do not hesitate get in touch.</p>\n<br />\n\n            Sincerely, <br />\n            The __[SELLYOURSAAS_NAME]__ Team <br />\n            ----------------------------------------- <br />\n            EMail: __[SELLYOURSAAS_MAIN_EMAIL]__<br />\n</body>\n        ',NULL,'1','0',NULL,NULL,NULL,NULL,0),(105,1,'sellyoursaas','facture_send','',0,NULL,NULL,'2024-12-01 12:39:26','InvoicePaymentFailure',100,1,'[__[SELLYOURSAAS_NAME]__] - Invoice Payment Failure __REF__','<body>\n <p>Dear __[SELLYOURSAAS_NAME]__ user,<br><br>\nAn attempt to take payment for your __[SELLYOURSAAS_NAME]__ subscription (invoice __REF__ for the instance __REFCLIENT__) has failed. Please update your payment method, or contact your bank or payment method provider.<br />\n                Should failure to take this payment continue, access to our service will be discontinued, and any data you have with us maybe lost.<br />\n<br />\nPlease login to your <a href=\"__[SELLYOURSAAS_ACCOUNT_URL]__\">__[SELLYOURSAAS_NAME]__ dashboard</a> to update and fix your payment information as soon as possible to prevent any interuptions in service.<br />\nRemind: Your __[SELLYOURSAAS_NAME]__ dashboard login is <strong>__THIRDPARTY_EMAIL__</strong><br />\n              </p>\n              <p>\n                The error we received from your bank was: <br />\n                __SELLYOURSAAS_PAYMENT_ERROR_DESC__\n              </p><br />\n\n            Sincerely, <br />\n            The __[SELLYOURSAAS_NAME]__ Team <br />\n            ----------------------------------------- <br />\n            EMail: __[SELLYOURSAAS_MAIN_EMAIL]__<br />\n</body>\n          ',NULL,'1','0',NULL,NULL,NULL,NULL,0),(106,1,'sellyoursaas','contract','',0,NULL,NULL,'2024-12-01 12:39:26','CustomerAccountSuspendedTrial',100,1,'[__[SELLYOURSAAS_NAME]__] - Account Suspension of __REFCLIENT__ after end of trial','<body>\n <p>Dear __[SELLYOURSAAS_NAME]__ user,<br><br>\nWe wish to inform you that your instance __REFCLIENT__ has been suspended.<br>This is likely due to the end of your trial period. If you wish to continue using your application, please login to your <a href=\"__[SELLYOURSAAS_ACCOUNT_URL]__?username=__THIRDPARTY_EMAIL_URLENCODED__\">__[SELLYOURSAAS_NAME]__ dashboard</a> to enter a payment mode. Your instance access will be restored. If you don\'t want to engage with us, no action is needed: Your instance and data will we deleted in a few days.</p><br />\n Sincerely, <br /> \n               The __[SELLYOURSAAS_NAME]__ Team <br />\n            ----------------------------------------- <br />\n            EMail: __[SELLYOURSAAS_MAIN_EMAIL]__<br />\n</body>\n       ',NULL,'1','0',NULL,NULL,NULL,NULL,0),(107,1,'sellyoursaas','contract','',0,NULL,NULL,'2024-12-01 12:39:26','CustomerAccountSuspended',100,1,'[__[SELLYOURSAAS_NAME]__] - Account Suspension of __REFCLIENT__','<body>\n <p>Dear __[SELLYOURSAAS_NAME]__ user,<br><br>\nWe wish to inform you that your instance __REFCLIENT__ has been suspended.<br>This is likely due to a payment problem.  If you wish to continue using your application, please login to your <a href=\"__[SELLYOURSAAS_ACCOUNT_URL]__?username=__THIRDPARTY_EMAIL_URLENCODED__\">__[SELLYOURSAAS_NAME]__ dashboard</a> to fix your payment mode. Your instance access will be restored. If you don\'t want to continue with us, just ignore this email and following reminders: Your instance and data will we deleted in a few weeks.</p><br />\n<br />\n Sincerely, <br />\n               The __[SELLYOURSAAS_NAME]__ Team <br />\n            ----------------------------------------- <br />\n            EMail: __[SELLYOURSAAS_MAIN_EMAIL]__<br />\n</body>\n       ',NULL,'1','0',NULL,NULL,NULL,NULL,0),(108,1,'sellyoursaas','contract','',0,NULL,NULL,'2024-12-01 12:39:26','CustomerInstanceUpgraded',100,1,'[__[SELLYOURSAAS_NAME]__] - Upgrade of instance __REFCLIENT__','<body>\n <p>Dear __[SELLYOURSAAS_NAME]__ user,<br><br>\nWe wish to inform you your instance has been upgraded to a higher stable version.<br>If you experience problem after this upgrade, you can contact us at __[SELLYOURSAAS_MAIN_EMAIL]__ </p><br />\n Sincerely, <br /> \n               The __[SELLYOURSAAS_NAME]__ Team <br />\n            ----------------------------------------- <br />\n            EMail: __[SELLYOURSAAS_MAIN_EMAIL]__<br />\n</body>\n       ',NULL,'1','0',NULL,NULL,NULL,NULL,0),(109,1,'sellyoursaas','thirdparty','',0,NULL,NULL,'2024-12-01 12:39:26','YourYearlyPaymentRequest',100,1,'[__[SELLYOURSAAS_NAME]__] - Your yearly payment request for your __[SELLYOURSAAS_NAME]__ subscription','<body>\n <p>Dear __[SELLYOURSAAS_NAME]__ user,<br><br>\nYour request to make a yearly payment for the subscription to __[SELLYOURSAAS_NAME]__ was recorded. Just after next deadline, the payment will be done for the full year.<br>For payment per credit/debit card, you will receive an email to make the payment online.<br /><br />\nThe __[SELLYOURSAAS_NAME]__ Team <br />\n            ----------------------------------------- <br />\n            EMail: __[SELLYOURSAAS_MAIN_EMAIL]__<br />\n</body>\n        ',NULL,'1','0',NULL,NULL,NULL,NULL,0),(110,1,'sellyoursaas','facture_send','',0,NULL,NULL,'2024-12-01 12:39:26','YourPaymentRemind',100,1,'[__[SELLYOURSAAS_NAME]__] - Reminder for paying your __[SELLYOURSAAS_NAME]__ subscription','<body>\n <p>Dear __[SELLYOURSAAS_NAME]__ user,<br><br>\nExcept error on our part, the invoice __REF__ for your subscription to __[SELLYOURSAAS_NAME]__ service seems to be unpaid. This is a remind of the link to download your invoice and to use the pay online your subscription (the covered period appears on the invoice). We recommend you to pay within a delay of 7 days to avoid any suspension of service.<br>__ONLINE_PAYMENT_URL__&suffix=__[SELLYOURSAAS_NAME]__<br><br>\nThe __[SELLYOURSAAS_NAME]__ Team <br />\n            ----------------------------------------- <br />\n            EMail: __[SELLYOURSAAS_MAIN_EMAIL]__<br />\n</body>\n        ',NULL,'1','0',NULL,NULL,NULL,NULL,0),(111,1,'sellyoursaas','facture_send','',0,NULL,NULL,'2024-12-01 12:39:26','YourLinkForYourPayment',100,1,'[__[SELLYOURSAAS_NAME]__] - Request for the payment of your __[SELLYOURSAAS_NAME]__ subscription','<body>\n <p>Dear __[SELLYOURSAAS_NAME]__ user,<br><br>\nA new period will start for your subscription to __[SELLYOURSAAS_NAME]__ service. This is the link to download your invoice and to use the pay online your subscription (the covered period appears on the invoice). We recommend you to pay within a delay of 15 days to avoid any suspension of service.<br>__ONLINE_PAYMENT_URL__&suffix=__[SELLYOURSAAS_NAME]__<br><br>\nThe __[SELLYOURSAAS_NAME]__ Team <br />\n            ----------------------------------------- <br />\n            EMail: __[SELLYOURSAAS_MAIN_EMAIL]__<br />\n</body>\n        ',NULL,'1','0',NULL,NULL,NULL,NULL,0),(112,1,'sellyoursaas','thirdparty','',0,NULL,NULL,'2024-12-01 12:39:26','(AlertCreditCardExpiration)',100,1,'[__[SELLYOURSAAS_NAME]__] - Your credit card is expiring','<body>\n <p>Dear __[SELLYOURSAAS_NAME]__ user,<br><br>\nWe wish to inform you that your payment method (Credit card ....__CARD_LAST4__) will soon expire.<br />\n              \n              Please login to your <a href=\"__[SELLYOURSAAS_ACCOUNT_URL]__?username=__THIRDPARTY_EMAIL_URLENCODED__\">__[SELLYOURSAAS_NAME]__ dashboard</a> to update your credit card information as soon as possible to prevent any interuptions in service.<br />\nRemind: Your DoliCloud dashboard login is <strong>__THIRDPARTY_EMAIL__</strong><br />\n            </p>\n            <p>If you have any questions relating to the above please do not hesitate get in touch.</p>\n<br />\n\n            Sincerely, <br />\n            The __[SELLYOURSAAS_NAME]__ Team <br />\n            ----------------------------------------- <br />\n            EMail: __[SELLYOURSAAS_MAIN_EMAIL]__<br />\n</body>\n        ',NULL,'1','0',NULL,NULL,NULL,NULL,0),(116,1,'sellyoursaas','contract','fr_FR',0,NULL,NULL,'2024-12-01 12:39:26','GentleTrialExpiringReminderFreeInstance',100,1,'[__[SELLYOURSAAS_NAME]__] - Votre période d\'essai pour __REFCLIENT__ expire bientôt','<body>\n <p>Cher utilisateur/utilisatrice __[SELLYOURSAAS_NAME]__,<br><br>\nCeci est un rappel pour vous informer que votre période de test pour l\'instance <a href=\"https://__REFCLIENT__\">__REF_CLIENT__</a> va bientot expirer (le __SELLYOURSAAS_EXPIRY_DATE__). Si vous désirez continuer à utiliser le service, merci de vous logguer à votre espace client pour confirmer la validation définitive de votre instance (sans cela votre instance sera détruite d\'ici quelques jours).\n          </p>\n          <p>\nPour cela, cliquer ici pour basculer sur votre espace client: <a href=\"__[SELLYOURSAAS_ACCOUNT_URL]__?username=__THIRDPARTY_EMAIL_URLENCODED__\">__[SELLYOURSAAS_ACCOUNT_URL]__</a><br />\nRappel: Votre login de l\'espace client est <strong>__THIRDPARTY_EMAIL__</strong><br /><br />\nSi vous avez récemment confirmé votre instance, merci d\'ignorer cet email.<br />\n</p>\n          <br />\n            Cordialement, <br />\n            L\'équipe __[SELLYOURSAAS_NAME]__<br />\n            ----------------------------------------- <br />\n            EMail: __[SELLYOURSAAS_MAIN_EMAIL]__<br />\n</body>\n       ',NULL,'1','0',NULL,NULL,NULL,NULL,0),(1122,1,'marketplace','thirdparty','',0,NULL,NULL,'2024-12-30 17:05:39','(welcomeToMarketplace)',110,1,'__(welcomeTo)__ __[MAIN_INFO_SOCIETE_NOM]__ __(marketplace)__','__(marketplaceWelcomeEmailContent)__',NULL,'1','0',NULL,NULL,NULL,NULL,0),(1123,1,'marketplace','thirdparty','',0,NULL,NULL,'2024-12-30 17:05:39','(resetPasswordMarketplace)',120,1,'__(passwordResetRequest)__ [__[MAIN_INFO_SOCIETE_NOM]__]','__(marketplaceResetPasswordEmailContent)__',NULL,'1','0',NULL,NULL,NULL,NULL,0),(1124,1,'marketplace','order_send','',0,NULL,NULL,'2024-12-30 17:05:39','(BuyerOrderConfirmation)',140,1,'__(BuyerOrderConfirmation)__ __[MAIN_INFO_SOCIETE_NOM]__ __(marketplace)__','__(marketplaceBuyerOrderConfirmationContent)__',NULL,'1','0',NULL,NULL,NULL,NULL,0),(1125,1,'marketplace','order_send','',0,NULL,NULL,'2024-12-30 17:05:39','(SellerOrderNotification)',130,1,'__(SellerOrderNotification)__ __[MAIN_INFO_SOCIETE_NOM]__ __(marketplace)__','__(marketplaceSellersOrderConfirmationContent)__',NULL,'1','0',NULL,NULL,NULL,NULL,0),(1640,0,'ticket','ticket_send','',0,NULL,NULL,'2026-02-15 18:45:07','(SendingAdminEmailMessage)',100,1,'[__[MAIN_INFO_SOCIETE_NOM]__] __TICKET_EMAIL_SUBJECT__','__TICKET_EMAIL_BODY__<br><ul><li>(Title) : __TICKET_SUBJECT__</li><li>(Type) : __TICKET_TYPE__</li><li>(TicketCategory) : __TICKET_CATEGORY__</li><li>(Severity) : __TICKET_SEVERITY__</li><li>(From) : __TICKET_USER_ASSIGN__</li><li>(Company) : __THIRDPARTY_NAME__</li></ul><p>(Message) : <br><br>__TICKET_MESSAGE__ </p><br><p><a href=\"__TICKET_URL__\">(SeeThisTicketIntomanagementInterface)</a></p>',NULL,'isModEnabled(\"ticket\")','0',NULL,NULL,NULL,NULL,0),(1642,1,NULL,'facture_send','fr_FR',0,NULL,'2025-01-16 11:00:54','2025-01-16 09:46:21','Model POS',1,1,'Votre facture d\'achat','Bonjour,<br>\r\n<br>\r\nVeuillez trouver votre facture. En vous remerciant...',NULL,'1','1',NULL,NULL,NULL,NULL,0),(1645,0,'holiday','holiday','',0,NULL,NULL,'2026-05-27 20:46:30','(HolidayHrInformationsPreviousMonth)',100,1,'__(HolidayHrInformationsPreviousMonthTopic)__','__(Hello)__<br><br>__(HolidayHrInformationsPreviousMonthContent)__:<br>__HOLIDAY_ARRAY_PER_EMPLOYEE_FOR_PERIOD__<br><br>__SENDEREMAIL_SIGNATURE__',NULL,'isModEnabled(\"holiday\")','0',NULL,NULL,NULL,NULL,0),(1648,0,'','conferenceorbooth','',0,NULL,NULL,'2026-06-02 07:31:44','(EventOrganizationEmailSubsBooth)',30,1,'[__[MAIN_INFO_SOCIETE_NOM]__] __(EventOrganizationEmailBoothPayment)__','__(Hello)__,<br /><br />__(OrganizationEventPaymentOfBoothWasReceived)__<br /><br /><br />__(Sincerely)__<br />__USER_SIGNATURE__',NULL,'1',NULL,NULL,NULL,NULL,NULL,0),(1649,0,'','conferenceorbooth','',0,NULL,NULL,'2026-06-02 07:31:44','(EventOrganizationEmailSubsEvent)',40,1,'[__[MAIN_INFO_SOCIETE_NOM]__] __(EventOrganizationEmailRegistrationPayment)__','__(Hello)__,<br /><br />__(OrganizationEventPaymentOfRegistrationWasReceived)__<br /><br />__(Sincerely)__<br />__USER_SIGNATURE__',NULL,'1',NULL,NULL,NULL,NULL,NULL,0);

--
-- Table structure for table `llx_c_exp_tax_cat`
--

CREATE TABLE `llx_c_exp_tax_cat` (
  `rowid` int(11) NOT NULL AUTO_INCREMENT,
  `label` varchar(128) DEFAULT NULL,
  `entity` int(11) NOT NULL DEFAULT 1,
  `active` int(11) NOT NULL DEFAULT 1,
  PRIMARY KEY (`rowid`)
) ENGINE=InnoDB AUTO_INCREMENT=29 DEFAULT CHARSET=utf8mb3 COLLATE=utf8mb3_unicode_ci;

--
-- Dumping data for table `llx_c_exp_tax_cat`
--

INSERT INTO `llx_c_exp_tax_cat` (`rowid`, `label`, `entity`, `active`) VALUES (1,'ExpAutoCat',1,0),(2,'ExpCycloCat',1,0),(3,'ExpMotoCat',1,0),(4,'ExpAuto3CV',1,1),(5,'ExpAuto4CV',1,1),(6,'ExpAuto5CV',1,1),(7,'ExpAuto6CV',1,1),(8,'ExpAuto7CV',1,1),(9,'ExpAuto8CV',1,1),(10,'ExpAuto9CV',1,0),(11,'ExpAuto10CV',1,0),(12,'ExpAuto11CV',1,0),(13,'ExpAuto12CV',1,0),(14,'ExpAuto3PCV',1,0),(15,'ExpAuto4PCV',1,0),(16,'ExpAuto5PCV',1,0),(17,'ExpAuto6PCV',1,0),(18,'ExpAuto7PCV',1,0),(19,'ExpAuto8PCV',1,0),(20,'ExpAuto9PCV',1,0),(21,'ExpAuto10PCV',1,0),(22,'ExpAuto11PCV',1,0),(23,'ExpAuto12PCV',1,0),(24,'ExpAuto13PCV',1,0),(25,'ExpCyclo',1,0),(26,'ExpMoto12CV',1,0),(27,'ExpMoto345CV',1,0),(28,'ExpMoto5PCV',1,0);

--
-- Table structure for table `llx_c_exp_tax_range`
--

CREATE TABLE `llx_c_exp_tax_range` (
  `rowid` int(11) NOT NULL AUTO_INCREMENT,
  `fk_c_exp_tax_cat` int(11) NOT NULL DEFAULT 1,
  `range_ik` double NOT NULL DEFAULT 0,
  `entity` int(11) NOT NULL DEFAULT 1,
  `active` int(11) NOT NULL DEFAULT 1,
  PRIMARY KEY (`rowid`)
) ENGINE=InnoDB AUTO_INCREMENT=16 DEFAULT CHARSET=utf8mb3 COLLATE=utf8mb3_unicode_ci;

--
-- Dumping data for table `llx_c_exp_tax_range`
--

INSERT INTO `llx_c_exp_tax_range` (`rowid`, `fk_c_exp_tax_cat`, `range_ik`, `entity`, `active`) VALUES (1,4,0,1,1),(2,4,5000,1,1),(3,4,20000,1,1),(4,5,0,1,1),(5,5,5000,1,1),(6,5,20000,1,1),(7,6,0,1,1),(8,6,5000,1,1),(9,6,20000,1,1),(10,7,0,1,1),(11,7,5000,1,1),(12,7,20000,1,1),(13,8,0,1,1),(14,8,5000,1,1),(15,8,20000,1,1);

--
-- Table structure for table `llx_c_field_list`
--

CREATE TABLE `llx_c_field_list` (
  `rowid` int(11) NOT NULL AUTO_INCREMENT,
  `tms` timestamp NOT NULL DEFAULT current_timestamp() ON UPDATE current_timestamp(),
  `element` varchar(64) NOT NULL,
  `entity` int(11) NOT NULL DEFAULT 1,
  `name` varchar(32) NOT NULL,
  `alias` varchar(32) NOT NULL,
  `title` varchar(32) NOT NULL,
  `align` varchar(6) DEFAULT 'left',
  `sort` tinyint(4) NOT NULL DEFAULT 1,
  `search` tinyint(4) NOT NULL DEFAULT 0,
  `visible` tinyint(4) NOT NULL DEFAULT 1,
  `enabled` varchar(255) DEFAULT '1',
  `rang` int(11) DEFAULT 0,
  PRIMARY KEY (`rowid`)
) ENGINE=InnoDB AUTO_INCREMENT=9 DEFAULT CHARSET=utf8mb3 COLLATE=utf8mb3_unicode_ci;

--
-- Dumping data for table `llx_c_field_list`
--

INSERT INTO `llx_c_field_list` (`rowid`, `tms`, `element`, `entity`, `name`, `alias`, `title`, `align`, `sort`, `search`, `visible`, `enabled`, `rang`) VALUES (1,'2013-02-06 11:18:30','product_default',1,'p.ref','ref','Ref','left',1,1,1,'1',1),(2,'2013-02-06 11:18:30','product_default',1,'p.label','label','Label','left',1,1,1,'1',2),(3,'2013-02-06 11:18:30','product_default',1,'p.barcode','barcode','BarCode','center',1,1,1,'$conf->barcode->enabled',3),(4,'2013-02-06 11:18:30','product_default',1,'p.tms','datem','DateModification','center',1,0,1,'1',4),(5,'2013-02-06 11:18:30','product_default',1,'p.price','price','SellingPriceHT','right',1,0,1,'1',5),(6,'2013-02-06 11:18:30','product_default',1,'p.price_ttc','price_ttc','SellingPriceTTC','right',1,0,1,'1',6),(7,'2013-02-06 11:18:30','product_default',1,'p.stock','stock','Stock','right',0,0,1,'$conf->stock->enabled',7),(8,'2013-02-06 11:18:30','product_default',1,'p.envente','status','Status','right',1,0,1,'1',8);

--
-- Table structure for table `llx_c_format_cards`
--

CREATE TABLE `llx_c_format_cards` (
  `rowid` int(11) NOT NULL AUTO_INCREMENT,
  `code` varchar(50) NOT NULL,
  `name` varchar(50) NOT NULL,
  `paper_size` varchar(20) NOT NULL,
  `orientation` varchar(1) NOT NULL,
  `metric` varchar(5) NOT NULL,
  `leftmargin` double(24,8) NOT NULL,
  `topmargin` double(24,8) NOT NULL,
  `nx` int(11) NOT NULL,
  `ny` int(11) NOT NULL,
  `spacex` double(24,8) NOT NULL,
  `spacey` double(24,8) NOT NULL,
  `width` double(24,8) NOT NULL,
  `height` double(24,8) NOT NULL,
  `font_size` int(11) NOT NULL,
  `custom_x` double(24,8) NOT NULL,
  `custom_y` double(24,8) NOT NULL,
  `active` int(11) NOT NULL,
  PRIMARY KEY (`rowid`)
) ENGINE=InnoDB AUTO_INCREMENT=12 DEFAULT CHARSET=utf8mb3 COLLATE=utf8mb3_unicode_ci;

--
-- Dumping data for table `llx_c_format_cards`
--

INSERT INTO `llx_c_format_cards` (`rowid`, `code`, `name`, `paper_size`, `orientation`, `metric`, `leftmargin`, `topmargin`, `nx`, `ny`, `spacex`, `spacey`, `width`, `height`, `font_size`, `custom_x`, `custom_y`, `active`) VALUES (1,'5160','Avery-5160, WL-875WX','letter','P','mm',5.58165000,12.70000000,3,10,3.55600000,0.00000000,65.87490000,25.40000000,7,0.00000000,0.00000000,1),(2,'5161','Avery-5161, WL-75WX','letter','P','mm',4.44500000,12.70000000,2,10,3.96800000,0.00000000,101.60000000,25.40000000,7,0.00000000,0.00000000,1),(3,'5162','Avery-5162, WL-100WX','letter','P','mm',3.87350000,22.35200000,2,7,4.95400000,0.00000000,101.60000000,33.78100000,8,0.00000000,0.00000000,1),(4,'5163','Avery-5163, WL-125WX','letter','P','mm',4.57200000,12.70000000,2,5,3.55600000,0.00000000,101.60000000,50.80000000,10,0.00000000,0.00000000,1),(5,'5164','5164 (Letter)','letter','P','in',0.14800000,0.50000000,2,3,0.20310000,0.00000000,4.00000000,3.33000000,12,0.00000000,0.00000000,0),(6,'8600','Avery-8600','letter','P','mm',7.10000000,19.00000000,3,10,9.50000000,3.10000000,66.60000000,25.40000000,7,0.00000000,0.00000000,1),(7,'99012','DYMO 99012 89*36mm','custom','L','mm',1.00000000,1.00000000,1,1,0.00000000,0.00000000,36.00000000,89.00000000,10,36.00000000,89.00000000,1),(8,'99014','DYMO 99014 101*54mm','custom','L','mm',1.00000000,1.00000000,1,1,0.00000000,0.00000000,54.00000000,101.00000000,10,54.00000000,101.00000000,1),(9,'AVERYC32010','Avery-C32010','A4','P','mm',15.00000000,13.00000000,2,5,10.00000000,0.00000000,85.00000000,54.00000000,10,0.00000000,0.00000000,1),(10,'CARD','Dolibarr Business cards','A4','P','mm',15.00000000,15.00000000,2,5,0.00000000,0.00000000,85.00000000,54.00000000,10,0.00000000,0.00000000,1),(11,'L7163','Avery-L7163','A4','P','mm',5.00000000,15.00000000,2,7,2.50000000,0.00000000,99.10000000,38.10000000,8,0.00000000,0.00000000,1);

--
-- Table structure for table `llx_c_forme_juridique`
--

CREATE TABLE `llx_c_forme_juridique` (
  `rowid` int(11) NOT NULL AUTO_INCREMENT,
  `code` int(11) NOT NULL,
  `fk_pays` int(11) NOT NULL,
  `libelle` varchar(255) DEFAULT NULL,
  `isvatexempted` tinyint(4) NOT NULL DEFAULT 0,
  `active` tinyint(4) NOT NULL DEFAULT 1,
  `module` varchar(32) DEFAULT NULL,
  `position` int(11) NOT NULL DEFAULT 0,
  PRIMARY KEY (`rowid`),
  UNIQUE KEY `uk_c_forme_juridique` (`code`)
) ENGINE=InnoDB AUTO_INCREMENT=100341 DEFAULT CHARSET=utf8mb3 COLLATE=utf8mb3_unicode_ci;

--
-- Dumping data for table `llx_c_forme_juridique`
--

INSERT INTO `llx_c_forme_juridique` (`rowid`, `code`, `fk_pays`, `libelle`, `isvatexempted`, `active`, `module`, `position`) VALUES (100001,100001,1,'Etudiant',0,0,'cabinetmed',0),(100002,100002,1,'Retraité',0,0,'cabinetmed',0),(100003,100003,1,'Artisan',0,0,'cabinetmed',0),(100004,100004,1,'Femme de ménage',0,0,'cabinetmed',0),(100005,100005,1,'Professeur',0,0,'cabinetmed',0),(100006,100006,1,'Profession libérale',0,0,'cabinetmed',0),(100007,100007,1,'Informaticien',0,0,'cabinetmed',0),(100009,0,0,'-',0,1,NULL,0),(100010,2301,23,'Monotributista',0,1,NULL,0),(100011,2302,23,'Sociedad Civil',0,1,NULL,0),(100012,2303,23,'Sociedades Comerciales',0,1,NULL,0),(100013,2304,23,'Sociedades de Hecho',0,1,NULL,0),(100014,2305,23,'Sociedades Irregulares',0,1,NULL,0),(100015,2306,23,'Sociedad Colectiva',0,1,NULL,0),(100016,2307,23,'Sociedad en Comandita Simple',0,1,NULL,0),(100017,2308,23,'Sociedad de Capital e Industria',0,1,NULL,0),(100018,2309,23,'Sociedad Accidental o en participación',0,1,NULL,0),(100019,2310,23,'Sociedad de Responsabilidad Limitada',0,1,NULL,0),(100020,2311,23,'Sociedad Anónima',0,1,NULL,0),(100021,2312,23,'Sociedad Anónima con Participación Estatal Mayoritaria',0,1,NULL,0),(100022,2313,23,'Sociedad en Comandita por Acciones (arts. 315 a 324, LSC)',0,1,NULL,0),(100023,11,1,'Artisan Commerçant (EI)',0,1,NULL,0),(100024,12,1,'Commerçant (EI)',0,1,NULL,0),(100025,13,1,'Artisan (EI)',0,1,NULL,0),(100026,14,1,'Officier public ou ministériel',0,1,NULL,0),(100027,15,1,'Profession libérale (EI)',0,1,NULL,0),(100028,16,1,'Exploitant agricole',0,1,NULL,0),(100029,17,1,'Agent commercial',0,1,NULL,0),(100030,18,1,'Associé Gérant de société',0,1,NULL,0),(100031,19,1,'Personne physique',0,1,NULL,0),(100032,21,1,'Indivision',0,1,NULL,0),(100033,22,1,'Société créée de fait',0,1,NULL,0),(100034,23,1,'Société en participation',0,1,NULL,0),(100035,27,1,'Paroisse hors zone concordataire',0,1,NULL,0),(100036,29,1,'Groupement de droit privé non doté de la personnalité morale',0,1,NULL,0),(100037,31,1,'Personne morale de droit étranger, immatriculée au RCS',0,1,NULL,0),(100038,32,1,'Personne morale de droit étranger, non immatriculée au RCS',0,1,NULL,0),(100039,35,1,'Régime auto-entrepreneur',0,1,NULL,0),(100040,41,1,'Etablissement public ou régie à caractère industriel ou commercial',0,1,NULL,0),(100041,51,1,'Société coopérative commerciale particulière',0,1,NULL,0),(100042,52,1,'Société en nom collectif',0,1,NULL,0),(100043,53,1,'Société en commandite',0,1,NULL,0),(100044,54,1,'Société à responsabilité limitée (SARL)',0,1,NULL,0),(100045,55,1,'Société anonyme à conseil d administration',0,1,NULL,0),(100046,56,1,'Société anonyme à directoire',0,1,NULL,0),(100047,57,1,'Société par actions simplifiée (SAS)',0,1,NULL,0),(100048,58,1,'Entreprise Unipersonnelle à Responsabilité Limitée (EURL)',0,1,NULL,0),(100049,59,1,'Société par actions simplifiée unipersonnelle (SASU)',0,1,NULL,0),(100050,60,1,'Entreprise Individuelle à Responsabilité Limitée (EIRL)',0,1,NULL,0),(100051,61,1,'Caisse d\'épargne et de prévoyance',0,1,NULL,0),(100052,62,1,'Groupement d\'intérêt économique (GIE)',0,1,NULL,0),(100053,63,1,'Société coopérative agricole',0,1,NULL,0),(100054,64,1,'Société non commerciale d assurances',0,1,NULL,0),(100055,65,1,'Société civile',0,1,NULL,0),(100056,69,1,'Personnes de droit privé inscrites au RCS',0,1,NULL,0),(100057,71,1,'Administration de l état',0,1,NULL,0),(100058,72,1,'Collectivité territoriale',0,1,NULL,0),(100059,73,1,'Etablissement public administratif',0,1,NULL,0),(100060,74,1,'Personne morale de droit public administratif',0,1,NULL,0),(100061,81,1,'Organisme gérant régime de protection social à adhésion obligatoire',0,1,NULL,0),(100062,82,1,'Organisme mutualiste',0,1,NULL,0),(100063,83,1,'Comité d entreprise',0,1,NULL,0),(100064,84,1,'Organisme professionnel',0,1,NULL,0),(100065,85,1,'Organisme de retraite à adhésion non obligatoire',0,1,NULL,0),(100066,91,1,'Syndicat de propriétaires',0,1,NULL,0),(100067,92,1,'Association loi 1901 ou assimilé',0,1,NULL,0),(100068,93,1,'Fondation',0,1,NULL,0),(100069,99,1,'Personne morale de droit privé',0,1,NULL,0),(100070,200,2,'Indépendant',0,1,NULL,0),(100071,201,2,'SRL - Société à responsabilité limitée',0,1,NULL,0),(100072,202,2,'SA   - Société Anonyme',0,1,NULL,0),(100073,203,2,'SCRL - Société coopérative à responsabilité limitée',0,1,NULL,0),(100074,204,2,'ASBL - Association sans but Lucratif',0,1,NULL,0),(100075,205,2,'SCRI - Société coopérative à responsabilité illimitée',0,1,NULL,0),(100076,206,2,'SCS  - Société en commandite simple',0,1,NULL,0),(100077,207,2,'SCA  - Société en commandite par action',0,1,NULL,0),(100078,208,2,'SNC  - Société en nom collectif',0,1,NULL,0),(100079,209,2,'GIE  - Groupement d intérêt économique',0,1,NULL,0),(100080,210,2,'GEIE - Groupement européen d intérêt économique',0,1,NULL,0),(100081,220,2,'Eenmanszaak',0,1,NULL,0),(100082,221,2,'BVBA - Besloten vennootschap met beperkte aansprakelijkheid',0,1,NULL,0),(100083,222,2,'NV   - Naamloze Vennootschap',0,1,NULL,0),(100084,223,2,'CVBA - Coöperatieve vennootschap met beperkte aansprakelijkheid',0,1,NULL,0),(100085,224,2,'VZW  - Vereniging zonder winstoogmerk',0,1,NULL,0),(100086,225,2,'CVOA - Coöperatieve vennootschap met onbeperkte aansprakelijkheid ',0,1,NULL,0),(100087,226,2,'GCV  - Gewone commanditaire vennootschap',0,1,NULL,0),(100088,227,2,'Comm.VA - Commanditaire vennootschap op aandelen',0,1,NULL,0),(100089,228,2,'VOF  - Vennootschap onder firma',0,1,NULL,0),(100090,229,2,'VS0  - Vennootschap met sociaal oogmerk',0,1,NULL,0),(100091,500,5,'GmbH - Gesellschaft mit beschränkter Haftung',0,1,NULL,0),(100092,501,5,'AG - Aktiengesellschaft ',0,1,NULL,0),(100093,502,5,'GmbH&Co. KG - Gesellschaft mit beschränkter Haftung & Compagnie Kommanditgesellschaft',0,1,NULL,0),(100094,503,5,'Gewerbe - Personengesellschaft',0,1,NULL,0),(100095,504,5,'UG - Unternehmergesellschaft -haftungsbeschränkt-',0,1,NULL,0),(100096,505,5,'GbR - Gesellschaft des bürgerlichen Rechts',0,1,NULL,0),(100097,506,5,'KG - Kommanditgesellschaft',0,1,NULL,0),(100098,507,5,'Ltd. - Limited Company',0,1,NULL,0),(100099,508,5,'OHG - Offene Handelsgesellschaft',0,1,NULL,0),(100100,10201,102,'Ατομική επιχείρηση',0,1,NULL,0),(100101,10202,102,'Εταιρική  επιχείρηση',0,1,NULL,0),(100102,10203,102,'Ομόρρυθμη Εταιρεία Ο.Ε',0,1,NULL,0),(100103,10204,102,'Ετερόρρυθμη Εταιρεία Ε.Ε',0,1,NULL,0),(100104,10205,102,'Εταιρεία Περιορισμένης Ευθύνης Ε.Π.Ε',0,1,NULL,0),(100105,10206,102,'Ανώνυμη Εταιρεία Α.Ε',0,1,NULL,0),(100106,10207,102,'Ανώνυμη ναυτιλιακή εταιρεία Α.Ν.Ε',0,1,NULL,0),(100107,10208,102,'Συνεταιρισμός',0,1,NULL,0),(100108,10209,102,'Συμπλοιοκτησία',0,1,NULL,0),(100109,301,3,'Società semplice',0,1,NULL,0),(100110,302,3,'Società in nome collettivo s.n.c.',0,1,NULL,0),(100111,303,3,'Società in accomandita semplice s.a.s.',0,1,NULL,0),(100112,304,3,'Società per azioni s.p.a.',0,1,NULL,0),(100113,305,3,'Società a responsabilità limitata s.r.l.',0,1,NULL,0),(100114,306,3,'Società in accomandita per azioni s.a.p.a.',0,1,NULL,0),(100115,307,3,'Società cooperativa a r.l.',0,1,NULL,0),(100116,308,3,'Società consortile',0,1,NULL,0),(100117,309,3,'Società europea',0,1,NULL,0),(100118,310,3,'Società cooperativa europea',0,1,NULL,0),(100119,311,3,'Società unipersonale',0,1,NULL,0),(100120,312,3,'Società di professionisti',0,1,NULL,0),(100121,313,3,'Società di fatto',0,1,NULL,0),(100122,315,3,'Società apparente',0,1,NULL,0),(100123,316,3,'Impresa individuale ',0,1,NULL,0),(100124,317,3,'Impresa coniugale',0,1,NULL,0),(100125,318,3,'Impresa familiare',0,1,NULL,0),(100126,319,3,'Consorzio cooperativo',0,1,NULL,0),(100127,320,3,'Società cooperativa sociale',0,1,NULL,0),(100128,321,3,'Società cooperativa di consumo',0,1,NULL,0),(100129,322,3,'Società cooperativa agricola',0,1,NULL,0),(100130,323,3,'A.T.I. Associazione temporanea di imprese',0,1,NULL,0),(100131,324,3,'R.T.I. Raggruppamento temporaneo di imprese',0,1,NULL,0),(100132,325,3,'Studio associato',0,1,NULL,0),(100133,600,6,'Raison Individuelle',0,1,NULL,0),(100134,601,6,'Société Simple',0,1,NULL,0),(100135,602,6,'Société en nom collectif',0,1,NULL,0),(100136,603,6,'Société en commandite',0,1,NULL,0),(100137,604,6,'Société anonyme (SA)',0,1,NULL,0),(100138,605,6,'Société en commandite par actions',0,1,NULL,0),(100139,606,6,'Société à responsabilité limitée (SARL)',0,1,NULL,0),(100140,607,6,'Société coopérative',0,1,NULL,0),(100141,608,6,'Association',0,1,NULL,0),(100142,609,6,'Fondation',0,1,NULL,0),(100143,700,7,'Sole Trader',0,1,NULL,0),(100144,701,7,'Partnership',0,1,NULL,0),(100145,702,7,'Private Limited Company by shares (LTD)',0,1,NULL,0),(100146,703,7,'Public Limited Company',0,1,NULL,0),(100147,704,7,'Workers Cooperative',0,1,NULL,0),(100148,705,7,'Limited Liability Partnership',0,1,NULL,0),(100149,706,7,'Franchise',0,1,NULL,0),(100150,1000,10,'Société à responsabilité limitée (SARL)',0,1,NULL,0),(100151,1001,10,'Société en Nom Collectif (SNC)',0,1,NULL,0),(100152,1002,10,'Société en Commandite Simple (SCS)',0,1,NULL,0),(100153,1003,10,'société en participation',0,1,NULL,0),(100154,1004,10,'Société Anonyme (SA)',0,1,NULL,0),(100155,1005,10,'Société Unipersonnelle à Responsabilité Limitée (SUARL)',0,1,NULL,0),(100156,1006,10,'Groupement d\'intérêt économique (GEI)',0,1,NULL,0),(100157,1007,10,'Groupe de sociétés',0,1,NULL,0),(100158,1701,17,'Eenmanszaak',0,1,NULL,0),(100159,1702,17,'Maatschap',0,1,NULL,0),(100160,1703,17,'Vennootschap onder firma',0,1,NULL,0),(100161,1704,17,'Commanditaire vennootschap',0,1,NULL,0),(100162,1705,17,'Besloten vennootschap (BV)',0,1,NULL,0),(100163,1706,17,'Naamloze Vennootschap (NV)',0,1,NULL,0),(100164,1707,17,'Vereniging',0,1,NULL,0),(100165,1708,17,'Stichting',0,1,NULL,0),(100166,1709,17,'Coöperatie met beperkte aansprakelijkheid (BA)',0,1,NULL,0),(100167,1710,17,'Coöperatie met uitgesloten aansprakelijkheid (UA)',0,1,NULL,0),(100168,1711,17,'Coöperatie met wettelijke aansprakelijkheid (WA)',0,1,NULL,0),(100169,1712,17,'Onderlinge waarborgmaatschappij',0,1,NULL,0),(100170,401,4,'Empresario Individual',0,1,NULL,0),(100171,402,4,'Comunidad de Bienes',0,1,NULL,0),(100172,403,4,'Sociedad Civil',0,1,NULL,0),(100173,404,4,'Sociedad Colectiva',0,1,NULL,0),(100174,405,4,'Sociedad Limitada',0,1,NULL,0),(100175,406,4,'Sociedad Anónima',0,1,NULL,0),(100176,407,4,'Sociedad Comanditaria por Acciones',0,1,NULL,0),(100177,408,4,'Sociedad Comanditaria Simple',0,1,NULL,0),(100178,409,4,'Sociedad Laboral',0,1,NULL,0),(100179,410,4,'Sociedad Cooperativa',0,1,NULL,0),(100180,411,4,'Sociedad de Garantía Recíproca',0,1,NULL,0),(100181,412,4,'Entidad de Capital-Riesgo',0,1,NULL,0),(100182,413,4,'Agrupación de Interés Económico',0,1,NULL,0),(100183,414,4,'Sociedad de Inversión Mobiliaria',0,1,NULL,0),(100184,415,4,'Agrupación sin Ánimo de Lucro',0,1,NULL,0),(100185,15201,152,'Mauritius Private Company Limited By Shares',0,1,NULL,0),(100186,15202,152,'Mauritius Company Limited By Guarantee',0,1,NULL,0),(100187,15203,152,'Mauritius Public Company Limited By Shares',0,1,NULL,0),(100188,15204,152,'Mauritius Foreign Company',0,1,NULL,0),(100189,15205,152,'Mauritius GBC1 (Offshore Company)',0,1,NULL,0),(100190,15206,152,'Mauritius GBC2 (International Company)',0,1,NULL,0),(100191,15207,152,'Mauritius General Partnership',0,1,NULL,0),(100192,15208,152,'Mauritius Limited Partnership',0,1,NULL,0),(100193,15209,152,'Mauritius Sole Proprietorship',0,1,NULL,0),(100194,15210,152,'Mauritius Trusts',0,1,NULL,0),(100195,15401,154,'Sociedad en nombre colectivo',0,1,NULL,0),(100196,15402,154,'Sociedad en comandita simple',0,1,NULL,0),(100197,15403,154,'Sociedad de responsabilidad limitada',0,1,NULL,0),(100198,15404,154,'Sociedad anónima',0,1,NULL,0),(100199,15405,154,'Sociedad en comandita por acciones',0,1,NULL,0),(100200,15406,154,'Sociedad cooperativa',0,1,NULL,0),(100201,4100,41,'GmbH - Gesellschaft mit beschränkter Haftung',0,1,NULL,0),(100202,4101,41,'GesmbH - Gesellschaft mit beschränkter Haftung',0,1,NULL,0),(100203,4102,41,'AG - Aktiengesellschaft',0,1,NULL,0),(100204,4103,41,'EWIV - Europäische wirtschaftliche Interessenvereinigung',0,1,NULL,0),(100205,4104,41,'KEG - Kommanditerwerbsgesellschaft',0,1,NULL,0),(100206,4105,41,'OEG - Offene Erwerbsgesellschaft',0,1,NULL,0),(100207,4106,41,'OHG - Offene Handelsgesellschaft',0,1,NULL,0),(100208,4107,41,'AG & Co KG - Kommanditgesellschaft',0,1,NULL,0),(100209,4108,41,'GmbH & Co KG - Kommanditgesellschaft',0,1,NULL,0),(100210,4109,41,'KG - Kommanditgesellschaft',0,1,NULL,0),(100211,4110,41,'OG - Offene Gesellschaft',0,1,NULL,0),(100212,4111,41,'GbR - Gesellschaft nach bürgerlichem Recht',0,1,NULL,0),(100213,4112,41,'GesbR - Gesellschaft nach bürgerlichem Recht',0,1,NULL,0),(100214,4113,41,'GesnbR - Gesellschaft nach bürgerlichem Recht',0,1,NULL,0),(100215,4114,41,'e.U. - eingetragener Einzelunternehmer',0,1,NULL,0),(100216,17801,178,'Empresa individual',0,1,NULL,0),(100217,17802,178,'Asociación General',0,1,NULL,0),(100218,17803,178,'Sociedad de Responsabilidad Limitada',0,1,NULL,0),(100219,17804,178,'Sociedad Civil',0,1,NULL,0),(100220,17805,178,'Sociedad Anónima',0,1,NULL,0),(100221,8001,80,'Aktieselvskab A/S',0,1,NULL,0),(100222,8002,80,'Anparts Selvskab ApS',0,1,NULL,0),(100223,8003,80,'Personlig ejet selvskab',0,1,NULL,0),(100224,8004,80,'Iværksætterselvskab IVS',0,1,NULL,0),(100225,8005,80,'Interessentskab I/S',0,1,NULL,0),(100226,8006,80,'Holdingselskab',0,1,NULL,0),(100227,8007,80,'Selskab Med Begrænset Hæftelse SMBA',0,1,NULL,0),(100228,8008,80,'Kommanditselskab K/S',0,1,NULL,0),(100229,8009,80,'SPE-selskab',0,1,NULL,0),(100230,2001,20,'Aktiebolag',0,1,NULL,0),(100231,2002,20,'Publikt aktiebolag (AB publ)',0,1,NULL,0),(100232,2003,20,'Ekonomisk förening (ek. för.)',0,1,NULL,0),(100233,2004,20,'Bostadsrättsförening (BRF)',0,1,NULL,0),(100234,2005,20,'Hyresrättsförening (HRF)',0,1,NULL,0),(100235,2006,20,'Kooperativ',0,1,NULL,0),(100236,2007,20,'Enskild firma (EF)',0,1,NULL,0),(100237,2008,20,'Handelsbolag (HB)',0,1,NULL,0),(100238,2009,20,'Kommanditbolag (KB)',0,1,NULL,0),(100239,2010,20,'Enkelt bolag',0,1,NULL,0),(100240,2011,20,'Ideell förening',0,1,NULL,0),(100241,2012,20,'Stiftelse',0,1,NULL,0),(100248,15407,154,'610 - Residentes en el Extranjero sin Establecimiento Permanente en México',0,1,NULL,0),(100249,15408,154,'611 - Ingresos por Dividendos (socios y accionistas)',0,1,NULL,0),(100250,15409,154,'612 - Personas Físicas con Actividades Empresariales y Profesionales',0,1,NULL,0),(100251,15410,154,'614 - Ingresos por intereses',0,1,NULL,0),(100252,15411,154,'615 - Régimen de los ingresos por obtención de premios',0,1,NULL,0),(100253,15412,154,'616 - Sin obligaciones fiscales',0,1,NULL,0),(100254,15413,154,'620 - Sociedades Cooperativas de Producción que optan por diferir sus ingresos',0,1,NULL,0),(100255,15414,154,'621 - Incorporación Fiscal',0,1,NULL,0),(100256,15415,154,'622 - Actividades Agrícolas, Ganaderas, Silvícolas y Pesqueras',0,1,NULL,0),(100257,15416,154,'623 - Opcional para Grupos de Sociedades',0,1,NULL,0),(100258,15417,154,'624 - Coordinados',0,1,NULL,0),(100259,15418,154,'625 - Régimen de las Actividades Empresariales con ingresos a través de Plataformas Tecnológicas',0,1,NULL,0),(100260,15419,154,'626 - Régimen Simplificado de Confianza',0,1,NULL,0),(100318,66,1,'Société publique locale',0,1,NULL,0),(100320,511,5,'eGbR - eingetragene Gesellschaft bürgerlichen Rechts',0,1,NULL,0),(100321,512,5,'Einzelunternehmen',0,1,NULL,0),(100322,513,5,'PartG - Partnerschaftsgesellschaft',0,1,NULL,0),(100323,514,5,'PartG mbB - Partnerschaftsgesellschaft mit beschränkter Berufshaftung',0,1,NULL,0),(100324,515,5,'KGaA - Kommanditgesellschaft auf Aktien',0,1,NULL,0),(100325,516,5,'GmbH & Co. KGaA - Gesellschaft mit beschränkter Haftung & Compagnie Kommanditgesellschaft auf Aktien',0,1,NULL,0),(100326,517,5,'SE - Societas Europaea',0,1,NULL,0),(100327,518,5,'Stiftung',0,1,NULL,0),(100328,519,5,'gGmbH - gemeinnützige Gesellschaft mit beschränkter Haftung',0,1,NULL,0),(100329,520,5,'gUG - gemeinnützige Unternehmergesellschaft (haftungsbeschränkt)',0,1,NULL,0);

--
-- Table structure for table `llx_c_holiday_types`
--

CREATE TABLE `llx_c_holiday_types` (
  `rowid` int(11) NOT NULL AUTO_INCREMENT,
  `entity` int(11) NOT NULL DEFAULT 1,
  `code` varchar(16) NOT NULL,
  `label` varchar(255) NOT NULL,
  `affect` int(11) NOT NULL,
  `delay` int(11) NOT NULL,
  `newbymonth` double(8,5) NOT NULL DEFAULT 0.00000,
  `fk_country` int(11) DEFAULT NULL,
  `block_if_negative` int(11) NOT NULL DEFAULT 0,
  `active` int(11) DEFAULT 1,
  `sortorder` smallint(6) DEFAULT NULL,
  PRIMARY KEY (`rowid`),
  UNIQUE KEY `uk_c_holiday_types` (`entity`,`code`)
) ENGINE=InnoDB AUTO_INCREMENT=111 DEFAULT CHARSET=utf8mb3 COLLATE=utf8mb3_unicode_ci;

--
-- Dumping data for table `llx_c_holiday_types`
--

INSERT INTO `llx_c_holiday_types` (`rowid`, `entity`, `code`, `label`, `affect`, `delay`, `newbymonth`, `fk_country`, `block_if_negative`, `active`, `sortorder`) VALUES (1,1,'LEAVE_SICK','Sick leave',0,0,0.00000,NULL,0,1,NULL),(2,1,'LEAVE_OTHER','Other leave',0,0,0.00000,NULL,0,1,NULL),(3,1,'LEAVE_PAID','Paid vacation',1,7,0.00000,NULL,0,1,NULL),(4,1,'LEAVE_RTT_FR','RTT',1,7,0.83000,1,0,0,NULL),(5,1,'LEAVE_PAID_FR','Paid vacation',1,30,2.08334,1,0,0,NULL),(6,1,'5D1Y','Κανονική άδεια(Πενθήμερο 1ο έτος)',1,0,1.66700,102,0,1,6),(7,1,'5D2Y','Κανονική άδεια(Πενθήμερο 2ο έτος)',1,0,1.75000,102,0,1,7),(8,1,'5D3-10Y','Κανονική άδεια(Πενθήμερο 3ο έως 10ο έτος)',1,0,1.83300,102,0,1,8),(9,1,'5D10-25Y','Κανονική άδεια(Πενθήμερο 10ο έως 25ο έτος)',1,0,2.08300,102,0,1,9),(10,1,'5D25+Y','Κανονική άδεια(Πενθήμερο 25+ έτη)',1,0,2.16600,102,0,1,10),(11,1,'6D1Y','Κανονική άδεια(Εξαήμερο 1ο έτος)',1,0,2.00000,102,0,1,11),(12,1,'6D2Y','Κανονική άδεια(Εξαήμερο 2ο έτος)',1,0,2.08300,102,0,1,12),(13,1,'6D3-10Y','Κανονική άδεια(Εξαήμερο 3ο έως 10ο έτος)',1,0,2.16600,102,0,1,13),(14,1,'6D10-25Y','Κανονική άδεια(Εξαήμερο 10ο έως 25ο έτος)',1,0,2.08300,102,0,1,14),(15,1,'6D25+Y','Κανονική άδεια(Εξαήμερο 25+ έτη)',1,0,2.16600,102,0,1,15),(16,1,'5D-WED','Πενθήμερη άδεια γάμου(με αποδοχές)',0,0,0.00000,102,0,0,16),(17,1,'6D-WED','Εξαήμερη άδεια γάμου(με αποδοχές)',0,0,0.00000,102,0,0,17),(18,1,'7D-AR','Επταήμερη άδεια ιατρικώς υποβοηθούμενης αναπαραγωγής(με αποδοχές)',0,0,0.00000,102,0,0,18),(19,1,'1D-BC','Μονοήμερη άδεια προγεννητικών εξετάσεων(με αποδοχές)',0,0,0.00000,102,0,0,19),(20,1,'1D-GYN','Μονοήμερη άδεια γυναικολογικού ελέγχου(με αποδοχές)',0,0,0.00000,102,0,0,20),(21,1,'149D-ML','Άδεια Μητρότητας (Άδεια κύησης – λοχείας)56 ημέρες πριν-93 ημέρες μετα(με αποδοχές)',0,0,0.00000,102,0,0,21),(22,1,'14D-PL','14ήμερη Άδεια πατρότητας(με αποδοχές)',0,0,0.00000,102,0,0,22),(23,1,'1-2H-CC','Άδεια φροντίδας παιδιών (μειωμένο ωράριο  https://www.kepea.gr/aarticle.php?id=1984)',0,0,0.00000,102,0,0,23),(24,1,'9M-M','Ειδική άδεια προστασίας μητρότητας 9 μηνών(χωρίς αποδοχές)',0,0,0.00000,102,0,0,24),(25,1,'4M-M','Τετράμηνη γονική Άδεια Ανατροφής Τέκνων(χωρίς αποδοχές)',0,0,0.00000,102,0,0,25),(26,1,'6-8D-SP','Εξαήμερη ή Οκταήμερη Άδεια για μονογονεϊκές οικογένειες(με αποδοχές)',0,0,0.00000,102,0,0,26),(27,1,'6-8-14D-FC','Άδεια για ασθένεια μελών οικογένειας(χωρίς αποδοχές, 6 ημέρες/έτος ένα παιδί - 8 ημέρες/έτος δύο παιδιά και σε 14 ημέρες/έτος τρία (3) παιδιά και πάνω',0,0,0.00000,102,0,0,27),(28,1,'10D-CD','Δεκαήμερη Γονική Άδεια για παιδί με σοβαρά νοσήματα και λόγω νοσηλείας παιδιών(με αποδοχές)',0,0,0.00000,102,0,0,28),(29,1,'30D-CD','Άδεια λόγω νοσηλείας των παιδιών(έως 30 ημέρες/έτος χωρίς αποδοχές)',0,0,0.00000,102,0,0,29),(30,1,'5D-CG','Άδεια φροντιστή(έως 5 ημέρες/έτος χωρίς αποδοχές)',0,0,0.00000,102,0,0,30),(31,1,'2D-CG','Άδεια απουσίας από την εργασία για λόγους ανωτέρας βίας(έως 2 ημέρες/έτος με αποδοχές)',0,0,0.00000,102,0,0,31),(32,1,'2D-SC','Άδεια για παρακολούθηση σχολικής επίδοσης(έως 2 ημέρες/έτος με αποδοχές)',0,0,0.00000,102,0,0,32),(33,1,'1D-BD','Μονοήμερη άδεια αιμοδοσίας(με αποδοχές)',0,0,0.00000,102,0,0,33),(34,1,'22D-BT','Άδεια για μετάγγιση αίματος & αιμοκάθαρση(έως 22 ημέρες/έτος με αποδοχές)',0,0,0.00000,102,0,0,34),(35,1,'30D-HIV','Άδεια λόγω AIDS(έως ένα (1) μήνα/έτος με αποδοχές)',0,0,0.00000,102,0,0,35),(36,1,'20D-CD','Άδεια πενθούντων γονέων(20 ημέρες με αποδοχές)',0,0,0.00000,102,0,0,36),(37,1,'2D-FD','Άδεια λόγω θανάτου συγγενούς(2 ημέρες με αποδοχές)',0,0,0.00000,102,0,0,37),(38,1,'DIS','Άδειες αναπήρων(30 ημέρες με αποδοχές)',0,0,0.00000,102,0,0,38),(39,1,'SE','Άδεια εξετάσεων μαθητών, σπουδαστών, φοιτητών(30 ημέρες χωρίς αποδοχές)',0,0,0.00000,102,0,0,39),(40,1,'NOT PAID','Άδεια άνευ αποδοχών(έως ένα (1) έτος)',0,0,0.00000,102,0,0,40);

--
-- Table structure for table `llx_c_hrm_department`
--

CREATE TABLE `llx_c_hrm_department` (
  `rowid` int(11) NOT NULL,
  `pos` tinyint(4) NOT NULL DEFAULT 0,
  `code` varchar(16) NOT NULL,
  `label` varchar(128) DEFAULT NULL,
  `active` tinyint(4) NOT NULL DEFAULT 1,
  PRIMARY KEY (`rowid`)
) ENGINE=InnoDB DEFAULT CHARSET=utf8mb3 COLLATE=utf8mb3_unicode_ci;

--
-- Dumping data for table `llx_c_hrm_department`
--

INSERT INTO `llx_c_hrm_department` (`rowid`, `pos`, `code`, `label`, `active`) VALUES (1,5,'MANAGEMENT','Management',1),(2,10,'GESTION','Gestion',1),(3,15,'TRAINING','Training',1),(4,20,'IT','Inform. Technology (IT)',1),(5,25,'MARKETING','Marketing',1),(6,30,'SALES','Sales',1),(7,35,'LEGAL','Legal',1),(8,40,'FINANCIAL','Financial accounting',1),(9,45,'HUMANRES','Human resources',1),(10,50,'PURCHASING','Purchasing',1),(11,55,'SERVICES','Services',1),(12,60,'CUSTOMSERV','Customer service',1),(13,65,'CONSULTING','Consulting',1),(14,70,'LOGISTIC','Logistics',1),(15,75,'CONSTRUCT','Engineering/design',1),(16,80,'PRODUCTION','Manufacturing',1),(17,85,'QUALITY','Quality assurance',1),(18,85,'MAINT','Plant assurance',1);

--
-- Table structure for table `llx_c_hrm_function`
--

CREATE TABLE `llx_c_hrm_function` (
  `rowid` int(11) NOT NULL,
  `pos` tinyint(4) NOT NULL DEFAULT 0,
  `code` varchar(16) NOT NULL,
  `label` varchar(128) DEFAULT NULL,
  `c_level` tinyint(4) NOT NULL DEFAULT 0,
  `active` tinyint(4) NOT NULL DEFAULT 1,
  PRIMARY KEY (`rowid`)
) ENGINE=InnoDB DEFAULT CHARSET=utf8mb3 COLLATE=utf8mb3_unicode_ci;

--
-- Dumping data for table `llx_c_hrm_function`
--

INSERT INTO `llx_c_hrm_function` (`rowid`, `pos`, `code`, `label`, `c_level`, `active`) VALUES (1,5,'EXECBOARD','Executive board',0,1),(2,10,'MANAGDIR','Managing director',1,1),(3,15,'ACCOUNTMANAG','Account manager',0,1),(4,20,'ENGAGDIR','Engagement director',1,1),(5,25,'DIRECTOR','Director',1,1),(6,30,'PROJMANAG','Project manager',0,1),(7,35,'DEPHEAD','Department head',0,1),(8,40,'SECRETAR','Secretary',0,1),(9,45,'EMPLOYEE','Department employee',0,1);

--
-- Table structure for table `llx_c_hrm_public_holiday`
--

CREATE TABLE `llx_c_hrm_public_holiday` (
  `id` int(11) NOT NULL AUTO_INCREMENT,
  `entity` int(11) NOT NULL DEFAULT 1,
  `fk_country` int(11) DEFAULT NULL,
  `code` varchar(62) DEFAULT NULL,
  `dayrule` varchar(64) DEFAULT '',
  `day` int(11) DEFAULT NULL,
  `month` int(11) DEFAULT NULL,
  `year` int(11) DEFAULT NULL,
  `active` int(11) DEFAULT 1,
  `import_key` varchar(14) DEFAULT NULL,
  PRIMARY KEY (`id`),
  UNIQUE KEY `uk_c_hrm_public_holiday` (`entity`,`code`),
  UNIQUE KEY `uk_c_hrm_public_holiday2` (`entity`,`fk_country`,`dayrule`,`day`,`month`,`year`)
) ENGINE=InnoDB AUTO_INCREMENT=136 DEFAULT CHARSET=utf8mb3 COLLATE=utf8mb3_unicode_ci;

--
-- Dumping data for table `llx_c_hrm_public_holiday`
--

INSERT INTO `llx_c_hrm_public_holiday` (`id`, `entity`, `fk_country`, `code`, `dayrule`, `day`, `month`, `year`, `active`, `import_key`) VALUES (1,1,0,'NEWYEARDAY1','',1,1,0,1,NULL),(2,1,0,'LABORDAY1','',1,5,0,1,NULL),(3,1,0,'ASSOMPTIONDAY1','',15,8,0,1,NULL),(4,1,0,'CHRISTMASDAY1','',25,12,0,1,NULL),(5,1,1,'FR-VICTORYDAY','',8,5,0,1,NULL),(6,1,1,'FR-NATIONALDAY','',14,7,0,1,NULL),(7,1,1,'FR-ASSOMPTION','',15,8,0,1,NULL),(8,1,1,'FR-TOUSSAINT','',1,11,0,1,NULL),(9,1,1,'FR-ARMISTICE','',11,11,0,1,NULL),(10,1,1,'FR-EASTER','eastermonday',0,0,0,1,NULL),(11,1,1,'FR-ASCENSION','ascension',0,0,0,1,NULL),(12,1,1,'FR-PENTECOST','pentecost',0,0,0,1,NULL),(13,1,3,'IT-LIBEAZIONE','',25,4,0,1,NULL),(14,1,3,'IT-EPIPHANY','',1,6,0,1,NULL),(15,1,3,'IT-REPUBBLICA','',2,6,0,1,NULL),(16,1,3,'IT-TUTTISANTIT','',1,11,0,1,NULL),(17,1,3,'IT-IMMACULE','',8,12,0,1,NULL),(18,1,3,'IT-SAINTSTEFAN','',26,12,0,1,NULL),(19,1,4,'ES-EASTER','easter',0,0,0,1,NULL),(20,1,4,'ES-REYE','',1,6,0,1,NULL),(21,1,4,'ES-HISPANIDAD','',12,10,0,1,NULL),(22,1,4,'ES-TOUSSAINT','',1,11,0,1,NULL),(23,1,4,'ES-CONSTITUIZION','',6,12,0,1,NULL),(24,1,4,'ES-IMMACULE','',8,12,0,1,NULL),(25,1,41,'AT-EASTER','eastermonday',0,0,0,1,NULL),(26,1,41,'AT-ASCENSION','ascension',0,0,0,1,NULL),(27,1,41,'AT-PENTECOST','pentecost',0,0,0,1,NULL),(28,1,41,'AT-FRONLEICHNAM','fronleichnam',0,0,0,1,NULL),(29,1,41,'AT-KONEGIE','',1,6,0,1,NULL),(30,1,41,'AT-26OKT','',26,10,0,1,NULL),(31,1,41,'AT-TOUSSAINT','',1,11,0,1,NULL),(32,1,41,'AT-IMMACULE','',8,12,0,1,NULL),(33,1,41,'AT-24DEC','',24,12,0,1,NULL),(34,1,41,'AT-SAINTSTEFAN','',26,12,0,1,NULL),(35,1,41,'AT-Silvester','',31,12,0,1,NULL),(36,1,117,'IN-REPUBLICDAY','',26,1,0,1,NULL),(37,1,117,'IN-GANDI','',2,10,0,1,NULL),(75,1,2,'BE-VICTORYDAY','',8,5,0,1,NULL),(76,1,2,'BE-NATIONALDAY','',21,7,0,1,NULL),(77,1,2,'BE-ASSOMPTION','',15,8,0,1,NULL),(78,1,2,'BE-TOUSSAINT','',1,11,0,1,NULL),(79,1,2,'BE-ARMISTICE','',11,11,0,1,NULL),(80,1,2,'BE-EASTER','eastermonday',0,0,0,1,NULL),(81,1,2,'BE-ASCENSION','ascension',0,0,0,1,NULL),(82,1,2,'BE-PENTECOST','pentecost',0,0,0,1,NULL),(99,0,0,'NEWYEARDAY1','',1,1,0,1,NULL),(100,0,0,'LABORDAY1','',1,5,0,1,NULL),(101,0,0,'ASSOMPTIONDAY1','',15,8,0,1,NULL),(102,0,0,'CHRISTMASDAY1','',25,12,0,1,NULL),(103,0,1,'FR-VICTORYDAY','',8,5,0,1,NULL),(104,0,1,'FR-NATIONALDAY','',14,7,0,1,NULL),(105,0,1,'FR-ASSOMPTION','',15,8,0,1,NULL),(106,0,1,'FR-TOUSSAINT','',1,11,0,1,NULL),(107,0,1,'FR-ARMISTICE','',11,11,0,1,NULL),(108,0,1,'FR-EASTER','eastermonday',0,0,0,1,NULL),(109,0,1,'FR-ASCENSION','ascension',0,0,0,1,NULL),(110,0,1,'FR-PENTECOST','pentecost',0,0,0,1,NULL),(111,0,3,'IT-LIBEAZIONE','',25,4,0,1,NULL),(112,0,3,'IT-EPIPHANY','',1,6,0,1,NULL),(113,0,3,'IT-REPUBBLICA','',2,6,0,1,NULL),(114,0,3,'IT-TUTTISANTIT','',1,11,0,1,NULL),(115,0,3,'IT-IMMACULE','',8,12,0,1,NULL),(116,0,3,'IT-SAINTSTEFAN','',26,12,0,1,NULL),(117,0,4,'ES-EASTER','easter',0,0,0,1,NULL),(118,0,4,'ES-REYE','',1,6,0,1,NULL),(119,0,4,'ES-HISPANIDAD','',12,10,0,1,NULL),(120,0,4,'ES-TOUSSAINT','',1,11,0,1,NULL),(121,0,4,'ES-CONSTITUIZION','',6,12,0,1,NULL),(122,0,4,'ES-IMMACULE','',8,12,0,1,NULL),(123,0,41,'AT-EASTER','eastermonday',0,0,0,1,NULL),(124,0,41,'AT-ASCENSION','ascension',0,0,0,1,NULL),(125,0,41,'AT-PENTECOST','pentecost',0,0,0,1,NULL),(126,0,41,'AT-FRONLEICHNAM','fronleichnam',0,0,0,1,NULL),(127,0,41,'AT-KONEGIE','',1,6,0,1,NULL),(128,0,41,'AT-26OKT','',26,10,0,1,NULL),(129,0,41,'AT-TOUSSAINT','',1,11,0,1,NULL),(130,0,41,'AT-IMMACULE','',8,12,0,1,NULL),(131,0,41,'AT-24DEC','',24,12,0,1,NULL),(132,0,41,'AT-SAINTSTEFAN','',26,12,0,1,NULL),(133,0,41,'AT-Silvester','',31,12,0,1,NULL),(134,0,117,'IN-REPUBLICDAY','',26,1,0,1,NULL),(135,0,117,'IN-GANDI','',2,10,0,1,NULL);

--
-- Table structure for table `llx_c_incoterms`
--

