(1960,'2025-04-19 10:05:14','USER_LOGIN',1,'2025-04-19 12:05:14',12,'UserLogged - TZ=1;TZString=Europe/Paris;Screen=1920x919 - authmode=dolibarr - entity=1','127.0.0.1','Mozilla/5.0 (X11; Linux x86_64) AppleWebKit/537.36 (KHTML, like Gecko) Chrome/135.0.0.0 Safari/537.36',NULL,'2ffc68d5704ae54c298623177314b3696a31b7bb',NULL,NULL),(1961,'2025-04-20 11:22:47','USER_LOGIN',1,'2025-04-20 13:22:47',12,'UserLogged - TZ=1;TZString=Europe/Paris;Screen=1920x919 - authmode=dolibarr - entity=1','127.0.0.1','Mozilla/5.0 (X11; Linux x86_64) AppleWebKit/537.36 (KHTML, like Gecko) Chrome/135.0.0.0 Safari/537.36',NULL,'2ffc68d5704ae54c298623177314b3696a31b7bb',NULL,NULL),(1962,'2025-04-20 16:07:44','USER_LOGIN',1,'2025-04-20 18:07:44',12,'UserLogged - TZ=1;TZString=Europe/Paris;Screen=1920x919 - authmode=dolibarr - entity=1','127.0.0.1','Mozilla/5.0 (X11; Linux x86_64) AppleWebKit/537.36 (KHTML, like Gecko) Chrome/135.0.0.0 Safari/537.36',NULL,'2ffc68d5704ae54c298623177314b3696a31b7bb',NULL,NULL),(1963,'2025-04-21 09:11:05','USER_LOGIN',1,'2025-04-21 11:11:05',12,'UserLogged - TZ=1;TZString=Europe/Paris;Screen=1920x919 - authmode=dolibarr - entity=1','127.0.0.1','Mozilla/5.0 (X11; Linux x86_64) AppleWebKit/537.36 (KHTML, like Gecko) Chrome/135.0.0.0 Safari/537.36',NULL,'2ffc68d5704ae54c298623177314b3696a31b7bb',NULL,NULL),(1964,'2025-04-21 12:43:34','USER_LOGIN',1,'2025-04-21 14:43:34',12,'UserLogged - TZ=1;TZString=Europe/Paris;Screen=1920x919 - authmode=dolibarr - entity=1','127.0.0.1','Mozilla/5.0 (X11; Linux x86_64) AppleWebKit/537.36 (KHTML, like Gecko) Chrome/135.0.0.0 Safari/537.36',NULL,'2ffc68d5704ae54c298623177314b3696a31b7bb',NULL,NULL),(1965,'2025-04-22 10:37:31','USER_LOGIN',1,'2025-04-22 12:37:31',12,'UserLogged - TZ=1;TZString=Europe/Paris;Screen=1920x919 - authmode=dolibarr - entity=1','127.0.0.1','Mozilla/5.0 (X11; Linux x86_64) AppleWebKit/537.36 (KHTML, like Gecko) Chrome/135.0.0.0 Safari/537.36',NULL,'2ffc68d5704ae54c298623177314b3696a31b7bb',NULL,NULL),(1966,'2025-04-22 13:47:22','USER_LOGIN',1,'2025-04-22 15:47:22',12,'UserLogged - TZ=1;TZString=Europe/Paris;Screen=1920x919 - authmode=dolibarr - entity=1','127.0.0.1','Mozilla/5.0 (X11; Linux x86_64) AppleWebKit/537.36 (KHTML, like Gecko) Chrome/135.0.0.0 Safari/537.36',NULL,'2ffc68d5704ae54c298623177314b3696a31b7bb',NULL,NULL),(1967,'2025-04-22 13:47:34','USER_LOGOUT',1,'2025-04-22 15:47:34',12,'UserLogoff','127.0.0.1','Mozilla/5.0 (X11; Linux x86_64) AppleWebKit/537.36 (KHTML, like Gecko) Chrome/135.0.0.0 Safari/537.36',NULL,'2ffc68d5704ae54c298623177314b3696a31b7bb',NULL,NULL),(1968,'2025-04-22 13:47:37','USER_LOGIN',1,'2025-04-22 15:47:37',12,'UserLogged - TZ=1;TZString=Europe/Paris;Screen=1920x919 - authmode=dolibarr - entity=1','127.0.0.1','Mozilla/5.0 (X11; Linux x86_64) AppleWebKit/537.36 (KHTML, like Gecko) Chrome/135.0.0.0 Safari/537.36',NULL,'2ffc68d5704ae54c298623177314b3696a31b7bb',NULL,NULL),(1969,'2025-04-22 16:59:13','USER_LOGIN',1,'2025-04-22 18:59:13',12,'UserLogged - TZ=1;TZString=Europe/Paris;Screen=1920x919 - authmode=dolibarr - entity=1','127.0.0.1','Mozilla/5.0 (X11; Linux x86_64) AppleWebKit/537.36 (KHTML, like Gecko) Chrome/135.0.0.0 Safari/537.36',NULL,'2ffc68d5704ae54c298623177314b3696a31b7bb',NULL,NULL),(1970,'2025-04-24 10:22:24','USER_LOGIN',1,'2025-04-24 12:22:24',12,'UserLogged - TZ=1;TZString=Europe/Paris;Screen=1920x919 - authmode=dolibarr - entity=1','127.0.0.1','Mozilla/5.0 (X11; Linux x86_64) AppleWebKit/537.36 (KHTML, like Gecko) Chrome/135.0.0.0 Safari/537.36',NULL,'2ffc68d5704ae54c298623177314b3696a31b7bb',NULL,NULL),(1971,'2025-04-24 12:05:16','USER_LOGIN',1,'2025-04-24 14:05:16',12,'UserLogged - TZ=1;TZString=Europe/Paris;Screen=1920x919 - authmode=dolibarr - entity=1','127.0.0.1','Mozilla/5.0 (X11; Linux x86_64) AppleWebKit/537.36 (KHTML, like Gecko) Chrome/135.0.0.0 Safari/537.36',NULL,'2ffc68d5704ae54c298623177314b3696a31b7bb',NULL,NULL),(1972,'2025-04-24 13:31:16','USER_LOGIN',1,'2025-04-24 15:31:16',12,'UserLogged - TZ=1;TZString=Europe/Paris;Screen=1920x919 - authmode=dolibarr - entity=1','127.0.0.1','Mozilla/5.0 (X11; Linux x86_64) AppleWebKit/537.36 (KHTML, like Gecko) Chrome/135.0.0.0 Safari/537.36',NULL,'2ffc68d5704ae54c298623177314b3696a31b7bb',NULL,NULL),(1973,'2025-04-25 01:21:35','USER_LOGIN',1,'2025-04-25 03:21:35',12,'UserLogged - TZ=1;TZString=Europe/Paris;Screen=1920x919 - authmode=dolibarr - entity=1','127.0.0.1','Mozilla/5.0 (X11; Linux x86_64) AppleWebKit/537.36 (KHTML, like Gecko) Chrome/135.0.0.0 Safari/537.36',NULL,'2ffc68d5704ae54c298623177314b3696a31b7bb',NULL,NULL),(1974,'2025-04-25 09:38:43','USER_LOGIN',1,'2025-04-25 11:38:43',12,'UserLogged - TZ=1;TZString=Europe/Paris;Screen=1920x919 - authmode=dolibarr - entity=1','127.0.0.1','Mozilla/5.0 (X11; Linux x86_64) AppleWebKit/537.36 (KHTML, like Gecko) Chrome/135.0.0.0 Safari/537.36',NULL,'2ffc68d5704ae54c298623177314b3696a31b7bb',NULL,NULL),(1975,'2025-04-25 11:40:58','USER_LOGIN',1,'2025-04-25 13:40:58',12,'UserLogged - TZ=1;TZString=Europe/Paris;Screen=1920x919 - authmode=dolibarr - entity=1','127.0.0.1','Mozilla/5.0 (X11; Linux x86_64) AppleWebKit/537.36 (KHTML, like Gecko) Chrome/135.0.0.0 Safari/537.36',NULL,'2ffc68d5704ae54c298623177314b3696a31b7bb',NULL,NULL),(1976,'2025-04-25 12:44:58','USER_LOGIN',1,'2025-04-25 14:44:58',12,'UserLogged - TZ=1;TZString=Europe/Paris;Screen=1920x919 - authmode=dolibarr - entity=1','127.0.0.1','Mozilla/5.0 (X11; Linux x86_64) AppleWebKit/537.36 (KHTML, like Gecko) Chrome/135.0.0.0 Safari/537.36',NULL,'2ffc68d5704ae54c298623177314b3696a31b7bb',NULL,NULL),(1977,'2025-04-25 12:54:31','USER_LOGOUT',1,'2025-04-25 14:54:31',12,'UserLogoff','127.0.0.1','Mozilla/5.0 (X11; Linux x86_64) AppleWebKit/537.36 (KHTML, like Gecko) Chrome/135.0.0.0 Safari/537.36',NULL,'2ffc68d5704ae54c298623177314b3696a31b7bb',NULL,NULL),(1978,'2025-04-25 12:54:34','USER_LOGIN',1,'2025-04-25 14:54:34',12,'UserLogged - TZ=1;TZString=Europe/Paris;Screen=1905x416 - authmode=dolibarr - entity=1','127.0.0.1','Mozilla/5.0 (X11; Linux x86_64) AppleWebKit/537.36 (KHTML, like Gecko) Chrome/135.0.0.0 Safari/537.36',NULL,'2ffc68d5704ae54c298623177314b3696a31b7bb',NULL,NULL),(1979,'2025-04-25 15:48:43','USER_LOGIN',1,'2025-04-25 17:48:43',12,'UserLogged - TZ=1;TZString=Europe/Paris;Screen=1920x919 - authmode=dolibarr - entity=1','127.0.0.1','Mozilla/5.0 (X11; Linux x86_64) AppleWebKit/537.36 (KHTML, like Gecko) Chrome/135.0.0.0 Safari/537.36',NULL,'2ffc68d5704ae54c298623177314b3696a31b7bb',NULL,NULL),(1980,'2025-04-25 23:56:07','USER_LOGIN',1,'2025-04-26 01:56:07',12,'UserLogged - TZ=1;TZString=Europe/Paris;Screen=1920x919 - authmode=dolibarr - entity=1','127.0.0.1','Mozilla/5.0 (X11; Linux x86_64) AppleWebKit/537.36 (KHTML, like Gecko) Chrome/135.0.0.0 Safari/537.36',NULL,'2ffc68d5704ae54c298623177314b3696a31b7bb',NULL,NULL),(1981,'2025-04-26 00:43:15','USER_LOGIN',1,'2025-04-26 02:43:15',12,'UserLogged - TZ=1;TZString=Europe/Paris;Screen=1920x919 - authmode=dolibarr - entity=1','127.0.0.1','Mozilla/5.0 (X11; Linux x86_64) AppleWebKit/537.36 (KHTML, like Gecko) Chrome/135.0.0.0 Safari/537.36',NULL,'2ffc68d5704ae54c298623177314b3696a31b7bb',NULL,NULL),(1982,'2025-04-26 01:59:07','USER_LOGIN',1,'2025-04-26 03:59:07',12,'UserLogged - TZ=1;TZString=Europe/Paris;Screen=1920x919 - authmode=dolibarr - entity=1','127.0.0.1','Mozilla/5.0 (X11; Linux x86_64) AppleWebKit/537.36 (KHTML, like Gecko) Chrome/135.0.0.0 Safari/537.36',NULL,'2ffc68d5704ae54c298623177314b3696a31b7bb',NULL,NULL),(1983,'2025-04-26 09:43:46','USER_LOGIN',1,'2025-04-26 11:43:46',12,'UserLogged - TZ=1;TZString=Europe/Paris;Screen=1920x919 - authmode=dolibarr - entity=1','127.0.0.1','Mozilla/5.0 (X11; Linux x86_64) AppleWebKit/537.36 (KHTML, like Gecko) Chrome/135.0.0.0 Safari/537.36',NULL,'2ffc68d5704ae54c298623177314b3696a31b7bb',NULL,NULL),(1984,'2025-04-26 13:41:41','USER_LOGIN',1,'2025-04-26 15:41:41',12,'UserLogged - TZ=1;TZString=Europe/Paris;Screen=1920x919 - authmode=dolibarr - entity=1','127.0.0.1','Mozilla/5.0 (X11; Linux x86_64) AppleWebKit/537.36 (KHTML, like Gecko) Chrome/135.0.0.0 Safari/537.36',NULL,'2ffc68d5704ae54c298623177314b3696a31b7bb',NULL,NULL),(1985,'2025-04-26 17:17:04','USER_LOGIN',1,'2025-04-26 19:17:04',12,'UserLogged - TZ=1;TZString=Europe/Paris;Screen=1920x919 - authmode=dolibarr - entity=1','127.0.0.1','Mozilla/5.0 (X11; Linux x86_64) AppleWebKit/537.36 (KHTML, like Gecko) Chrome/135.0.0.0 Safari/537.36',NULL,'2ffc68d5704ae54c298623177314b3696a31b7bb',NULL,NULL),(1986,'2025-04-27 11:58:07','USER_LOGIN',1,'2025-04-27 13:58:07',12,'UserLogged - TZ=1;TZString=Europe/Paris;Screen=1920x919 - authmode=dolibarr - entity=1','127.0.0.1','Mozilla/5.0 (X11; Linux x86_64) AppleWebKit/537.36 (KHTML, like Gecko) Chrome/135.0.0.0 Safari/537.36',NULL,'2ffc68d5704ae54c298623177314b3696a31b7bb',NULL,NULL),(1987,'2025-05-04 16:56:28','USER_LOGIN',1,'2025-05-04 18:56:28',12,'UserLogged - TZ=1;TZString=Europe/Paris;Screen=1920x919 - authmode=dolibarr - entity=1','127.0.0.1','Mozilla/5.0 (X11; Linux x86_64) AppleWebKit/537.36 (KHTML, like Gecko) Chrome/136.0.0.0 Safari/537.36',NULL,'2ffc68d5704ae54c298623177314b3696a31b7bb',NULL,NULL),(1988,'2025-05-04 21:32:23','USER_LOGIN',1,'2025-05-04 23:32:23',12,'UserLogged - TZ=1;TZString=Europe/Paris;Screen=1920x919 - authmode=dolibarr - entity=1','127.0.0.1','Mozilla/5.0 (X11; Linux x86_64) AppleWebKit/537.36 (KHTML, like Gecko) Chrome/136.0.0.0 Safari/537.36',NULL,'2ffc68d5704ae54c298623177314b3696a31b7bb',NULL,NULL),(1989,'2025-05-04 21:33:13','USER_LOGIN_FAILED',1,'2025-05-04 23:33:13',NULL,'UserLoginFailed - Identifiant ou mot de passe incorrect - login=admin','192.168.0.15','Mozilla/5.0 (Linux; Android 14; SM-A528B Build/UP1A.231005.007; wv) AppleWebKit/537.36 (KHTML, like Gecko) Version/4.0 Chrome/135.0.7049.111 Mobile Safari/537.36 - DoliDroid - Android client pour Dolibarr ERP-CRM',NULL,'2ffc68d5704ae54c298623177314b3696a31b7bb',NULL,NULL),(1990,'2025-05-04 21:33:20','USER_LOGIN',1,'2025-05-04 23:33:20',12,'UserLogged - TZ=1;TZString=Europe/Paris;Screen=411x784 - authmode=dolibarr - entity=1','192.168.0.15','Mozilla/5.0 (Linux; Android 14; SM-A528B Build/UP1A.231005.007; wv) AppleWebKit/537.36 (KHTML, like Gecko) Version/4.0 Chrome/135.0.7049.111 Mobile Safari/537.36 - DoliDroid - Android client pour Dolibarr ERP-CRM',NULL,'2ffc68d5704ae54c298623177314b3696a31b7bb',NULL,NULL),(1991,'2025-05-05 00:57:35','USER_LOGIN',1,'2025-05-05 02:57:35',12,'UserLogged - TZ=1;TZString=Europe/Paris;Screen=1920x919 - authmode=dolibarr - entity=1','127.0.0.1','Mozilla/5.0 (X11; Linux x86_64) AppleWebKit/537.36 (KHTML, like Gecko) Chrome/136.0.0.0 Safari/537.36',NULL,'2ffc68d5704ae54c298623177314b3696a31b7bb',NULL,NULL),(1992,'2025-05-05 11:08:59','USER_LOGIN',1,'2025-05-05 13:08:59',12,'UserLogged - TZ=1;TZString=Europe/Paris;Screen=375x667 - authmode=dolibarr - entity=1','127.0.0.1','Mozilla/5.0 (iPhone; CPU iPhone OS 16_6 like Mac OS X) AppleWebKit/605.1.15 (KHTML, like Gecko) Version/16.6 Mobile/15E148 Safari/604.1',NULL,'2ffc68d5704ae54c298623177314b3696a31b7bb',NULL,NULL),(1993,'2025-05-05 11:53:58','USER_LOGOUT',1,'2025-05-05 13:53:58',12,'UserLogoff','127.0.0.1','Mozilla/5.0 (X11; Linux x86_64) AppleWebKit/537.36 (KHTML, like Gecko) Chrome/136.0.0.0 Safari/537.36',NULL,'2ffc68d5704ae54c298623177314b3696a31b7bb',NULL,NULL),(1994,'2025-05-05 11:54:01','USER_LOGIN',1,'2025-05-05 13:54:01',12,'UserLogged - TZ=1;TZString=Europe/Paris;Screen=1920x919 - authmode=dolibarr - entity=1','127.0.0.1','Mozilla/5.0 (X11; Linux x86_64) AppleWebKit/537.36 (KHTML, like Gecko) Chrome/136.0.0.0 Safari/537.36',NULL,'2ffc68d5704ae54c298623177314b3696a31b7bb',NULL,NULL),(1995,'2025-05-05 12:08:56','USER_MODIFY',1,'2025-05-05 14:08:56',12,'EventUserModified','127.0.0.1','Mozilla/5.0 (X11; Linux x86_64) AppleWebKit/537.36 (KHTML, like Gecko) Chrome/136.0.0.0 Safari/537.36',NULL,'2ffc68d5704ae54c298623177314b3696a31b7bb',NULL,NULL),(1996,'2025-05-05 12:09:05','USER_MODIFY',1,'2025-05-05 14:09:05',12,'EventUserModified','127.0.0.1','Mozilla/5.0 (X11; Linux x86_64) AppleWebKit/537.36 (KHTML, like Gecko) Chrome/136.0.0.0 Safari/537.36',NULL,'2ffc68d5704ae54c298623177314b3696a31b7bb',NULL,NULL),(1997,'2025-05-05 14:48:05','USER_MODIFY',1,'2025-05-05 16:48:05',12,'EventUserModified','127.0.0.1','Mozilla/5.0 (X11; Linux x86_64) AppleWebKit/537.36 (KHTML, like Gecko) Chrome/136.0.0.0 Safari/537.36',NULL,'2ffc68d5704ae54c298623177314b3696a31b7bb',NULL,NULL),(1998,'2025-05-05 14:48:09','USER_MODIFY',1,'2025-05-05 16:48:09',12,'EventUserModified','127.0.0.1','Mozilla/5.0 (X11; Linux x86_64) AppleWebKit/537.36 (KHTML, like Gecko) Chrome/136.0.0.0 Safari/537.36',NULL,'2ffc68d5704ae54c298623177314b3696a31b7bb',NULL,NULL),(1999,'2025-05-05 14:48:17','USER_MODIFY',1,'2025-05-05 16:48:17',12,'EventUserModified','127.0.0.1','Mozilla/5.0 (X11; Linux x86_64) AppleWebKit/537.36 (KHTML, like Gecko) Chrome/136.0.0.0 Safari/537.36',NULL,'2ffc68d5704ae54c298623177314b3696a31b7bb',NULL,NULL),(2000,'2025-05-05 14:48:18','USER_MODIFY',1,'2025-05-05 16:48:18',12,'EventUserModified','127.0.0.1','Mozilla/5.0 (X11; Linux x86_64) AppleWebKit/537.36 (KHTML, like Gecko) Chrome/136.0.0.0 Safari/537.36',NULL,'2ffc68d5704ae54c298623177314b3696a31b7bb',NULL,NULL),(2001,'2025-05-06 08:01:09','USER_LOGIN',1,'2025-05-06 10:01:09',12,'UserLogged - TZ=1;TZString=Europe/Paris;Screen=1920x919 - authmode=dolibarr - entity=1','127.0.0.1','Mozilla/5.0 (X11; Linux x86_64) AppleWebKit/537.36 (KHTML, like Gecko) Chrome/136.0.0.0 Safari/537.36',NULL,'2ffc68d5704ae54c298623177314b3696a31b7bb',NULL,NULL),(2002,'2025-05-06 09:20:21','USER_LOGIN',1,'2025-05-06 11:20:21',12,'UserLogged - TZ=1;TZString=Europe/Paris;Screen=1920x919 - authmode=dolibarr - entity=1','127.0.0.1','Mozilla/5.0 (X11; Linux x86_64) AppleWebKit/537.36 (KHTML, like Gecko) Chrome/136.0.0.0 Safari/537.36',NULL,'2ffc68d5704ae54c298623177314b3696a31b7bb',NULL,NULL),(2003,'2025-05-06 10:29:12','USER_LOGIN',1,'2025-05-06 12:29:12',12,'UserLogged - TZ=1;TZString=Europe/Paris;Screen=1920x919 - authmode=dolibarr - entity=1','127.0.0.1','Mozilla/5.0 (X11; Linux x86_64) AppleWebKit/537.36 (KHTML, like Gecko) Chrome/136.0.0.0 Safari/537.36',NULL,'2ffc68d5704ae54c298623177314b3696a31b7bb',NULL,NULL),(2004,'2025-05-06 14:39:34','USER_LOGIN',1,'2025-05-06 16:39:34',12,'UserLogged - TZ=1;TZString=Europe/Paris;Screen=1920x919 - authmode=dolibarr - entity=1','127.0.0.1','Mozilla/5.0 (X11; Linux x86_64) AppleWebKit/537.36 (KHTML, like Gecko) Chrome/136.0.0.0 Safari/537.36',NULL,'2ffc68d5704ae54c298623177314b3696a31b7bb',NULL,NULL),(2005,'2025-05-06 19:25:07','USER_LOGIN',1,'2025-05-06 21:25:07',12,'UserLogged - TZ=1;TZString=Europe/Paris;Screen=1745x835 - authmode=dolibarr - entity=1','127.0.0.1','Mozilla/5.0 (X11; Linux x86_64) AppleWebKit/537.36 (KHTML, like Gecko) Chrome/136.0.0.0 Safari/537.36',NULL,'2ffc68d5704ae54c298623177314b3696a31b7bb',NULL,NULL),(2006,'2025-05-07 11:44:45','USER_LOGIN',1,'2025-05-07 13:44:45',12,'UserLogged - TZ=1;TZString=Europe/Paris;Screen=1920x919 - authmode=dolibarr - entity=1','127.0.0.1','Mozilla/5.0 (X11; Linux x86_64) AppleWebKit/537.36 (KHTML, like Gecko) Chrome/136.0.0.0 Safari/537.36',NULL,'2ffc68d5704ae54c298623177314b3696a31b7bb',NULL,NULL),(2007,'2025-05-09 08:57:29','USER_LOGIN',1,'2025-05-09 10:57:29',12,'UserLogged - TZ=1;TZString=Europe/Paris;Screen=1920x919 - authmode=dolibarr - entity=1','127.0.0.1','Mozilla/5.0 (X11; Linux x86_64) AppleWebKit/537.36 (KHTML, like Gecko) Chrome/136.0.0.0 Safari/537.36',NULL,'2ffc68d5704ae54c298623177314b3696a31b7bb',NULL,NULL),(2008,'2025-05-09 11:02:04','USER_LOGIN',1,'2025-05-09 13:02:04',12,'UserLogged - TZ=1;TZString=Europe/Paris;Screen=1920x919 - authmode=dolibarr - entity=1','127.0.0.1','Mozilla/5.0 (X11; Linux x86_64) AppleWebKit/537.36 (KHTML, like Gecko) Chrome/136.0.0.0 Safari/537.36',NULL,'2ffc68d5704ae54c298623177314b3696a31b7bb',NULL,NULL),(2009,'2025-05-10 11:22:32','USER_LOGIN',1,'2025-05-10 13:22:32',12,'UserLogged - TZ=1;TZString=Europe/Paris;Screen=1920x919 - authmode=dolibarr - entity=1','127.0.0.1','Mozilla/5.0 (X11; Linux x86_64) AppleWebKit/537.36 (KHTML, like Gecko) Chrome/136.0.0.0 Safari/537.36',NULL,'2ffc68d5704ae54c298623177314b3696a31b7bb',NULL,NULL),(2010,'2025-05-10 14:12:49','USER_LOGIN',1,'2025-05-10 16:12:49',12,'UserLogged - TZ=1;TZString=Europe/Paris;Screen=1920x919 - authmode=dolibarr - entity=1','127.0.0.1','Mozilla/5.0 (X11; Linux x86_64) AppleWebKit/537.36 (KHTML, like Gecko) Chrome/136.0.0.0 Safari/537.36',NULL,'2ffc68d5704ae54c298623177314b3696a31b7bb',NULL,NULL),(2011,'2025-05-10 16:02:43','USER_LOGIN',1,'2025-05-10 18:02:43',12,'UserLogged - TZ=1;TZString=Europe/Paris;Screen=1920x919 - authmode=dolibarr - entity=1','127.0.0.1','Mozilla/5.0 (X11; Linux x86_64) AppleWebKit/537.36 (KHTML, like Gecko) Chrome/136.0.0.0 Safari/537.36',NULL,'2ffc68d5704ae54c298623177314b3696a31b7bb',NULL,NULL),(2012,'2025-05-11 10:10:34','USER_LOGIN',1,'2025-05-11 12:10:34',12,'UserLogged - TZ=1;TZString=Europe/Paris;Screen=1345x607 - authmode=dolibarr - entity=1','127.0.0.1','Mozilla/5.0 (X11; Linux x86_64) AppleWebKit/537.36 (KHTML, like Gecko) Chrome/136.0.0.0 Safari/537.36',NULL,'2ffc68d5704ae54c298623177314b3696a31b7bb',NULL,NULL),(2013,'2025-05-11 13:47:10','USER_LOGIN',1,'2025-05-11 15:47:10',12,'UserLogged - TZ=1;TZString=Europe/Paris;Screen=1345x607 - authmode=dolibarr - entity=1','127.0.0.1','Mozilla/5.0 (X11; Linux x86_64) AppleWebKit/537.36 (KHTML, like Gecko) Chrome/136.0.0.0 Safari/537.36',NULL,'2ffc68d5704ae54c298623177314b3696a31b7bb',NULL,NULL),(2014,'2025-05-12 06:53:28','USER_LOGIN',1,'2025-05-12 08:53:28',12,'UserLogged - TZ=1;TZString=Europe/Paris;Screen=1345x607 - authmode=dolibarr - entity=1','127.0.0.1','Mozilla/5.0 (X11; Linux x86_64) AppleWebKit/537.36 (KHTML, like Gecko) Chrome/136.0.0.0 Safari/537.36',NULL,'2ffc68d5704ae54c298623177314b3696a31b7bb',NULL,NULL),(2015,'2025-05-12 09:17:07','USER_LOGIN',1,'2025-05-12 11:17:07',12,'UserLogged - TZ=1;TZString=Europe/Paris;Screen=1345x607 - authmode=dolibarr - entity=1','127.0.0.1','Mozilla/5.0 (X11; Linux x86_64) AppleWebKit/537.36 (KHTML, like Gecko) Chrome/136.0.0.0 Safari/537.36',NULL,'2ffc68d5704ae54c298623177314b3696a31b7bb',NULL,NULL),(2016,'2025-05-13 23:05:47','USER_LOGIN',1,'2025-05-14 01:05:47',12,'UserLogged - TZ=1;TZString=Europe/Paris;Screen=411x784 - authmode=dolibarr - entity=1','192.168.0.15','Mozilla/5.0 (Linux; Android 14; SM-A528B Build/UP1A.231005.007; wv) AppleWebKit/537.36 (KHTML, like Gecko) Version/4.0 Chrome/135.0.7049.111 Mobile Safari/537.36 - DoliDroid - Android client pour Dolibarr ERP-CRM',NULL,'2ffc68d5704ae54c298623177314b3696a31b7bb',NULL,NULL),(2017,'2025-05-14 10:56:17','USER_LOGIN',1,'2025-05-14 12:56:17',12,'UserLogged - TZ=1;TZString=Europe/Paris;Screen=1223x552 - authmode=dolibarr - entity=1','127.0.0.1','Mozilla/5.0 (X11; Linux x86_64) AppleWebKit/537.36 (KHTML, like Gecko) Chrome/136.0.0.0 Safari/537.36',NULL,'2ffc68d5704ae54c298623177314b3696a31b7bb',NULL,NULL),(2018,'2025-05-14 12:41:31','USER_LOGIN',1,'2025-05-14 14:41:31',12,'UserLogged - TZ=1;TZString=Europe/Paris;Screen=1223x354 - authmode=dolibarr - entity=1','127.0.0.1','Mozilla/5.0 (X11; Linux x86_64) AppleWebKit/537.36 (KHTML, like Gecko) Chrome/136.0.0.0 Safari/537.36',NULL,'2ffc68d5704ae54c298623177314b3696a31b7bb',NULL,NULL),(2019,'2025-05-15 16:43:44','USER_LOGIN',1,'2025-05-15 18:43:44',12,'UserLogged - TZ=1;TZString=Europe/Paris;Screen=1223x552 - authmode=dolibarr - entity=1','127.0.0.1','Mozilla/5.0 (X11; Linux x86_64) AppleWebKit/537.36 (KHTML, like Gecko) Chrome/136.0.0.0 Safari/537.36',NULL,'2ffc68d5704ae54c298623177314b3696a31b7bb',NULL,NULL),(2020,'2025-05-16 08:22:55','USER_LOGIN',1,'2025-05-16 10:22:55',12,'UserLogged - TZ=1;TZString=Europe/Paris;Screen=1223x552 - authmode=dolibarr - entity=1','127.0.0.1','Mozilla/5.0 (X11; Linux x86_64) AppleWebKit/537.36 (KHTML, like Gecko) Chrome/136.0.0.0 Safari/537.36',NULL,'2ffc68d5704ae54c298623177314b3696a31b7bb',NULL,NULL),(2021,'2025-05-17 12:18:23','USER_LOGIN',1,'2025-05-17 14:18:23',12,'UserLogged - TZ=1;TZString=Europe/Paris;Screen=1223x552 - authmode=dolibarr - entity=1','127.0.0.1','Mozilla/5.0 (X11; Linux x86_64) AppleWebKit/537.36 (KHTML, like Gecko) Chrome/136.0.0.0 Safari/537.36',NULL,'2ffc68d5704ae54c298623177314b3696a31b7bb',NULL,NULL),(2022,'2025-05-26 11:33:36','USER_LOGIN',1,'2025-05-26 13:33:36',12,'UserLogged - TZ=1;TZString=Europe/Paris;Screen=1745x835 - authmode=dolibarr - entity=1','127.0.0.1','Mozilla/5.0 (X11; Linux x86_64) AppleWebKit/537.36 (KHTML, like Gecko) Chrome/136.0.0.0 Safari/537.36',NULL,'2ffc68d5704ae54c298623177314b3696a31b7bb',NULL,NULL),(2023,'2025-05-26 12:30:40','USER_LOGIN',1,'2025-05-26 12:30:40',12,'UserLogged - TZ=1;TZString=Europe/Paris;Screen=1745x835 - authmode=dolibarr - entity=1','127.0.0.1','Mozilla/5.0 (X11; Linux x86_64) AppleWebKit/537.36 (KHTML, like Gecko) Chrome/136.0.0.0 Safari/537.36',NULL,'2ffc68d5704ae54c298623177314b3696a31b7bb',NULL,NULL),(2024,'2025-05-26 15:17:48','USER_LOGIN',1,'2025-05-26 15:17:48',12,'UserLogged - TZ=1;TZString=Europe/Paris;Screen=1745x835 - authmode=dolibarr - entity=1','127.0.0.1','Mozilla/5.0 (X11; Linux x86_64) AppleWebKit/537.36 (KHTML, like Gecko) Chrome/136.0.0.0 Safari/537.36',NULL,'2ffc68d5704ae54c298623177314b3696a31b7bb',NULL,NULL),(2025,'2025-05-26 17:40:28','USER_LOGIN',1,'2025-05-26 17:40:28',12,'UserLogged - TZ=1;TZString=Europe/Paris;Screen=1745x835 - authmode=dolibarr - entity=1','127.0.0.1','Mozilla/5.0 (X11; Linux x86_64) AppleWebKit/537.36 (KHTML, like Gecko) Chrome/136.0.0.0 Safari/537.36',NULL,'2ffc68d5704ae54c298623177314b3696a31b7bb',NULL,NULL),(2026,'2025-05-26 18:23:24','USER_LOGIN',1,'2025-05-26 18:23:24',12,'UserLogged - TZ=1;TZString=Europe/Paris;Screen=1745x835 - authmode=dolibarr - entity=1','127.0.0.1','Mozilla/5.0 (X11; Linux x86_64) AppleWebKit/537.36 (KHTML, like Gecko) Chrome/136.0.0.0 Safari/537.36',NULL,'2ffc68d5704ae54c298623177314b3696a31b7bb',NULL,NULL),(2027,'2025-05-26 18:36:10','USER_LOGIN_FAILED',1,'2025-05-26 18:36:10',NULL,'UserLoginFailed - Identifiant ou mot de passe incorrect - login=admin','192.168.0.1','Mozilla/5.0 (X11; Linux x86_64) AppleWebKit/537.36 (KHTML, like Gecko) Chrome/136.0.0.0 Safari/537.36',NULL,'2ffc68d5704ae54c298623177314b3696a31b7bb',NULL,NULL),(2028,'2025-05-26 18:36:13','USER_LOGIN_FAILED',1,'2025-05-26 18:36:13',NULL,'UserLoginFailed - Identifiant ou mot de passe incorrect - login=admin','192.168.0.1','Mozilla/5.0 (X11; Linux x86_64) AppleWebKit/537.36 (KHTML, like Gecko) Chrome/136.0.0.0 Safari/537.36',NULL,'2ffc68d5704ae54c298623177314b3696a31b7bb',NULL,NULL),(2029,'2025-05-26 18:36:15','USER_LOGIN',1,'2025-05-26 18:36:15',12,'UserLogged - TZ=1;TZString=Europe/Paris;Screen=1920x919 - authmode=dolibarr - entity=1','192.168.0.1','Mozilla/5.0 (X11; Linux x86_64) AppleWebKit/537.36 (KHTML, like Gecko) Chrome/136.0.0.0 Safari/537.36',NULL,'2ffc68d5704ae54c298623177314b3696a31b7bb',NULL,NULL),(2030,'2025-05-26 19:51:54','USER_LOGIN_FAILED',1,'2025-05-26 19:51:54',NULL,'UserLoginFailed - Identifiant ou mot de passe incorrect - login=admin','192.168.0.1','Mozilla/5.0 (X11; Linux x86_64) AppleWebKit/537.36 (KHTML, like Gecko) Chrome/136.0.0.0 Safari/537.36',NULL,'2ffc68d5704ae54c298623177314b3696a31b7bb',NULL,NULL),(2031,'2025-05-26 19:52:04','USER_LOGIN',1,'2025-05-26 19:52:04',12,'UserLogged - TZ=1;TZString=Europe/Paris;Screen=1920x919 - authmode=dolibarr - entity=1','192.168.0.1','Mozilla/5.0 (X11; Linux x86_64) AppleWebKit/537.36 (KHTML, like Gecko) Chrome/136.0.0.0 Safari/537.36',NULL,'2ffc68d5704ae54c298623177314b3696a31b7bb',NULL,NULL),(2032,'2025-05-26 19:52:21','USER_LOGIN',1,'2025-05-26 19:52:21',12,'UserLogged - TZ=1;TZString=Europe/Paris;Screen=1745x835 - authmode=dolibarr - entity=1','127.0.0.1','Mozilla/5.0 (X11; Linux x86_64) AppleWebKit/537.36 (KHTML, like Gecko) Chrome/136.0.0.0 Safari/537.36',NULL,'2ffc68d5704ae54c298623177314b3696a31b7bb',NULL,NULL),(2033,'2025-05-27 09:43:45','USER_LOGIN',1,'2025-05-27 09:43:45',12,'UserLogged - TZ=1;TZString=Europe/Paris;Screen=1745x835 - authmode=dolibarr - entity=1','127.0.0.1','Mozilla/5.0 (X11; Linux x86_64) AppleWebKit/537.36 (KHTML, like Gecko) Chrome/136.0.0.0 Safari/537.36',NULL,'2ffc68d5704ae54c298623177314b3696a31b7bb',NULL,NULL),(2034,'2025-05-27 12:18:30','USER_MODIFY',1,'2025-05-27 12:18:30',12,'EventUserModified','127.0.0.1','Mozilla/5.0 (X11; Linux x86_64) AppleWebKit/537.36 (KHTML, like Gecko) Chrome/136.0.0.0 Safari/537.36',NULL,'2ffc68d5704ae54c298623177314b3696a31b7bb',NULL,NULL),(2035,'2025-05-28 07:56:34','USER_LOGIN',1,'2025-05-28 07:56:34',12,'UserLogged - TZ=1;TZString=Europe/Paris;Screen=1920x919 - authmode=dolibarr - entity=1','127.0.0.1','Mozilla/5.0 (X11; Linux x86_64) AppleWebKit/537.36 (KHTML, like Gecko) Chrome/136.0.0.0 Safari/537.36',NULL,'2ffc68d5704ae54c298623177314b3696a31b7bb',NULL,NULL),(2036,'2025-05-28 07:57:06','USER_LOGIN',1,'2025-05-28 07:57:06',12,'UserLogged - TZ=1;TZString=Europe/Paris;Screen=1920x919 - authmode=dolibarr - entity=1','192.168.0.1','Mozilla/5.0 (X11; Linux x86_64) AppleWebKit/537.36 (KHTML, like Gecko) Chrome/136.0.0.0 Safari/537.36',NULL,'2ffc68d5704ae54c298623177314b3696a31b7bb',NULL,NULL),(2037,'2025-05-30 09:25:34','USER_LOGIN',1,'2025-05-30 09:25:34',12,'UserLogged - TZ=1;TZString=Europe/Paris;Screen=1920x919 - authmode=dolibarr - entity=1','127.0.0.1','Mozilla/5.0 (X11; Linux x86_64) AppleWebKit/537.36 (KHTML, like Gecko) Chrome/136.0.0.0 Safari/537.36',NULL,'2ffc68d5704ae54c298623177314b3696a31b7bb',NULL,NULL),(2038,'2025-05-30 09:26:53','USER_MODIFY',1,'2025-05-30 09:26:53',12,'EventUserModified - Permissions retir&eacute;es (id=773)','127.0.0.1','Mozilla/5.0 (X11; Linux x86_64) AppleWebKit/537.36 (KHTML, like Gecko) Chrome/136.0.0.0 Safari/537.36',NULL,'2ffc68d5704ae54c298623177314b3696a31b7bb',NULL,NULL),(2039,'2025-05-30 09:26:54','USER_MODIFY',1,'2025-05-30 09:26:54',12,'EventUserModified - Permissions retir&eacute;es (id=775)','127.0.0.1','Mozilla/5.0 (X11; Linux x86_64) AppleWebKit/537.36 (KHTML, like Gecko) Chrome/136.0.0.0 Safari/537.36',NULL,'2ffc68d5704ae54c298623177314b3696a31b7bb',NULL,NULL),(2040,'2025-05-30 09:26:55','USER_MODIFY',1,'2025-05-30 09:26:55',12,'EventUserModified - Permissions retir&eacute;es (id=776)','127.0.0.1','Mozilla/5.0 (X11; Linux x86_64) AppleWebKit/537.36 (KHTML, like Gecko) Chrome/136.0.0.0 Safari/537.36',NULL,'2ffc68d5704ae54c298623177314b3696a31b7bb',NULL,NULL),(2041,'2025-05-30 09:26:55','USER_MODIFY',1,'2025-05-30 09:26:55',12,'EventUserModified - Permissions retir&eacute;es (id=777)','127.0.0.1','Mozilla/5.0 (X11; Linux x86_64) AppleWebKit/537.36 (KHTML, like Gecko) Chrome/136.0.0.0 Safari/537.36',NULL,'2ffc68d5704ae54c298623177314b3696a31b7bb',NULL,NULL),(2042,'2025-05-30 09:26:56','USER_MODIFY',1,'2025-05-30 09:26:56',12,'EventUserModified - Permissions retir&eacute;es (id=778)','127.0.0.1','Mozilla/5.0 (X11; Linux x86_64) AppleWebKit/537.36 (KHTML, like Gecko) Chrome/136.0.0.0 Safari/537.36',NULL,'2ffc68d5704ae54c298623177314b3696a31b7bb',NULL,NULL),(2043,'2025-05-30 09:26:57','USER_MODIFY',1,'2025-05-30 09:26:57',12,'EventUserModified - Permissions retir&eacute;es (id=779)','127.0.0.1','Mozilla/5.0 (X11; Linux x86_64) AppleWebKit/537.36 (KHTML, like Gecko) Chrome/136.0.0.0 Safari/537.36',NULL,'2ffc68d5704ae54c298623177314b3696a31b7bb',NULL,NULL),(2044,'2025-05-31 10:36:13','USER_LOGIN',1,'2025-05-31 10:36:13',12,'UserLogged - TZ=1;TZString=Europe/Paris;Screen=1920x919 - authmode=dolibarr - entity=1','127.0.0.1','Mozilla/5.0 (X11; Linux x86_64) AppleWebKit/537.36 (KHTML, like Gecko) Chrome/136.0.0.0 Safari/537.36',NULL,'2ffc68d5704ae54c298623177314b3696a31b7bb',NULL,NULL),(2045,'2025-06-02 16:50:32','USER_LOGIN',1,'2025-06-02 16:50:32',12,'UserLogged - TZ=1;TZString=Europe/Paris;Screen=1920x919 - authmode=dolibarr - entity=1','127.0.0.1','Mozilla/5.0 (X11; Linux x86_64) AppleWebKit/537.36 (KHTML, like Gecko) Chrome/137.0.0.0 Safari/537.36',NULL,'2ffc68d5704ae54c298623177314b3696a31b7bb',NULL,NULL),(2046,'2025-06-02 18:17:36','USER_LOGIN',1,'2025-06-02 18:17:36',12,'UserLogged - TZ=1;TZString=Europe/Paris;Screen=1920x919 - authmode=dolibarr - entity=1','127.0.0.1','Mozilla/5.0 (X11; Linux x86_64) AppleWebKit/537.36 (KHTML, like Gecko) Chrome/137.0.0.0 Safari/537.36',NULL,'2ffc68d5704ae54c298623177314b3696a31b7bb',NULL,NULL),(2047,'2025-06-04 08:58:51','USER_LOGIN',1,'2025-06-04 08:58:51',12,'UserLogged - TZ=1;TZString=Europe/Paris;Screen=1920x919 - authmode=dolibarr - entity=1','127.0.0.1','Mozilla/5.0 (X11; Linux x86_64) AppleWebKit/537.36 (KHTML, like Gecko) Chrome/137.0.0.0 Safari/537.36',NULL,'2ffc68d5704ae54c298623177314b3696a31b7bb',NULL,NULL),(2048,'2025-06-04 11:56:49','USER_LOGIN',1,'2025-06-04 11:56:49',12,'UserLogged - TZ=1;TZString=Europe/Paris;Screen=1920x919 - authmode=dolibarr - entity=1','127.0.0.1','Mozilla/5.0 (X11; Linux x86_64) AppleWebKit/537.36 (KHTML, like Gecko) Chrome/137.0.0.0 Safari/537.36',NULL,'2ffc68d5704ae54c298623177314b3696a31b7bb',NULL,NULL),(2049,'2025-06-04 16:30:49','USER_LOGIN',1,'2025-06-04 16:30:49',12,'UserLogged - TZ=1;TZString=Europe/Paris;Screen=1920x919 - authmode=dolibarr - entity=1','127.0.0.1','Mozilla/5.0 (X11; Linux x86_64) AppleWebKit/537.36 (KHTML, like Gecko) Chrome/137.0.0.0 Safari/537.36',NULL,'2ffc68d5704ae54c298623177314b3696a31b7bb',NULL,NULL),(2050,'2025-06-05 11:42:12','USER_LOGIN',1,'2025-06-05 11:42:12',12,'UserLogged - TZ=1;TZString=Europe/Paris;Screen=1920x919 - authmode=dolibarr - entity=1','127.0.0.1','Mozilla/5.0 (X11; Linux x86_64) AppleWebKit/537.36 (KHTML, like Gecko) Chrome/137.0.0.0 Safari/537.36',NULL,'2ffc68d5704ae54c298623177314b3696a31b7bb',NULL,NULL),(2051,'2025-06-05 15:16:01','USER_LOGIN',1,'2025-06-05 15:16:01',12,'UserLogged - TZ=1;TZString=Europe/Paris;Screen=1920x919 - authmode=dolibarr - entity=1','127.0.0.1','Mozilla/5.0 (X11; Linux x86_64) AppleWebKit/537.36 (KHTML, like Gecko) Chrome/137.0.0.0 Safari/537.36',NULL,'2ffc68d5704ae54c298623177314b3696a31b7bb',NULL,NULL),(2052,'2025-06-05 22:24:58','USER_LOGIN',1,'2025-06-05 22:24:58',12,'UserLogged - TZ=1;TZString=Europe/Paris;Screen=1905x567 - authmode=dolibarr - entity=1','127.0.0.1','Mozilla/5.0 (X11; Linux x86_64) AppleWebKit/537.36 (KHTML, like Gecko) Chrome/137.0.0.0 Safari/537.36',NULL,'2ffc68d5704ae54c298623177314b3696a31b7bb',NULL,NULL),(2053,'2025-06-06 21:58:52','USER_LOGIN',1,'2025-06-06 21:58:52',12,'UserLogged - TZ=1;TZString=Europe/Paris;Screen=1920x919 - authmode=dolibarr - entity=1','192.168.0.1','Mozilla/5.0 (X11; Linux x86_64) AppleWebKit/537.36 (KHTML, like Gecko) Chrome/137.0.0.0 Safari/537.36',NULL,'2ffc68d5704ae54c298623177314b3696a31b7bb',NULL,NULL),(2054,'2025-06-06 22:00:01','USER_LOGOUT',1,'2025-06-06 22:00:01',12,'UserLogoff','192.168.0.1','Mozilla/5.0 (X11; Linux x86_64) AppleWebKit/537.36 (KHTML, like Gecko) Chrome/137.0.0.0 Safari/537.36',NULL,'2ffc68d5704ae54c298623177314b3696a31b7bb',NULL,NULL),(2055,'2025-06-06 22:00:06','USER_LOGIN',1,'2025-06-06 22:00:06',12,'UserLogged - TZ=1;TZString=Europe/Paris;Screen=1920x919 - authmode=dolibarr - entity=1','192.168.0.1','Mozilla/5.0 (X11; Linux x86_64) AppleWebKit/537.36 (KHTML, like Gecko) Chrome/137.0.0.0 Safari/537.36',NULL,'2ffc68d5704ae54c298623177314b3696a31b7bb',NULL,NULL),(2056,'2025-06-06 22:07:15','USER_LOGOUT',1,'2025-06-06 22:07:15',12,'UserLogoff','192.168.0.1','Mozilla/5.0 (X11; Linux x86_64) AppleWebKit/537.36 (KHTML, like Gecko) Chrome/137.0.0.0 Safari/537.36',NULL,'2ffc68d5704ae54c298623177314b3696a31b7bb',NULL,NULL),(2057,'2025-06-06 22:07:29','USER_LOGIN',1,'2025-06-06 22:07:29',12,'UserLogged - TZ=1;TZString=Europe/Paris;Screen=1920x919 - authmode=dolibarr - entity=1','192.168.0.1','Mozilla/5.0 (X11; Linux x86_64) AppleWebKit/537.36 (KHTML, like Gecko) Chrome/137.0.0.0 Safari/537.36',NULL,'2ffc68d5704ae54c298623177314b3696a31b7bb',NULL,NULL),(2058,'2025-06-06 22:37:27','USER_LOGIN',1,'2025-06-06 22:37:27',12,'UserLogged - TZ=1;TZString=Europe/Paris;Screen=1920x919 - authmode=dolibarr - entity=1','192.168.0.1','Mozilla/5.0 (X11; Linux x86_64) AppleWebKit/537.36 (KHTML, like Gecko) Chrome/137.0.0.0 Safari/537.36',NULL,'2ffc68d5704ae54c298623177314b3696a31b7bb',NULL,NULL),(2059,'2025-06-06 22:38:00','USER_LOGOUT',1,'2025-06-06 22:38:00',12,'UserLogoff','192.168.0.1','Mozilla/5.0 (X11; Linux x86_64) AppleWebKit/537.36 (KHTML, like Gecko) Chrome/137.0.0.0 Safari/537.36',NULL,'2ffc68d5704ae54c298623177314b3696a31b7bb',NULL,NULL),(2060,'2025-06-06 22:38:04','USER_LOGIN',1,'2025-06-06 22:38:04',12,'UserLogged - TZ=1;TZString=Europe/Paris;Screen=1920x919 - authmode=dolibarr - entity=1','192.168.0.1','Mozilla/5.0 (X11; Linux x86_64) AppleWebKit/537.36 (KHTML, like Gecko) Chrome/137.0.0.0 Safari/537.36',NULL,'2ffc68d5704ae54c298623177314b3696a31b7bb',NULL,NULL),(2061,'2025-06-06 22:38:52','USER_LOGIN',1,'2025-06-06 22:38:52',12,'UserLogged - TZ=1;TZString=Europe/Paris;Screen=1920x919 - authmode=dolibarr - entity=1','192.168.0.1','Mozilla/5.0 (X11; Linux x86_64) AppleWebKit/537.36 (KHTML, like Gecko) Chrome/137.0.0.0 Safari/537.36',NULL,'2ffc68d5704ae54c298623177314b3696a31b7bb',NULL,NULL),(2062,'2025-06-06 22:39:25','USER_LOGIN',1,'2025-06-06 22:39:25',12,'UserLogged - TZ=1;TZString=Europe/Paris;Screen=411x784 - authmode=dolibarr - entity=1','192.168.0.15','Mozilla/5.0 (Linux; Android 14; SM-A528B Build/UP1A.231005.007; wv) AppleWebKit/537.36 (KHTML, like Gecko) Version/4.0 Chrome/136.0.7103.125 Mobile Safari/537.36 - DoliDroid - Android client pour Dolibarr ERP-CRM',NULL,'2ffc68d5704ae54c298623177314b3696a31b7bb',NULL,NULL),(2063,'2025-06-06 22:39:42','USER_LOGOUT',1,'2025-06-06 22:39:42',12,'UserLogoff','192.168.0.15','Mozilla/5.0 (Linux; Android 14; SM-A528B Build/UP1A.231005.007; wv) AppleWebKit/537.36 (KHTML, like Gecko) Version/4.0 Chrome/136.0.7103.125 Mobile Safari/537.36 - DoliDroid - Android client pour Dolibarr ERP-CRM',NULL,'2ffc68d5704ae54c298623177314b3696a31b7bb',NULL,NULL),(2064,'2025-06-06 22:40:56','USER_LOGIN',1,'2025-06-06 22:40:56',12,'UserLogged - TZ=1;TZString=Europe/Paris;Screen=411x784 - authmode=dolibarr - entity=1','192.168.0.15','Mozilla/5.0 (Linux; Android 14; SM-A528B Build/UP1A.231005.007; wv) AppleWebKit/537.36 (KHTML, like Gecko) Version/4.0 Chrome/136.0.7103.125 Mobile Safari/537.36 - DoliDroid - Android client pour Dolibarr ERP-CRM',NULL,'2ffc68d5704ae54c298623177314b3696a31b7bb',NULL,NULL),(2065,'2025-06-06 22:42:37','USER_LOGOUT',1,'2025-06-06 22:42:37',12,'UserLogoff','192.168.0.15','Mozilla/5.0 (Linux; Android 14; SM-A528B Build/UP1A.231005.007; wv) AppleWebKit/537.36 (KHTML, like Gecko) Version/4.0 Chrome/136.0.7103.125 Mobile Safari/537.36 - DoliDroid - Android client pour Dolibarr ERP-CRM',NULL,'2ffc68d5704ae54c298623177314b3696a31b7bb',NULL,NULL),(2066,'2025-06-06 22:43:15','USER_LOGIN',1,'2025-06-06 22:43:15',12,'UserLogged - TZ=1;TZString=Europe/Paris;Screen=411x784 - authmode=dolibarr - entity=1','192.168.0.15','Mozilla/5.0 (Linux; Android 14; SM-A528B Build/UP1A.231005.007; wv) AppleWebKit/537.36 (KHTML, like Gecko) Version/4.0 Chrome/136.0.7103.125 Mobile Safari/537.36 - DoliDroid - Android client pour Dolibarr ERP-CRM',NULL,'2ffc68d5704ae54c298623177314b3696a31b7bb',NULL,NULL),(2067,'2025-06-06 22:43:49','USER_LOGOUT',1,'2025-06-06 22:43:49',12,'UserLogoff','192.168.0.15','Mozilla/5.0 (Linux; Android 14; SM-A528B Build/UP1A.231005.007; wv) AppleWebKit/537.36 (KHTML, like Gecko) Version/4.0 Chrome/136.0.7103.125 Mobile Safari/537.36 - DoliDroid - Android client pour Dolibarr ERP-CRM',NULL,'2ffc68d5704ae54c298623177314b3696a31b7bb',NULL,NULL),(2068,'2025-06-06 22:44:01','USER_LOGIN',1,'2025-06-06 22:44:01',12,'UserLogged - TZ=1;TZString=Europe/Paris;Screen=411x784 - authmode=dolibarr - entity=1','192.168.0.15','Mozilla/5.0 (Linux; Android 14; SM-A528B Build/UP1A.231005.007; wv) AppleWebKit/537.36 (KHTML, like Gecko) Version/4.0 Chrome/136.0.7103.125 Mobile Safari/537.36 - DoliDroid - Android client pour Dolibarr ERP-CRM',NULL,'2ffc68d5704ae54c298623177314b3696a31b7bb',NULL,NULL),(2069,'2025-06-07 11:35:35','USER_LOGIN',1,'2025-06-07 11:35:35',12,'UserLogged - TZ=1;TZString=Europe/Paris;Screen=1905x435 - authmode=dolibarr - entity=1','192.168.0.1','Mozilla/5.0 (X11; Linux x86_64) AppleWebKit/537.36 (KHTML, like Gecko) Chrome/137.0.0.0 Safari/537.36',NULL,'2ffc68d5704ae54c298623177314b3696a31b7bb',NULL,NULL),(2070,'2025-06-07 17:37:39','USER_LOGIN',1,'2025-06-07 17:37:39',12,'UserLogged - TZ=1;TZString=Europe/Paris;Screen=412x804 - authmode=dolibarr - entity=1','192.168.0.1','Mozilla/5.0 (Linux; Android 10; Android SDK built for x86 Build/QSR1.210802.001; wv) AppleWebKit/537.36 (KHTML, like Gecko) Version/4.0 Chrome/74.0.3729.185 Mobile Safari/537.36 - DoliDroid - Android front-end for Dolibarr ERP-CRM',NULL,'2ffc68d5704ae54c298623177314b3696a31b7bb',NULL,NULL),(2071,'2025-06-07 17:38:40','USER_LOGIN',1,'2025-06-07 17:38:40',12,'UserLogged - TZ=1;TZString=Europe/Paris;Screen=1920x919 - authmode=dolibarr - entity=1','192.168.0.1','Mozilla/5.0 (X11; Linux x86_64) AppleWebKit/537.36 (KHTML, like Gecko) Chrome/137.0.0.0 Safari/537.36',NULL,'2ffc68d5704ae54c298623177314b3696a31b7bb',NULL,NULL),(2072,'2025-06-07 17:51:20','USER_LOGIN',1,'2025-06-07 17:51:20',12,'UserLogged - TZ=1;TZString=Europe/Paris;Screen=411x784 - authmode=dolibarr - entity=1','192.168.0.15','Mozilla/5.0 (Linux; Android 14; SM-A528B Build/UP1A.231005.007; wv) AppleWebKit/537.36 (KHTML, like Gecko) Version/4.0 Chrome/136.0.7103.125 Mobile Safari/537.36 - DoliDroid - Android client pour Dolibarr ERP-CRM',NULL,'2ffc68d5704ae54c298623177314b3696a31b7bb',NULL,NULL),(2073,'2025-06-07 17:51:36','USER_LOGOUT',1,'2025-06-07 17:51:36',12,'UserLogoff','192.168.0.15','Mozilla/5.0 (Linux; Android 14; SM-A528B Build/UP1A.231005.007; wv) AppleWebKit/537.36 (KHTML, like Gecko) Version/4.0 Chrome/136.0.7103.125 Mobile Safari/537.36 - DoliDroid - Android client pour Dolibarr ERP-CRM',NULL,'2ffc68d5704ae54c298623177314b3696a31b7bb',NULL,NULL),(2074,'2025-06-07 17:51:46','USER_LOGIN',1,'2025-06-07 17:51:46',12,'UserLogged - TZ=1;TZString=Europe/Paris;Screen=411x405 - authmode=dolibarr - entity=1','192.168.0.15','Mozilla/5.0 (Linux; Android 14; SM-A528B Build/UP1A.231005.007; wv) AppleWebKit/537.36 (KHTML, like Gecko) Version/4.0 Chrome/136.0.7103.125 Mobile Safari/537.36 - DoliDroid - Android client pour Dolibarr ERP-CRM',NULL,'2ffc68d5704ae54c298623177314b3696a31b7bb',NULL,NULL),(2075,'2025-06-07 17:55:47','USER_LOGOUT',1,'2025-06-07 17:55:47',12,'UserLogoff','192.168.0.15','Mozilla/5.0 (Linux; Android 14; SM-A528B Build/UP1A.231005.007; wv) AppleWebKit/537.36 (KHTML, like Gecko) Version/4.0 Chrome/136.0.7103.125 Mobile Safari/537.36 - DoliDroid - Android client pour Dolibarr ERP-CRM',NULL,'2ffc68d5704ae54c298623177314b3696a31b7bb',NULL,NULL),(2076,'2025-06-07 17:55:49','USER_LOGIN',1,'2025-06-07 17:55:49',12,'UserLogged - TZ=1;TZString=Europe/Paris;Screen=411x784 - authmode=dolibarr - entity=1','192.168.0.15','Mozilla/5.0 (Linux; Android 14; SM-A528B Build/UP1A.231005.007; wv) AppleWebKit/537.36 (KHTML, like Gecko) Version/4.0 Chrome/136.0.7103.125 Mobile Safari/537.36 - DoliDroid - Android client pour Dolibarr ERP-CRM',NULL,'2ffc68d5704ae54c298623177314b3696a31b7bb',NULL,NULL),(2077,'2025-06-10 12:46:55','USER_LOGIN',1,'2025-06-10 12:46:55',12,'UserLogged - TZ=1;TZString=Europe/Paris;Screen=1920x919 - authmode=dolibarr - entity=1','192.168.0.1','Mozilla/5.0 (X11; Linux x86_64) AppleWebKit/537.36 (KHTML, like Gecko) Chrome/137.0.0.0 Safari/537.36',NULL,'2ffc68d5704ae54c298623177314b3696a31b7bb',NULL,NULL),(2078,'2025-06-10 15:59:38','USER_LOGIN',1,'2025-06-10 15:59:38',12,'UserLogged - TZ=1;TZString=Europe/Paris;Screen=1920x919 - authmode=dolibarr - entity=1','192.168.0.1','Mozilla/5.0 (X11; Linux x86_64) AppleWebKit/537.36 (KHTML, like Gecko) Chrome/137.0.0.0 Safari/537.36',NULL,'2ffc68d5704ae54c298623177314b3696a31b7bb',NULL,NULL),(2079,'2025-06-10 16:01:13','USER_LOGIN',1,'2025-06-10 16:01:13',12,'UserLogged - TZ=1;TZString=Europe/Paris;Screen=1920x919 - authmode=dolibarr - entity=1','127.0.0.1','Mozilla/5.0 (X11; Linux x86_64) AppleWebKit/537.36 (KHTML, like Gecko) Chrome/137.0.0.0 Safari/537.36',NULL,'2ffc68d5704ae54c298623177314b3696a31b7bb',NULL,NULL),(2080,'2025-06-10 16:16:38','USER_LOGIN',1,'2025-06-10 16:16:38',12,'UserLogged - TZ=1;TZString=Europe/Paris;Screen=412x804 - authmode=dolibarr - entity=1','192.168.0.1','Mozilla/5.0 (Linux; Android 10; Android SDK built for x86 Build/QSR1.210802.001; wv) AppleWebKit/537.36 (KHTML, like Gecko) Version/4.0 Chrome/74.0.3729.185 Mobile Safari/537.36 - DoliDroid - Android front-end for Dolibarr ERP-CRM',NULL,'2ffc68d5704ae54c298623177314b3696a31b7bb',NULL,NULL),(2081,'2025-06-10 16:17:03','USER_LOGIN',1,'2025-06-10 16:17:03',12,'UserLogged - TZ=1;TZString=Europe/Paris;Screen=411x784 - authmode=dolibarr - entity=1','192.168.0.15','Mozilla/5.0 (Linux; Android 14; SM-A528B Build/UP1A.231005.007; wv) AppleWebKit/537.36 (KHTML, like Gecko) Version/4.0 Chrome/136.0.7103.125 Mobile Safari/537.36 - DoliDroid - Android client pour Dolibarr ERP-CRM',NULL,'2ffc68d5704ae54c298623177314b3696a31b7bb',NULL,NULL),(2082,'2025-06-11 10:02:27','USER_LOGIN',1,'2025-06-11 10:02:27',12,'UserLogged - TZ=1;TZString=Europe/Paris;Screen=1905x543 - authmode=dolibarr - entity=1','127.0.0.1','Mozilla/5.0 (X11; Linux x86_64) AppleWebKit/537.36 (KHTML, like Gecko) Chrome/137.0.0.0 Safari/537.36',NULL,'2ffc68d5704ae54c298623177314b3696a31b7bb',NULL,NULL),(2083,'2025-06-11 20:13:05','USER_LOGIN',1,'2025-06-11 20:13:05',12,'UserLogged - TZ=1;TZString=Europe/Paris;Screen=411x784 - authmode=dolibarr - entity=1','192.168.0.15','Mozilla/5.0 (Linux; Android 14; SM-A528B Build/UP1A.231005.007; wv) AppleWebKit/537.36 (KHTML, like Gecko) Version/4.0 Chrome/136.0.7103.125 Mobile Safari/537.36 - DoliDroid - Android client pour Dolibarr ERP-CRM',NULL,'2ffc68d5704ae54c298623177314b3696a31b7bb',NULL,NULL),(2084,'2025-06-11 20:16:44','USER_LOGOUT',1,'2025-06-11 20:16:44',12,'UserLogoff','192.168.0.15','Mozilla/5.0 (Linux; Android 14; SM-A528B Build/UP1A.231005.007; wv) AppleWebKit/537.36 (KHTML, like Gecko) Version/4.0 Chrome/136.0.7103.125 Mobile Safari/537.36 - DoliDroid - Android client pour Dolibarr ERP-CRM',NULL,'2ffc68d5704ae54c298623177314b3696a31b7bb',NULL,NULL),(2085,'2025-06-11 22:16:21','USER_LOGIN',1,'2025-06-11 22:16:21',12,'UserLogged - TZ=1;TZString=Europe/Paris;Screen=411x784 - authmode=dolibarr - entity=1','192.168.0.15','Mozilla/5.0 (Linux; Android 14; SM-A528B Build/UP1A.231005.007; wv) AppleWebKit/537.36 (KHTML, like Gecko) Version/4.0 Chrome/136.0.7103.125 Mobile Safari/537.36 - DoliDroid - Android client pour Dolibarr ERP-CRM',NULL,'2ffc68d5704ae54c298623177314b3696a31b7bb',NULL,NULL),(2086,'2025-06-12 04:44:29','USER_LOGIN',1,'2025-06-12 04:44:29',12,'UserLogged - TZ=1;TZString=Europe/Paris;Screen=411x784 - authmode=dolibarr - entity=1','192.168.0.49','Mozilla/5.0 (Linux; Android 14; SM-A528B Build/UP1A.231005.007; wv) AppleWebKit/537.36 (KHTML, like Gecko) Version/4.0 Chrome/137.0.7151.61 Mobile Safari/537.36 - DoliDroid - Android client pour Dolibarr ERP-CRM',NULL,'2ffc68d5704ae54c298623177314b3696a31b7bb',NULL,NULL),(2087,'2025-06-12 05:06:02','USER_LOGIN',1,'2025-06-12 05:06:02',12,'UserLogged - TZ=1;TZString=Europe/Paris;Screen=1920x919 - authmode=dolibarr - entity=1','127.0.0.1','Mozilla/5.0 (X11; Linux x86_64) AppleWebKit/537.36 (KHTML, like Gecko) Chrome/137.0.0.0 Safari/537.36',NULL,'2ffc68d5704ae54c298623177314b3696a31b7bb',NULL,NULL),(2088,'2025-06-15 15:20:34','USER_LOGIN_FAILED',1,'2025-06-15 15:20:34',NULL,'UserLoginFailed - Identifiant ou mot de passe incorrect - login=admin','192.168.0.1','Mozilla/5.0 (X11; Linux x86_64) AppleWebKit/537.36 (KHTML, like Gecko) Chrome/137.0.0.0 Safari/537.36',NULL,'2ffc68d5704ae54c298623177314b3696a31b7bb',NULL,NULL),(2089,'2025-06-15 15:20:37','USER_LOGIN',1,'2025-06-15 15:20:37',12,'UserLogged - TZ=1;TZString=Europe/Paris;Screen=1920x919 - authmode=dolibarr - entity=1','192.168.0.1','Mozilla/5.0 (X11; Linux x86_64) AppleWebKit/537.36 (KHTML, like Gecko) Chrome/137.0.0.0 Safari/537.36',NULL,'2ffc68d5704ae54c298623177314b3696a31b7bb',NULL,NULL),(2090,'2025-06-16 13:50:32','USER_LOGIN',1,'2025-06-16 13:50:32',12,'UserLogged - TZ=1;TZString=Europe/Paris;Screen=1920x919 - authmode=dolibarr - entity=1','127.0.0.1','Mozilla/5.0 (X11; Linux x86_64) AppleWebKit/537.36 (KHTML, like Gecko) Chrome/137.0.0.0 Safari/537.36',NULL,'2ffc68d5704ae54c298623177314b3696a31b7bb',NULL,NULL),(2091,'2025-06-16 14:36:05','USER_LOGIN',1,'2025-06-16 14:36:05',12,'UserLogged - TZ=1;TZString=Europe/Paris;Screen=1920x919 - authmode=dolibarr - entity=1','192.168.0.1','Mozilla/5.0 (X11; Linux x86_64) AppleWebKit/537.36 (KHTML, like Gecko) Chrome/137.0.0.0 Safari/537.36',NULL,'2ffc68d5704ae54c298623177314b3696a31b7bb',NULL,NULL),(2092,'2025-06-16 17:40:44','USER_LOGIN',1,'2025-06-16 17:40:44',12,'UserLogged - TZ=1;TZString=Europe/Paris;Screen=1920x919 - authmode=dolibarr - entity=1','192.168.0.1','Mozilla/5.0 (X11; Linux x86_64) AppleWebKit/537.36 (KHTML, like Gecko) Chrome/137.0.0.0 Safari/537.36',NULL,'2ffc68d5704ae54c298623177314b3696a31b7bb',NULL,NULL),(2093,'2025-06-16 19:45:16','USER_LOGIN',1,'2025-06-16 19:45:16',12,'UserLogged - TZ=1;TZString=Europe/Paris;Screen=1920x919 - authmode=dolibarr - entity=1','192.168.0.1','Mozilla/5.0 (X11; Linux x86_64) AppleWebKit/537.36 (KHTML, like Gecko) Chrome/137.0.0.0 Safari/537.36',NULL,'2ffc68d5704ae54c298623177314b3696a31b7bb',NULL,NULL),(2094,'2025-06-16 19:46:22','USER_LOGIN',1,'2025-06-16 19:46:22',12,'UserLogged - TZ=1;TZString=Europe/Paris;Screen=1920x919 - authmode=dolibarr - entity=1','127.0.0.1','Mozilla/5.0 (X11; Linux x86_64) AppleWebKit/537.36 (KHTML, like Gecko) Chrome/137.0.0.0 Safari/537.36',NULL,'2ffc68d5704ae54c298623177314b3696a31b7bb',NULL,NULL),(2095,'2025-06-16 22:41:39','USER_LOGIN',1,'2025-06-16 22:41:39',12,'UserLogged - TZ=1;TZString=Europe/Paris;Screen=1920x919 - authmode=dolibarr - entity=1','192.168.0.1','Mozilla/5.0 (X11; Linux x86_64) AppleWebKit/537.36 (KHTML, like Gecko) Chrome/137.0.0.0 Safari/537.36',NULL,'2ffc68d5704ae54c298623177314b3696a31b7bb',NULL,NULL),(2096,'2025-06-16 23:57:19','USER_LOGIN',1,'2025-06-16 23:57:19',12,'UserLogged - TZ=1;TZString=Europe/Paris;Screen=1920x919 - authmode=dolibarr - entity=1','192.168.0.1','Mozilla/5.0 (X11; Linux x86_64) AppleWebKit/537.36 (KHTML, like Gecko) Chrome/137.0.0.0 Safari/537.36',NULL,'2ffc68d5704ae54c298623177314b3696a31b7bb',NULL,NULL),(2097,'2025-06-17 09:07:18','USER_LOGIN',1,'2025-06-17 09:07:18',12,'UserLogged - TZ=1;TZString=Europe/Paris;Screen=1920x919 - authmode=dolibarr - entity=1','127.0.0.1','Mozilla/5.0 (X11; Linux x86_64) AppleWebKit/537.36 (KHTML, like Gecko) Chrome/137.0.0.0 Safari/537.36',NULL,'2ffc68d5704ae54c298623177314b3696a31b7bb',NULL,NULL),(2098,'2025-06-17 12:45:14','USER_LOGIN',1,'2025-06-17 12:45:14',12,'UserLogged - TZ=1;TZString=Europe/Paris;Screen=1920x919 - authmode=dolibarr - entity=1','127.0.0.1','Mozilla/5.0 (X11; Linux x86_64) AppleWebKit/537.36 (KHTML, like Gecko) Chrome/137.0.0.0 Safari/537.36',NULL,'2ffc68d5704ae54c298623177314b3696a31b7bb',NULL,NULL),(2099,'2025-06-17 16:39:36','USER_LOGIN',1,'2025-06-17 16:39:36',12,'UserLogged - TZ=1;TZString=Europe/Paris;Screen=1905x592 - authmode=dolibarr - entity=1','127.0.0.1','Mozilla/5.0 (X11; Linux x86_64) AppleWebKit/537.36 (KHTML, like Gecko) Chrome/137.0.0.0 Safari/537.36',NULL,'2ffc68d5704ae54c298623177314b3696a31b7bb',NULL,NULL),(2100,'2025-06-18 08:35:58','USER_LOGIN',1,'2025-06-18 08:35:58',12,'UserLogged - TZ=1;TZString=Europe/Paris;Screen=1920x919 - authmode=dolibarr - entity=1','127.0.0.1','Mozilla/5.0 (X11; Linux x86_64) AppleWebKit/537.36 (KHTML, like Gecko) Chrome/137.0.0.0 Safari/537.36',NULL,'2ffc68d5704ae54c298623177314b3696a31b7bb',NULL,NULL),(2101,'2025-06-18 11:46:27','USER_LOGIN',1,'2025-06-18 11:46:27',12,'UserLogged - TZ=1;TZString=Europe/Paris;Screen=1920x919 - authmode=dolibarr - entity=1','127.0.0.1','Mozilla/5.0 (X11; Linux x86_64) AppleWebKit/537.36 (KHTML, like Gecko) Chrome/137.0.0.0 Safari/537.36',NULL,'2ffc68d5704ae54c298623177314b3696a31b7bb',NULL,NULL),(2102,'2025-06-18 13:49:20','USER_LOGIN',1,'2025-06-18 13:49:20',12,'UserLogged - TZ=1;TZString=Europe/Paris;Screen=1920x919 - authmode=dolibarr - entity=1','127.0.0.1','Mozilla/5.0 (X11; Linux x86_64) AppleWebKit/537.36 (KHTML, like Gecko) Chrome/137.0.0.0 Safari/537.36',NULL,'2ffc68d5704ae54c298623177314b3696a31b7bb',NULL,NULL),(2103,'2025-06-19 08:18:06','USER_LOGIN',1,'2025-06-19 08:18:06',12,'UserLogged - TZ=1;TZString=Europe/Paris;Screen=1920x919 - authmode=dolibarr - entity=1','127.0.0.1','Mozilla/5.0 (X11; Linux x86_64) AppleWebKit/537.36 (KHTML, like Gecko) Chrome/137.0.0.0 Safari/537.36',NULL,'2ffc68d5704ae54c298623177314b3696a31b7bb',NULL,NULL),(2104,'2025-06-19 11:21:02','USER_LOGIN',1,'2025-06-19 11:21:02',12,'UserLogged - TZ=1;TZString=Europe/Paris;Screen=1920x919 - authmode=dolibarr - entity=1','127.0.0.1','Mozilla/5.0 (X11; Linux x86_64) AppleWebKit/537.36 (KHTML, like Gecko) Chrome/137.0.0.0 Safari/537.36',NULL,'2ffc68d5704ae54c298623177314b3696a31b7bb',NULL,NULL),(2105,'2025-06-19 13:00:28','USER_LOGIN',1,'2025-06-19 13:00:28',12,'UserLogged - TZ=1;TZString=Europe/Paris;Screen=1920x959 - authmode=dolibarr - entity=1','127.0.0.1','Mozilla/5.0 (X11; Linux x86_64) AppleWebKit/537.36 (KHTML, like Gecko) Chrome/137.0.0.0 Safari/537.36',NULL,'2ffc68d5704ae54c298623177314b3696a31b7bb',NULL,NULL),(2106,'2025-06-19 13:19:35','USER_LOGIN',1,'2025-06-19 13:19:35',12,'UserLogged - TZ=1;TZString=Europe/Paris;Screen=1920x919 - authmode=dolibarr - entity=1','127.0.0.1','Mozilla/5.0 (X11; Linux x86_64) AppleWebKit/537.36 (KHTML, like Gecko) Chrome/137.0.0.0 Safari/537.36',NULL,'2ffc68d5704ae54c298623177314b3696a31b7bb',NULL,NULL),(2107,'2025-06-19 23:18:25','USER_LOGIN_FAILED',1,'2025-06-19 23:18:25',NULL,'UserLoginFailed - Identifiant ou mot de passe incorrect - login=Ldestailleur','127.0.0.1','Mozilla/5.0 (X11; Linux x86_64) AppleWebKit/537.36 (KHTML, like Gecko) Chrome/137.0.0.0 Safari/537.36',NULL,'2ffc68d5704ae54c298623177314b3696a31b7bb',NULL,NULL),(2108,'2025-06-19 23:18:29','USER_LOGIN',1,'2025-06-19 23:18:29',12,'UserLogged - TZ=1;TZString=Europe/Paris;Screen=1920x919 - authmode=dolibarr - entity=1','127.0.0.1','Mozilla/5.0 (X11; Linux x86_64) AppleWebKit/537.36 (KHTML, like Gecko) Chrome/137.0.0.0 Safari/537.36',NULL,'2ffc68d5704ae54c298623177314b3696a31b7bb',NULL,NULL),(2109,'2025-06-20 10:51:05','USER_LOGIN',1,'2025-06-20 10:51:05',12,'UserLogged - TZ=1;TZString=Europe/Paris;Screen=1920x919 - authmode=dolibarr - entity=1','127.0.0.1','Mozilla/5.0 (X11; Linux x86_64) AppleWebKit/537.36 (KHTML, like Gecko) Chrome/137.0.0.0 Safari/537.36',NULL,'2ffc68d5704ae54c298623177314b3696a31b7bb',NULL,NULL),(2110,'2025-06-21 12:44:07','USER_LOGIN',1,'2025-06-21 12:44:07',12,'UserLogged - TZ=1;TZString=Europe/Paris;Screen=1920x919 - authmode=dolibarr - entity=1','127.0.0.1','Mozilla/5.0 (X11; Linux x86_64) AppleWebKit/537.36 (KHTML, like Gecko) Chrome/137.0.0.0 Safari/537.36',NULL,'2ffc68d5704ae54c298623177314b3696a31b7bb',NULL,NULL),(2111,'2025-06-22 10:05:47','USER_LOGIN_FAILED',1,'2025-06-22 10:05:47',NULL,'UserLoginFailed - Identifiant ou mot de passe incorrect - login=Ldestailleur','127.0.0.1','Mozilla/5.0 (X11; Linux x86_64) AppleWebKit/537.36 (KHTML, like Gecko) Chrome/137.0.0.0 Safari/537.36',NULL,'2ffc68d5704ae54c298623177314b3696a31b7bb',NULL,NULL),(2112,'2025-06-22 10:05:49','USER_LOGIN',1,'2025-06-22 10:05:49',12,'UserLogged - TZ=1;TZString=Europe/Paris;Screen=1920x919 - authmode=dolibarr - entity=1','127.0.0.1','Mozilla/5.0 (X11; Linux x86_64) AppleWebKit/537.36 (KHTML, like Gecko) Chrome/137.0.0.0 Safari/537.36',NULL,'2ffc68d5704ae54c298623177314b3696a31b7bb',NULL,NULL),(2113,'2025-06-22 15:58:39','USER_LOGIN',1,'2025-06-22 15:58:39',12,'UserLogged - TZ=1;TZString=Europe/Paris;Screen=1920x919 - authmode=dolibarr - entity=1','127.0.0.1','Mozilla/5.0 (X11; Linux x86_64) AppleWebKit/537.36 (KHTML, like Gecko) Chrome/137.0.0.0 Safari/537.36',NULL,'2ffc68d5704ae54c298623177314b3696a31b7bb',NULL,NULL),(2114,'2025-06-22 21:56:59','USER_LOGIN',1,'2025-06-22 21:56:59',12,'UserLogged - TZ=1;TZString=Europe/Paris;Screen=1920x919 - authmode=dolibarr - entity=1','127.0.0.1','Mozilla/5.0 (X11; Linux x86_64) AppleWebKit/537.36 (KHTML, like Gecko) Chrome/137.0.0.0 Safari/537.36',NULL,'2ffc68d5704ae54c298623177314b3696a31b7bb',NULL,NULL),(2115,'2025-06-22 22:46:46','USER_LOGIN',1,'2025-06-22 22:46:46',12,'UserLogged - TZ=1;TZString=Europe/Paris;Screen=1920x919 - authmode=dolibarr - entity=1','127.0.0.1','Mozilla/5.0 (X11; Linux x86_64) AppleWebKit/537.36 (KHTML, like Gecko) Chrome/137.0.0.0 Safari/537.36',NULL,'2ffc68d5704ae54c298623177314b3696a31b7bb',NULL,NULL),(2116,'2025-06-23 01:07:00','USER_LOGIN',1,'2025-06-23 01:07:00',12,'UserLogged - TZ=1;TZString=Europe/Paris;Screen=1920x919 - authmode=dolibarr - entity=1','127.0.0.1','Mozilla/5.0 (X11; Linux x86_64) AppleWebKit/537.36 (KHTML, like Gecko) Chrome/137.0.0.0 Safari/537.36',NULL,'2ffc68d5704ae54c298623177314b3696a31b7bb',NULL,NULL),(2117,'2025-06-23 10:37:23','USER_LOGIN',1,'2025-06-23 10:37:23',12,'UserLogged - TZ=1;TZString=Europe/Paris;Screen=1920x919 - authmode=dolibarr - entity=1','127.0.0.1','Mozilla/5.0 (X11; Linux x86_64) AppleWebKit/537.36 (KHTML, like Gecko) Chrome/137.0.0.0 Safari/537.36',NULL,'2ffc68d5704ae54c298623177314b3696a31b7bb',NULL,NULL),(2118,'2025-06-23 14:14:16','USER_LOGIN',1,'2025-06-23 14:14:16',12,'UserLogged - TZ=1;TZString=Europe/Paris;Screen=1920x919 - authmode=dolibarr - entity=1','127.0.0.1','Mozilla/5.0 (X11; Linux x86_64) AppleWebKit/537.36 (KHTML, like Gecko) Chrome/137.0.0.0 Safari/537.36',NULL,'2ffc68d5704ae54c298623177314b3696a31b7bb',NULL,NULL),(2119,'2025-06-23 15:16:50','USER_LOGIN',1,'2025-06-23 15:16:50',12,'UserLogged - TZ=1;TZString=Europe/Paris;Screen=1920x919 - authmode=dolibarr - entity=1','127.0.0.1','Mozilla/5.0 (X11; Linux x86_64) AppleWebKit/537.36 (KHTML, like Gecko) Chrome/137.0.0.0 Safari/537.36',NULL,'2ffc68d5704ae54c298623177314b3696a31b7bb',NULL,NULL),(2120,'2025-06-24 07:47:36','USER_LOGIN',1,'2025-06-24 07:47:36',12,'UserLogged - TZ=1;TZString=Europe/Paris;Screen=1920x919 - authmode=dolibarr - entity=1','127.0.0.1','Mozilla/5.0 (X11; Linux x86_64) AppleWebKit/537.36 (KHTML, like Gecko) Chrome/137.0.0.0 Safari/537.36',NULL,'2ffc68d5704ae54c298623177314b3696a31b7bb',NULL,NULL),(2121,'2025-06-24 09:06:01','USER_LOGIN',1,'2025-06-24 09:06:01',12,'UserLogged - TZ=1;TZString=Europe/Paris;Screen=1920x919 - authmode=dolibarr - entity=1','127.0.0.1','Mozilla/5.0 (X11; Linux x86_64) AppleWebKit/537.36 (KHTML, like Gecko) Chrome/137.0.0.0 Safari/537.36',NULL,'2ffc68d5704ae54c298623177314b3696a31b7bb',NULL,NULL),(2122,'2025-06-24 10:17:40','USER_LOGIN',1,'2025-06-24 10:17:40',12,'UserLogged - TZ=1;TZString=Europe/Paris;Screen=1920x919 - authmode=dolibarr - entity=1','127.0.0.1','Mozilla/5.0 (X11; Linux x86_64) AppleWebKit/537.36 (KHTML, like Gecko) Chrome/137.0.0.0 Safari/537.36',NULL,'2ffc68d5704ae54c298623177314b3696a31b7bb',NULL,NULL),(2123,'2025-06-24 11:14:41','USER_LOGIN',1,'2025-06-24 11:14:41',12,'UserLogged - TZ=1;TZString=Europe/Paris;Screen=1920x919 - authmode=dolibarr - entity=1','127.0.0.1','Mozilla/5.0 (X11; Linux x86_64) AppleWebKit/537.36 (KHTML, like Gecko) Chrome/137.0.0.0 Safari/537.36',NULL,'2ffc68d5704ae54c298623177314b3696a31b7bb',NULL,NULL),(2124,'2025-06-24 15:16:34','USER_LOGIN',1,'2025-06-24 15:16:34',12,'UserLogged - TZ=1;TZString=Europe/Paris;Screen=1920x919 - authmode=dolibarr - entity=1','127.0.0.1','Mozilla/5.0 (X11; Linux x86_64) AppleWebKit/537.36 (KHTML, like Gecko) Chrome/137.0.0.0 Safari/537.36',NULL,'2ffc68d5704ae54c298623177314b3696a31b7bb',NULL,NULL),(2125,'2025-06-25 10:11:50','USER_LOGIN',1,'2025-06-25 10:11:50',12,'UserLogged - TZ=1;TZString=Europe/Paris;Screen=1905x519 - authmode=dolibarr - entity=1','127.0.0.1','Mozilla/5.0 (X11; Linux x86_64) AppleWebKit/537.36 (KHTML, like Gecko) Chrome/137.0.0.0 Safari/537.36',NULL,'2ffc68d5704ae54c298623177314b3696a31b7bb',NULL,NULL),(2126,'2025-06-25 13:38:44','USER_LOGIN',1,'2025-06-25 13:38:44',12,'UserLogged - TZ=1;TZString=Europe/Paris;Screen=1920x959 - authmode=dolibarr - entity=1','127.0.0.1','Mozilla/5.0 (X11; Linux x86_64) AppleWebKit/537.36 (KHTML, like Gecko) Chrome/137.0.0.0 Safari/537.36',NULL,'2ffc68d5704ae54c298623177314b3696a31b7bb',NULL,NULL),(2127,'2025-06-25 16:56:11','USER_LOGIN',1,'2025-06-25 16:56:11',12,'UserLogged - TZ=1;TZString=Europe/Paris;Screen=1920x718 - authmode=dolibarr - entity=1','127.0.0.1','Mozilla/5.0 (X11; Linux x86_64) AppleWebKit/537.36 (KHTML, like Gecko) Chrome/137.0.0.0 Safari/537.36',NULL,'2ffc68d5704ae54c298623177314b3696a31b7bb',NULL,NULL),(2128,'2025-06-25 23:55:12','USER_LOGIN',1,'2025-06-25 23:55:12',12,'UserLogged - TZ=1;TZString=Europe/Paris;Screen=1920x959 - authmode=dolibarr - entity=1','127.0.0.1','Mozilla/5.0 (X11; Linux x86_64) AppleWebKit/537.36 (KHTML, like Gecko) Chrome/137.0.0.0 Safari/537.36',NULL,'2ffc68d5704ae54c298623177314b3696a31b7bb',NULL,NULL),(2129,'2025-06-26 17:53:42','USER_LOGIN',1,'2025-06-26 17:53:42',12,'UserLogged - TZ=1;TZString=Europe/Paris;Screen=1920x959 - authmode=dolibarr - entity=1','127.0.0.1','Mozilla/5.0 (X11; Linux x86_64) AppleWebKit/537.36 (KHTML, like Gecko) Chrome/137.0.0.0 Safari/537.36',NULL,'2ffc68d5704ae54c298623177314b3696a31b7bb',NULL,NULL),(2130,'2025-06-26 21:41:22','USER_LOGIN',1,'2025-06-26 21:41:22',12,'UserLogged - TZ=1;TZString=Europe/Paris;Screen=1920x959 - authmode=dolibarr - entity=1','127.0.0.1','Mozilla/5.0 (X11; Linux x86_64) AppleWebKit/537.36 (KHTML, like Gecko) Chrome/137.0.0.0 Safari/537.36',NULL,'2ffc68d5704ae54c298623177314b3696a31b7bb',NULL,NULL),(2131,'2025-06-26 22:19:17','USER_MODIFY',1,'2025-06-26 22:19:17',12,'EventUserModified - Permissions retir&eacute;es (id=262)','127.0.0.1','Mozilla/5.0 (X11; Linux x86_64) AppleWebKit/537.36 (KHTML, like Gecko) Chrome/137.0.0.0 Safari/537.36',NULL,'2ffc68d5704ae54c298623177314b3696a31b7bb',NULL,NULL),(2132,'2025-06-26 22:19:58','USER_MODIFY',1,'2025-06-26 22:19:58',12,'EventUserModified - Permissions ajout&eacute;s (id=262)','127.0.0.1','Mozilla/5.0 (X11; Linux x86_64) AppleWebKit/537.36 (KHTML, like Gecko) Chrome/137.0.0.0 Safari/537.36',NULL,'2ffc68d5704ae54c298623177314b3696a31b7bb',NULL,NULL),(2133,'2025-06-26 22:20:26','USER_MODIFY',1,'2025-06-26 22:20:26',12,'EventUserModified - Permissions retir&eacute;es (id=262)','127.0.0.1','Mozilla/5.0 (X11; Linux x86_64) AppleWebKit/537.36 (KHTML, like Gecko) Chrome/137.0.0.0 Safari/537.36',NULL,'2ffc68d5704ae54c298623177314b3696a31b7bb',NULL,NULL),(2134,'2025-06-26 22:22:16','USER_MODIFY',1,'2025-06-26 22:22:16',12,'EventUserModified - Permissions ajout&eacute;s (id=262)','127.0.0.1','Mozilla/5.0 (X11; Linux x86_64) AppleWebKit/537.36 (KHTML, like Gecko) Chrome/137.0.0.0 Safari/537.36',NULL,'2ffc68d5704ae54c298623177314b3696a31b7bb',NULL,NULL),(2135,'2025-06-27 10:54:15','USER_LOGIN',1,'2025-06-27 10:54:15',12,'UserLogged - TZ=1;TZString=Europe/Paris;Screen=1920x959 - authmode=dolibarr - entity=1','127.0.0.1','Mozilla/5.0 (X11; Linux x86_64) AppleWebKit/537.36 (KHTML, like Gecko) Chrome/137.0.0.0 Safari/537.36',NULL,'2ffc68d5704ae54c298623177314b3696a31b7bb',NULL,NULL),(2136,'2025-06-27 14:41:45','USER_LOGIN',1,'2025-06-27 14:41:45',12,'UserLogged - TZ=1;TZString=Europe/Paris;Screen=1920x959 - authmode=dolibarr - entity=1','127.0.0.1','Mozilla/5.0 (X11; Linux x86_64) AppleWebKit/537.36 (KHTML, like Gecko) Chrome/137.0.0.0 Safari/537.36',NULL,'2ffc68d5704ae54c298623177314b3696a31b7bb',NULL,NULL),(2137,'2025-06-28 16:18:09','USER_LOGIN',1,'2025-06-28 16:18:09',12,'UserLogged - TZ=1;TZString=Europe/Paris;Screen=1920x959 - authmode=dolibarr - entity=1','127.0.0.1','Mozilla/5.0 (X11; Linux x86_64) AppleWebKit/537.36 (KHTML, like Gecko) Chrome/137.0.0.0 Safari/537.36',NULL,'2ffc68d5704ae54c298623177314b3696a31b7bb',NULL,NULL),(2138,'2025-07-09 15:34:20','USER_LOGIN',1,'2025-07-09 15:34:20',12,'UserLogged - TZ=1;TZString=Europe/Paris;Screen=1920x919 - authmode=dolibarr - entity=1','127.0.0.1','Mozilla/5.0 (X11; Linux x86_64) AppleWebKit/537.36 (KHTML, like Gecko) Chrome/137.0.0.0 Safari/537.36',NULL,'2ffc68d5704ae54c298623177314b3696a31b7bb',NULL,NULL),(2139,'2025-07-09 16:26:18','USER_LOGIN',1,'2025-07-09 16:26:18',12,'UserLogged - TZ=1;TZString=Europe/Paris;Screen=1920x919 - authmode=dolibarr - entity=1','127.0.0.1','Mozilla/5.0 (X11; Linux x86_64) AppleWebKit/537.36 (KHTML, like Gecko) Chrome/137.0.0.0 Safari/537.36',NULL,'2ffc68d5704ae54c298623177314b3696a31b7bb',NULL,NULL),(2140,'2025-07-10 13:00:34','USER_LOGIN',1,'2025-07-10 13:00:34',12,'UserLogged - TZ=1;TZString=Europe/Paris;Screen=1920x919 - authmode=dolibarr - entity=1','127.0.0.1','Mozilla/5.0 (X11; Linux x86_64) AppleWebKit/537.36 (KHTML, like Gecko) Chrome/138.0.0.0 Safari/537.36',NULL,'2ffc68d5704ae54c298623177314b3696a31b7bb',NULL,NULL),(2141,'2026-01-11 17:46:41','USER_LOGIN',1,'2026-01-11 18:46:41',12,'UserLogged - TZ=1;TZString=Europe/Paris;Screen=1920x919 - authmode=dolibarr - entity=1','127.0.0.1','Mozilla/5.0 (X11; Linux x86_64) AppleWebKit/537.36 (KHTML, like Gecko) Chrome/143.0.0.0 Safari/537.36',NULL,'7caa8ad5ba989d3d0e4259fb142a9e5817324a21',NULL,NULL),(2142,'2026-02-15 20:13:58','USER_LOGOUT',1,'2026-02-15 21:13:58',12,'UserLogoff','127.0.0.1','Mozilla/5.0 (X11; Linux x86_64) AppleWebKit/537.36 (KHTML, like Gecko) Chrome/144.0.0.0 Safari/537.36',NULL,'cc385f40e47e5be82815b1fa583939f749c7f86e',NULL,NULL),(2143,'2026-02-15 20:14:00','USER_LOGIN',1,'2026-02-15 21:14:00',12,'UserLogged - TZ=1;TZString=Europe/Paris;Screen=1920x919 - authmode=dolibarr - entity=1','127.0.0.1','Mozilla/5.0 (X11; Linux x86_64) AppleWebKit/537.36 (KHTML, like Gecko) Chrome/144.0.0.0 Safari/537.36',NULL,'cc385f40e47e5be82815b1fa583939f749c7f86e',NULL,NULL),(2144,'2026-02-17 19:59:02','USER_LOGIN',1,'2026-02-17 20:59:02',12,'UserLogged - TZ=1;TZString=Europe/Paris;Screen=1920x919 - authmode=dolibarr - entity=1','127.0.0.1','Mozilla/5.0 (X11; Linux x86_64) AppleWebKit/537.36 (KHTML, like Gecko) Chrome/144.0.0.0 Safari/537.36',NULL,'cc385f40e47e5be82815b1fa583939f749c7f86e',NULL,NULL),(2145,'2026-02-17 21:37:51','USER_LOGIN',1,'2026-02-17 22:37:51',12,'UserLogged - TZ=1;TZString=Europe/Paris;Screen=1920x919 - authmode=dolibarr - entity=1','127.0.0.1','Mozilla/5.0 (X11; Linux x86_64) AppleWebKit/537.36 (KHTML, like Gecko) Chrome/144.0.0.0 Safari/537.36',NULL,'cc385f40e47e5be82815b1fa583939f749c7f86e',NULL,NULL),(2146,'2025-01-16 08:30:16','USER_LOGIN',1,'2025-01-16 09:30:16',12,'UserLogged - TZ=1;TZString=Europe/Paris;Screen=1920x919 - authmode=dolibarr - entity=1','127.0.0.1','Mozilla/5.0 (X11; Linux x86_64) AppleWebKit/537.36 (KHTML, like Gecko) Chrome/144.0.0.0 Safari/537.36',NULL,'cc385f40e47e5be82815b1fa583939f749c7f86e',NULL,NULL),(2147,'2025-01-16 08:30:30','USER_LOGIN_FAILED',1,'2025-01-16 09:30:30',12,'UserLoginFailed - ErrorUserSessionWasInvalidated - login=admin','127.0.0.1','Mozilla/5.0 (X11; Linux x86_64) AppleWebKit/537.36 (KHTML, like Gecko) Chrome/144.0.0.0 Safari/537.36',NULL,'cc385f40e47e5be82815b1fa583939f749c7f86e',NULL,NULL),(2148,'2025-01-16 08:30:38','USER_LOGIN',1,'2025-01-16 09:30:38',12,'UserLogged - TZ=1;TZString=Europe/Paris;Screen=1920x919 - authmode=dolibarr - entity=1','127.0.0.1','Mozilla/5.0 (X11; Linux x86_64) AppleWebKit/537.36 (KHTML, like Gecko) Chrome/144.0.0.0 Safari/537.36',NULL,'cc385f40e47e5be82815b1fa583939f749c7f86e',NULL,NULL),(2149,'2025-01-16 08:30:41','USER_LOGIN_FAILED',1,'2025-01-16 09:30:41',12,'UserLoginFailed - ErrorUserSessionWasInvalidated - login=admin','127.0.0.1','Mozilla/5.0 (X11; Linux x86_64) AppleWebKit/537.36 (KHTML, like Gecko) Chrome/144.0.0.0 Safari/537.36',NULL,'cc385f40e47e5be82815b1fa583939f749c7f86e',NULL,NULL),(2150,'2025-01-16 08:30:46','USER_LOGIN',1,'2025-01-16 09:30:46',12,'UserLogged - TZ=1;TZString=Europe/Paris;Screen=1920x919 - authmode=dolibarr - entity=1','127.0.0.1','Mozilla/5.0 (X11; Linux x86_64) AppleWebKit/537.36 (KHTML, like Gecko) Chrome/144.0.0.0 Safari/537.36',NULL,'cc385f40e47e5be82815b1fa583939f749c7f86e',NULL,NULL),(2151,'2025-01-16 08:30:48','USER_LOGIN_FAILED',1,'2025-01-16 09:30:48',12,'UserLoginFailed - ErrorUserSessionWasInvalidated - login=admin','127.0.0.1','Mozilla/5.0 (X11; Linux x86_64) AppleWebKit/537.36 (KHTML, like Gecko) Chrome/144.0.0.0 Safari/537.36',NULL,'cc385f40e47e5be82815b1fa583939f749c7f86e',NULL,NULL),(2152,'2025-01-16 08:31:00','USER_LOGIN',1,'2025-01-16 09:31:00',12,'UserLogged - TZ=1;TZString=Europe/Paris;Screen=1920x919 - authmode=dolibarr - entity=1','127.0.0.1','Mozilla/5.0 (X11; Linux x86_64) AppleWebKit/537.36 (KHTML, like Gecko) Chrome/144.0.0.0 Safari/537.36',NULL,'cc385f40e47e5be82815b1fa583939f749c7f86e',NULL,NULL),(2153,'2025-01-16 08:31:02','USER_LOGIN_FAILED',1,'2025-01-16 09:31:02',12,'UserLoginFailed - ErrorUserSessionWasInvalidated - login=admin','127.0.0.1','Mozilla/5.0 (X11; Linux x86_64) AppleWebKit/537.36 (KHTML, like Gecko) Chrome/144.0.0.0 Safari/537.36',NULL,'cc385f40e47e5be82815b1fa583939f749c7f86e',NULL,NULL),(2154,'2025-01-16 08:31:04','USER_LOGIN',1,'2025-01-16 09:31:04',12,'UserLogged - TZ=1;TZString=Europe/Paris;Screen=1920x919 - authmode=dolibarr - entity=1','127.0.0.1','Mozilla/5.0 (X11; Linux x86_64) AppleWebKit/537.36 (KHTML, like Gecko) Chrome/144.0.0.0 Safari/537.36',NULL,'cc385f40e47e5be82815b1fa583939f749c7f86e',NULL,NULL),(2155,'2025-01-16 08:30:12','USER_LOGIN_FAILED',1,'2025-01-16 09:30:12',12,'UserLoginFailed - ErrorUserSessionWasInvalidated - login=admin','127.0.0.1','Mozilla/5.0 (X11; Linux x86_64) AppleWebKit/537.36 (KHTML, like Gecko) Chrome/144.0.0.0 Safari/537.36',NULL,'cc385f40e47e5be82815b1fa583939f749c7f86e',NULL,NULL),(2156,'2025-01-16 08:30:25','USER_LOGIN',1,'2025-01-16 09:30:25',12,'UserLogged - TZ=1;TZString=Europe/Paris;Screen=1920x919 - authmode=dolibarr - entity=1','127.0.0.1','Mozilla/5.0 (X11; Linux x86_64) AppleWebKit/537.36 (KHTML, like Gecko) Chrome/144.0.0.0 Safari/537.36',NULL,'cc385f40e47e5be82815b1fa583939f749c7f86e',NULL,NULL),(2157,'2025-01-16 08:30:27','USER_LOGIN_FAILED',1,'2025-01-16 09:30:27',12,'UserLoginFailed - ErrorUserSessionWasInvalidated - login=admin','127.0.0.1','Mozilla/5.0 (X11; Linux x86_64) AppleWebKit/537.36 (KHTML, like Gecko) Chrome/144.0.0.0 Safari/537.36',NULL,'cc385f40e47e5be82815b1fa583939f749c7f86e',NULL,NULL),(2158,'2025-01-16 08:30:36','USER_LOGIN',1,'2025-01-16 09:30:36',12,'UserLogged - TZ=1;TZString=Europe/Paris;Screen=1920x919 - authmode=dolibarr - entity=1','127.0.0.1','Mozilla/5.0 (X11; Linux x86_64) AppleWebKit/537.36 (KHTML, like Gecko) Chrome/144.0.0.0 Safari/537.36',NULL,'cc385f40e47e5be82815b1fa583939f749c7f86e',NULL,NULL),(2159,'2025-01-16 08:32:48','USER_LOGIN_FAILED',1,'2025-01-16 09:32:48',12,'UserLoginFailed - ErrorUserSessionWasInvalidated - login=admin','127.0.0.1','Mozilla/5.0 (X11; Linux x86_64) AppleWebKit/537.36 (KHTML, like Gecko) Chrome/144.0.0.0 Safari/537.36',NULL,'cc385f40e47e5be82815b1fa583939f749c7f86e',NULL,NULL),(2160,'2025-01-16 08:36:05','USER_LOGIN',1,'2025-01-16 09:36:05',12,'UserLogged - TZ=1;TZString=Europe/Paris;Screen=1920x919 - authmode=dolibarr - entity=1','127.0.0.1','Mozilla/5.0 (X11; Linux x86_64) AppleWebKit/537.36 (KHTML, like Gecko) Chrome/144.0.0.0 Safari/537.36',NULL,'cc385f40e47e5be82815b1fa583939f749c7f86e',NULL,NULL),(2161,'2025-02-05 08:30:30','USER_LOGIN',1,'2025-02-05 09:30:30',12,'UserLogged - TZ=1;TZString=Europe/Paris;Screen=1920x919 - authmode=dolibarr - entity=1','127.0.0.1','Mozilla/5.0 (X11; Linux x86_64) AppleWebKit/537.36 (KHTML, like Gecko) Chrome/144.0.0.0 Safari/537.36',NULL,'cc385f40e47e5be82815b1fa583939f749c7f86e',NULL,NULL),(2162,'2025-02-15 08:30:12','USER_LOGIN',1,'2025-02-15 09:30:12',12,'UserLogged - TZ=1;TZString=Europe/Paris;Screen=1920x919 - authmode=dolibarr - entity=1','127.0.0.1','Mozilla/5.0 (X11; Linux x86_64) AppleWebKit/537.36 (KHTML, like Gecko) Chrome/144.0.0.0 Safari/537.36',NULL,'cc385f40e47e5be82815b1fa583939f749c7f86e',NULL,NULL),(2163,'2025-03-05 08:30:09','USER_LOGIN_FAILED',1,'2025-03-05 09:30:09',NULL,'UserLoginFailed - Identifiant ou mot de passe incorrect - login=Ldestailleur','127.0.0.1','Mozilla/5.0 (X11; Linux x86_64) AppleWebKit/537.36 (KHTML, like Gecko) Chrome/144.0.0.0 Safari/537.36',NULL,'cc385f40e47e5be82815b1fa583939f749c7f86e',NULL,NULL),(2164,'2025-03-05 08:30:13','USER_LOGIN',1,'2025-03-05 09:30:13',12,'UserLogged - TZ=1;TZString=Europe/Paris;Screen=1920x919 - authmode=dolibarr - entity=1','127.0.0.1','Mozilla/5.0 (X11; Linux x86_64) AppleWebKit/537.36 (KHTML, like Gecko) Chrome/144.0.0.0 Safari/537.36',NULL,'cc385f40e47e5be82815b1fa583939f749c7f86e',NULL,NULL),(2165,'2026-06-02 00:34:12','USER_LOGIN_FAILED',1,'2026-06-02 00:34:12',NULL,'UserLoginFailed - Identifiant ou mot de passe incorrect - login=admin','82.64.109.15','Mozilla/5.0 (X11; Linux x86_64) AppleWebKit/537.36 (KHTML, like Gecko) Chrome/148.0.0.0 Safari/537.36',NULL,'cc385f40e47e5be82815b1fa583939f749c7f86e',NULL,NULL),(2166,'2026-06-02 00:34:15','USER_LOGIN',1,'2026-06-02 00:34:15',12,'UserLogged - TZ=1;TZString=Europe/Paris;Screen=1920x959 - authmode=dolibarr - entity=1','82.64.109.15','Mozilla/5.0 (X11; Linux x86_64) AppleWebKit/537.36 (KHTML, like Gecko) Chrome/148.0.0.0 Safari/537.36',NULL,'cc385f40e47e5be82815b1fa583939f749c7f86e',NULL,NULL),(2167,'2026-06-02 15:57:55','USER_LOGIN_FAILED',1,'2026-06-02 15:57:55',NULL,'UserLoginFailed - Identifiant ou mot de passe incorrect - login=admin','82.64.109.15','Mozilla/5.0 (X11; Linux x86_64) AppleWebKit/537.36 (KHTML, like Gecko) Chrome/148.0.0.0 Safari/537.36',NULL,'cc385f40e47e5be82815b1fa583939f749c7f86e',NULL,NULL),(2168,'2026-06-02 15:57:58','USER_LOGIN',1,'2026-06-02 15:57:58',12,'UserLogged - TZ=1;TZString=Europe/Paris;Screen=1920x919 - authmode=dolibarr - entity=1','82.64.109.15','Mozilla/5.0 (X11; Linux x86_64) AppleWebKit/537.36 (KHTML, like Gecko) Chrome/148.0.0.0 Safari/537.36',NULL,'cc385f40e47e5be82815b1fa583939f749c7f86e',NULL,NULL),(2169,'2026-06-02 16:19:09','USER_LOGIN_FAILED',1,'2026-06-02 16:19:09',NULL,'UserLoginFailed - Identifiant ou mot de passe incorrect - login=admin','82.64.109.15','Mozilla/5.0 (X11; Linux x86_64) AppleWebKit/537.36 (KHTML, like Gecko) Chrome/148.0.0.0 Safari/537.36',NULL,'cc385f40e47e5be82815b1fa583939f749c7f86e',NULL,NULL),(2170,'2026-06-02 16:19:11','USER_LOGIN_FAILED',1,'2026-06-02 16:19:11',NULL,'UserLoginFailed - Identifiant ou mot de passe incorrect - login=admin','82.64.109.15','Mozilla/5.0 (X11; Linux x86_64) AppleWebKit/537.36 (KHTML, like Gecko) Chrome/148.0.0.0 Safari/537.36',NULL,'cc385f40e47e5be82815b1fa583939f749c7f86e',NULL,NULL),(2171,'2026-06-02 16:19:14','USER_LOGIN',1,'2026-06-02 16:19:14',12,'UserLogged - TZ=1;TZString=Europe/Paris;Screen=1920x959 - authmode=dolibarr - entity=1','82.64.109.15','Mozilla/5.0 (X11; Linux x86_64) AppleWebKit/537.36 (KHTML, like Gecko) Chrome/148.0.0.0 Safari/537.36',NULL,'cc385f40e47e5be82815b1fa583939f749c7f86e',NULL,NULL),(2172,'2025-01-15 09:30:21','USER_LOGOUT',1,'2025-01-15 09:30:21',12,'UserLogoff','82.64.109.15','Mozilla/5.0 (X11; Linux x86_64) AppleWebKit/537.36 (KHTML, like Gecko) Chrome/148.0.0.0 Safari/537.36',NULL,'cc385f40e47e5be82815b1fa583939f749c7f86e',NULL,NULL),(2173,'2025-01-15 09:30:24','USER_LOGIN_FAILED',1,'2025-01-15 09:30:24',NULL,'UserLoginFailed - Identifiant ou mot de passe incorrect - login=admin','82.64.109.15','Mozilla/5.0 (X11; Linux x86_64) AppleWebKit/537.36 (KHTML, like Gecko) Chrome/148.0.0.0 Safari/537.36',NULL,'cc385f40e47e5be82815b1fa583939f749c7f86e',NULL,NULL),(2174,'2025-01-15 09:30:28','USER_LOGIN',1,'2025-01-15 09:30:28',12,'UserLogged - TZ=1;TZString=Europe/Paris;Screen=1920x919 - authmode=dolibarr - entity=1','82.64.109.15','Mozilla/5.0 (X11; Linux x86_64) AppleWebKit/537.36 (KHTML, like Gecko) Chrome/148.0.0.0 Safari/537.36',NULL,'cc385f40e47e5be82815b1fa583939f749c7f86e',NULL,NULL),(2175,'2025-01-16 09:30:18','USER_LOGIN',1,'2025-01-16 09:30:18',12,'UserLogged - TZ=1;TZString=Europe/Paris;Screen=1920x919 - authmode=dolibarr - entity=1','82.64.109.15','Mozilla/5.0 (X11; Linux x86_64) AppleWebKit/537.36 (KHTML, like Gecko) Chrome/148.0.0.0 Safari/537.36',NULL,'cc385f40e47e5be82815b1fa583939f749c7f86e',NULL,NULL),(2176,'2025-02-15 09:30:18','USER_LOGIN_FAILED',1,'2025-02-15 09:30:18',NULL,'UserLoginFailed - Identifiant ou mot de passe incorrect - login=admin','82.64.109.15','Mozilla/5.0 (X11; Linux x86_64) AppleWebKit/537.36 (KHTML, like Gecko) Chrome/148.0.0.0 Safari/537.36',NULL,'cc385f40e47e5be82815b1fa583939f749c7f86e',NULL,NULL),(2177,'2025-02-15 09:30:21','USER_LOGIN_FAILED',1,'2025-02-15 09:30:21',NULL,'UserLoginFailed - Identifiant ou mot de passe incorrect - login=admin','82.64.109.15','Mozilla/5.0 (X11; Linux x86_64) AppleWebKit/537.36 (KHTML, like Gecko) Chrome/148.0.0.0 Safari/537.36',NULL,'cc385f40e47e5be82815b1fa583939f749c7f86e',NULL,NULL),(2178,'2025-02-15 09:30:25','USER_LOGIN',1,'2025-02-15 09:30:25',12,'UserLogged - TZ=1;TZString=Europe/Paris;Screen=1920x959 - authmode=dolibarr - entity=1','82.64.109.15','Mozilla/5.0 (X11; Linux x86_64) AppleWebKit/537.36 (KHTML, like Gecko) Chrome/148.0.0.0 Safari/537.36',NULL,'cc385f40e47e5be82815b1fa583939f749c7f86e',NULL,NULL),(2179,'2025-03-15 09:30:20','USER_LOGIN',1,'2025-03-15 09:30:20',12,'UserLogged - TZ=1;TZString=Europe/Paris;Screen=1920x919 - authmode=dolibarr - entity=1','82.64.109.15','Mozilla/5.0 (X11; Linux x86_64) AppleWebKit/537.36 (KHTML, like Gecko) Chrome/148.0.0.0 Safari/537.36',NULL,'cc385f40e47e5be82815b1fa583939f749c7f86e',NULL,NULL),(2180,'2025-03-15 09:33:10','USER_LOGIN_FAILED',1,'2025-03-15 09:33:10',NULL,'UserLoginFailed - Identifiant ou mot de passe incorrect - login=admin','82.64.109.15','Mozilla/5.0 (X11; Linux x86_64) AppleWebKit/537.36 (KHTML, like Gecko) Chrome/148.0.0.0 Safari/537.36',NULL,'cc385f40e47e5be82815b1fa583939f749c7f86e',NULL,NULL),(2181,'2025-03-15 09:33:14','USER_LOGIN',1,'2025-03-15 09:33:14',12,'UserLogged - TZ=1;TZString=Europe/Paris;Screen=1920x959 - authmode=dolibarr - entity=1','82.64.109.15','Mozilla/5.0 (X11; Linux x86_64) AppleWebKit/537.36 (KHTML, like Gecko) Chrome/148.0.0.0 Safari/537.36',NULL,'cc385f40e47e5be82815b1fa583939f749c7f86e',NULL,NULL);

--
-- Table structure for table `llx_expedition`
--

CREATE TABLE `llx_expedition` (
  `rowid` int(11) NOT NULL AUTO_INCREMENT,
  `tms` timestamp NOT NULL DEFAULT current_timestamp() ON UPDATE current_timestamp(),
  `ref` varchar(30) NOT NULL,
  `entity` int(11) NOT NULL DEFAULT 1,
  `ref_customer` varchar(255) DEFAULT NULL,
  `fk_soc` int(11) NOT NULL,
  `fk_projet` int(11) DEFAULT NULL,
  `ref_ext` varchar(255) DEFAULT NULL,
  `ref_int` varchar(30) DEFAULT NULL,
  `date_creation` datetime DEFAULT NULL,
  `fk_user_author` int(11) DEFAULT NULL,
  `date_valid` datetime DEFAULT NULL,
  `fk_user_valid` int(11) DEFAULT NULL,
  `date_expedition` datetime DEFAULT NULL,
  `date_delivery` datetime DEFAULT NULL,
  `fk_address` int(11) DEFAULT NULL,
  `fk_shipping_method` int(11) DEFAULT NULL,
  `tracking_number` varchar(50) DEFAULT NULL,
  `fk_statut` smallint(6) DEFAULT 0,
  `height` float DEFAULT NULL,
  `height_unit` int(11) DEFAULT NULL,
  `width` float DEFAULT NULL,
  `size_units` int(11) DEFAULT NULL,
  `size` float DEFAULT NULL,
  `weight_units` int(11) DEFAULT NULL,
  `weight` float DEFAULT NULL,
  `note_private` text DEFAULT NULL,
  `note_public` text DEFAULT NULL,
  `model_pdf` varchar(255) DEFAULT NULL,
  `fk_incoterms` int(11) DEFAULT NULL,
  `location_incoterms` varchar(255) DEFAULT NULL,
  `import_key` varchar(14) DEFAULT NULL,
  `extraparams` varchar(255) DEFAULT NULL,
  `billed` smallint(6) DEFAULT 0,
  `signed_status` smallint(6) DEFAULT NULL,
  `fk_user_modif` int(11) DEFAULT NULL,
  `last_main_doc` varchar(255) DEFAULT NULL,
  `online_sign_ip` varchar(48) DEFAULT NULL,
  `online_sign_name` varchar(64) DEFAULT NULL,
  PRIMARY KEY (`rowid`),
  UNIQUE KEY `idx_expedition_uk_ref` (`ref`,`entity`),
  KEY `idx_expedition_fk_soc` (`fk_soc`),
  KEY `idx_expedition_fk_user_author` (`fk_user_author`),
  KEY `idx_expedition_fk_user_valid` (`fk_user_valid`),
  KEY `idx_expedition_fk_shipping_method` (`fk_shipping_method`),
  CONSTRAINT `fk_expedition_fk_shipping_method` FOREIGN KEY (`fk_shipping_method`) REFERENCES `llx_c_shipment_mode` (`rowid`),
  CONSTRAINT `fk_expedition_fk_soc` FOREIGN KEY (`fk_soc`) REFERENCES `llx_societe` (`rowid`),
  CONSTRAINT `fk_expedition_fk_user_author` FOREIGN KEY (`fk_user_author`) REFERENCES `llx_user` (`rowid`),
  CONSTRAINT `fk_expedition_fk_user_valid` FOREIGN KEY (`fk_user_valid`) REFERENCES `llx_user` (`rowid`)
) ENGINE=InnoDB AUTO_INCREMENT=5 DEFAULT CHARSET=utf8mb3 COLLATE=utf8mb3_unicode_ci;

--
-- Dumping data for table `llx_expedition`
--

INSERT INTO `llx_expedition` (`rowid`, `tms`, `ref`, `entity`, `ref_customer`, `fk_soc`, `fk_projet`, `ref_ext`, `ref_int`, `date_creation`, `fk_user_author`, `date_valid`, `fk_user_valid`, `date_expedition`, `date_delivery`, `fk_address`, `fk_shipping_method`, `tracking_number`, `fk_statut`, `height`, `height_unit`, `width`, `size_units`, `size`, `weight_units`, `weight`, `note_private`, `note_public`, `model_pdf`, `fk_incoterms`, `location_incoterms`, `import_key`, `extraparams`, `billed`, `signed_status`, `fk_user_modif`, `last_main_doc`, `online_sign_ip`, `online_sign_name`) VALUES (1,'2018-01-22 17:33:03','SH1302-0001',1,NULL,1,NULL,NULL,NULL,'2013-08-08 03:05:34',1,'2015-02-17 18:22:51',1,NULL,'2013-08-09 00:00:00',NULL,NULL,'',1,NULL,NULL,NULL,0,NULL,0,NULL,NULL,NULL,'merou',NULL,NULL,NULL,NULL,0,NULL,NULL,NULL,NULL,NULL),(2,'2025-04-05 13:26:37','SH1702-0002',1,NULL,4,NULL,NULL,NULL,'2017-02-16 03:11:35',12,'2025-04-05 15:26:37',12,NULL,NULL,NULL,1,'',1,NULL,NULL,NULL,0,NULL,0,NULL,NULL,NULL,'merou',0,'',NULL,NULL,0,NULL,NULL,'expedition/sending/SH1702-0002/SH1702-0002.pdf',NULL,NULL),(4,'2025-05-04 22:16:30','(PROV4)',1,NULL,12,NULL,NULL,NULL,'2025-05-05 00:16:30',12,NULL,NULL,NULL,NULL,NULL,2,'',0,NULL,NULL,NULL,-3,NULL,-6,NULL,NULL,NULL,'merou',0,'',NULL,NULL,0,0,NULL,NULL,NULL,NULL);

--
-- Table structure for table `llx_expedition_extrafields`
--

CREATE TABLE `llx_expedition_extrafields` (
  `rowid` int(11) NOT NULL AUTO_INCREMENT,
  `tms` timestamp NOT NULL DEFAULT current_timestamp() ON UPDATE current_timestamp(),
  `fk_object` int(11) NOT NULL,
  `import_key` varchar(14) DEFAULT NULL,
  PRIMARY KEY (`rowid`),
  UNIQUE KEY `uk_expedition_extrafields` (`fk_object`)
) ENGINE=InnoDB DEFAULT CHARSET=utf8mb3 COLLATE=utf8mb3_unicode_ci;

--
-- Dumping data for table `llx_expedition_extrafields`
--


--
-- Table structure for table `llx_expedition_package`
--

CREATE TABLE `llx_expedition_package` (
  `rowid` int(11) NOT NULL AUTO_INCREMENT,
  `fk_expedition` int(11) NOT NULL,
  `description` varchar(255) DEFAULT NULL,
  `value` double(24,8) DEFAULT 0.00000000,
  `fk_package_type` int(11) DEFAULT NULL,
  `height` float DEFAULT NULL,
  `width` float DEFAULT NULL,
  `size` float DEFAULT NULL,
  `size_units` int(11) DEFAULT NULL,
  `weight` float DEFAULT NULL,
  `weight_units` int(11) DEFAULT NULL,
  `dangerous_goods` varchar(60) DEFAULT '0',
  `tail_lift` smallint(6) DEFAULT 0,
  `rang` int(11) DEFAULT 0,
  PRIMARY KEY (`rowid`)
) ENGINE=InnoDB DEFAULT CHARSET=utf8mb3 COLLATE=utf8mb3_unicode_ci;

--
-- Dumping data for table `llx_expedition_package`
--


--
-- Table structure for table `llx_expeditiondet`
--

CREATE TABLE `llx_expeditiondet` (
  `rowid` int(11) NOT NULL AUTO_INCREMENT,
  `fk_expedition` int(11) NOT NULL,
  `fk_elementdet` int(11) DEFAULT NULL,
  `fk_entrepot` int(11) DEFAULT NULL,
  `description` text DEFAULT NULL,
  `qty` double DEFAULT NULL,
  `fk_unit` int(11) DEFAULT NULL,
  `rang` int(11) DEFAULT 0,
  `fk_product` int(11) DEFAULT NULL,
  `fk_parent` int(11) DEFAULT NULL,
  `fk_element` int(11) DEFAULT NULL,
  `element_type` varchar(50) NOT NULL DEFAULT 'commande',
  `extraparams` varchar(255) DEFAULT NULL,
  PRIMARY KEY (`rowid`),
  KEY `idx_expeditiondet_fk_expedition` (`fk_expedition`),
  KEY `idx_expeditiondet_fk_elementdet` (`fk_elementdet`),
  KEY `idx_expeditiondet_fk_parent` (`fk_parent`),
  CONSTRAINT `fk_expeditiondet_fk_expedition` FOREIGN KEY (`fk_expedition`) REFERENCES `llx_expedition` (`rowid`)
) ENGINE=InnoDB AUTO_INCREMENT=6 DEFAULT CHARSET=utf8mb3 COLLATE=utf8mb3_unicode_ci;

--
-- Dumping data for table `llx_expeditiondet`
--

INSERT INTO `llx_expeditiondet` (`rowid`, `fk_expedition`, `fk_elementdet`, `fk_entrepot`, `description`, `qty`, `fk_unit`, `rang`, `fk_product`, `fk_parent`, `fk_element`, `element_type`, `extraparams`) VALUES (1,1,10,3,NULL,1,NULL,0,NULL,NULL,NULL,'commande',NULL),(2,2,226,19,NULL,2,NULL,0,NULL,NULL,NULL,'commande',NULL),(3,2,227,1,NULL,1,NULL,0,NULL,NULL,NULL,'order',NULL),(4,4,235,1,NULL,4,NULL,1,10,NULL,NULL,'commande',NULL),(5,4,238,1,NULL,5,NULL,4,10,NULL,NULL,'commande',NULL);

--
-- Table structure for table `llx_expeditiondet_batch`
--

CREATE TABLE `llx_expeditiondet_batch` (
  `rowid` int(11) NOT NULL AUTO_INCREMENT,
  `fk_expeditiondet` int(11) NOT NULL,
  `eatby` date DEFAULT NULL,
  `sellby` date DEFAULT NULL,
  `batch` varchar(128) DEFAULT NULL,
  `qty` double NOT NULL DEFAULT 0,
  `fk_origin_stock` int(11) NOT NULL,
  `fk_warehouse` int(11) DEFAULT NULL,
  PRIMARY KEY (`rowid`),
  KEY `idx_fk_expeditiondet` (`fk_expeditiondet`),
  CONSTRAINT `fk_expeditiondet_batch_fk_expeditiondet` FOREIGN KEY (`fk_expeditiondet`) REFERENCES `llx_expeditiondet` (`rowid`)
) ENGINE=InnoDB AUTO_INCREMENT=4 DEFAULT CHARSET=utf8mb3 COLLATE=utf8mb3_unicode_ci;

--
-- Dumping data for table `llx_expeditiondet_batch`
--

INSERT INTO `llx_expeditiondet_batch` (`rowid`, `fk_expeditiondet`, `eatby`, `sellby`, `batch`, `qty`, `fk_origin_stock`, `fk_warehouse`) VALUES (1,3,NULL,NULL,'5599887766452',1,0,1),(2,4,NULL,NULL,'5599887766452',4,3,1),(3,5,NULL,NULL,'5599887766452',5,3,1);

--
-- Table structure for table `llx_expeditiondet_extrafields`
--

CREATE TABLE `llx_expeditiondet_extrafields` (
  `rowid` int(11) NOT NULL AUTO_INCREMENT,
  `tms` timestamp NOT NULL DEFAULT current_timestamp() ON UPDATE current_timestamp(),
  `fk_object` int(11) NOT NULL,
  `import_key` varchar(14) DEFAULT NULL,
  PRIMARY KEY (`rowid`),
  UNIQUE KEY `uk_expeditiondet_extrafields` (`fk_object`)
) ENGINE=InnoDB DEFAULT CHARSET=utf8mb3 COLLATE=utf8mb3_unicode_ci;

--
-- Dumping data for table `llx_expeditiondet_extrafields`
--


--
-- Table structure for table `llx_expensereport`
--

CREATE TABLE `llx_expensereport` (
  `rowid` int(11) NOT NULL AUTO_INCREMENT,
  `ref` varchar(50) NOT NULL,
  `entity` int(11) NOT NULL DEFAULT 1,
  `ref_number_int` int(11) DEFAULT NULL,
  `ref_ext` int(11) DEFAULT NULL,
  `total_ht` double(24,8) DEFAULT 0.00000000,
  `total_tva` double(24,8) DEFAULT 0.00000000,
  `localtax1` double(24,8) DEFAULT 0.00000000,
  `localtax2` double(24,8) DEFAULT 0.00000000,
  `total_ttc` double(24,8) DEFAULT 0.00000000,
  `date_debut` date NOT NULL,
  `date_fin` date NOT NULL,
  `date_create` datetime NOT NULL,
  `date_valid` datetime DEFAULT NULL,
  `date_approve` datetime DEFAULT NULL,
  `date_refuse` datetime DEFAULT NULL,
  `date_cancel` datetime DEFAULT NULL,
  `tms` timestamp NOT NULL DEFAULT current_timestamp() ON UPDATE current_timestamp(),
  `fk_user_author` int(11) NOT NULL,
  `fk_user_modif` int(11) DEFAULT NULL,
  `fk_user_valid` int(11) DEFAULT NULL,
  `fk_user_validator` int(11) DEFAULT NULL,
  `fk_user_approve` int(11) DEFAULT NULL,
  `fk_user_refuse` int(11) DEFAULT NULL,
  `fk_user_cancel` int(11) DEFAULT NULL,
  `fk_statut` int(11) NOT NULL,
  `fk_c_paiement` int(11) DEFAULT NULL,
  `paid` smallint(6) NOT NULL DEFAULT 0,
  `note_public` text DEFAULT NULL,
  `note_private` text DEFAULT NULL,
  `detail_refuse` varchar(255) DEFAULT NULL,
  `detail_cancel` varchar(255) DEFAULT NULL,
  `integration_compta` int(11) DEFAULT NULL,
  `fk_bank_account` int(11) DEFAULT NULL,
  `model_pdf` varchar(255) DEFAULT NULL,
  `last_main_doc` varchar(255) DEFAULT NULL,
  `fk_multicurrency` int(11) DEFAULT NULL,
  `multicurrency_code` varchar(3) DEFAULT NULL,
  `multicurrency_tx` double(24,8) DEFAULT 1.00000000,
  `multicurrency_total_ht` double(24,8) DEFAULT 0.00000000,
  `multicurrency_total_tva` double(24,8) DEFAULT 0.00000000,
  `multicurrency_total_ttc` double(24,8) DEFAULT 0.00000000,
  `import_key` varchar(14) DEFAULT NULL,
  `extraparams` varchar(255) DEFAULT NULL,
  `fk_user_creat` int(11) DEFAULT NULL,
  PRIMARY KEY (`rowid`),
  UNIQUE KEY `idx_expensereport_uk_ref` (`ref`,`entity`),
  KEY `idx_expensereport_date_debut` (`date_debut`),
  KEY `idx_expensereport_date_fin` (`date_fin`),
  KEY `idx_expensereport_fk_statut` (`fk_statut`),
  KEY `idx_expensereport_fk_user_author` (`fk_user_author`),
  KEY `idx_expensereport_fk_user_valid` (`fk_user_valid`),
  KEY `idx_expensereport_fk_user_approve` (`fk_user_approve`),
  KEY `idx_expensereport_fk_user_refuse` (`fk_user_refuse`)
) ENGINE=InnoDB AUTO_INCREMENT=5 DEFAULT CHARSET=utf8mb3 COLLATE=utf8mb3_unicode_ci;

--
-- Dumping data for table `llx_expensereport`
--

INSERT INTO `llx_expensereport` (`rowid`, `ref`, `entity`, `ref_number_int`, `ref_ext`, `total_ht`, `total_tva`, `localtax1`, `localtax2`, `total_ttc`, `date_debut`, `date_fin`, `date_create`, `date_valid`, `date_approve`, `date_refuse`, `date_cancel`, `tms`, `fk_user_author`, `fk_user_modif`, `fk_user_valid`, `fk_user_validator`, `fk_user_approve`, `fk_user_refuse`, `fk_user_cancel`, `fk_statut`, `fk_c_paiement`, `paid`, `note_public`, `note_private`, `detail_refuse`, `detail_cancel`, `integration_compta`, `fk_bank_account`, `model_pdf`, `last_main_doc`, `fk_multicurrency`, `multicurrency_code`, `multicurrency_tx`, `multicurrency_total_ht`, `multicurrency_total_tva`, `multicurrency_total_ttc`, `import_key`, `extraparams`, `fk_user_creat`) VALUES (1,'ADMIN-ER00002-150101',1,2,NULL,8.33000000,1.67000000,0.00000000,0.00000000,10.00000000,'2024-01-01','2024-01-03','2023-01-22 19:03:37','2023-01-22 19:06:50','2023-02-16 02:12:40',NULL,NULL,'2026-02-15 18:44:54',12,NULL,12,12,12,NULL,NULL,5,NULL,0,'Holidays',NULL,NULL,NULL,NULL,NULL,NULL,NULL,NULL,NULL,1.00000000,0.00000000,0.00000000,0.00000000,NULL,NULL,NULL),(2,'ER1912-0001',1,NULL,NULL,141.67000000,28.33000000,0.00000000,0.00000000,170.00000000,'2024-02-01','2023-02-28','2024-01-22 19:04:44','2023-12-20 20:34:13','2023-12-20 20:34:19',NULL,'2023-12-21 00:34:26','2026-02-15 18:44:54',12,12,12,12,12,NULL,12,4,NULL,0,'Work on projet X','','','aaaa',NULL,NULL,NULL,NULL,NULL,NULL,1.00000000,0.00000000,0.00000000,0.00000000,NULL,NULL,NULL),(3,'(PROV3)',1,NULL,NULL,40.00000000,0.00000000,0.00000000,0.00000000,40.00000000,'2024-02-02','2024-02-02','2024-02-02 03:57:03','2024-02-02 00:00:00',NULL,NULL,NULL,'2026-02-15 18:44:54',19,NULL,NULL,NULL,NULL,NULL,NULL,0,NULL,0,NULL,NULL,NULL,NULL,NULL,NULL,NULL,'expensereport/(PROV3)/(PROV3).pdf',NULL,NULL,1.00000000,0.00000000,0.00000000,0.00000000,NULL,NULL,NULL);

--
-- Table structure for table `llx_expensereport_det`
--

CREATE TABLE `llx_expensereport_det` (
  `rowid` int(11) NOT NULL AUTO_INCREMENT,
  `fk_expensereport` int(11) NOT NULL,
  `docnumber` varchar(128) DEFAULT NULL,
  `fk_c_type_fees` int(11) NOT NULL,
  `fk_projet` int(11) DEFAULT NULL,
  `comments` text NOT NULL,
  `product_type` int(11) DEFAULT -1,
  `qty` double NOT NULL,
  `subprice` double(24,8) NOT NULL DEFAULT 0.00000000,
  `subprice_ttc` double(24,8) DEFAULT 0.00000000,
  `value_unit` double(24,8) NOT NULL,
  `remise_percent` double DEFAULT NULL,
  `tva_tx` double(6,3) DEFAULT NULL,
  `localtax1_tx` double(6,3) DEFAULT 0.000,
  `localtax1_type` varchar(10) DEFAULT NULL,
  `localtax2_tx` double(6,3) DEFAULT 0.000,
  `localtax2_type` varchar(10) DEFAULT NULL,
  `total_ht` double(24,8) NOT NULL DEFAULT 0.00000000,
  `total_tva` double(24,8) NOT NULL DEFAULT 0.00000000,
  `total_localtax1` double(24,8) DEFAULT 0.00000000,
  `total_localtax2` double(24,8) DEFAULT 0.00000000,
  `total_ttc` double(24,8) NOT NULL DEFAULT 0.00000000,
  `date` date NOT NULL,
  `info_bits` int(11) DEFAULT 0,
  `special_code` int(11) DEFAULT 0,
  `rang` int(11) DEFAULT 0,
  `import_key` varchar(14) DEFAULT NULL,
  `fk_multicurrency` int(11) DEFAULT NULL,
  `multicurrency_code` varchar(3) DEFAULT NULL,
  `multicurrency_subprice` double(24,8) DEFAULT 0.00000000,
  `multicurrency_subprice_ttc` double(24,8) DEFAULT 0.00000000,
  `multicurrency_total_ht` double(24,8) DEFAULT 0.00000000,
  `multicurrency_total_tva` double(24,8) DEFAULT 0.00000000,
  `multicurrency_total_ttc` double(24,8) DEFAULT 0.00000000,
  `fk_facture` int(11) DEFAULT 0,
  `fk_code_ventilation` int(11) DEFAULT 0,
  `vat_src_code` varchar(10) DEFAULT '',
  `rule_warning_message` text DEFAULT NULL,
  `fk_c_exp_tax_cat` int(11) DEFAULT NULL,
  `fk_ecm_files` int(11) DEFAULT NULL,
  `tcheck_file` int(11) DEFAULT NULL,
  PRIMARY KEY (`rowid`)
) ENGINE=InnoDB AUTO_INCREMENT=13 DEFAULT CHARSET=utf8mb3 COLLATE=utf8mb3_unicode_ci;

--
-- Dumping data for table `llx_expensereport_det`
--

INSERT INTO `llx_expensereport_det` (`rowid`, `fk_expensereport`, `docnumber`, `fk_c_type_fees`, `fk_projet`, `comments`, `product_type`, `qty`, `subprice`, `subprice_ttc`, `value_unit`, `remise_percent`, `tva_tx`, `localtax1_tx`, `localtax1_type`, `localtax2_tx`, `localtax2_type`, `total_ht`, `total_tva`, `total_localtax1`, `total_localtax2`, `total_ttc`, `date`, `info_bits`, `special_code`, `rang`, `import_key`, `fk_multicurrency`, `multicurrency_code`, `multicurrency_subprice`, `multicurrency_subprice_ttc`, `multicurrency_total_ht`, `multicurrency_total_tva`, `multicurrency_total_ttc`, `fk_facture`, `fk_code_ventilation`, `vat_src_code`, `rule_warning_message`, `fk_c_exp_tax_cat`, `fk_ecm_files`, `tcheck_file`) VALUES (1,1,NULL,3,1,'',-1,1,0.00000000,0.00000000,10.00000000,NULL,20.000,0.000,NULL,0.000,NULL,8.33000000,1.67000000,0.00000000,0.00000000,10.00000000,'2017-01-01',0,0,0,NULL,NULL,NULL,0.00000000,0.00000000,0.00000000,0.00000000,0.00000000,0,0,'',NULL,NULL,NULL,NULL),(2,2,NULL,3,4,'',-1,1,0.00000000,0.00000000,20.00000000,NULL,20.000,0.000,NULL,0.000,NULL,16.67000000,3.33000000,0.00000000,0.00000000,20.00000000,'2017-01-07',0,0,0,NULL,NULL,NULL,0.00000000,0.00000000,0.00000000,0.00000000,0.00000000,0,0,'',NULL,NULL,NULL,NULL),(3,2,NULL,2,5,'Train',-1,1,0.00000000,0.00000000,150.00000000,NULL,20.000,0.000,NULL,0.000,NULL,125.00000000,25.00000000,0.00000000,0.00000000,150.00000000,'2017-02-05',0,0,0,NULL,NULL,NULL,0.00000000,0.00000000,0.00000000,0.00000000,0.00000000,0,0,'','',0,73,NULL),(4,3,NULL,1,NULL,'',-1,1,0.00000000,0.00000000,10.00000000,NULL,0.000,0.000,'0',0.000,'0',10.00000000,0.00000000,0.00000000,0.00000000,10.00000000,'2022-12-19',0,0,0,NULL,NULL,NULL,0.00000000,0.00000000,0.00000000,0.00000000,0.00000000,0,0,'',NULL,0,163,NULL),(5,3,NULL,1,NULL,'',-1,1,0.00000000,0.00000000,10.00000000,NULL,0.000,0.000,'0',0.000,'0',10.00000000,0.00000000,0.00000000,0.00000000,10.00000000,'2022-12-19',0,0,0,NULL,NULL,NULL,0.00000000,0.00000000,0.00000000,0.00000000,0.00000000,0,0,'',NULL,0,163,NULL),(6,3,NULL,1,NULL,'',-1,1,0.00000000,0.00000000,10.00000000,NULL,0.000,0.000,'0',0.000,'0',10.00000000,0.00000000,0.00000000,0.00000000,10.00000000,'2022-12-19',0,0,0,NULL,NULL,NULL,0.00000000,0.00000000,0.00000000,0.00000000,0.00000000,0,0,'',NULL,0,163,NULL),(7,3,NULL,1,NULL,'',-1,1,0.00000000,0.00000000,10.00000000,NULL,0.000,0.000,'0',0.000,'0',10.00000000,0.00000000,0.00000000,0.00000000,10.00000000,'2022-12-19',0,0,0,NULL,NULL,NULL,0.00000000,0.00000000,0.00000000,0.00000000,0.00000000,0,0,'',NULL,0,163,NULL);

--
-- Table structure for table `llx_expensereport_det_extrafields`
--

CREATE TABLE `llx_expensereport_det_extrafields` (
  `rowid` int(11) NOT NULL AUTO_INCREMENT,
  `tms` timestamp NULL DEFAULT current_timestamp() ON UPDATE current_timestamp(),
  `fk_object` int(11) NOT NULL,
  `import_key` varchar(14) DEFAULT NULL,
  PRIMARY KEY (`rowid`),
  KEY `idx_expensereport_det_fk_object` (`fk_object`)
) ENGINE=InnoDB DEFAULT CHARSET=utf8mb3 COLLATE=utf8mb3_unicode_ci;

--
-- Dumping data for table `llx_expensereport_det_extrafields`
--


--
-- Table structure for table `llx_expensereport_extrafields`
--

CREATE TABLE `llx_expensereport_extrafields` (
  `rowid` int(11) NOT NULL AUTO_INCREMENT,
  `tms` timestamp NOT NULL DEFAULT current_timestamp() ON UPDATE current_timestamp(),
  `fk_object` int(11) NOT NULL,
  `import_key` varchar(14) DEFAULT NULL,
  PRIMARY KEY (`rowid`),
  UNIQUE KEY `uk_expensereport_extrafields` (`fk_object`),
  KEY `idx_expensereport_extrafields` (`fk_object`)
) ENGINE=InnoDB DEFAULT CHARSET=utf8mb3 COLLATE=utf8mb3_unicode_ci;

--
-- Dumping data for table `llx_expensereport_extrafields`
--


--
-- Table structure for table `llx_expensereport_ik`
--

CREATE TABLE `llx_expensereport_ik` (
  `rowid` int(11) NOT NULL AUTO_INCREMENT,
  `datec` datetime DEFAULT NULL,
  `tms` timestamp NOT NULL DEFAULT current_timestamp() ON UPDATE current_timestamp(),
  `fk_c_exp_tax_cat` int(11) NOT NULL DEFAULT 0,
  `fk_range` int(11) NOT NULL DEFAULT 0,
  `coef` double NOT NULL DEFAULT 0,
  `ikoffset` double NOT NULL DEFAULT 0,
  `active` int(11) DEFAULT 1,
  PRIMARY KEY (`rowid`)
) ENGINE=InnoDB AUTO_INCREMENT=16 DEFAULT CHARSET=utf8mb3 COLLATE=utf8mb3_unicode_ci;

--
-- Dumping data for table `llx_expensereport_ik`
--

INSERT INTO `llx_expensereport_ik` (`rowid`, `datec`, `tms`, `fk_c_exp_tax_cat`, `fk_range`, `coef`, `ikoffset`, `active`) VALUES (1,NULL,'2018-01-19 11:09:35',4,1,0.41,0,1),(2,NULL,'2018-01-19 11:09:35',4,2,0.244,824,1),(3,NULL,'2018-01-19 11:09:35',4,3,0.286,0,1),(4,NULL,'2018-01-19 11:09:35',5,4,0.493,0,1),(5,NULL,'2018-01-19 11:09:35',5,5,0.277,1082,1),(6,NULL,'2018-01-19 11:09:35',5,6,0.332,0,1),(7,NULL,'2018-01-19 11:09:35',6,7,0.543,0,1),(8,NULL,'2018-01-19 11:09:35',6,8,0.305,1180,1),(9,NULL,'2018-01-19 11:09:35',6,9,0.364,0,1),(10,NULL,'2018-01-19 11:09:35',7,10,0.568,0,1),(11,NULL,'2018-01-19 11:09:35',7,11,0.32,1244,1),(12,NULL,'2018-01-19 11:09:35',7,12,0.382,0,1),(13,NULL,'2018-01-19 11:09:35',8,13,0.595,0,1),(14,NULL,'2018-01-19 11:09:35',8,14,0.337,1288,1),(15,NULL,'2018-01-19 11:09:35',8,15,0.401,0,1);

--
-- Table structure for table `llx_expensereport_rules`
--

CREATE TABLE `llx_expensereport_rules` (
  `rowid` int(11) NOT NULL AUTO_INCREMENT,
  `datec` datetime DEFAULT NULL,
  `tms` timestamp NOT NULL DEFAULT current_timestamp() ON UPDATE current_timestamp(),
  `dates` datetime NOT NULL,
  `datee` datetime NOT NULL,
  `amount` double(24,8) DEFAULT NULL,
  `restrictive` tinyint(4) NOT NULL,
  `fk_user` int(11) DEFAULT NULL,
  `fk_usergroup` int(11) DEFAULT NULL,
  `fk_c_type_fees` int(11) NOT NULL,
  `code_expense_rules_type` varchar(50) NOT NULL,
  `is_for_all` tinyint(4) DEFAULT 0,
  `entity` int(11) DEFAULT 1,
  PRIMARY KEY (`rowid`)
) ENGINE=InnoDB DEFAULT CHARSET=utf8mb3 COLLATE=utf8mb3_unicode_ci;

--
-- Dumping data for table `llx_expensereport_rules`
--


--
-- Table structure for table `llx_export_compta`
--

CREATE TABLE `llx_export_compta` (
  `rowid` int(11) NOT NULL AUTO_INCREMENT,
  `ref` varchar(12) NOT NULL,
  `date_export` datetime NOT NULL,
  `fk_user` int(11) NOT NULL,
  `note` mediumtext DEFAULT NULL,
  PRIMARY KEY (`rowid`)
) ENGINE=InnoDB DEFAULT CHARSET=utf8mb4 COLLATE=utf8mb4_unicode_ci ROW_FORMAT=DYNAMIC;

--
-- Dumping data for table `llx_export_compta`
--


--
-- Table structure for table `llx_export_model`
--

CREATE TABLE `llx_export_model` (
  `rowid` int(11) NOT NULL AUTO_INCREMENT,
  `fk_user` int(11) NOT NULL DEFAULT 0,
  `label` varchar(50) NOT NULL,
  `type` varchar(64) DEFAULT NULL,
  `field` text NOT NULL,
  `filter` text DEFAULT NULL,
  `entity` int(11) NOT NULL DEFAULT 0,
  PRIMARY KEY (`rowid`),
  UNIQUE KEY `uk_export_model` (`label`,`type`)
) ENGINE=InnoDB AUTO_INCREMENT=4 DEFAULT CHARSET=utf8mb3 COLLATE=utf8mb3_unicode_ci;

--
-- Dumping data for table `llx_export_model`
--

INSERT INTO `llx_export_model` (`rowid`, `fk_user`, `label`, `type`, `field`, `filter`, `entity`) VALUES (1,0,'MyExport','facture_2','s.rowid,s.nom,s.code_client,s.address,s.zip,s.town,c.code,cd.nom,s.phone,s.siren,s.siret,s.ape,s.idprof4,s.code_compta,s.code_compta_fournisseur,s.tva_intra,f.rowid,f.ref,f.ref_client,f.type,f.datec,f.datef,f.date_lim_reglement,f.total_ht,f.total_ttc,f.total_tva,f.localtax1,f.localtax2,none.rest,f.paye,f.fk_statut,f.note_private,f.note_public,f.fk_user_author,uc.login,f.fk_user_valid,uv.login,pj.ref,pj.title,p.rowid,p.ref,p.amount,pf.amount,p.datep,p.num_paiement,pt.code,pt.libelle,p.note,p.fk_bank,ba.ref,f.multicurrency_code,f.multicurrency_tx,f.multicurrency_total_ht,f.multicurrency_total_tva,f.multicurrency_total_ttc,f.module_source,f.pos_source','',0),(2,11,'Export by joe','facture_2','s.rowid,s.nom,s.code_client,s.address,s.zip,s.town,c.code,cd.nom,s.phone,s.siren,s.siret,s.ape,s.idprof4,s.code_compta,s.code_compta_fournisseur,s.tva_intra,f.rowid,f.ref,f.ref_client,f.type,f.datec,f.datef,f.date_lim_reglement,f.total_ht,f.total_ttc,f.total_tva,f.localtax1,f.localtax2,none.rest,f.paye,f.fk_statut,f.note_private,f.note_public,f.fk_user_author,uc.login,f.fk_user_valid,uv.login,pj.ref,pj.title,p.rowid,p.ref,p.amount,pf.amount,p.datep,p.num_paiement,pt.code,pt.libelle,p.note,p.fk_bank,ba.ref,f.multicurrency_code,f.multicurrency_tx,f.multicurrency_total_ht,f.multicurrency_total_tva,f.multicurrency_total_ttc,f.module_source,f.pos_source','',0),(3,12,'test','societe_1','s.rowid,s.nom,s.name_alias,s.status,s.client,s.fournisseur,s.datec,s.tms,s.code_client,s.code_fournisseur,s.code_compta,s.code_compta_fournisseur,s.address,s.zip,s.town,d.nom,c.label,c.code,s.phone,s.fax,s.url,s.email,s.default_lang,s.siren,s.siret,s.ape,s.idprof4,s.idprof5,s.idprof6,s.tva_intra,s.capital,s.note_private,s.note_public,t.libelle,ce.code,cfj.libelle,s.fk_prospectlevel,st.code,payterm.libelle,paymode.libelle,s.price_level,extra.height,extra.weight,extra.prof,extra.birthdate,u.login,u.firstname,u.lastname','s.nom=%a%',0);

--
-- Table structure for table `llx_extrafields`
--

CREATE TABLE `llx_extrafields` (
  `rowid` int(11) NOT NULL AUTO_INCREMENT,
  `elementtype` varchar(64) NOT NULL DEFAULT 'member',
  `name` varchar(64) NOT NULL,
  `entity` int(11) NOT NULL DEFAULT 1,
  `tms` timestamp NOT NULL DEFAULT current_timestamp() ON UPDATE current_timestamp(),
  `label` varchar(255) NOT NULL,
  `type` varchar(8) DEFAULT NULL,
  `size` varchar(8) DEFAULT NULL,
  `pos` int(11) DEFAULT 0,
  `alwayseditable` int(11) DEFAULT 0,
  `emptyonclone` int(11) DEFAULT 0,
  `param` text DEFAULT NULL,
  `fieldunique` int(11) DEFAULT 0,
  `fieldrequired` int(11) DEFAULT 0,
  `perms` varchar(255) DEFAULT NULL,
  `list` varchar(128) DEFAULT NULL,
  `totalizable` tinyint(1) DEFAULT 0,
  `ishidden` int(11) DEFAULT 0,
  `fieldcomputed` text DEFAULT NULL,
  `fielddefault` text DEFAULT NULL,
  `langs` varchar(64) DEFAULT NULL,
  `fk_user_author` int(11) DEFAULT NULL,
  `fk_user_modif` int(11) DEFAULT NULL,
  `datec` datetime DEFAULT NULL,
  `enabled` varchar(255) DEFAULT '1',
  `help` text DEFAULT NULL,
  `printable` int(11) DEFAULT 0,
  `css` varchar(128) DEFAULT NULL,
  `cssview` varchar(128) DEFAULT NULL,
  `csslist` varchar(128) DEFAULT NULL,
  `personal_data` tinyint(4) DEFAULT 0,
  `module` varchar(64) DEFAULT NULL,
  `aiprompt` text DEFAULT NULL,
  `showintooltip` int(11) DEFAULT 0,
  PRIMARY KEY (`rowid`),
  UNIQUE KEY `uk_extrafields_name` (`name`,`entity`,`elementtype`)
) ENGINE=InnoDB AUTO_INCREMENT=2538 DEFAULT CHARSET=utf8mb3 COLLATE=utf8mb3_unicode_ci;

--
-- Dumping data for table `llx_extrafields`
--

INSERT INTO `llx_extrafields` (`rowid`, `elementtype`, `name`, `entity`, `tms`, `label`, `type`, `size`, `pos`, `alwayseditable`, `emptyonclone`, `param`, `fieldunique`, `fieldrequired`, `perms`, `list`, `totalizable`, `ishidden`, `fieldcomputed`, `fielddefault`, `langs`, `fk_user_author`, `fk_user_modif`, `datec`, `enabled`, `help`, `printable`, `css`, `cssview`, `csslist`, `personal_data`, `module`, `aiprompt`, `showintooltip`) VALUES (27,'projet','priority',1,'2018-01-19 11:17:49','Priority','select','',0,1,0,'a:1:{s:7:\"options\";a:5:{i:1;s:1:\"1\";i:2;s:1:\"2\";i:3;s:1:\"3\";i:4;s:1:\"4\";i:5;s:1:\"5\";}}',0,0,NULL,'1',0,0,NULL,NULL,NULL,NULL,NULL,NULL,'1',NULL,0,NULL,NULL,NULL,0,NULL,NULL,0),(33,'adherent','extradatamember',1,'2019-10-08 18:47:11','Extra personalized data','varchar','10',100,1,0,'a:1:{s:7:\"options\";a:1:{s:0:\"\";N;}}',0,0,NULL,'1',0,0,NULL,NULL,NULL,12,12,'2019-10-08 20:47:11','1',NULL,0,NULL,NULL,NULL,0,NULL,NULL,0),(34,'adherent_type','extradatamembertype',1,'2019-10-08 18:47:43','Extra personalized data','varchar','32',100,1,0,'a:1:{s:7:\"options\";a:1:{s:0:\"\";N;}}',0,0,NULL,'1',0,0,NULL,NULL,NULL,12,12,'2019-10-08 20:47:43','1',NULL,0,NULL,NULL,NULL,0,NULL,NULL,0),(35,'commande','custom1',1,'2019-12-21 13:31:31','Custom field 1','varchar','10',100,1,0,'a:1:{s:7:\"options\";a:1:{s:0:\"\";N;}}',0,0,NULL,'1',0,0,NULL,NULL,NULL,12,12,'2019-12-21 17:31:31','1',NULL,0,NULL,NULL,NULL,0,NULL,NULL,0),(45,'commande','aaa',1,'2023-01-12 11:33:26','aaa','varchar','255',100,1,0,'a:1:{s:7:\"options\";a:1:{s:0:\"\";N;}}',0,0,NULL,'1',0,0,NULL,NULL,NULL,12,12,'2023-01-12 08:33:26','1',NULL,0,NULL,NULL,NULL,0,NULL,NULL,0),(142,'partnership','a_custom_field',1,'2023-08-15 12:10:00','a_custom_field','varchar','255',100,1,0,'a:1:{s:7:\"options\";a:1:{s:0:\"\";N;}}',0,0,NULL,'1',0,0,NULL,NULL,NULL,12,12,'2023-02-21 06:25:48','1',NULL,0,NULL,NULL,NULL,0,NULL,NULL,0),(1407,'alumni_survey','aaa',1,'2024-12-06 12:51:24','aaa','varchar','255',100,1,0,'a:1:{s:7:\"options\";a:1:{s:0:\"\";N;}}',0,0,NULL,'1',0,0,NULL,NULL,NULL,12,12,'2024-12-06 13:51:24','1',NULL,1,NULL,NULL,NULL,0,NULL,NULL,0),(2277,'entrepot','aaaa',1,'2025-02-19 13:05:18','aaaa','int','10',100,1,0,'a:1:{s:7:\"options\";a:1:{s:0:\"\";N;}}',0,0,NULL,'1',0,0,NULL,NULL,NULL,12,12,'2025-02-19 13:05:18','1',NULL,1,NULL,NULL,NULL,0,NULL,NULL,0),(2310,'socpeople','ccc',1,'2025-03-25 22:36:52','ccc','varchar','255',100,1,0,'a:1:{s:7:\"options\";a:1:{s:0:\"\";N;}}',0,0,NULL,'1',0,0,NULL,NULL,NULL,12,12,'2025-03-25 22:36:52','1',NULL,1,NULL,NULL,NULL,0,NULL,NULL,0),(2311,'socpeople','ddd',1,'2025-03-25 22:36:58','ddd','datetime','',100,1,0,'a:1:{s:7:\"options\";a:1:{s:0:\"\";N;}}',0,0,NULL,'1',0,0,NULL,NULL,NULL,12,12,'2025-03-25 22:36:58','1',NULL,1,NULL,NULL,NULL,0,NULL,NULL,0),(2312,'user','eee',1,'2025-03-31 10:55:40','eee','stars','5',100,1,0,'a:1:{s:7:\"options\";a:1:{s:0:\"\";N;}}',0,0,NULL,'1',0,0,NULL,NULL,NULL,12,12,'2025-03-31 07:55:40','1',NULL,1,NULL,NULL,NULL,0,NULL,NULL,0),(2326,'contrat','aaa',1,'2025-04-01 13:58:15','aaa','varchar','255',1,1,0,'a:1:{s:7:\"options\";a:1:{s:0:\"\";s:7:\"/custom\";}}',0,0,NULL,'1',0,0,'\'/home/jail/home/\'.$object->array_options[\'options_username_os\'].\'/\'.$object->array_options[\'options_database_db\']',NULL,NULL,12,12,'2025-04-01 10:58:15','1',NULL,1,NULL,NULL,NULL,0,NULL,NULL,0),(2327,'societe','sss',1,'2025-04-26 00:54:38','sss','stars','5',100,1,0,'a:1:{s:7:\"options\";a:1:{s:0:\"\";N;}}',0,0,NULL,'1',0,0,NULL,NULL,NULL,12,12,'2025-04-26 02:54:38','1',NULL,1,NULL,NULL,NULL,0,NULL,NULL,0),(2536,'product','aaa',1,'2025-06-26 22:01:48','aaa','link','',100,1,0,'a:1:{s:7:\"options\";a:1:{s:61:\"CompanyPaymentMode:societe/class/companypaymentmode.class.php\";N;}}',0,0,NULL,'1',0,0,NULL,NULL,NULL,12,12,'2025-06-26 22:01:48','1',NULL,1,NULL,NULL,NULL,0,NULL,'',0),(2537,'adherent','aaa',1,'2025-06-26 22:15:09','aaa','link','',100,1,0,'a:1:{s:7:\"options\";a:1:{s:61:\"CompanyPaymentMode:societe/class/companypaymentmode.class.php\";N;}}',0,0,NULL,'1',0,0,NULL,NULL,NULL,12,12,'2025-06-26 22:15:09','1',NULL,1,NULL,NULL,NULL,0,NULL,'',0);

--
-- Table structure for table `llx_facture`
--

CREATE TABLE `llx_facture` (
  `rowid` int(11) NOT NULL AUTO_INCREMENT,
  `ref` varchar(30) NOT NULL,
  `entity` int(11) NOT NULL DEFAULT 1,
  `ref_ext` varchar(255) DEFAULT NULL,
  `ref_int` varchar(255) DEFAULT NULL,
  `type` smallint(6) NOT NULL DEFAULT 0,
  `ref_client` varchar(255) DEFAULT NULL,
  `increment` varchar(10) DEFAULT NULL,
  `fk_soc` int(11) NOT NULL,
  `datec` datetime DEFAULT NULL,
  `datef` date DEFAULT NULL,
  `date_valid` datetime DEFAULT NULL,
  `date_closing` datetime DEFAULT NULL,
  `tms` timestamp NOT NULL DEFAULT current_timestamp() ON UPDATE current_timestamp(),
  `paye` smallint(6) NOT NULL DEFAULT 0,
  `remise_percent` double DEFAULT 0,
  `remise_absolue` double DEFAULT 0,
  `remise` double DEFAULT 0,
  `close_code` varchar(16) DEFAULT NULL,
  `close_missing_amount` double(24,8) DEFAULT NULL,
  `close_note` varchar(128) DEFAULT NULL,
  `total_tva` double(24,8) DEFAULT 0.00000000,
  `localtax1` double(24,8) DEFAULT 0.00000000,
  `localtax2` double(24,8) DEFAULT 0.00000000,
  `revenuestamp` double(24,8) DEFAULT 0.00000000,
  `total_ht` double(24,8) DEFAULT 0.00000000,
  `total_ttc` double(24,8) DEFAULT 0.00000000,
  `fk_statut` smallint(6) NOT NULL DEFAULT 0,
  `fk_user_author` int(11) DEFAULT NULL,
  `fk_user_modif` int(11) DEFAULT NULL,
  `fk_user_valid` int(11) DEFAULT NULL,
  `fk_user_closing` int(11) DEFAULT NULL,
  `fk_facture_source` int(11) DEFAULT NULL,
  `fk_projet` int(11) DEFAULT NULL,
  `fk_account` int(11) DEFAULT NULL,
  `fk_currency` varchar(3) DEFAULT NULL,
  `fk_cond_reglement` int(11) NOT NULL DEFAULT 1,
  `fk_mode_reglement` int(11) DEFAULT NULL,
  `date_lim_reglement` date DEFAULT NULL,
  `payment_reference` varchar(25) DEFAULT NULL,
  `dispute_status` int(11) DEFAULT 0,
  `note_private` text DEFAULT NULL,
  `note_public` text DEFAULT NULL,
  `model_pdf` varchar(255) DEFAULT NULL,
  `import_key` varchar(14) DEFAULT NULL,
  `extraparams` varchar(255) DEFAULT NULL,
  `situation_cycle_ref` int(11) DEFAULT NULL,
  `situation_counter` smallint(6) DEFAULT NULL,
  `situation_final` smallint(6) DEFAULT NULL,
  `retained_warranty` double DEFAULT NULL,
  `retained_warranty_date_limit` date DEFAULT NULL,
  `retained_warranty_fk_cond_reglement` int(11) DEFAULT NULL,
  `fk_incoterms` int(11) DEFAULT NULL,
  `location_incoterms` varchar(255) DEFAULT NULL,
  `fk_transport_mode` int(11) DEFAULT NULL,
  `date_pointoftax` date DEFAULT NULL,
  `fk_multicurrency` int(11) DEFAULT NULL,
  `multicurrency_code` varchar(3) DEFAULT NULL,
  `multicurrency_tx` double(24,8) DEFAULT 1.00000000,
  `multicurrency_total_ht` double(24,8) DEFAULT 0.00000000,
  `multicurrency_total_tva` double(24,8) DEFAULT 0.00000000,
  `multicurrency_total_ttc` double(24,8) DEFAULT 0.00000000,
  `fk_fac_rec_source` int(11) DEFAULT NULL,
  `last_main_doc` varchar(255) DEFAULT NULL,
  `fk_input_reason` int(11) DEFAULT NULL,
  `module_source` varchar(32) DEFAULT NULL,
  `pos_source` varchar(32) DEFAULT NULL,
  `prorata_discount` double DEFAULT NULL,
  `subtype` smallint(6) DEFAULT NULL,
  `is_also_delivery_note` tinyint(4) NOT NULL DEFAULT 0,
  `ip` varchar(250) DEFAULT NULL,
  `pos_print_counter` int(11) DEFAULT 0,
  `email_sent_counter` int(11) DEFAULT 0,
  `fk_thirdparty_rib_id` int(11) DEFAULT NULL,
  PRIMARY KEY (`rowid`),
  UNIQUE KEY `uk_facture_ref` (`ref`,`entity`),
  KEY `idx_facture_fk_soc` (`fk_soc`),
  KEY `idx_facture_fk_user_author` (`fk_user_author`),
  KEY `idx_facture_fk_user_valid` (`fk_user_valid`),
  KEY `idx_facture_fk_facture_source` (`fk_facture_source`),
  KEY `idx_facture_fk_projet` (`fk_projet`),
  KEY `idx_facture_fk_account` (`fk_account`),
  KEY `idx_facture_fk_currency` (`fk_currency`),
  KEY `idx_facture_fk_statut` (`fk_statut`),
  KEY `idx_facture_datef` (`datef`),
  KEY `idx_facture_tms` (`tms`),
  KEY `idx_facture_fk_input_reason` (`fk_input_reason`),
  CONSTRAINT `fk_facture_fk_facture_source` FOREIGN KEY (`fk_facture_source`) REFERENCES `llx_facture` (`rowid`),
  CONSTRAINT `fk_facture_fk_input_reason` FOREIGN KEY (`fk_input_reason`) REFERENCES `llx_c_input_reason` (`rowid`),
  CONSTRAINT `fk_facture_fk_projet` FOREIGN KEY (`fk_projet`) REFERENCES `llx_projet` (`rowid`),
  CONSTRAINT `fk_facture_fk_soc` FOREIGN KEY (`fk_soc`) REFERENCES `llx_societe` (`rowid`),
  CONSTRAINT `fk_facture_fk_user_author` FOREIGN KEY (`fk_user_author`) REFERENCES `llx_user` (`rowid`),
  CONSTRAINT `fk_facture_fk_user_valid` FOREIGN KEY (`fk_user_valid`) REFERENCES `llx_user` (`rowid`)
) ENGINE=InnoDB AUTO_INCREMENT=482 DEFAULT CHARSET=utf8mb3 COLLATE=utf8mb3_unicode_ci;

--
-- Dumping data for table `llx_facture`
--

INSERT INTO `llx_facture` (`rowid`, `ref`, `entity`, `ref_ext`, `ref_int`, `type`, `ref_client`, `increment`, `fk_soc`, `datec`, `datef`, `date_valid`, `date_closing`, `tms`, `paye`, `remise_percent`, `remise_absolue`, `remise`, `close_code`, `close_missing_amount`, `close_note`, `total_tva`, `localtax1`, `localtax2`, `revenuestamp`, `total_ht`, `total_ttc`, `fk_statut`, `fk_user_author`, `fk_user_modif`, `fk_user_valid`, `fk_user_closing`, `fk_facture_source`, `fk_projet`, `fk_account`, `fk_currency`, `fk_cond_reglement`, `fk_mode_reglement`, `date_lim_reglement`, `payment_reference`, `dispute_status`, `note_private`, `note_public`, `model_pdf`, `import_key`, `extraparams`, `situation_cycle_ref`, `situation_counter`, `situation_final`, `retained_warranty`, `retained_warranty_date_limit`, `retained_warranty_fk_cond_reglement`, `fk_incoterms`, `location_incoterms`, `fk_transport_mode`, `date_pointoftax`, `fk_multicurrency`, `multicurrency_code`, `multicurrency_tx`, `multicurrency_total_ht`, `multicurrency_total_tva`, `multicurrency_total_ttc`, `fk_fac_rec_source`, `last_main_doc`, `fk_input_reason`, `module_source`, `pos_source`, `prorata_discount`, `subtype`, `is_also_delivery_note`, `ip`, `pos_print_counter`, `email_sent_counter`, `fk_thirdparty_rib_id`) VALUES (476,'FA2606-0001',1,NULL,NULL,0,NULL,NULL,59,'2026-06-02 16:21:48','2026-06-02','2026-06-02 16:22:24',NULL,'2026-06-02 16:22:24',0,0,0,0,NULL,NULL,NULL,5.80000000,0.00000000,0.00000000,0.00000000,29.00000000,34.80000000,1,12,NULL,12,NULL,NULL,NULL,3,NULL,0,0,'2026-06-02',NULL,0,NULL,NULL,'sponge',NULL,NULL,NULL,NULL,1,0,'2026-06-02',0,0,'',NULL,NULL,1,'EUR',1.00000000,29.00000000,5.80000000,34.80000000,NULL,'facture/FA2606-0001/FA2606-0001.pdf',NULL,NULL,NULL,NULL,0,0,NULL,0,0,NULL),(477,'TC1-2606-0001',1,NULL,NULL,0,NULL,NULL,7,'2026-06-02 16:24:45','2026-06-02','2026-06-02 16:25:06','2026-06-02 16:25:06','2026-06-02 16:30:19',1,0,0,0,NULL,NULL,NULL,0.50000000,0.00000000,0.00000000,0.00000000,2.50000000,3.00000000,2,12,NULL,12,12,NULL,NULL,NULL,NULL,0,4,'2026-06-02',NULL,0,NULL,NULL,NULL,NULL,NULL,NULL,NULL,1,0,NULL,0,0,'',NULL,NULL,0,'EUR',1.00000000,2.50000000,0.50000000,3.00000000,NULL,'facture/TC1-2606-0001/TC1-2606-0001.pdf',NULL,'takepos','1',NULL,NULL,0,NULL,2,0,NULL),(478,'TC1-2501-0002',1,NULL,NULL,0,NULL,NULL,7,'2025-01-15 09:30:38','2025-01-15','2025-01-15 09:30:44','2025-01-15 09:30:44','2025-01-15 09:30:56',1,0,0,0,NULL,NULL,NULL,0.25000000,0.00000000,0.00000000,0.00000000,1.25000000,1.50000000,2,12,NULL,12,12,NULL,NULL,NULL,NULL,0,4,'2025-01-15',NULL,0,NULL,NULL,NULL,NULL,NULL,NULL,NULL,1,0,NULL,0,0,'',NULL,NULL,0,'EUR',1.00000000,1.25000000,0.25000000,1.50000000,NULL,'facture/TC1-2501-0002/TC1-2501-0002.pdf',NULL,'takepos','1',NULL,NULL,0,NULL,1,0,NULL),(479,'TC1-2501-0003',1,NULL,NULL,0,NULL,NULL,7,'2025-01-15 09:32:46','2025-01-15','2025-01-15 09:33:06','2025-01-15 09:33:06','2025-01-15 09:33:06',1,0,0,0,NULL,NULL,NULL,0.62000000,0.00000000,0.00000000,0.00000000,3.08000000,3.70000000,2,12,NULL,12,12,NULL,NULL,NULL,NULL,0,4,'2025-01-15',NULL,0,NULL,NULL,NULL,NULL,NULL,NULL,NULL,1,0,NULL,0,0,'',NULL,NULL,0,'EUR',1.00000000,3.08000000,0.62000000,3.70000000,NULL,'facture/TC1-2501-0003/TC1-2501-0003.pdf',NULL,'takepos','1',NULL,NULL,0,NULL,0,0,NULL),(480,'TC1-2501-0004',1,NULL,NULL,0,NULL,NULL,7,'2025-01-16 09:30:42','2025-01-16','2025-01-16 09:30:44','2025-01-16 09:30:44','2025-01-16 09:31:07',1,0,0,0,NULL,NULL,NULL,0.62000000,0.00000000,0.00000000,0.00000000,3.08000000,3.70000000,2,12,NULL,12,12,NULL,NULL,NULL,NULL,0,4,'2025-01-16',NULL,0,NULL,NULL,NULL,NULL,NULL,NULL,NULL,1,0,NULL,0,0,'',NULL,NULL,0,'EUR',1.00000000,3.08000000,0.62000000,3.70000000,NULL,'facture/TC1-2501-0004/TC1-2501-0004.pdf',NULL,'takepos','1',NULL,NULL,0,NULL,1,1,NULL),(481,'TC1-2503-0005',1,NULL,NULL,0,NULL,NULL,7,'2025-03-15 09:30:31','2025-03-15','2025-03-15 09:31:14','2025-03-15 09:31:57','2025-03-15 09:31:57',1,0,0,0,NULL,NULL,NULL,16.67000000,0.00000000,0.00000000,0.00000000,83.33000000,100.00000000,2,12,NULL,12,12,NULL,NULL,NULL,NULL,0,6,'2025-03-15',NULL,0,NULL,NULL,NULL,NULL,NULL,NULL,NULL,1,0,NULL,0,0,'',NULL,NULL,0,'EUR',1.00000000,83.33000000,16.67000000,100.00000000,NULL,'facture/TC1-2503-0005/TC1-2503-0005.pdf',NULL,'takepos','1',NULL,NULL,0,NULL,0,0,NULL);

--
-- Table structure for table `llx_facture_extrafields`
--

CREATE TABLE `llx_facture_extrafields` (
  `rowid` int(11) NOT NULL AUTO_INCREMENT,
  `tms` timestamp NOT NULL DEFAULT current_timestamp() ON UPDATE current_timestamp(),
  `fk_object` int(11) NOT NULL,
  `import_key` varchar(14) DEFAULT NULL,
  `commission` int(3) DEFAULT NULL,
  `reseller` int(11) DEFAULT NULL,
  `delayautopayment` date DEFAULT NULL,
  `invoicepaymentdisputed` int(11) DEFAULT NULL,
  PRIMARY KEY (`rowid`),
  UNIQUE KEY `uk_facture_extrafields` (`fk_object`),
  KEY `idx_facture_extrafields` (`fk_object`)
) ENGINE=InnoDB AUTO_INCREMENT=32 DEFAULT CHARSET=utf8mb3 COLLATE=utf8mb3_unicode_ci;

--
-- Dumping data for table `llx_facture_extrafields`
--

INSERT INTO `llx_facture_extrafields` (`rowid`, `tms`, `fk_object`, `import_key`, `commission`, `reseller`, `delayautopayment`, `invoicepaymentdisputed`) VALUES (1,'2023-02-15 16:05:13',235,NULL,NULL,NULL,NULL,NULL),(2,'2023-02-15 16:17:22',236,NULL,NULL,NULL,NULL,NULL),(3,'2023-03-02 16:11:22',237,NULL,NULL,NULL,NULL,NULL),(5,'2023-03-02 16:20:59',238,NULL,NULL,NULL,NULL,NULL),(6,'2023-03-15 11:24:26',239,NULL,NULL,NULL,NULL,NULL),(7,'2023-03-15 12:42:22',240,NULL,NULL,NULL,NULL,NULL),(14,'2024-12-09 14:25:13',241,NULL,NULL,NULL,NULL,NULL),(16,'2024-12-12 14:49:53',242,NULL,NULL,NULL,NULL,NULL),(17,'2024-12-18 14:51:53',243,NULL,NULL,NULL,NULL,NULL),(18,'2024-12-18 15:16:33',244,NULL,NULL,NULL,NULL,NULL),(19,'2024-12-18 15:20:24',245,NULL,NULL,NULL,NULL,NULL),(20,'2024-12-18 15:20:57',246,NULL,NULL,NULL,NULL,NULL),(21,'2024-12-30 19:08:06',247,NULL,NULL,NULL,NULL,NULL),(22,'2025-02-19 16:54:56',248,NULL,NULL,NULL,NULL,NULL),(23,'2025-02-19 17:03:34',249,NULL,NULL,NULL,NULL,NULL),(24,'2025-02-19 17:10:20',250,NULL,NULL,NULL,NULL,NULL),(25,'2025-02-21 19:55:41',251,NULL,NULL,NULL,NULL,NULL),(27,'2025-03-19 13:40:57',293,NULL,NULL,NULL,NULL,NULL),(28,'2025-04-09 10:10:08',447,NULL,NULL,NULL,NULL,NULL),(29,'2025-04-25 12:47:20',448,NULL,NULL,NULL,NULL,NULL),(31,'2025-04-25 12:50:12',450,NULL,NULL,NULL,NULL,NULL);

--
-- Table structure for table `llx_facture_fourn`
--

CREATE TABLE `llx_facture_fourn` (
  `rowid` int(11) NOT NULL AUTO_INCREMENT,
  `ref` varchar(30) DEFAULT NULL,
  `ref_supplier` varchar(255) DEFAULT NULL,
  `entity` int(11) NOT NULL DEFAULT 1,
  `ref_ext` varchar(255) DEFAULT NULL,
  `type` smallint(6) NOT NULL DEFAULT 0,
  `fk_soc` int(11) NOT NULL,
  `datec` datetime DEFAULT NULL,
  `datef` date DEFAULT NULL,
  `tms` timestamp NOT NULL DEFAULT current_timestamp() ON UPDATE current_timestamp(),
  `libelle` varchar(255) DEFAULT NULL,
  `paye` smallint(6) NOT NULL DEFAULT 0,
  `amount` double(24,8) NOT NULL DEFAULT 0.00000000,
  `remise` double(24,8) DEFAULT 0.00000000,
  `close_code` varchar(16) DEFAULT NULL,
  `close_missing_amount` double(24,8) DEFAULT NULL,
  `close_note` varchar(128) DEFAULT NULL,
  `vat_reverse_charge` tinyint(4) DEFAULT 0,
  `tva` double(24,8) DEFAULT 0.00000000,
  `localtax1` double(24,8) DEFAULT 0.00000000,
  `localtax2` double(24,8) DEFAULT 0.00000000,
  `total_ht` double(24,8) DEFAULT 0.00000000,
  `total_tva` double(24,8) DEFAULT 0.00000000,
  `total_ttc` double(24,8) DEFAULT 0.00000000,
  `fk_statut` smallint(6) NOT NULL DEFAULT 0,
  `fk_user_author` int(11) DEFAULT NULL,
  `fk_user_modif` int(11) DEFAULT NULL,
  `fk_user_valid` int(11) DEFAULT NULL,
  `fk_user_closing` int(11) DEFAULT NULL,
  `fk_facture_source` int(11) DEFAULT NULL,
  `fk_projet` int(11) DEFAULT NULL,
  `fk_account` int(11) DEFAULT NULL,
  `fk_cond_reglement` int(11) DEFAULT NULL,
  `fk_mode_reglement` int(11) DEFAULT NULL,
  `date_lim_reglement` date DEFAULT NULL,
  `note_private` text DEFAULT NULL,
  `note_public` text DEFAULT NULL,
  `model_pdf` varchar(255) DEFAULT NULL,
  `import_key` varchar(14) DEFAULT NULL,
  `extraparams` varchar(255) DEFAULT NULL,
  `fk_incoterms` int(11) DEFAULT NULL,
  `location_incoterms` varchar(255) DEFAULT NULL,
  `fk_transport_mode` int(11) DEFAULT NULL,
  `fk_multicurrency` int(11) DEFAULT NULL,
  `multicurrency_code` varchar(3) DEFAULT NULL,
  `multicurrency_tx` double(24,8) DEFAULT 1.00000000,
  `multicurrency_total_ht` double(24,8) DEFAULT 0.00000000,
  `multicurrency_total_tva` double(24,8) DEFAULT 0.00000000,
  `multicurrency_total_ttc` double(24,8) DEFAULT 0.00000000,
  `last_main_doc` varchar(255) DEFAULT NULL,
  `date_pointoftax` date DEFAULT NULL,
  `date_valid` date DEFAULT NULL,
  `date_closing` datetime DEFAULT NULL,
  `fk_fac_rec_source` int(11) DEFAULT NULL,
  `revenuestamp` double(24,8) DEFAULT 0.00000000,
  `subtype` smallint(6) DEFAULT NULL,
  `fk_thirdparty_rib_id` int(11) DEFAULT NULL,
  `payment_reference` varchar(25) DEFAULT NULL,
  `dispute_status` int(11) DEFAULT 0,
  PRIMARY KEY (`rowid`),
  UNIQUE KEY `uk_facture_fourn_ref_supplier` (`ref_supplier`,`fk_soc`,`entity`),
  UNIQUE KEY `uk_facture_fourn_ref` (`ref`,`entity`),
  KEY `idx_facture_fourn_date_lim_reglement` (`date_lim_reglement`),
  KEY `idx_facture_fourn_fk_soc` (`fk_soc`),
  KEY `idx_facture_fourn_fk_user_author` (`fk_user_author`),
  KEY `idx_facture_fourn_fk_user_valid` (`fk_user_valid`),
  KEY `idx_facture_fourn_fk_projet` (`fk_projet`),
  KEY `idx_facture_fourn_tms` (`tms`),
  CONSTRAINT `fk_facture_fourn_fk_projet` FOREIGN KEY (`fk_projet`) REFERENCES `llx_projet` (`rowid`),
  CONSTRAINT `fk_facture_fourn_fk_soc` FOREIGN KEY (`fk_soc`) REFERENCES `llx_societe` (`rowid`),
  CONSTRAINT `fk_facture_fourn_fk_user_author` FOREIGN KEY (`fk_user_author`) REFERENCES `llx_user` (`rowid`),
  CONSTRAINT `fk_facture_fourn_fk_user_valid` FOREIGN KEY (`fk_user_valid`) REFERENCES `llx_user` (`rowid`)
) ENGINE=InnoDB AUTO_INCREMENT=43 DEFAULT CHARSET=utf8mb3 COLLATE=utf8mb3_unicode_ci;

--
-- Dumping data for table `llx_facture_fourn`
--

INSERT INTO `llx_facture_fourn` (`rowid`, `ref`, `ref_supplier`, `entity`, `ref_ext`, `type`, `fk_soc`, `datec`, `datef`, `tms`, `libelle`, `paye`, `amount`, `remise`, `close_code`, `close_missing_amount`, `close_note`, `vat_reverse_charge`, `tva`, `localtax1`, `localtax2`, `total_ht`, `total_tva`, `total_ttc`, `fk_statut`, `fk_user_author`, `fk_user_modif`, `fk_user_valid`, `fk_user_closing`, `fk_facture_source`, `fk_projet`, `fk_account`, `fk_cond_reglement`, `fk_mode_reglement`, `date_lim_reglement`, `note_private`, `note_public`, `model_pdf`, `import_key`, `extraparams`, `fk_incoterms`, `location_incoterms`, `fk_transport_mode`, `fk_multicurrency`, `multicurrency_code`, `multicurrency_tx`, `multicurrency_total_ht`, `multicurrency_total_tva`, `multicurrency_total_ttc`, `last_main_doc`, `date_pointoftax`, `date_valid`, `date_closing`, `fk_fac_rec_source`, `revenuestamp`, `subtype`, `fk_thirdparty_rib_id`, `payment_reference`, `dispute_status`) VALUES (16,'SI1601-0001','FR70813',1,NULL,0,1,'2014-12-19 15:24:11','2003-04-11','2017-02-06 04:08:22','OVH FR70813',0,0.00000000,0.00000000,NULL,NULL,NULL,0,0.00000000,0.00000000,0.00000000,829.00000000,162.48000000,991.48000000,1,1,NULL,12,NULL,NULL,NULL,NULL,1,NULL,'2003-04-11','','',NULL,NULL,NULL,NULL,NULL,NULL,NULL,NULL,1.00000000,0.00000000,0.00000000,0.00000000,NULL,NULL,NULL,NULL,NULL,0.00000000,NULL,NULL,NULL,0),(17,'SI1601-0002','FR81385',1,NULL,0,1,'2015-02-13 17:19:35','2003-06-04','2019-10-04 08:31:30','OVH FR81385',0,0.00000000,0.00000000,NULL,NULL,NULL,0,0.00000000,NULL,NULL,26.00000000,5.10000000,31.10000000,1,1,NULL,12,NULL,NULL,NULL,NULL,4,NULL,'2003-08-03','','','canelle',NULL,NULL,NULL,NULL,NULL,NULL,NULL,1.00000000,0.00000000,0.00000000,0.00000000,NULL,NULL,'2019-10-04',NULL,NULL,0.00000000,NULL,NULL,NULL,0),(18,'SI1601-0003','FR81385',1,NULL,0,2,'2015-02-13 17:20:25','2003-06-04','2017-02-06 04:08:35','OVH FR81385',0,0.00000000,0.00000000,NULL,NULL,NULL,0,0.00000000,0.00000000,0.00000000,26.00000000,5.10000000,31.10000000,0,1,NULL,NULL,NULL,NULL,NULL,NULL,1,NULL,'2003-06-04','','',NULL,NULL,NULL,NULL,NULL,NULL,NULL,NULL,1.00000000,0.00000000,0.00000000,0.00000000,NULL,NULL,NULL,NULL,NULL,0.00000000,NULL,NULL,NULL,0),(19,'SI1601-0004','FR813852',1,NULL,0,2,'2015-03-16 17:59:02','2015-03-16','2017-02-06 04:08:38','OVH FR81385',0,0.00000000,0.00000000,NULL,NULL,NULL,0,0.00000000,0.00000000,0.00000000,26.00000000,5.10000000,31.10000000,0,1,NULL,NULL,NULL,NULL,NULL,NULL,1,NULL,NULL,'','',NULL,NULL,NULL,NULL,NULL,NULL,NULL,NULL,1.00000000,0.00000000,0.00000000,0.00000000,NULL,NULL,NULL,NULL,NULL,0.00000000,NULL,NULL,NULL,0),(20,'SI1702-0001','INV-AE56ER08',1,NULL,0,13,'2017-02-01 19:00:31','2017-02-01','2017-02-01 15:05:28','',0,0.00000000,0.00000000,NULL,NULL,NULL,0,0.00000000,0.00000000,0.00000000,200.00000000,39.20000000,239.20000000,1,12,NULL,12,NULL,NULL,5,NULL,1,0,'2017-02-01','The customer has called us the 24th april. He agree us to not pay the remain of invoice due to default.<br />\r\nLet\'s see with our book keeper, if we must cancel invoice or ask the supplier a credit note...',NULL,'canelle',NULL,NULL,0,'',NULL,0,'EUR',1.00000000,200.00000000,39.20000000,239.20000000,NULL,NULL,NULL,NULL,NULL,0.00000000,NULL,NULL,NULL,0),(21,'SI1911-0005','NL-123',1,NULL,0,10,'2019-11-28 15:54:30','2019-11-28','2019-11-28 11:54:46','',0,0.00000000,0.00000000,NULL,NULL,NULL,0,0.00000000,0.00000000,0.00000000,450.00000000,0.00000000,450.00000000,1,12,NULL,12,NULL,NULL,NULL,NULL,1,NULL,'2019-11-28','','',NULL,NULL,NULL,0,'',NULL,1,'EUR',1.00000000,450.00000000,0.00000000,450.00000000,NULL,NULL,'2019-11-28',NULL,NULL,0.00000000,NULL,NULL,NULL,0),(22,'SI2001-0006','INV20200101',1,NULL,0,17,'2020-01-01 17:48:01','2020-01-01','2023-01-10 16:24:45','',0,0.00000000,0.00000000,NULL,NULL,NULL,0,0.00000000,0.00000000,0.00000000,361.00000000,70.93000000,431.93000000,0,12,NULL,12,NULL,NULL,NULL,1,1,2,'2020-01-01','','',NULL,NULL,NULL,0,'',NULL,1,'EUR',1.00000000,361.00000000,70.93000000,431.93000000,'fournisseur/facture/2/2/SI2001-0006/SI2001-0006.pdf',NULL,'2022-12-29',NULL,NULL,0.00000000,NULL,NULL,NULL,0),(27,'SA2001-0001','CN01',1,NULL,2,17,'2020-01-01 20:21:51','2020-01-01','2022-02-07 13:38:10','',1,0.00000000,0.00000000,NULL,NULL,NULL,0,0.00000000,0.00000000,0.00000000,-350.00000000,-43.75000000,-393.75000000,2,12,12,12,NULL,22,NULL,NULL,1,NULL,NULL,'','ddd',NULL,NULL,NULL,0,'',NULL,1,'EUR',1.00000000,-350.00000000,-43.75000000,-393.75000000,NULL,NULL,'2020-01-01',NULL,NULL,0.00000000,NULL,NULL,NULL,0),(28,'SI2001-0007','INV02',1,NULL,0,17,'2020-01-01 20:22:48','2020-01-01','2020-01-01 18:06:02','',0,0.00000000,0.00000000,NULL,NULL,NULL,0,0.00000000,0.00000000,0.00000000,79.17000000,9.89000000,89.06000000,1,12,NULL,12,NULL,NULL,NULL,NULL,1,NULL,'2020-01-01','','',NULL,NULL,NULL,0,'',NULL,1,'EUR',1.00000000,79.17000000,9.89000000,89.06000000,NULL,NULL,'2020-01-01',NULL,NULL,0.00000000,NULL,NULL,NULL,0),(30,'SA2001-0002','555',1,NULL,2,1,'2020-01-01 20:51:32','2020-01-01','2020-01-01 17:15:57','',0,0.00000000,0.00000000,NULL,NULL,NULL,0,0.00000000,0.00000000,0.00000000,-26.00000000,-5.10000000,-31.10000000,1,12,NULL,12,NULL,17,NULL,NULL,1,NULL,NULL,'','',NULL,NULL,NULL,0,'',NULL,1,'EUR',1.00000000,0.00000000,0.00000000,0.00000000,NULL,NULL,'2020-01-01',NULL,NULL,0.00000000,NULL,NULL,NULL,0),(31,'(PROV31)','aaaa',1,'',3,13,'2023-02-11 08:27:18','2023-02-11','2023-02-11 11:27:18','',0,0.00000000,0.00000000,NULL,NULL,NULL,0,0.00000000,0.00000000,0.00000000,0.00000000,0.00000000,0.00000000,0,12,NULL,NULL,NULL,NULL,NULL,NULL,2,NULL,'2023-03-13','','',NULL,NULL,NULL,0,'',NULL,1,'EUR',1.00000000,0.00000000,0.00000000,0.00000000,'fournisseur/facture/1/3/(PROV31)/(PROV31).pdf',NULL,NULL,NULL,NULL,0.00000000,NULL,NULL,NULL,0),(32,'SI2302-0008','aaaa',1,'',0,17,'2023-02-15 13:18:16','2023-02-15','2023-02-15 16:54:52','',0,0.00000000,0.00000000,NULL,NULL,NULL,0,0.00000000,0.00000000,0.00000000,50.00000000,10.00000000,60.00000000,1,12,NULL,12,NULL,NULL,4,NULL,1,4,'2023-02-15','','',NULL,NULL,NULL,0,'',NULL,1,'EUR',1.00000000,50.00000000,10.00000000,60.00000000,'fournisseur/facture/2/3/SI2302-0008/SI2302-0008.pdf',NULL,'2023-02-15',NULL,NULL,0.00000000,NULL,NULL,NULL,0),(34,'(PROV34)','Copy of FR81385',1,'',0,1,'2023-02-21 08:01:43','2023-02-21','2023-02-21 11:01:43','OVH FR81385',0,0.00000000,0.00000000,NULL,NULL,NULL,0,0.00000000,0.00000000,0.00000000,26.00000000,5.10000000,31.10000000,0,12,NULL,NULL,NULL,NULL,NULL,NULL,4,NULL,NULL,'','',NULL,NULL,NULL,0,'',NULL,0,'EUR',1.00000000,26.00000000,5.10000000,31.10000000,NULL,NULL,NULL,NULL,NULL,0.00000000,NULL,NULL,NULL,0),(38,'(PROV38)','Copy of FR81385c',1,'',0,1,'2023-02-21 08:10:59','2023-02-21','2025-01-02 19:29:23','OVH FR81385',0,0.00000000,0.00000000,NULL,NULL,NULL,0,0.00000000,0.00000000,0.00000000,993.00000000,279.12000000,1272.12000000,0,12,NULL,NULL,NULL,NULL,NULL,NULL,1,NULL,'2023-02-21','','','canelle',NULL,NULL,0,'',NULL,0,'EUR',1.00000000,993.00000000,279.12000000,1272.12000000,'fournisseur/facture/8/3/(PROV38)/(PROV38).pdf',NULL,NULL,NULL,NULL,0.00000000,NULL,NULL,NULL,0),(39,'SI2302-0009','FR81385caaa',1,'',0,1,'2023-02-21 08:14:59','2023-02-21','2024-12-30 15:50:15','OVH FR81385',0,0.00000000,0.00000000,NULL,NULL,NULL,0,0.00000000,0.00000000,0.00000000,26.00000000,5.10000000,31.10000000,1,12,NULL,12,NULL,NULL,NULL,NULL,1,2,'2023-02-21','','',NULL,NULL,NULL,0,'',NULL,1,'EUR',1.00000000,26.00000000,5.10000000,31.10000000,'fournisseur/facture/9/3/SI2302-0009/SI2302-0009.pdf',NULL,'2024-12-30',NULL,NULL,0.00000000,0,NULL,NULL,0),(40,'(PROV40)','ffff',1,'',2,1,'2024-12-30 21:04:05','2024-12-30','2024-12-30 20:04:05','',0,0.00000000,0.00000000,NULL,NULL,NULL,0,0.00000000,0.00000000,0.00000000,-31.10000000,0.00000000,-31.10000000,0,12,NULL,NULL,NULL,39,NULL,NULL,NULL,4,NULL,'','',NULL,NULL,NULL,0,'',NULL,1,'EUR',1.00000000,-31.10000000,0.00000000,-31.10000000,'fournisseur/facture/0/4/(PROV40)/(PROV40).pdf',NULL,NULL,NULL,NULL,0.00000000,0,NULL,NULL,0),(41,'(PROV41)','ddd',1,'',0,10,'2025-01-02 20:04:18','2025-01-02','2025-03-11 01:53:30','ggg',0,0.00000000,0.00000000,NULL,NULL,NULL,0,0.00000000,0.00000000,0.00000000,10.00000000,0.00000000,10.00000000,0,12,NULL,NULL,NULL,NULL,NULL,NULL,NULL,4,'2025-01-02','','','canelle',NULL,NULL,0,'',NULL,1,'EUR',1.00000000,10.00000000,0.00000000,10.00000000,'fournisseur/facture/1/4/(PROV41)/(PROV41).pdf',NULL,NULL,NULL,NULL,0.00000000,0,NULL,NULL,0);

--
-- Table structure for table `llx_facture_fourn_det`
--

CREATE TABLE `llx_facture_fourn_det` (
  `rowid` int(11) NOT NULL AUTO_INCREMENT,
  `fk_facture_fourn` int(11) NOT NULL,
  `fk_parent_line` int(11) DEFAULT NULL,
  `fk_product` int(11) DEFAULT NULL,
  `ref` varchar(128) DEFAULT NULL,
  `label` varchar(255) DEFAULT NULL,
  `description` text DEFAULT NULL,
  `pu_ht` double(24,8) DEFAULT NULL,
  `pu_ttc` double(24,8) DEFAULT NULL,
  `qty` double DEFAULT NULL,
  `remise_percent` double DEFAULT 0,
  `fk_remise_except` int(11) DEFAULT NULL,
  `tva_tx` double(6,3) DEFAULT NULL,
  `vat_src_code` varchar(10) DEFAULT '',
  `localtax1_tx` double(6,3) DEFAULT 0.000,
  `localtax1_type` varchar(10) DEFAULT NULL,
  `localtax2_tx` double(6,3) DEFAULT 0.000,
  `localtax2_type` varchar(10) DEFAULT NULL,
  `total_ht` double(24,8) DEFAULT NULL,
  `tva` double(24,8) DEFAULT NULL,
  `total_localtax1` double(24,8) DEFAULT 0.00000000,
  `total_localtax2` double(24,8) DEFAULT 0.00000000,
  `total_ttc` double(24,8) DEFAULT NULL,
  `product_type` int(11) DEFAULT 0,
  `date_start` datetime DEFAULT NULL,
  `date_end` datetime DEFAULT NULL,
  `info_bits` int(11) NOT NULL DEFAULT 0,
  `import_key` varchar(14) DEFAULT NULL,
  `fk_code_ventilation` int(11) NOT NULL DEFAULT 0,
  `special_code` int(11) DEFAULT 0,
  `rang` int(11) DEFAULT 0,
  `fk_unit` int(11) DEFAULT NULL,
  `fk_multicurrency` int(11) DEFAULT NULL,
  `multicurrency_code` varchar(3) DEFAULT NULL,
  `multicurrency_subprice` double(24,8) DEFAULT 0.00000000,
  `multicurrency_subprice_ttc` double(24,8) DEFAULT 0.00000000,
  `multicurrency_total_ht` double(24,8) DEFAULT 0.00000000,
  `multicurrency_total_tva` double(24,8) DEFAULT 0.00000000,
  `multicurrency_total_ttc` double(24,8) DEFAULT 0.00000000,
  `extraparams` varchar(255) DEFAULT NULL,
  PRIMARY KEY (`rowid`),
  UNIQUE KEY `uk_fk_remise_except` (`fk_remise_except`,`fk_facture_fourn`),
  KEY `idx_facture_fourn_det_fk_facture` (`fk_facture_fourn`),
  KEY `fk_facture_fourn_det_fk_unit` (`fk_unit`),
  KEY `idx_facture_fourn_det_fk_code_ventilation` (`fk_code_ventilation`),
  KEY `idx_facture_fourn_det_fk_product` (`fk_product`),
  CONSTRAINT `fk_facture_fourn_det_fk_facture` FOREIGN KEY (`fk_facture_fourn`) REFERENCES `llx_facture_fourn` (`rowid`),
  CONSTRAINT `fk_facture_fourn_det_fk_unit` FOREIGN KEY (`fk_unit`) REFERENCES `llx_c_units` (`rowid`)
) ENGINE=InnoDB AUTO_INCREMENT=117 DEFAULT CHARSET=utf8mb3 COLLATE=utf8mb3_unicode_ci;

--
-- Dumping data for table `llx_facture_fourn_det`
--

INSERT INTO `llx_facture_fourn_det` (`rowid`, `fk_facture_fourn`, `fk_parent_line`, `fk_product`, `ref`, `label`, `description`, `pu_ht`, `pu_ttc`, `qty`, `remise_percent`, `fk_remise_except`, `tva_tx`, `vat_src_code`, `localtax1_tx`, `localtax1_type`, `localtax2_tx`, `localtax2_type`, `total_ht`, `tva`, `total_localtax1`, `total_localtax2`, `total_ttc`, `product_type`, `date_start`, `date_end`, `info_bits`, `import_key`, `fk_code_ventilation`, `special_code`, `rang`, `fk_unit`, `fk_multicurrency`, `multicurrency_code`, `multicurrency_subprice`, `multicurrency_subprice_ttc`, `multicurrency_total_ht`, `multicurrency_total_tva`, `multicurrency_total_ttc`, `extraparams`) VALUES (44,16,NULL,NULL,NULL,NULL,'<strong>ref :sd.loc.sp.512.6</strong><br>6 mois - Location de SuperPlan avec la connexion 512kbs<br>Du 11/04/2003 &agrave; 11/10/2003',414.00000000,495.14400000,1,0,NULL,19.600,'',0.000,'',0.000,'',414.00000000,81.14000000,0.00000000,0.00000000,495.14000000,0,NULL,NULL,0,NULL,105,0,0,NULL,NULL,NULL,0.00000000,0.00000000,0.00000000,0.00000000,0.00000000,NULL),(45,16,NULL,NULL,NULL,NULL,'<strong>ref :sd.loc.sp.512.6</strong><br>6 mois - Location de SuperPlan avec la connexion 512kbs<br>Du 11/10/2003 &agrave; 11/04/2004',414.00000000,495.14400000,1,0,NULL,19.600,'',0.000,'',0.000,'',414.00000000,81.14000000,0.00000000,0.00000000,495.14000000,0,NULL,NULL,0,NULL,104,0,0,NULL,NULL,NULL,0.00000000,0.00000000,0.00000000,0.00000000,0.00000000,NULL),(46,16,NULL,NULL,NULL,NULL,'<strong>ref :sd.installation.annuel</strong><br>Frais de mise en service d\'un serveur dédié pour un paiement annuel<br>',1.00000000,1.19600000,1,0,NULL,19.600,'',0.000,'',0.000,'',1.00000000,0.20000000,0.00000000,0.00000000,1.20000000,0,NULL,NULL,0,NULL,105,0,0,NULL,NULL,NULL,0.00000000,0.00000000,0.00000000,0.00000000,0.00000000,NULL),(47,17,NULL,NULL,NULL,NULL,'<strong>ref :bk.full250.creation</strong><br>Création du compte backup ftp 250Mo.<br>',1.00000000,1.19600000,1,0,NULL,19.600,'',0.000,'',0.000,'',1.00000000,0.20000000,0.00000000,0.00000000,1.20000000,0,NULL,NULL,0,NULL,106,0,0,NULL,NULL,NULL,0.00000000,0.00000000,0.00000000,0.00000000,0.00000000,NULL),(48,17,NULL,NULL,NULL,NULL,'<strong>ref :bk.full250.12</strong><br>Redevance pour un backup de 250Mo sur 12 mois<br>',25.00000000,29.90000000,1,0,NULL,19.600,'',0.000,'',0.000,'',25.00000000,4.90000000,0.00000000,0.00000000,29.90000000,0,NULL,NULL,0,NULL,103,0,0,NULL,NULL,NULL,0.00000000,0.00000000,0.00000000,0.00000000,0.00000000,NULL),(49,18,NULL,NULL,NULL,NULL,'<strong>ref :bk.full250.creation</strong><br>Création du compte backup ftp 250Mo.<br>',1.00000000,1.19600000,1,0,NULL,19.600,'',0.000,'',0.000,'',1.00000000,0.20000000,0.00000000,0.00000000,1.20000000,0,NULL,NULL,0,NULL,0,0,0,NULL,NULL,NULL,0.00000000,0.00000000,0.00000000,0.00000000,0.00000000,NULL),(50,18,NULL,NULL,NULL,NULL,'<strong>ref :bk.full250.12</strong><br>Redevance pour un backup de 250Mo sur 12 mois<br>',25.00000000,29.90000000,1,0,NULL,19.600,'',0.000,'',0.000,'',25.00000000,4.90000000,0.00000000,0.00000000,29.90000000,0,NULL,NULL,0,NULL,0,0,0,NULL,NULL,NULL,0.00000000,0.00000000,0.00000000,0.00000000,0.00000000,NULL),(51,19,NULL,NULL,NULL,NULL,'<strong>ref :bk.full250.creation</strong><br>Création du compte backup ftp 250Mo.<br>',1.00000000,1.19600000,1,0,NULL,19.600,'',0.000,'0',0.000,'0',1.00000000,0.20000000,0.00000000,0.00000000,1.20000000,0,NULL,NULL,0,NULL,0,0,0,NULL,NULL,NULL,0.00000000,0.00000000,0.00000000,0.00000000,0.00000000,NULL),(52,19,NULL,NULL,NULL,NULL,'<strong>ref :bk.full250.12</strong><br>Redevance pour un backup de 250Mo sur 12 mois<br>',25.00000000,29.90000000,1,0,NULL,19.600,'',0.000,'0',0.000,'0',25.00000000,4.90000000,0.00000000,0.00000000,29.90000000,0,NULL,NULL,0,NULL,0,0,0,NULL,NULL,NULL,0.00000000,0.00000000,0.00000000,0.00000000,0.00000000,NULL),(53,20,NULL,NULL,NULL,NULL,'Chips',20.00000000,23.92000000,10,0,NULL,19.600,'',0.000,'0',0.000,'0',200.00000000,39.20000000,0.00000000,0.00000000,239.20000000,0,NULL,NULL,0,NULL,323,0,0,NULL,0,'EUR',20.00000000,0.00000000,200.00000000,39.20000000,239.20000000,NULL),(54,21,NULL,1,'aaa',NULL,'A beatifull pink dress',100.00000000,90.00000000,5,10,NULL,0.000,'',0.000,'0',0.000,'0',450.00000000,0.00000000,0.00000000,0.00000000,450.00000000,0,NULL,NULL,0,NULL,323,0,1,NULL,1,'EUR',100.00000000,0.00000000,450.00000000,0.00000000,450.00000000,NULL),(78,22,NULL,1,'BK01',NULL,'A beatifull pink dress',70.00000000,84.00000000,5,0,NULL,20.000,'',0.000,'',0.000,'',350.00000000,70.00000000,0.00000000,0.00000000,420.00000000,0,NULL,NULL,0,NULL,323,0,2,NULL,1,'EUR',70.00000000,0.00000000,350.00000000,70.00000000,420.00000000,NULL),(83,27,NULL,1,'BK01','Pink dress','A beatifull pink dress',-70.00000000,-78.75000000,5,0,NULL,12.500,'',0.000,'0',0.000,'0',-350.00000000,-43.75000000,0.00000000,0.00000000,-393.75000000,0,NULL,NULL,0,NULL,323,0,2,NULL,1,'EUR',-70.00000000,0.00000000,-350.00000000,-43.75000000,-393.75000000,NULL),(84,28,NULL,1,'BK01',NULL,'A beatifull pink dress',79.16667000,89.06000000,1,0,NULL,12.500,'',0.000,'0',0.000,'0',79.17000000,9.89000000,0.00000000,0.00000000,89.06000000,0,NULL,NULL,0,NULL,323,0,1,NULL,1,'EUR',79.16667000,0.00000000,79.17000000,9.89000000,89.06000000,NULL),(86,30,NULL,NULL,'',NULL,'<strong>ref :bk.full250.creation</strong><br>Création du compte backup ftp 250Mo.<br>',-1.00000000,-1.20000000,1,0,NULL,19.600,'',0.000,'0',0.000,'0',-1.00000000,-0.20000000,0.00000000,0.00000000,-1.20000000,0,NULL,NULL,0,NULL,325,0,0,NULL,0,'',0.00000000,0.00000000,0.00000000,0.00000000,0.00000000,NULL),(87,30,NULL,NULL,'',NULL,'<strong>ref :bk.full250.12</strong><br>Redevance pour un backup de 250Mo sur 12 mois<br>',-25.00000000,-29.90000000,1,0,NULL,19.600,'',0.000,'0',0.000,'0',-25.00000000,-4.90000000,0.00000000,0.00000000,-29.90000000,0,NULL,NULL,0,NULL,325,0,0,NULL,0,'',0.00000000,0.00000000,0.00000000,0.00000000,0.00000000,NULL),(89,22,NULL,2,'BKPEARPIE',NULL,'',7.00000000,7.70000000,1,0,NULL,10.000,'',0.000,'',0.000,'',7.00000000,0.70000000,0.00000000,0.00000000,7.70000000,0,NULL,NULL,0,NULL,324,0,3,NULL,1,'EUR',7.00000000,0.00000000,7.00000000,0.70000000,7.70000000,NULL),(90,22,NULL,NULL,'',NULL,'aaa',1.00000000,1.06000000,1,0,NULL,5.500,'aaa',0.000,'0',0.000,'0',1.00000000,0.06000000,0.00000000,0.00000000,1.06000000,0,NULL,NULL,0,NULL,0,0,4,NULL,1,'EUR',1.00000000,0.00000000,1.00000000,0.06000000,1.06000000,NULL),(91,22,NULL,NULL,'',NULL,'aa',2.00000000,2.11000000,1,0,NULL,5.500,'bbb',0.000,'0',0.000,'0',2.00000000,0.11000000,0.00000000,0.00000000,2.11000000,1,NULL,NULL,0,NULL,0,0,5,NULL,1,'EUR',2.00000000,0.00000000,2.00000000,0.11000000,2.11000000,NULL),(92,22,NULL,NULL,'',NULL,'1',1.00000000,1.06000000,1,0,NULL,5.500,'aaa',0.000,'0',0.000,'0',1.00000000,0.06000000,0.00000000,0.00000000,1.06000000,0,NULL,NULL,0,NULL,0,0,6,NULL,1,'EUR',1.00000000,0.00000000,1.00000000,0.06000000,1.06000000,NULL),(93,32,NULL,NULL,'aaa',NULL,'fsdfds',50.00000000,60.00000000,1,0,NULL,20.000,'',0.000,'',0.000,'',50.00000000,10.00000000,0.00000000,0.00000000,60.00000000,0,NULL,NULL,0,NULL,0,0,1,NULL,1,'EUR',50.00000000,0.00000000,50.00000000,10.00000000,60.00000000,NULL),(96,34,NULL,NULL,'',NULL,'<strong>ref :bk.full250.creation</strong><br>Création du compte backup ftp 250Mo.<br>',1.00000000,1.19600000,1,0,NULL,19.600,'',0.000,'',0.000,'',1.00000000,0.20000000,0.00000000,0.00000000,1.20000000,0,NULL,NULL,0,NULL,0,0,0,NULL,NULL,NULL,1.00000000,0.00000000,1.00000000,0.20000000,1.20000000,NULL),(97,34,NULL,NULL,'',NULL,'<strong>ref :bk.full250.12</strong><br>Redevance pour un backup de 250Mo sur 12 mois<br>',25.00000000,29.90000000,1,0,NULL,19.600,'',0.000,'',0.000,'',25.00000000,4.90000000,0.00000000,0.00000000,29.90000000,0,NULL,NULL,0,NULL,0,0,0,NULL,NULL,NULL,25.00000000,0.00000000,25.00000000,4.90000000,29.90000000,NULL),(102,39,NULL,NULL,'',NULL,'<strong>ref :bk.full250.creation</strong><br>Création du compte backup ftp 250Mo.<br>',1.00000000,1.19600000,1,0,NULL,19.600,'',0.000,'',0.000,'',1.00000000,0.20000000,0.00000000,0.00000000,1.20000000,0,NULL,NULL,0,NULL,0,0,0,NULL,NULL,NULL,1.00000000,0.00000000,1.00000000,0.20000000,1.20000000,NULL),(103,39,NULL,NULL,'',NULL,'<strong>ref :bk.full250.12</strong><br>Redevance pour un backup de 250Mo sur 12 mois<br>',25.00000000,29.90000000,1,0,NULL,19.600,'',0.000,'',0.000,'',25.00000000,4.90000000,0.00000000,0.00000000,29.90000000,0,NULL,NULL,0,NULL,0,0,0,NULL,NULL,NULL,25.00000000,0.00000000,25.00000000,4.90000000,29.90000000,NULL),(106,38,NULL,1,'',NULL,'A beatifull pink dress\naaaa',-5.00000000,-5.63000000,1,0,NULL,12.500,'',0.000,'0',0.000,'0',-5.00000000,-0.63000000,0.00000000,0.00000000,-5.63000000,0,NULL,NULL,0,NULL,0,0,1,NULL,0,'EUR',-5.00000000,0.00000000,-5.00000000,-0.63000000,-5.63000000,NULL),(107,38,NULL,NULL,'',NULL,'hfgh',1000.00000000,1280.00000000,1,0,NULL,28.000,'I-28',0.000,'0',0.000,'0',1000.00000000,280.00000000,0.00000000,0.00000000,1280.00000000,0,NULL,NULL,0,NULL,0,0,2,1,0,'EUR',1000.00000000,0.00000000,1000.00000000,280.00000000,1280.00000000,NULL),(108,40,NULL,NULL,'',NULL,'Credit Note for remaining unpaid amount',-31.10000000,-31.10000000,1,0,NULL,0.000,'',0.000,'0',0.000,'0',-31.10000000,0.00000000,0.00000000,0.00000000,-31.10000000,0,NULL,NULL,0,NULL,0,0,1,NULL,1,'EUR',-31.10000000,0.00000000,-31.10000000,0.00000000,-31.10000000,NULL),(109,38,NULL,1,'',NULL,'A beatifull pink dress\nffff',-2.00000000,-2.25000000,1,0,NULL,12.500,'',0.000,'0',0.000,'0',-2.00000000,-0.25000000,0.00000000,0.00000000,-2.25000000,0,NULL,NULL,0,NULL,0,0,3,NULL,0,'EUR',-2.00000000,0.00000000,-2.00000000,-0.25000000,-2.25000000,NULL),(110,38,NULL,1,'',NULL,'A beatifull pink dress\nffff',0.00000000,0.00000000,1,0,NULL,12.500,'',0.000,'0',0.000,'0',0.00000000,0.00000000,0.00000000,0.00000000,0.00000000,0,NULL,NULL,0,NULL,0,0,4,NULL,0,'EUR',0.00000000,0.00000000,0.00000000,0.00000000,0.00000000,NULL),(111,41,NULL,NULL,'',NULL,'aaaaaa',10.00000000,10.00000000,1,0,NULL,0.000,'',0.000,'0',0.000,'0',10.00000000,0.00000000,0.00000000,0.00000000,10.00000000,0,NULL,NULL,0,NULL,0,0,1,1,1,'EUR',10.00000000,0.00000000,10.00000000,0.00000000,10.00000000,NULL);

--
-- Table structure for table `llx_facture_fourn_det_extrafields`
--

CREATE TABLE `llx_facture_fourn_det_extrafields` (
  `rowid` int(11) NOT NULL AUTO_INCREMENT,
  `tms` timestamp NOT NULL DEFAULT current_timestamp() ON UPDATE current_timestamp(),
  `fk_object` int(11) NOT NULL,
  `import_key` varchar(14) DEFAULT NULL,
  PRIMARY KEY (`rowid`),
  UNIQUE KEY `uk_facture_fourn_det_extrafields` (`fk_object`)
) ENGINE=InnoDB DEFAULT CHARSET=utf8mb3 COLLATE=utf8mb3_unicode_ci;

--
-- Dumping data for table `llx_facture_fourn_det_extrafields`
--


--
-- Table structure for table `llx_facture_fourn_det_rec`
--

CREATE TABLE `llx_facture_fourn_det_rec` (
  `rowid` int(11) NOT NULL AUTO_INCREMENT,
  `fk_facture_fourn` int(11) NOT NULL,
  `fk_parent_line` int(11) DEFAULT NULL,
  `fk_product` int(11) DEFAULT NULL,
  `ref` varchar(50) DEFAULT NULL,
  `label` varchar(255) DEFAULT NULL,
  `description` text DEFAULT NULL,
  `pu_ht` double(24,8) DEFAULT NULL,
  `pu_ttc` double(24,8) DEFAULT NULL,
  `qty` double DEFAULT NULL,
  `remise_percent` double DEFAULT 0,
  `fk_remise_except` int(11) DEFAULT NULL,
  `vat_src_code` varchar(10) DEFAULT '',
  `tva_tx` double(7,4) DEFAULT NULL,
  `localtax1_tx` double(7,4) DEFAULT 0.0000,
  `localtax1_type` varchar(10) DEFAULT NULL,
  `localtax2_tx` double(7,4) DEFAULT 0.0000,
  `localtax2_type` varchar(10) DEFAULT NULL,
  `total_ht` double(24,8) DEFAULT NULL,
  `total_tva` double(24,8) DEFAULT NULL,
  `total_localtax1` double(24,8) DEFAULT 0.00000000,
  `total_localtax2` double(24,8) DEFAULT 0.00000000,
  `total_ttc` double(24,8) DEFAULT NULL,
  `product_type` int(11) DEFAULT 0,
  `date_start` int(11) DEFAULT NULL,
  `date_end` int(11) DEFAULT NULL,
  `info_bits` int(11) DEFAULT 0,
  `special_code` int(10) unsigned DEFAULT 0,
  `rang` int(11) DEFAULT 0,
  `fk_unit` int(11) DEFAULT NULL,
  `import_key` varchar(14) DEFAULT NULL,
  `fk_user_author` int(11) DEFAULT NULL,
  `fk_user_modif` int(11) DEFAULT NULL,
  `fk_multicurrency` int(11) DEFAULT NULL,
  `multicurrency_code` varchar(3) DEFAULT NULL,
  `multicurrency_subprice` double(24,8) DEFAULT 0.00000000,
  `multicurrency_subprice_ttc` double(24,8) DEFAULT 0.00000000,
  `multicurrency_total_ht` double(24,8) DEFAULT 0.00000000,
  `multicurrency_total_tva` double(24,8) DEFAULT 0.00000000,
  `multicurrency_total_ttc` double(24,8) DEFAULT 0.00000000,
  `extraparams` varchar(255) DEFAULT NULL,
  PRIMARY KEY (`rowid`),
  KEY `fk_facture_fourn_det_rec_fk_unit` (`fk_unit`),
  CONSTRAINT `fk_facture_fourn_det_rec_fk_unit` FOREIGN KEY (`fk_unit`) REFERENCES `llx_c_units` (`rowid`)
) ENGINE=InnoDB AUTO_INCREMENT=3 DEFAULT CHARSET=utf8mb3 COLLATE=utf8mb3_unicode_ci;

--
-- Dumping data for table `llx_facture_fourn_det_rec`
--

INSERT INTO `llx_facture_fourn_det_rec` (`rowid`, `fk_facture_fourn`, `fk_parent_line`, `fk_product`, `ref`, `label`, `description`, `pu_ht`, `pu_ttc`, `qty`, `remise_percent`, `fk_remise_except`, `vat_src_code`, `tva_tx`, `localtax1_tx`, `localtax1_type`, `localtax2_tx`, `localtax2_type`, `total_ht`, `total_tva`, `total_localtax1`, `total_localtax2`, `total_ttc`, `product_type`, `date_start`, `date_end`, `info_bits`, `special_code`, `rang`, `fk_unit`, `import_key`, `fk_user_author`, `fk_user_modif`, `fk_multicurrency`, `multicurrency_code`, `multicurrency_subprice`, `multicurrency_subprice_ttc`, `multicurrency_total_ht`, `multicurrency_total_tva`, `multicurrency_total_ttc`, `extraparams`) VALUES (1,1,NULL,NULL,NULL,NULL,'<strong>ref :bk.full250.creation</strong><br>Création du compte backup ftp 250Mo.<br>',1.00000000,1.19600000,1,0,NULL,'',19.6000,0.0000,'0',0.0000,'0',1.00000000,0.20000000,0.00000000,0.00000000,1.20000000,0,NULL,NULL,0,0,0,NULL,NULL,1,NULL,0,'EUR',1.00000000,0.00000000,1.00000000,0.20000000,1.20000000,NULL),(2,1,NULL,NULL,NULL,NULL,'<strong>ref :bk.full250.12</strong><br>Redevance pour un backup de 250Mo sur 12 mois<br>',25.00000000,29.90000000,1,0,NULL,'',19.6000,0.0000,'0',0.0000,'0',25.00000000,4.90000000,0.00000000,0.00000000,29.90000000,0,NULL,NULL,0,0,0,NULL,NULL,1,NULL,0,'EUR',25.00000000,0.00000000,25.00000000,4.90000000,29.90000000,NULL);

--
-- Table structure for table `llx_facture_fourn_det_rec_extrafields`
--

CREATE TABLE `llx_facture_fourn_det_rec_extrafields` (
  `rowid` int(11) NOT NULL AUTO_INCREMENT,
  `tms` timestamp NOT NULL DEFAULT current_timestamp() ON UPDATE current_timestamp(),
  `fk_object` int(11) NOT NULL,
  `import_key` varchar(14) DEFAULT NULL,
  PRIMARY KEY (`rowid`),
  UNIQUE KEY `uk_facture_fourn_det_rec_extrafields` (`fk_object`),
  KEY `llx_facture_fourn_det_rec_extrafields` (`fk_object`)
) ENGINE=InnoDB DEFAULT CHARSET=utf8mb3 COLLATE=utf8mb3_unicode_ci;

--
-- Dumping data for table `llx_facture_fourn_det_rec_extrafields`
--


--
-- Table structure for table `llx_facture_fourn_extrafields`
--

CREATE TABLE `llx_facture_fourn_extrafields` (
  `rowid` int(11) NOT NULL AUTO_INCREMENT,
  `tms` timestamp NOT NULL DEFAULT current_timestamp() ON UPDATE current_timestamp(),
  `fk_object` int(11) NOT NULL,
  `import_key` varchar(14) DEFAULT NULL,
  PRIMARY KEY (`rowid`),
  UNIQUE KEY `uk_facture_fourn_extrafields` (`fk_object`),
  KEY `idx_facture_fourn_extrafields` (`fk_object`)
) ENGINE=InnoDB DEFAULT CHARSET=utf8mb3 COLLATE=utf8mb3_unicode_ci;

--
-- Dumping data for table `llx_facture_fourn_extrafields`
--


--
-- Table structure for table `llx_facture_fourn_rec`
--

CREATE TABLE `llx_facture_fourn_rec` (
  `rowid` int(11) NOT NULL AUTO_INCREMENT,
  `titre` varchar(200) NOT NULL,
  `ref_supplier` varchar(180) NOT NULL,
  `entity` int(11) NOT NULL DEFAULT 1,
  `subtype` smallint(6) DEFAULT NULL,
  `fk_soc` int(11) NOT NULL,
  `datec` datetime DEFAULT NULL,
  `tms` timestamp NOT NULL DEFAULT current_timestamp() ON UPDATE current_timestamp(),
  `suspended` int(11) DEFAULT 0,
  `libelle` varchar(255) DEFAULT NULL,
  `amount` double(24,8) NOT NULL DEFAULT 0.00000000,
  `remise` double DEFAULT 0,
  `vat_src_code` varchar(10) DEFAULT '',
  `localtax1` double(24,8) DEFAULT 0.00000000,
  `localtax2` double(24,8) DEFAULT 0.00000000,
  `total_ht` double(24,8) DEFAULT 0.00000000,
  `total_tva` double(24,8) DEFAULT 0.00000000,
  `total_ttc` double(24,8) DEFAULT 0.00000000,
  `fk_user_author` int(11) DEFAULT NULL,
  `fk_user_modif` int(11) DEFAULT NULL,
  `fk_projet` int(11) DEFAULT NULL,
  `fk_account` int(11) DEFAULT NULL,
  `fk_cond_reglement` int(11) DEFAULT NULL,
  `fk_mode_reglement` int(11) DEFAULT NULL,
  `date_lim_reglement` date DEFAULT NULL,
  `note_private` text DEFAULT NULL,
  `note_public` text DEFAULT NULL,
  `modelpdf` varchar(255) DEFAULT NULL,
  `fk_multicurrency` int(11) DEFAULT NULL,
  `multicurrency_code` varchar(3) DEFAULT NULL,
  `multicurrency_tx` double(24,8) DEFAULT 1.00000000,
  `multicurrency_total_ht` double(24,8) DEFAULT 0.00000000,
  `multicurrency_total_tva` double(24,8) DEFAULT 0.00000000,
  `multicurrency_total_ttc` double(24,8) DEFAULT 0.00000000,
  `usenewprice` int(11) DEFAULT 0,
  `frequency` int(11) DEFAULT NULL,
  `unit_frequency` varchar(2) DEFAULT 'm',
  `date_when` datetime DEFAULT NULL,
  `date_last_gen` datetime DEFAULT NULL,
  `nb_gen_done` int(11) DEFAULT NULL,
  `nb_gen_max` int(11) DEFAULT NULL,
  `auto_validate` int(11) DEFAULT 0,
  `generate_pdf` int(11) DEFAULT 1,
  `usenewcurrencyrate` int(11) DEFAULT 0,
  PRIMARY KEY (`rowid`),
  UNIQUE KEY `uk_facture_fourn_rec_ref` (`titre`,`entity`),
  UNIQUE KEY `uk_facture_fourn_rec_ref_supplier` (`ref_supplier`,`fk_soc`,`entity`),
  KEY `idx_facture_fourn_rec_fk_soc` (`fk_soc`),
  KEY `idx_facture_fourn_rec_fk_user_author` (`fk_user_author`),
  KEY `idx_facture_fourn_rec_fk_projet` (`fk_projet`),
  KEY `idx_facture_fourn_rec_date_lim_reglement` (`date_lim_reglement`),
  CONSTRAINT `fk_facture_fourn_rec_fk_projet` FOREIGN KEY (`fk_projet`) REFERENCES `llx_projet` (`rowid`),
  CONSTRAINT `fk_facture_fourn_rec_fk_soc` FOREIGN KEY (`fk_soc`) REFERENCES `llx_societe` (`rowid`),
  CONSTRAINT `fk_facture_fourn_rec_fk_user_author` FOREIGN KEY (`fk_user_author`) REFERENCES `llx_user` (`rowid`)
) ENGINE=InnoDB AUTO_INCREMENT=2 DEFAULT CHARSET=utf8mb3 COLLATE=utf8mb3_unicode_ci;

--
-- Dumping data for table `llx_facture_fourn_rec`
--

INSERT INTO `llx_facture_fourn_rec` (`rowid`, `titre`, `ref_supplier`, `entity`, `subtype`, `fk_soc`, `datec`, `tms`, `suspended`, `libelle`, `amount`, `remise`, `vat_src_code`, `localtax1`, `localtax2`, `total_ht`, `total_tva`, `total_ttc`, `fk_user_author`, `fk_user_modif`, `fk_projet`, `fk_account`, `fk_cond_reglement`, `fk_mode_reglement`, `date_lim_reglement`, `note_private`, `note_public`, `modelpdf`, `fk_multicurrency`, `multicurrency_code`, `multicurrency_tx`, `multicurrency_total_ht`, `multicurrency_total_tva`, `multicurrency_total_ttc`, `usenewprice`, `frequency`, `unit_frequency`, `date_when`, `date_last_gen`, `nb_gen_done`, `nb_gen_max`, `auto_validate`, `generate_pdf`, `usenewcurrencyrate`) VALUES (1,'Monthly subscription server OVH','FR81386',1,NULL,1,'2023-08-15 12:19:18','2025-04-07 11:27:30',0,'OVH FR81386',0.00000000,0,NULL,0.00000000,0.00000000,26.00000000,5.10000000,31.10000000,12,12,NULL,NULL,4,NULL,NULL,'','','canelle',NULL,'EUR',1.00000000,26.00000000,5.10000000,31.10000000,0,2,'m','2023-08-15 14:19:00',NULL,0,0,0,1,0);

--
-- Table structure for table `llx_facture_fourn_rec_extrafields`
--

CREATE TABLE `llx_facture_fourn_rec_extrafields` (
  `rowid` int(11) NOT NULL AUTO_INCREMENT,
  `tms` timestamp NOT NULL DEFAULT current_timestamp() ON UPDATE current_timestamp(),
  `fk_object` int(11) NOT NULL,
  `import_key` varchar(14) DEFAULT NULL,
  PRIMARY KEY (`rowid`),
  UNIQUE KEY `uk_facture_fourn_rec_extrafields` (`fk_object`)
) ENGINE=InnoDB DEFAULT CHARSET=utf8mb3 COLLATE=utf8mb3_unicode_ci;

--
-- Dumping data for table `llx_facture_fourn_rec_extrafields`
--


--
-- Table structure for table `llx_facture_rec`
--

CREATE TABLE `llx_facture_rec` (
  `rowid` int(11) NOT NULL AUTO_INCREMENT,
  `titre` varchar(200) NOT NULL,
  `entity` int(11) NOT NULL DEFAULT 1,
  `subtype` smallint(6) DEFAULT NULL,
  `fk_soc` int(11) NOT NULL,
  `datec` datetime DEFAULT NULL,
  `amount` double(24,8) NOT NULL DEFAULT 0.00000000,
  `remise` double DEFAULT 0,
  `remise_percent` double DEFAULT 0,
  `remise_absolue` double DEFAULT 0,
  `total_tva` double(24,8) DEFAULT 0.00000000,
  `localtax1` double(24,8) DEFAULT 0.00000000,
  `localtax2` double(24,8) DEFAULT 0.00000000,
  `total_ht` double(24,8) DEFAULT 0.00000000,
  `total_ttc` double(24,8) DEFAULT 0.00000000,
  `fk_user_author` int(11) DEFAULT NULL,
  `fk_projet` int(11) DEFAULT NULL,
  `fk_cond_reglement` int(11) NOT NULL DEFAULT 1,
  `fk_mode_reglement` int(11) DEFAULT 0,
  `date_lim_reglement` date DEFAULT NULL,
  `note_private` text DEFAULT NULL,
  `note_public` text DEFAULT NULL,
  `modelpdf` varchar(255) DEFAULT NULL,
  `last_gen` varchar(7) DEFAULT NULL,
  `unit_frequency` varchar(2) DEFAULT 'd',
  `date_when` datetime DEFAULT NULL,
  `date_last_gen` datetime DEFAULT NULL,
  `nb_gen_done` int(11) DEFAULT NULL,
  `nb_gen_max` int(11) DEFAULT NULL,
  `frequency` int(11) DEFAULT NULL,
  `usenewprice` int(11) DEFAULT 0,
  `revenuestamp` double(24,8) DEFAULT 0.00000000,
  `auto_validate` int(11) DEFAULT 0,
  `generate_pdf` int(11) DEFAULT 1,
  `fk_account` int(11) DEFAULT 0,
  `fk_multicurrency` int(11) DEFAULT NULL,
  `multicurrency_code` varchar(3) DEFAULT NULL,
  `multicurrency_tx` double(24,8) DEFAULT 1.00000000,
  `multicurrency_total_ht` double(24,8) DEFAULT 0.00000000,
  `multicurrency_total_tva` double(24,8) DEFAULT 0.00000000,
  `multicurrency_total_ttc` double(24,8) DEFAULT 0.00000000,
  `fk_user_modif` int(11) DEFAULT NULL,
  `tms` timestamp NOT NULL DEFAULT current_timestamp() ON UPDATE current_timestamp(),
  `vat_src_code` varchar(10) DEFAULT '',
  `suspended` int(11) DEFAULT 0,
  `fk_societe_rib` int(11) DEFAULT NULL,
  `rule_for_lines_dates` varchar(255) DEFAULT 'prepaid',
  `usenewcurrencyrate` int(11) DEFAULT 0,
  `fk_email_template` int(11) DEFAULT NULL,
  PRIMARY KEY (`rowid`),
  UNIQUE KEY `idx_facture_rec_uk_titre` (`titre`,`entity`),
  KEY `idx_facture_rec_fk_soc` (`fk_soc`),
  KEY `idx_facture_rec_fk_user_author` (`fk_user_author`),
  KEY `idx_facture_rec_fk_projet` (`fk_projet`),
  KEY `idx_facture_rec_datec` (`datec`),
  CONSTRAINT `fk_facture_rec_fk_projet` FOREIGN KEY (`fk_projet`) REFERENCES `llx_projet` (`rowid`),
  CONSTRAINT `fk_facture_rec_fk_soc` FOREIGN KEY (`fk_soc`) REFERENCES `llx_societe` (`rowid`),
  CONSTRAINT `fk_facture_rec_fk_user_author` FOREIGN KEY (`fk_user_author`) REFERENCES `llx_user` (`rowid`)
) ENGINE=InnoDB AUTO_INCREMENT=4 DEFAULT CHARSET=utf8mb3 COLLATE=utf8mb3_unicode_ci;

--
-- Dumping data for table `llx_facture_rec`
--

INSERT INTO `llx_facture_rec` (`rowid`, `titre`, `entity`, `subtype`, `fk_soc`, `datec`, `amount`, `remise`, `remise_percent`, `remise_absolue`, `total_tva`, `localtax1`, `localtax2`, `total_ht`, `total_ttc`, `fk_user_author`, `fk_projet`, `fk_cond_reglement`, `fk_mode_reglement`, `date_lim_reglement`, `note_private`, `note_public`, `modelpdf`, `last_gen`, `unit_frequency`, `date_when`, `date_last_gen`, `nb_gen_done`, `nb_gen_max`, `frequency`, `usenewprice`, `revenuestamp`, `auto_validate`, `generate_pdf`, `fk_account`, `fk_multicurrency`, `multicurrency_code`, `multicurrency_tx`, `multicurrency_total_ht`, `multicurrency_total_tva`, `multicurrency_total_ttc`, `fk_user_modif`, `tms`, `vat_src_code`, `suspended`, `fk_societe_rib`, `rule_for_lines_dates`, `usenewcurrencyrate`, `fk_email_template`) VALUES (1,'Template invoice for Alice services',1,NULL,10,'2017-02-07 03:47:00',0.00000000,0,0,0,0.00000000,0.00000000,0.00000000,6.67000000,6.67000000,12,NULL,1,6,NULL,NULL,NULL,NULL,NULL,'m','2025-04-19 13:40:57','2025-03-19 13:40:57',1,0,1,0,0.00000000,0,1,3,NULL,'AED',2.00000000,13.33000000,0.00000000,13.33000000,12,'2025-04-25 01:39:14','',1,NULL,'prepaid',0,NULL),(2,'Template invoice for Alice cooking - Project 1',1,NULL,10,'2017-02-07 03:47:58',0.00000000,0,0,0,0.00000000,0.00000000,0.00000000,75.00000000,75.00000000,12,6,1,2,NULL,NULL,NULL,NULL,NULL,'m',NULL,NULL,0,0,NULL,0,0.00000000,0,1,4,NULL,NULL,1.00000000,75.00000000,0.00000000,75.00000000,12,'2025-04-05 10:35:36','',0,NULL,'prepaid',0,NULL);

--
-- Table structure for table `llx_facture_rec_extrafields`
--

CREATE TABLE `llx_facture_rec_extrafields` (
  `rowid` int(11) NOT NULL AUTO_INCREMENT,
  `tms` timestamp NOT NULL DEFAULT current_timestamp() ON UPDATE current_timestamp(),
  `fk_object` int(11) NOT NULL,
  `import_key` varchar(14) DEFAULT NULL,
  `discountcode` varchar(255) DEFAULT NULL,
  `commentonqty` text DEFAULT NULL,
  PRIMARY KEY (`rowid`),
  UNIQUE KEY `uk_facture_rec_extrafields` (`fk_object`)
) ENGINE=InnoDB DEFAULT CHARSET=utf8mb3 COLLATE=utf8mb3_unicode_ci;

--
-- Dumping data for table `llx_facture_rec_extrafields`
--


--
-- Table structure for table `llx_facturedet`
--

CREATE TABLE `llx_facturedet` (
  `rowid` int(11) NOT NULL AUTO_INCREMENT,
  `fk_facture` int(11) NOT NULL,
  `fk_parent_line` int(11) DEFAULT NULL,
  `fk_product` int(11) DEFAULT NULL,
  `label` varchar(255) DEFAULT NULL,
  `description` text DEFAULT NULL,
  `tva_tx` double(6,3) DEFAULT NULL,
  `vat_src_code` varchar(10) DEFAULT '',
  `localtax1_tx` double(6,3) DEFAULT 0.000,
  `localtax1_type` varchar(10) DEFAULT NULL,
  `localtax2_tx` double(6,3) DEFAULT 0.000,
  `localtax2_type` varchar(10) DEFAULT NULL,
  `qty` double DEFAULT NULL,
  `remise_percent` double DEFAULT 0,
  `remise` double DEFAULT 0,
  `fk_remise_except` int(11) DEFAULT NULL,
  `subprice` double(24,8) DEFAULT NULL,
  `subprice_ttc` double(24,8) DEFAULT 0.00000000,
  `price` double(24,8) DEFAULT NULL,
  `total_ht` double(24,8) DEFAULT NULL,
  `total_tva` double(24,8) DEFAULT NULL,
  `total_localtax1` double(24,8) DEFAULT 0.00000000,
  `total_localtax2` double(24,8) DEFAULT 0.00000000,
  `total_ttc` double(24,8) DEFAULT NULL,
  `product_type` int(11) DEFAULT 0,
  `date_start` datetime DEFAULT NULL,
  `date_end` datetime DEFAULT NULL,
  `info_bits` int(11) DEFAULT 0,
  `fk_product_fournisseur_price` int(11) DEFAULT NULL,
  `buy_price_ht` double(24,8) DEFAULT 0.00000000,
  `fk_code_ventilation` int(11) NOT NULL DEFAULT 0,
  `special_code` int(10) unsigned DEFAULT 0,
  `rang` int(11) DEFAULT 0,
  `fk_contract_line` int(11) DEFAULT NULL,
  `import_key` varchar(14) DEFAULT NULL,
  `situation_percent` double DEFAULT 100,
  `fk_prev_id` int(11) DEFAULT NULL,
  `fk_unit` int(11) DEFAULT NULL,
  `fk_user_modif` int(11) DEFAULT NULL,
  `fk_user_author` int(11) DEFAULT NULL,
  `fk_multicurrency` int(11) DEFAULT NULL,
  `multicurrency_code` varchar(3) DEFAULT NULL,
  `multicurrency_subprice` double(24,8) DEFAULT 0.00000000,
  `multicurrency_subprice_ttc` double(24,8) DEFAULT 0.00000000,
  `multicurrency_total_ht` double(24,8) DEFAULT 0.00000000,
  `multicurrency_total_tva` double(24,8) DEFAULT 0.00000000,
  `multicurrency_total_ttc` double(24,8) DEFAULT 0.00000000,
  `ref_ext` varchar(255) DEFAULT NULL,
  `batch` varchar(128) DEFAULT NULL,
  `fk_warehouse` int(11) DEFAULT NULL,
  `extraparams` varchar(255) DEFAULT NULL,
  PRIMARY KEY (`rowid`),
  UNIQUE KEY `uk_fk_remise_except` (`fk_remise_except`,`fk_facture`),
  KEY `idx_facturedet_fk_facture` (`fk_facture`),
  KEY `idx_facturedet_fk_product` (`fk_product`),
  KEY `fk_facturedet_fk_unit` (`fk_unit`),
  KEY `idx_facturedet_fk_code_ventilation` (`fk_code_ventilation`),
  CONSTRAINT `fk_facturedet_fk_facture` FOREIGN KEY (`fk_facture`) REFERENCES `llx_facture` (`rowid`),
  CONSTRAINT `fk_facturedet_fk_unit` FOREIGN KEY (`fk_unit`) REFERENCES `llx_c_units` (`rowid`)
) ENGINE=InnoDB AUTO_INCREMENT=2117 DEFAULT CHARSET=utf8mb3 COLLATE=utf8mb3_unicode_ci;

--
-- Dumping data for table `llx_facturedet`
--

INSERT INTO `llx_facturedet` (`rowid`, `fk_facture`, `fk_parent_line`, `fk_product`, `label`, `description`, `tva_tx`, `vat_src_code`, `localtax1_tx`, `localtax1_type`, `localtax2_tx`, `localtax2_type`, `qty`, `remise_percent`, `remise`, `fk_remise_except`, `subprice`, `subprice_ttc`, `price`, `total_ht`, `total_tva`, `total_localtax1`, `total_localtax2`, `total_ttc`, `product_type`, `date_start`, `date_end`, `info_bits`, `fk_product_fournisseur_price`, `buy_price_ht`, `fk_code_ventilation`, `special_code`, `rang`, `fk_contract_line`, `import_key`, `situation_percent`, `fk_prev_id`, `fk_unit`, `fk_user_modif`, `fk_user_author`, `fk_multicurrency`, `multicurrency_code`, `multicurrency_subprice`, `multicurrency_subprice_ttc`, `multicurrency_total_ht`, `multicurrency_total_tva`, `multicurrency_total_ttc`, `ref_ext`, `batch`, `fk_warehouse`, `extraparams`) VALUES (2108,476,NULL,NULL,NULL,'P1',20.000,'',0.000,'0',0.000,'0',2,5,0,NULL,10.00000000,0.00000000,NULL,19.00000000,3.80000000,0.00000000,0.00000000,22.80000000,0,NULL,NULL,0,NULL,0.00000000,0,0,1,NULL,NULL,100,NULL,NULL,12,12,1,'EUR',10.00000000,0.00000000,19.00000000,3.80000000,22.80000000,'','',0,NULL),(2109,476,NULL,NULL,NULL,'S2',20.000,'',0.000,'0',0.000,'0',1,0,0,NULL,10.00000000,0.00000000,NULL,10.00000000,2.00000000,0.00000000,0.00000000,12.00000000,1,NULL,NULL,0,NULL,0.00000000,0,0,2,NULL,NULL,100,NULL,NULL,12,12,1,'EUR',10.00000000,0.00000000,10.00000000,2.00000000,12.00000000,'','',0,NULL),(2110,477,NULL,25,NULL,'',20.000,'',0.000,'0',0.000,'0',2,0,0,NULL,1.25000000,0.00000000,NULL,2.50000000,0.50000000,0.00000000,0.00000000,3.00000000,0,NULL,NULL,0,NULL,0.00000000,0,0,1,NULL,NULL,100,NULL,NULL,12,12,0,'EUR',1.25000000,0.00000000,2.50000000,0.50000000,3.00000000,'','',0,NULL),(2111,478,NULL,25,NULL,'',20.000,'',0.000,'0',0.000,'0',1,0,0,NULL,1.25000000,0.00000000,NULL,1.25000000,0.25000000,0.00000000,0.00000000,1.50000000,0,NULL,NULL,0,NULL,0.00000000,0,0,1,NULL,NULL,100,NULL,NULL,12,12,0,'EUR',1.25000000,0.00000000,1.25000000,0.25000000,1.50000000,'','',0,NULL),(2112,479,NULL,27,NULL,'',20.000,'',0.000,'0',0.000,'0',1,0,0,NULL,1.08333000,0.00000000,NULL,1.08000000,0.22000000,0.00000000,0.00000000,1.30000000,0,NULL,NULL,0,NULL,0.00000000,0,0,1,NULL,NULL,100,NULL,NULL,12,12,0,'EUR',1.08333000,0.00000000,1.08000000,0.22000000,1.30000000,'','',0,NULL),(2113,479,NULL,28,NULL,'',20.000,'',0.000,'0',0.000,'0',1,0,0,NULL,2.00000000,0.00000000,NULL,2.00000000,0.40000000,0.00000000,0.00000000,2.40000000,0,NULL,NULL,0,NULL,0.00000000,0,0,2,NULL,NULL,100,NULL,NULL,12,12,0,'EUR',2.00000000,0.00000000,2.00000000,0.40000000,2.40000000,'','',0,NULL),(2114,480,NULL,28,NULL,'',20.000,'',0.000,'0',0.000,'0',1,0,0,NULL,2.00000000,0.00000000,NULL,2.00000000,0.40000000,0.00000000,0.00000000,2.40000000,0,NULL,NULL,0,NULL,0.00000000,0,0,1,NULL,NULL,100,NULL,NULL,12,12,0,'EUR',2.00000000,0.00000000,2.00000000,0.40000000,2.40000000,'','',0,NULL),(2115,480,NULL,27,NULL,'',20.000,'',0.000,'0',0.000,'0',1,0,0,NULL,1.08333000,0.00000000,NULL,1.08000000,0.22000000,0.00000000,0.00000000,1.30000000,0,NULL,NULL,0,NULL,0.00000000,0,0,2,NULL,NULL,100,NULL,NULL,12,12,0,'EUR',1.08333000,0.00000000,1.08000000,0.22000000,1.30000000,'','',0,NULL),(2116,481,NULL,24,NULL,'',20.000,'',0.000,'0',0.000,'0',1,0,0,NULL,83.33333000,0.00000000,NULL,83.33000000,16.67000000,0.00000000,0.00000000,100.00000000,0,NULL,NULL,0,NULL,0.00000000,0,0,1,NULL,NULL,100,NULL,NULL,12,12,0,'EUR',83.33333000,0.00000000,83.33000000,16.67000000,100.00000000,'','',0,NULL);

--
-- Table structure for table `llx_facturedet_extrafields`
--

CREATE TABLE `llx_facturedet_extrafields` (
  `rowid` int(11) NOT NULL AUTO_INCREMENT,
  `tms` timestamp NOT NULL DEFAULT current_timestamp() ON UPDATE current_timestamp(),
  `fk_object` int(11) NOT NULL,
  `import_key` varchar(14) DEFAULT NULL,
  PRIMARY KEY (`rowid`),
  UNIQUE KEY `uk_facturedet_extrafields` (`fk_object`)
) ENGINE=InnoDB DEFAULT CHARSET=utf8mb3 COLLATE=utf8mb3_unicode_ci;

--
-- Dumping data for table `llx_facturedet_extrafields`
--


--
-- Table structure for table `llx_facturedet_rec`
--

CREATE TABLE `llx_facturedet_rec` (
  `rowid` int(11) NOT NULL AUTO_INCREMENT,
  `fk_facture` int(11) NOT NULL,
  `fk_parent_line` int(11) DEFAULT NULL,
  `fk_product` int(11) DEFAULT NULL,
  `product_type` int(11) DEFAULT 0,
  `label` varchar(255) DEFAULT NULL,
  `description` text DEFAULT NULL,
  `tva_tx` double(6,3) DEFAULT NULL,
  `vat_src_code` varchar(10) DEFAULT '',
  `localtax1_tx` double(6,3) DEFAULT 0.000,
  `localtax1_type` varchar(10) DEFAULT NULL,
  `localtax2_tx` double(6,3) DEFAULT 0.000,
  `localtax2_type` varchar(10) DEFAULT NULL,
  `qty` double DEFAULT NULL,
  `remise_percent` double DEFAULT 0,
  `remise` double DEFAULT 0,
  `subprice` double(24,8) DEFAULT NULL,
  `subprice_ttc` double(24,8) DEFAULT 0.00000000,
  `price` double(24,8) DEFAULT NULL,
  `total_ht` double(24,8) DEFAULT NULL,
  `total_tva` double(24,8) DEFAULT NULL,
  `total_localtax1` double(24,8) DEFAULT 0.00000000,
  `total_localtax2` double(24,8) DEFAULT 0.00000000,
  `total_ttc` double(24,8) DEFAULT NULL,
  `info_bits` int(11) DEFAULT 0,
  `special_code` int(10) unsigned DEFAULT 0,
  `rang` int(11) DEFAULT 0,
  `fk_contract_line` int(11) DEFAULT NULL,
  `fk_unit` int(11) DEFAULT NULL,
  `import_key` varchar(14) DEFAULT NULL,
  `fk_multicurrency` int(11) DEFAULT NULL,
  `multicurrency_code` varchar(3) DEFAULT NULL,
  `multicurrency_subprice` double(24,8) DEFAULT 0.00000000,
  `multicurrency_subprice_ttc` double(24,8) DEFAULT 0.00000000,
  `multicurrency_total_ht` double(24,8) DEFAULT 0.00000000,
  `multicurrency_total_tva` double(24,8) DEFAULT 0.00000000,
  `multicurrency_total_ttc` double(24,8) DEFAULT 0.00000000,
  `date_start_fill` int(11) DEFAULT 0,
  `date_end_fill` int(11) DEFAULT 0,
  `buy_price_ht` double(24,8) DEFAULT 0.00000000,
  `fk_product_fournisseur_price` int(11) DEFAULT NULL,
  `fk_user_author` int(11) DEFAULT NULL,
  `fk_user_modif` int(11) DEFAULT NULL,
  `extraparams` varchar(255) DEFAULT NULL,
  PRIMARY KEY (`rowid`),
  KEY `fk_facturedet_rec_fk_unit` (`fk_unit`),
  CONSTRAINT `fk_facturedet_rec_fk_unit` FOREIGN KEY (`fk_unit`) REFERENCES `llx_c_units` (`rowid`)
) ENGINE=InnoDB AUTO_INCREMENT=13 DEFAULT CHARSET=utf8mb3 COLLATE=utf8mb3_unicode_ci;

--
-- Dumping data for table `llx_facturedet_rec`
--

INSERT INTO `llx_facturedet_rec` (`rowid`, `fk_facture`, `fk_parent_line`, `fk_product`, `product_type`, `label`, `description`, `tva_tx`, `vat_src_code`, `localtax1_tx`, `localtax1_type`, `localtax2_tx`, `localtax2_type`, `qty`, `remise_percent`, `remise`, `subprice`, `subprice_ttc`, `price`, `total_ht`, `total_tva`, `total_localtax1`, `total_localtax2`, `total_ttc`, `info_bits`, `special_code`, `rang`, `fk_contract_line`, `fk_unit`, `import_key`, `fk_multicurrency`, `multicurrency_code`, `multicurrency_subprice`, `multicurrency_subprice_ttc`, `multicurrency_total_ht`, `multicurrency_total_tva`, `multicurrency_total_ttc`, `date_start_fill`, `date_end_fill`, `buy_price_ht`, `fk_product_fournisseur_price`, `fk_user_author`, `fk_user_modif`, `extraparams`) VALUES (4,1,NULL,NULL,1,NULL,'Services by Alice.<br>\nMonthly.',0.000,'',0.000,'0',0.000,'0',1,0,NULL,6.66667000,0.00000000,6.66667000,6.67000000,0.00000000,0.00000000,0.00000000,6.67000000,0,0,0,NULL,1,NULL,0,'',13.33334000,0.00000000,13.33000000,0.00000000,13.33000000,0,0,0.00000000,NULL,NULL,NULL,NULL),(5,2,NULL,4,0,NULL,'Nice Bio Apple Pie.<br />\r\n&nbsp;',0.000,'',0.000,'0',0.000,'0',5,0,NULL,5.00000000,0.00000000,5.00000000,25.00000000,0.00000000,0.00000000,0.00000000,25.00000000,0,0,-1,NULL,NULL,NULL,0,'',5.00000000,0.00000000,25.00000000,0.00000000,25.00000000,0,0,0.00000000,NULL,NULL,NULL,NULL),(6,2,NULL,2,0,NULL,'',0.000,'',0.000,'0',0.000,'0',5,0,NULL,10.00000000,0.00000000,10.00000000,50.00000000,0.00000000,0.00000000,0.00000000,50.00000000,0,0,-1,NULL,NULL,NULL,0,'',10.00000000,0.00000000,50.00000000,0.00000000,50.00000000,0,0,0.00000000,NULL,NULL,NULL,NULL);

--
-- Table structure for table `llx_facturedet_rec_extrafields`
--

CREATE TABLE `llx_facturedet_rec_extrafields` (
  `rowid` int(11) NOT NULL AUTO_INCREMENT,
  `tms` timestamp NOT NULL DEFAULT current_timestamp() ON UPDATE current_timestamp(),
  `fk_object` int(11) NOT NULL,
  `import_key` varchar(14) DEFAULT NULL,
  PRIMARY KEY (`rowid`),
  UNIQUE KEY `uk_facturedet_rec_extrafields` (`fk_object`),
  KEY `idx_facturedet_rec_extrafields` (`fk_object`)
) ENGINE=InnoDB DEFAULT CHARSET=utf8mb3 COLLATE=utf8mb3_unicode_ci;

--
-- Dumping data for table `llx_facturedet_rec_extrafields`
--


--
-- Table structure for table `llx_fichinter`
--

CREATE TABLE `llx_fichinter` (
  `rowid` int(11) NOT NULL AUTO_INCREMENT,
  `fk_soc` int(11) NOT NULL,
  `fk_projet` int(11) DEFAULT 0,
  `fk_contrat` int(11) DEFAULT 0,
  `ref` varchar(30) NOT NULL,
  `entity` int(11) NOT NULL DEFAULT 1,
  `tms` timestamp NOT NULL DEFAULT current_timestamp() ON UPDATE current_timestamp(),
  `datec` datetime DEFAULT NULL,
  `date_valid` datetime DEFAULT NULL,
  `datei` date DEFAULT NULL,
  `fk_user_author` int(11) DEFAULT NULL,
  `fk_user_modif` int(11) DEFAULT NULL,
  `fk_user_valid` int(11) DEFAULT NULL,
  `fk_statut` smallint(6) DEFAULT 0,
  `duree` double DEFAULT NULL,
  `signed_status` smallint(6) DEFAULT NULL,
  `dateo` date DEFAULT NULL,
  `datee` date DEFAULT NULL,
  `datet` date DEFAULT NULL,
  `description` text DEFAULT NULL,
  `note_private` text DEFAULT NULL,
  `note_public` text DEFAULT NULL,
  `model_pdf` varchar(255) DEFAULT NULL,
  `extraparams` varchar(255) DEFAULT NULL,
  `ref_ext` varchar(255) DEFAULT NULL,
  `ref_client` varchar(255) DEFAULT NULL,
  `last_main_doc` varchar(255) DEFAULT NULL,
  `import_key` varchar(14) DEFAULT NULL,
  `online_sign_ip` varchar(48) DEFAULT NULL,
  `online_sign_name` varchar(64) DEFAULT NULL,
  PRIMARY KEY (`rowid`),
  UNIQUE KEY `uk_fichinter_ref` (`ref`,`entity`),
  KEY `idx_fichinter_fk_soc` (`fk_soc`),
  CONSTRAINT `fk_fichinter_fk_soc` FOREIGN KEY (`fk_soc`) REFERENCES `llx_societe` (`rowid`)
) ENGINE=InnoDB AUTO_INCREMENT=6 DEFAULT CHARSET=utf8mb3 COLLATE=utf8mb3_unicode_ci;

--
-- Dumping data for table `llx_fichinter`
--

INSERT INTO `llx_fichinter` (`rowid`, `fk_soc`, `fk_projet`, `fk_contrat`, `ref`, `entity`, `tms`, `datec`, `date_valid`, `datei`, `fk_user_author`, `fk_user_modif`, `fk_user_valid`, `fk_statut`, `duree`, `signed_status`, `dateo`, `datee`, `datet`, `description`, `note_private`, `note_public`, `model_pdf`, `extraparams`, `ref_ext`, `ref_client`, `last_main_doc`, `import_key`, `online_sign_ip`, `online_sign_name`) VALUES (1,2,1,0,'FI1007-0001',1,'2018-01-22 17:39:37','2012-07-09 01:42:41','2018-01-22 18:39:37',NULL,1,NULL,12,1,10800,NULL,NULL,NULL,NULL,NULL,NULL,NULL,'soleil',NULL,NULL,NULL,NULL,NULL,NULL,NULL),(2,1,NULL,0,'FI1007-0002',1,'2014-12-08 13:11:07','2012-07-11 16:07:51',NULL,NULL,1,NULL,NULL,0,3600,NULL,NULL,NULL,NULL,'ferfrefeferf',NULL,NULL,'soleil',NULL,NULL,NULL,NULL,NULL,NULL,NULL),(3,2,NULL,0,'FI1511-0003',1,'2018-07-30 15:51:16','2017-11-18 15:57:34','2018-01-22 18:38:46',NULL,2,NULL,12,1,36000,NULL,NULL,NULL,NULL,NULL,NULL,NULL,'soleil',NULL,NULL,NULL,NULL,NULL,NULL,NULL),(5,10,6,0,'FI2506-0004',1,'2025-06-26 22:50:40','2025-06-26 22:50:32','2025-06-26 22:50:40',NULL,12,12,12,1,3600,0,'2025-06-26','2025-06-26',NULL,NULL,NULL,NULL,'soleil',NULL,NULL,NULL,NULL,NULL,NULL,NULL);

--
-- Table structure for table `llx_fichinter_extrafields`
--

CREATE TABLE `llx_fichinter_extrafields` (
  `rowid` int(11) NOT NULL AUTO_INCREMENT,
  `tms` timestamp NOT NULL DEFAULT current_timestamp() ON UPDATE current_timestamp(),
  `fk_object` int(11) NOT NULL,
  `import_key` varchar(14) DEFAULT NULL,
  PRIMARY KEY (`rowid`),
  UNIQUE KEY `uk_ficheinter_extrafields` (`fk_object`)
) ENGINE=InnoDB DEFAULT CHARSET=utf8mb3 COLLATE=utf8mb3_unicode_ci;

--
-- Dumping data for table `llx_fichinter_extrafields`
--


--
-- Table structure for table `llx_fichinter_rec`
--

CREATE TABLE `llx_fichinter_rec` (
  `rowid` int(11) NOT NULL AUTO_INCREMENT,
  `title` varchar(50) NOT NULL,
  `entity` int(11) NOT NULL DEFAULT 1,
  `fk_soc` int(11) DEFAULT NULL,
  `datec` datetime DEFAULT NULL,
  `fk_contrat` int(11) DEFAULT 0,
  `fk_user_author` int(11) DEFAULT NULL,
  `fk_projet` int(11) DEFAULT NULL,
  `duree` double DEFAULT NULL,
  `description` text DEFAULT NULL,
  `modelpdf` varchar(255) DEFAULT NULL,
  `note_private` text DEFAULT NULL,
  `note_public` text DEFAULT NULL,
  `frequency` int(11) DEFAULT NULL,
  `unit_frequency` varchar(2) DEFAULT 'm',
  `date_when` datetime DEFAULT NULL,
  `date_last_gen` datetime DEFAULT NULL,
  `nb_gen_done` int(11) DEFAULT NULL,
  `nb_gen_max` int(11) DEFAULT NULL,
  `auto_validate` int(11) DEFAULT NULL,
  `status` smallint(6) DEFAULT 0,
  PRIMARY KEY (`rowid`),
  UNIQUE KEY `idx_fichinter_rec_uk_titre` (`title`,`entity`),
  KEY `idx_fichinter_rec_fk_soc` (`fk_soc`),
  KEY `idx_fichinter_rec_fk_user_author` (`fk_user_author`),
  KEY `idx_fichinter_rec_fk_projet` (`fk_projet`),
  CONSTRAINT `fk_fichinter_rec_fk_projet` FOREIGN KEY (`fk_projet`) REFERENCES `llx_projet` (`rowid`),
  CONSTRAINT `fk_fichinter_rec_fk_user_author` FOREIGN KEY (`fk_user_author`) REFERENCES `llx_user` (`rowid`)
) ENGINE=InnoDB DEFAULT CHARSET=utf8mb3 COLLATE=utf8mb3_unicode_ci;

--
-- Dumping data for table `llx_fichinter_rec`
--


--
-- Table structure for table `llx_fichinterdet`
--

CREATE TABLE `llx_fichinterdet` (
  `rowid` int(11) NOT NULL AUTO_INCREMENT,
  `fk_fichinter` int(11) DEFAULT NULL,
  `fk_parent_line` int(11) DEFAULT NULL,
  `special_code` int(11) DEFAULT 0,
  `product_type` int(11) DEFAULT 0,
  `date` datetime DEFAULT NULL,
  `description` text DEFAULT NULL,
  `duree` int(11) DEFAULT NULL,
  `rang` int(11) DEFAULT 0,
  `extraparams` varchar(255) DEFAULT NULL,
  PRIMARY KEY (`rowid`),
  KEY `idx_fichinterdet_fk_fichinter` (`fk_fichinter`),
  CONSTRAINT `fk_fichinterdet_fk_fichinter` FOREIGN KEY (`fk_fichinter`) REFERENCES `llx_fichinter` (`rowid`)
) ENGINE=InnoDB AUTO_INCREMENT=8 DEFAULT CHARSET=utf8mb3 COLLATE=utf8mb3_unicode_ci;

--
-- Dumping data for table `llx_fichinterdet`
--

INSERT INTO `llx_fichinterdet` (`rowid`, `fk_fichinter`, `fk_parent_line`, `special_code`, `product_type`, `date`, `description`, `duree`, `rang`, `extraparams`) VALUES (1,1,NULL,0,0,'2012-07-07 04:00:00','Intervention sur site',3600,0,NULL),(2,1,NULL,0,0,'2012-07-08 11:00:00','Other actions on client site.',7200,0,NULL),(3,2,NULL,0,0,'2012-07-11 05:00:00','Pres',3600,0,NULL),(5,3,NULL,0,0,'2017-11-18 09:00:00','Intervention on building windows 1',32400,0,NULL),(6,3,NULL,0,0,'2018-01-22 00:00:00','Intervention on building windows 2',3600,0,NULL),(7,5,NULL,0,0,'2025-06-26 22:50:00','gdfgdfgd',3600,0,NULL);

--
-- Table structure for table `llx_fichinterdet_extrafields`
--

CREATE TABLE `llx_fichinterdet_extrafields` (
  `rowid` int(11) NOT NULL AUTO_INCREMENT,
  `tms` timestamp NOT NULL DEFAULT current_timestamp() ON UPDATE current_timestamp(),
  `fk_object` int(11) NOT NULL,
  `import_key` varchar(14) DEFAULT NULL,
  PRIMARY KEY (`rowid`),
  UNIQUE KEY `uk_ficheinterdet_extrafields` (`fk_object`)
) ENGINE=InnoDB DEFAULT CHARSET=utf8mb3 COLLATE=utf8mb3_unicode_ci;

--
-- Dumping data for table `llx_fichinterdet_extrafields`
--


--
-- Table structure for table `llx_fichinterdet_rec`
--

CREATE TABLE `llx_fichinterdet_rec` (
  `rowid` int(11) NOT NULL AUTO_INCREMENT,
  `fk_fichinter` int(11) NOT NULL,
  `date` datetime DEFAULT NULL,
  `description` text DEFAULT NULL,
  `duree` int(11) DEFAULT NULL,
  `rang` int(11) DEFAULT 0,
  `total_ht` double(24,8) DEFAULT NULL,
  `subprice` double(24,8) DEFAULT NULL,
  `subprice_ttc` double(24,8) DEFAULT 0.00000000,
  `fk_parent_line` int(11) DEFAULT NULL,
  `fk_product` int(11) DEFAULT NULL,
  `label` varchar(255) DEFAULT NULL,
  `tva_tx` double(6,3) DEFAULT NULL,
  `localtax1_tx` double(6,3) DEFAULT 0.000,
  `localtax1_type` varchar(1) DEFAULT NULL,
  `localtax2_tx` double(6,3) DEFAULT 0.000,
  `localtax2_type` varchar(1) DEFAULT NULL,
  `qty` double DEFAULT NULL,
  `remise_percent` double DEFAULT 0,
  `fk_remise_except` int(11) DEFAULT NULL,
  `price` double(24,8) DEFAULT NULL,
  `total_tva` double(24,8) DEFAULT NULL,
  `total_localtax1` double(24,8) DEFAULT 0.00000000,
  `total_localtax2` double(24,8) DEFAULT 0.00000000,
  `total_ttc` double(24,8) DEFAULT NULL,
  `product_type` int(11) DEFAULT 0,
  `date_start` datetime DEFAULT NULL,
  `date_end` datetime DEFAULT NULL,
  `info_bits` int(11) DEFAULT 0,
  `buy_price_ht` double(24,8) DEFAULT 0.00000000,
  `fk_product_fournisseur_price` int(11) DEFAULT NULL,
  `fk_code_ventilation` int(11) NOT NULL DEFAULT 0,
  `special_code` int(10) unsigned DEFAULT 0,
  `fk_unit` int(11) DEFAULT NULL,
  `import_key` varchar(14) DEFAULT NULL,
  `extraparams` varchar(255) DEFAULT NULL,
  PRIMARY KEY (`rowid`)
) ENGINE=InnoDB DEFAULT CHARSET=utf8mb3 COLLATE=utf8mb3_unicode_ci;

--
-- Dumping data for table `llx_fichinterdet_rec`
--


--
-- Table structure for table `llx_holiday`
--

CREATE TABLE `llx_holiday` (
  `rowid` int(11) NOT NULL AUTO_INCREMENT,
  `fk_user` int(11) NOT NULL,
  `date_create` datetime NOT NULL,
  `description` varchar(255) NOT NULL,
  `date_debut` date NOT NULL,
  `date_fin` date NOT NULL,
  `halfday` int(11) DEFAULT 0,
  `statut` int(11) NOT NULL DEFAULT 1,
  `fk_validator` int(11) NOT NULL,
  `date_valid` datetime DEFAULT NULL,
  `fk_user_valid` int(11) DEFAULT NULL,
  `date_refuse` datetime DEFAULT NULL,
  `fk_user_refuse` int(11) DEFAULT NULL,
  `date_cancel` datetime DEFAULT NULL,
  `fk_user_cancel` int(11) DEFAULT NULL,
  `detail_refuse` varchar(250) DEFAULT NULL,
  `note_private` text DEFAULT NULL,
  `note_public` text DEFAULT NULL,
  `note` text DEFAULT NULL,
  `fk_user_create` int(11) DEFAULT NULL,
  `fk_type` int(11) NOT NULL DEFAULT 1,
  `tms` timestamp NOT NULL DEFAULT current_timestamp() ON UPDATE current_timestamp(),
  `entity` int(11) NOT NULL DEFAULT 1,
  `ref` varchar(30) DEFAULT NULL,
  `ref_ext` varchar(255) DEFAULT NULL,
  `import_key` varchar(14) DEFAULT NULL,
  `extraparams` varchar(255) DEFAULT NULL,
  `fk_user_modif` int(11) DEFAULT NULL,
  `date_approval` datetime DEFAULT NULL,
  `fk_user_approve` int(11) DEFAULT NULL,
  `nb_open_day` double(24,8) DEFAULT NULL,
  PRIMARY KEY (`rowid`),
  KEY `idx_holiday_fk_user` (`fk_user`),
  KEY `idx_holiday_date_debut` (`date_debut`),
  KEY `idx_holiday_date_fin` (`date_fin`),
  KEY `idx_holiday_fk_user_create` (`fk_user_create`),
  KEY `idx_holiday_date_create` (`date_create`),
  KEY `idx_holiday_fk_validator` (`fk_validator`),
  KEY `idx_holiday_entity` (`entity`)
) ENGINE=InnoDB AUTO_INCREMENT=8 DEFAULT CHARSET=utf8mb3 COLLATE=utf8mb3_unicode_ci;

--
-- Dumping data for table `llx_holiday`
--

INSERT INTO `llx_holiday` (`rowid`, `fk_user`, `date_create`, `description`, `date_debut`, `date_fin`, `halfday`, `statut`, `fk_validator`, `date_valid`, `fk_user_valid`, `date_refuse`, `fk_user_refuse`, `date_cancel`, `fk_user_cancel`, `detail_refuse`, `note_private`, `note_public`, `note`, `fk_user_create`, `fk_type`, `tms`, `entity`, `ref`, `ref_ext`, `import_key`, `extraparams`, `fk_user_modif`, `date_approval`, `fk_user_approve`, `nb_open_day`) VALUES (1,1,'2024-02-17 19:06:35','gdf','2024-02-10','2024-02-11',0,3,1,'2024-02-17 19:06:57',1,NULL,NULL,NULL,NULL,NULL,NULL,NULL,NULL,NULL,1,'2026-02-15 18:44:54',1,'1',NULL,NULL,NULL,NULL,'2022-02-17 19:06:57',1,NULL),(2,12,'2025-01-22 19:10:01','','2024-12-28','2025-01-03',0,5,11,'2026-01-31 07:08:36',12,'2025-12-16 13:29:11',12,NULL,NULL,'because',NULL,NULL,NULL,12,5,'2026-02-15 18:44:54',1,'HL2112-0001',NULL,NULL,NULL,NULL,NULL,NULL,NULL),(3,13,'2023-01-22 19:10:29','','2024-01-11','2023-01-13',0,2,11,NULL,NULL,NULL,NULL,NULL,NULL,NULL,NULL,NULL,NULL,12,5,'2026-02-15 18:44:54',1,'3',NULL,NULL,NULL,NULL,NULL,NULL,NULL),(4,12,'2024-01-31 07:09:11','','2024-01-31','2024-01-31',0,3,12,'2024-01-31 07:09:13',12,NULL,NULL,NULL,NULL,NULL,NULL,NULL,NULL,12,3,'2026-02-15 18:44:54',1,'HL2301-0002',NULL,NULL,NULL,NULL,'2023-01-31 07:09:16',12,NULL);

--
-- Table structure for table `llx_holiday_config`
--

CREATE TABLE `llx_holiday_config` (
  `rowid` int(11) NOT NULL AUTO_INCREMENT,
  `entity` int(11) NOT NULL DEFAULT 1,
  `name` varchar(128) DEFAULT NULL,
  `value` text DEFAULT NULL,
  PRIMARY KEY (`rowid`),
  UNIQUE KEY `name` (`name`),
  UNIQUE KEY `idx_holiday_config` (`entity`,`name`)
) ENGINE=InnoDB AUTO_INCREMENT=9 DEFAULT CHARSET=utf8mb3 COLLATE=utf8mb3_unicode_ci;

--
-- Dumping data for table `llx_holiday_config`
--

INSERT INTO `llx_holiday_config` (`rowid`, `entity`, `name`, `value`) VALUES (1,1,'userGroup','1'),(2,1,'lastUpdate','20250601000000'),(3,1,'nbUser',''),(4,1,'delayForRequest','31'),(5,1,'AlertValidatorDelay','0'),(6,1,'AlertValidatorSolde','0'),(7,1,'nbHolidayDeducted','1'),(8,1,'nbHolidayEveryMonth','2.08334');

--
-- Table structure for table `llx_holiday_extrafields`
--

CREATE TABLE `llx_holiday_extrafields` (
  `rowid` int(11) NOT NULL AUTO_INCREMENT,
  `tms` timestamp NOT NULL DEFAULT current_timestamp() ON UPDATE current_timestamp(),
  `fk_object` int(11) NOT NULL,
  `import_key` varchar(14) DEFAULT NULL,
  PRIMARY KEY (`rowid`),
  UNIQUE KEY `uk_holiday_extrafields` (`fk_object`),
  KEY `idx_holiday_extrafields` (`fk_object`)
) ENGINE=InnoDB DEFAULT CHARSET=utf8mb3 COLLATE=utf8mb3_unicode_ci;

--
-- Dumping data for table `llx_holiday_extrafields`
--


--
-- Table structure for table `llx_holiday_logs`
--

CREATE TABLE `llx_holiday_logs` (
  `rowid` int(11) NOT NULL AUTO_INCREMENT,
  `date_action` datetime NOT NULL,
  `fk_user_action` int(11) NOT NULL,
  `fk_user_update` int(11) NOT NULL,
  `type_action` varchar(255) NOT NULL,
  `prev_solde` varchar(255) NOT NULL,
  `new_solde` varchar(255) NOT NULL,
  `fk_type` int(11) NOT NULL DEFAULT 1,
  PRIMARY KEY (`rowid`)
) ENGINE=InnoDB AUTO_INCREMENT=196 DEFAULT CHARSET=utf8mb3 COLLATE=utf8mb3_unicode_ci;

--
-- Dumping data for table `llx_holiday_logs`
--

INSERT INTO `llx_holiday_logs` (`rowid`, `date_action`, `fk_user_action`, `fk_user_update`, `type_action`, `prev_solde`, `new_solde`, `fk_type`) VALUES (1,'2015-01-17 21:03:15',1,1,'Event : Mise à jour mensuelle','0.00','2.08',1),(2,'2015-01-17 21:03:15',1,2,'Event : Mise à jour mensuelle','0.00','2.08',1),(3,'2015-01-17 21:03:15',1,3,'Event : Mise à jour mensuelle','0.00','2.08',1),(4,'2015-02-01 09:53:26',1,1,'Event : Mise à jour mensuelle','2.08','4.16',1),(5,'2015-02-01 09:53:26',1,2,'Event : Mise à jour mensuelle','2.08','4.16',1),(6,'2015-02-01 09:53:26',1,3,'Event : Mise à jour mensuelle','2.08','4.16',1),(7,'2015-02-01 09:53:26',1,1,'Event : Mise à jour mensuelle','4.17','6.25',1),(8,'2015-02-01 09:53:26',1,2,'Event : Mise à jour mensuelle','4.17','6.25',1),(9,'2015-02-01 09:53:26',1,3,'Event : Mise à jour mensuelle','4.17','6.25',1),(10,'2015-02-01 09:53:26',1,4,'Event : Mise à jour mensuelle','0.00','2.08',1),(11,'2015-02-01 09:53:31',1,1,'Event : Mise à jour mensuelle','6.25','8.33',1),(12,'2015-02-01 09:53:31',1,2,'Event : Mise à jour mensuelle','6.25','8.33',1),(13,'2015-02-01 09:53:31',1,3,'Event : Mise à jour mensuelle','6.25','8.33',1),(14,'2015-02-01 09:53:31',1,4,'Event : Mise à jour mensuelle','2.08','4.16',1),(15,'2015-02-01 09:53:31',1,1,'Event : Mise à jour mensuelle','8.33','10.41',1),(16,'2015-02-01 09:53:31',1,2,'Event : Mise à jour mensuelle','8.33','10.41',1),(17,'2015-02-01 09:53:31',1,3,'Event : Mise à jour mensuelle','8.33','10.41',1),(18,'2015-02-01 09:53:31',1,4,'Event : Mise à jour mensuelle','4.17','6.25',1),(19,'2015-02-01 09:53:33',1,1,'Event : Mise à jour mensuelle','10.42','12.50',1),(20,'2015-02-01 09:53:33',1,2,'Event : Mise à jour mensuelle','10.42','12.50',1),(21,'2015-02-01 09:53:33',1,3,'Event : Mise à jour mensuelle','10.42','12.50',1),(22,'2015-02-01 09:53:33',1,4,'Event : Mise à jour mensuelle','6.25','8.33',1),(23,'2015-02-01 09:53:34',1,1,'Event : Mise à jour mensuelle','12.50','14.58',1),(24,'2015-02-01 09:53:34',1,2,'Event : Mise à jour mensuelle','12.50','14.58',1),(25,'2015-02-01 09:53:34',1,3,'Event : Mise à jour mensuelle','12.50','14.58',1),(26,'2015-02-01 09:53:34',1,4,'Event : Mise à jour mensuelle','8.33','10.41',1),(27,'2015-02-01 09:53:34',1,1,'Event : Mise à jour mensuelle','14.58','16.66',1),(28,'2015-02-01 09:53:34',1,2,'Event : Mise à jour mensuelle','14.58','16.66',1),(29,'2015-02-01 09:53:34',1,3,'Event : Mise à jour mensuelle','14.58','16.66',1),(30,'2015-02-01 09:53:34',1,4,'Event : Mise à jour mensuelle','10.42','12.50',1),(31,'2015-02-01 09:53:36',1,1,'Event : Mise à jour mensuelle','16.67','18.75',1),(32,'2015-02-01 09:53:36',1,2,'Event : Mise à jour mensuelle','16.67','18.75',1),(33,'2015-02-01 09:53:36',1,3,'Event : Mise à jour mensuelle','16.67','18.75',1),(34,'2015-02-01 09:53:36',1,4,'Event : Mise à jour mensuelle','12.50','14.58',1),(35,'2015-02-01 09:53:36',1,1,'Event : Mise à jour mensuelle','18.75','20.83',1),(36,'2015-02-01 09:53:36',1,2,'Event : Mise à jour mensuelle','18.75','20.83',1),(37,'2015-02-01 09:53:36',1,3,'Event : Mise à jour mensuelle','18.75','20.83',1),(38,'2015-02-01 09:53:36',1,4,'Event : Mise à jour mensuelle','14.58','16.66',1),(39,'2015-02-01 09:53:37',1,1,'Event : Mise à jour mensuelle','20.83','22.91',1),(40,'2015-02-01 09:53:37',1,2,'Event : Mise à jour mensuelle','20.83','22.91',1),(41,'2015-02-01 09:53:37',1,3,'Event : Mise à jour mensuelle','20.83','22.91',1),(42,'2015-02-01 09:53:37',1,4,'Event : Mise à jour mensuelle','16.67','18.75',1),(43,'2015-02-01 09:53:37',1,1,'Event : Mise à jour mensuelle','22.92','25.00',1),(44,'2015-02-01 09:53:37',1,2,'Event : Mise à jour mensuelle','22.92','25.00',1),(45,'2015-02-01 09:53:37',1,3,'Event : Mise à jour mensuelle','22.92','25.00',1),(46,'2015-02-01 09:53:37',1,4,'Event : Mise à jour mensuelle','18.75','20.83',1),(47,'2015-02-01 09:53:44',1,1,'Event : Mise à jour mensuelle','25.00','27.08',1),(48,'2015-02-01 09:53:44',1,2,'Event : Mise à jour mensuelle','25.00','27.08',1),(49,'2015-02-01 09:53:44',1,3,'Event : Mise à jour mensuelle','25.00','27.08',1),(50,'2015-02-01 09:53:44',1,4,'Event : Mise à jour mensuelle','20.83','22.91',1),(51,'2015-02-01 09:53:47',1,1,'Event : Mise à jour mensuelle','27.08','29.16',1),(52,'2015-02-01 09:53:47',1,2,'Event : Mise à jour mensuelle','27.08','29.16',1),(53,'2015-02-01 09:53:47',1,3,'Event : Mise à jour mensuelle','27.08','29.16',1),(54,'2015-02-01 09:53:47',1,4,'Event : Mise à jour mensuelle','22.92','25.00',1),(55,'2015-02-01 09:53:47',1,1,'Event : Mise à jour mensuelle','29.17','31.25',1),(56,'2015-02-01 09:53:47',1,2,'Event : Mise à jour mensuelle','29.17','31.25',1),(57,'2015-02-01 09:53:47',1,3,'Event : Mise à jour mensuelle','29.17','31.25',1),(58,'2015-02-01 09:53:47',1,4,'Event : Mise à jour mensuelle','25.00','27.08',1),(59,'2015-02-01 09:53:49',1,1,'Event : Mise à jour mensuelle','31.25','33.33',1),(60,'2015-02-01 09:53:49',1,2,'Event : Mise à jour mensuelle','31.25','33.33',1),(61,'2015-02-01 09:53:49',1,3,'Event : Mise à jour mensuelle','31.25','33.33',1),(62,'2015-02-01 09:53:49',1,4,'Event : Mise à jour mensuelle','27.08','29.16',1),(63,'2015-02-01 09:53:52',1,1,'Event : Mise à jour mensuelle','33.33','35.41',1),(64,'2015-02-01 09:53:52',1,2,'Event : Mise à jour mensuelle','33.33','35.41',1),(65,'2015-02-01 09:53:52',1,3,'Event : Mise à jour mensuelle','33.33','35.41',1),(66,'2015-02-01 09:53:52',1,4,'Event : Mise à jour mensuelle','29.17','31.25',1),(67,'2015-02-01 09:53:52',1,1,'Event : Mise à jour mensuelle','35.42','37.50',1),(68,'2015-02-01 09:53:52',1,2,'Event : Mise à jour mensuelle','35.42','37.50',1),(69,'2015-02-01 09:53:52',1,3,'Event : Mise à jour mensuelle','35.42','37.50',1),(70,'2015-02-01 09:53:52',1,4,'Event : Mise à jour mensuelle','31.25','33.33',1),(71,'2015-02-01 09:53:53',1,1,'Event : Mise à jour mensuelle','37.50','39.58',1),(72,'2015-02-01 09:53:53',1,2,'Event : Mise à jour mensuelle','37.50','39.58',1),(73,'2015-02-01 09:53:53',1,3,'Event : Mise à jour mensuelle','37.50','39.58',1),(74,'2015-02-01 09:53:53',1,4,'Event : Mise à jour mensuelle','33.33','35.41',1),(75,'2015-02-01 09:53:54',1,1,'Event : Mise à jour mensuelle','39.58','41.66',1),(76,'2015-02-01 09:53:54',1,2,'Event : Mise à jour mensuelle','39.58','41.66',1),(77,'2015-02-01 09:53:54',1,3,'Event : Mise à jour mensuelle','39.58','41.66',1),(78,'2015-02-01 09:53:54',1,4,'Event : Mise à jour mensuelle','35.42','37.50',1),(79,'2015-02-01 09:53:54',1,1,'Event : Mise à jour mensuelle','41.67','43.75',1),(80,'2015-02-01 09:53:54',1,2,'Event : Mise à jour mensuelle','41.67','43.75',1),(81,'2015-02-01 09:53:54',1,3,'Event : Mise à jour mensuelle','41.67','43.75',1),(82,'2015-02-01 09:53:54',1,4,'Event : Mise à jour mensuelle','37.50','39.58',1),(83,'2015-02-01 09:55:49',1,1,'Event : Mise à jour mensuelle','43.75','45.83',1),(84,'2015-02-01 09:55:49',1,2,'Event : Mise à jour mensuelle','43.75','45.83',1),(85,'2015-02-01 09:55:49',1,3,'Event : Mise à jour mensuelle','43.75','45.83',1),(86,'2015-02-01 09:55:49',1,4,'Event : Mise à jour mensuelle','39.58','41.66',1),(87,'2015-02-01 09:55:56',1,1,'Event : Mise à jour mensuelle','45.83','47.91',1),(88,'2015-02-01 09:55:56',1,2,'Event : Mise à jour mensuelle','45.83','47.91',1),(89,'2015-02-01 09:55:56',1,3,'Event : Mise à jour mensuelle','45.83','47.91',1),(90,'2015-02-01 09:55:56',1,4,'Event : Mise à jour mensuelle','41.67','43.75',1),(91,'2015-02-01 09:56:01',1,1,'Event : Mise à jour mensuelle','47.92','50.00',1),(92,'2015-02-01 09:56:01',1,2,'Event : Mise à jour mensuelle','47.92','50.00',1),(93,'2015-02-01 09:56:01',1,3,'Event : Mise à jour mensuelle','47.92','50.00',1),(94,'2015-02-01 09:56:01',1,4,'Event : Mise à jour mensuelle','43.75','45.83',1),(95,'2015-02-01 09:56:01',1,1,'Event : Mise à jour mensuelle','50.00','52.08',1),(96,'2015-02-01 09:56:01',1,2,'Event : Mise à jour mensuelle','50.00','52.08',1),(97,'2015-02-01 09:56:01',1,3,'Event : Mise à jour mensuelle','50.00','52.08',1),(98,'2015-02-01 09:56:01',1,4,'Event : Mise à jour mensuelle','45.83','47.91',1),(99,'2015-02-01 09:56:03',1,1,'Event : Mise à jour mensuelle','52.08','54.16',1),(100,'2015-02-01 09:56:03',1,2,'Event : Mise à jour mensuelle','52.08','54.16',1),(101,'2015-02-01 09:56:03',1,3,'Event : Mise à jour mensuelle','52.08','54.16',1),(102,'2015-02-01 09:56:03',1,4,'Event : Mise à jour mensuelle','47.92','50.00',1),(103,'2015-02-01 09:56:03',1,1,'Event : Mise à jour mensuelle','54.17','56.25',1),(104,'2015-02-01 09:56:03',1,2,'Event : Mise à jour mensuelle','54.17','56.25',1),(105,'2015-02-01 09:56:03',1,3,'Event : Mise à jour mensuelle','54.17','56.25',1),(106,'2015-02-01 09:56:03',1,4,'Event : Mise à jour mensuelle','50.00','52.08',1),(107,'2015-02-01 09:56:05',1,1,'Event : Mise à jour mensuelle','56.25','58.33',1),(108,'2015-02-01 09:56:05',1,2,'Event : Mise à jour mensuelle','56.25','58.33',1),(109,'2015-02-01 09:56:05',1,3,'Event : Mise à jour mensuelle','56.25','58.33',1),(110,'2015-02-01 09:56:05',1,4,'Event : Mise à jour mensuelle','52.08','54.16',1),(111,'2015-02-01 09:56:06',1,1,'Event : Mise à jour mensuelle','58.33','60.41',1),(112,'2015-02-01 09:56:06',1,2,'Event : Mise à jour mensuelle','58.33','60.41',1),(113,'2015-02-01 09:56:06',1,3,'Event : Mise à jour mensuelle','58.33','60.41',1),(114,'2015-02-01 09:56:06',1,4,'Event : Mise à jour mensuelle','54.17','56.25',1),(115,'2015-02-01 09:56:06',1,1,'Event : Mise à jour mensuelle','60.42','62.50',1),(116,'2015-02-01 09:56:06',1,2,'Event : Mise à jour mensuelle','60.42','62.50',1),(117,'2015-02-01 09:56:06',1,3,'Event : Mise à jour mensuelle','60.42','62.50',1),(118,'2015-02-01 09:56:06',1,4,'Event : Mise à jour mensuelle','56.25','58.33',1),(119,'2015-02-01 09:56:07',1,1,'Event : Mise à jour mensuelle','62.50','64.58',1),(120,'2015-02-01 09:56:07',1,2,'Event : Mise à jour mensuelle','62.50','64.58',1),(121,'2015-02-01 09:56:07',1,3,'Event : Mise à jour mensuelle','62.50','64.58',1),(122,'2015-02-01 09:56:07',1,4,'Event : Mise à jour mensuelle','58.33','60.41',1),(123,'2015-02-01 09:56:07',1,1,'Event : Mise à jour mensuelle','64.58','66.66',1),(124,'2015-02-01 09:56:07',1,2,'Event : Mise à jour mensuelle','64.58','66.66',1),(125,'2015-02-01 09:56:07',1,3,'Event : Mise à jour mensuelle','64.58','66.66',1),(126,'2015-02-01 09:56:07',1,4,'Event : Mise à jour mensuelle','60.42','62.50',1),(127,'2015-02-01 09:56:50',1,1,'Event : Mise à jour mensuelle','66.67','68.75',1),(128,'2015-02-01 09:56:50',1,2,'Event : Mise à jour mensuelle','66.67','68.75',1),(129,'2015-02-01 09:56:50',1,3,'Event : Mise à jour mensuelle','66.67','68.75',1),(130,'2015-02-01 09:56:50',1,4,'Event : Mise à jour mensuelle','62.50','64.58',1),(131,'2015-02-01 09:56:50',1,1,'Event : Mise à jour mensuelle','68.75','70.83',1),(132,'2015-02-01 09:56:50',1,2,'Event : Mise à jour mensuelle','68.75','70.83',1),(133,'2015-02-01 09:56:50',1,3,'Event : Mise à jour mensuelle','68.75','70.83',1),(134,'2015-02-01 09:56:50',1,4,'Event : Mise à jour mensuelle','64.58','66.66',1),(135,'2015-02-17 18:49:21',1,1,'Event : Mise à jour mensuelle','70.83','72.91',1),(136,'2015-02-17 18:49:21',1,2,'Event : Mise à jour mensuelle','70.83','72.91',1),(137,'2015-02-17 18:49:21',1,3,'Event : Mise à jour mensuelle','70.83','72.91',1),(138,'2015-02-17 18:49:21',1,4,'Event : Mise à jour mensuelle','66.67','68.75',1),(139,'2015-02-17 19:06:57',1,1,'Event : Holiday','72.92','71.92',1),(140,'2015-03-01 23:12:31',1,1,'Event : Mise à jour mensuelle','71.92','74.00',1),(141,'2015-03-01 23:12:31',1,2,'Event : Mise à jour mensuelle','72.92','75.00',1),(142,'2015-03-01 23:12:31',1,3,'Event : Mise à jour mensuelle','72.92','75.00',1),(143,'2015-03-01 23:12:31',1,4,'Event : Mise à jour mensuelle','68.75','70.83',1),(145,'2017-07-19 15:44:57',1,1,'Monthly update','0','2.08334',4),(146,'2017-07-19 15:44:57',1,2,'Monthly update','0','2.08334',4),(147,'2017-07-19 15:44:57',1,3,'Monthly update','0','2.08334',4),(148,'2017-07-19 15:44:57',1,4,'Monthly update','0','2.08334',4),(151,'2017-07-19 15:44:57',1,1,'Monthly update','0','2.08334',5),(152,'2017-07-19 15:44:57',1,2,'Monthly update','0','2.08334',5),(153,'2017-07-19 15:44:57',1,3,'Monthly update','0','2.08334',5),(154,'2017-07-19 15:44:57',1,4,'Monthly update','0','2.08334',5),(157,'2017-07-19 15:44:57',1,1,'Monthly update','0','2.08334',9),(158,'2017-07-19 15:44:57',1,2,'Monthly update','0','2.08334',9),(159,'2017-07-19 15:44:57',1,3,'Monthly update','0','2.08334',9),(160,'2017-07-19 15:44:57',1,4,'Monthly update','0','2.08334',9),(163,'2018-01-22 18:59:06',12,1,'Monthly update','0','2.08334',4),(164,'2018-01-22 18:59:06',12,2,'Monthly update','0','2.08334',4),(165,'2018-01-22 18:59:06',12,3,'Monthly update','0','2.08334',4),(166,'2018-01-22 18:59:06',12,4,'Monthly update','0','2.08334',4),(168,'2018-01-22 18:59:06',12,1,'Monthly update','0','2.08334',5),(169,'2018-01-22 18:59:06',12,2,'Monthly update','0','2.08334',5),(170,'2018-01-22 18:59:06',12,3,'Monthly update','0','2.08334',5),(171,'2018-01-22 18:59:06',12,4,'Monthly update','0','2.08334',5),(173,'2018-01-22 18:59:06',12,1,'Monthly update','0','2.08334',9),(174,'2018-01-22 18:59:06',12,2,'Monthly update','0','2.08334',9),(175,'2018-01-22 18:59:06',12,3,'Monthly update','0','2.08334',9),(176,'2018-01-22 18:59:06',12,4,'Monthly update','0','2.08334',9),(178,'2018-01-22 18:59:38',12,18,'Manual update','0','10',5),(179,'2018-01-22 18:59:42',12,16,'Manual update','0','10',5),(180,'2018-01-22 18:59:45',12,12,'Manual update','0','10',5),(181,'2018-01-22 18:59:49',12,1,'Manual update','0','10',5),(182,'2018-01-22 18:59:52',12,2,'Manual update','0','10',5),(183,'2018-01-22 18:59:55',12,3,'Manual update','0','5',5),(184,'2018-07-30 19:45:49',12,1,'Manual update','0','25',3),(185,'2018-07-30 19:45:52',12,2,'Manual update','0','23',3),(186,'2018-07-30 19:45:54',12,3,'Manual update','0','10',3),(187,'2018-07-30 19:45:57',12,4,'Manual update','0','-4',3),(188,'2018-07-30 19:46:02',12,10,'Manual update','0','20',3),(189,'2018-07-30 19:46:04',12,11,'Manual update','0','30',3),(190,'2018-07-30 19:46:07',12,12,'Manual update','0','15',3),(191,'2018-07-30 19:46:09',12,13,'Manual update','0','11',3),(192,'2018-07-30 19:46:12',12,14,'Manual update','0','4',3),(193,'2018-07-30 19:46:14',12,16,'Manual update','0','5',3),(194,'2018-07-30 19:46:16',12,18,'Manual update','0','22',3),(195,'2023-01-31 07:09:16',12,12,'Leaves - HL2301-0002','15','14',3);

--
-- Table structure for table `llx_holiday_users`
--

CREATE TABLE `llx_holiday_users` (
  `fk_user` int(11) NOT NULL,
  `nb_holiday` double NOT NULL DEFAULT 0,
  `fk_type` int(11) NOT NULL DEFAULT 1,
  `import_key` varchar(14) DEFAULT NULL,
  UNIQUE KEY `uk_holiday_users` (`fk_user`,`fk_type`)
) ENGINE=InnoDB DEFAULT CHARSET=utf8mb3 COLLATE=utf8mb3_unicode_ci;

--
-- Dumping data for table `llx_holiday_users`
--

INSERT INTO `llx_holiday_users` (`fk_user`, `nb_holiday`, `fk_type`, `import_key`) VALUES (0,0,1,NULL),(1,74.00334000000001,1,NULL),(1,25,3,NULL),(1,10,5,NULL),(2,75.00024000000003,1,NULL),(2,23,3,NULL),(2,10,5,NULL),(3,75.00024000000003,1,NULL),(3,10,3,NULL),(3,5,5,NULL),(4,70.83356000000002,1,NULL),(4,-4,3,NULL),(5,2.08334,1,NULL),(6,0,1,NULL),(10,20,3,NULL),(11,30,3,NULL),(12,14,3,NULL),(12,10,5,NULL),(13,11,3,NULL),(14,4,3,NULL),(16,5,3,NULL),(16,10,5,NULL),(18,22,3,NULL),(18,10,5,NULL);

--
-- Table structure for table `llx_hrm_evaluation`
--

CREATE TABLE `llx_hrm_evaluation` (
  `rowid` int(11) NOT NULL AUTO_INCREMENT,
  `ref` varchar(128) NOT NULL DEFAULT '(PROV)',
  `label` varchar(255) DEFAULT NULL,
  `description` text DEFAULT NULL,
  `note_public` text DEFAULT NULL,
  `note_private` text DEFAULT NULL,
  `date_creation` datetime NOT NULL,
  `tms` timestamp NOT NULL DEFAULT current_timestamp() ON UPDATE current_timestamp(),
  `fk_user_creat` int(11) NOT NULL,
  `fk_user_modif` int(11) DEFAULT NULL,
  `import_key` varchar(14) DEFAULT NULL,
  `status` smallint(6) NOT NULL,
  `date_eval` date DEFAULT NULL,
  `fk_user` int(11) NOT NULL,
  `fk_job` int(11) NOT NULL,
  `last_main_doc` varchar(255) DEFAULT NULL,
  `entity` int(11) NOT NULL DEFAULT 1,
  `model_pdf` varchar(255) DEFAULT NULL,
  PRIMARY KEY (`rowid`),
  KEY `idx_hrm_evaluation_rowid` (`rowid`),
  KEY `idx_hrm_evaluation_ref` (`ref`),
  KEY `llx_hrm_evaluation_fk_user_creat` (`fk_user_creat`),
  KEY `idx_hrm_evaluation_status` (`status`),
  CONSTRAINT `llx_hrm_evaluation_fk_user_creat` FOREIGN KEY (`fk_user_creat`) REFERENCES `llx_user` (`rowid`)
) ENGINE=InnoDB AUTO_INCREMENT=3 DEFAULT CHARSET=utf8mb3 COLLATE=utf8mb3_unicode_ci;

--
-- Dumping data for table `llx_hrm_evaluation`
--

INSERT INTO `llx_hrm_evaluation` (`rowid`, `ref`, `label`, `description`, `note_public`, `note_private`, `date_creation`, `tms`, `fk_user_creat`, `fk_user_modif`, `import_key`, `status`, `date_eval`, `fk_user`, `fk_job`, `last_main_doc`, `entity`, `model_pdf`) VALUES (1,'EVAL2302-0001','bbb','eval ',NULL,NULL,'2023-02-11 08:42:19','2023-02-11 11:42:59',12,NULL,NULL,1,'2023-02-11',12,1,NULL,1,NULL),(2,'(PROV2)','test dddd','',NULL,NULL,'2025-04-10 14:33:07','2025-04-10 12:33:07',12,NULL,NULL,0,'2025-04-10',12,1,NULL,1,NULL);

--
-- Table structure for table `llx_hrm_evaluation_extrafields`
--

CREATE TABLE `llx_hrm_evaluation_extrafields` (
  `rowid` int(11) NOT NULL AUTO_INCREMENT,
  `tms` timestamp NOT NULL DEFAULT current_timestamp() ON UPDATE current_timestamp(),
  `fk_object` int(11) NOT NULL,
  `import_key` varchar(14) DEFAULT NULL,
  PRIMARY KEY (`rowid`),
  UNIQUE KEY `uk_evaluation_fk_object` (`fk_object`)
) ENGINE=InnoDB DEFAULT CHARSET=utf8mb3 COLLATE=utf8mb3_unicode_ci;

--
-- Dumping data for table `llx_hrm_evaluation_extrafields`
--


--
-- Table structure for table `llx_hrm_evaluationdet`
--

CREATE TABLE `llx_hrm_evaluationdet` (
  `rowid` int(11) NOT NULL AUTO_INCREMENT,
  `date_creation` datetime NOT NULL,
  `tms` timestamp NOT NULL DEFAULT current_timestamp() ON UPDATE current_timestamp(),
  `fk_user_creat` int(11) NOT NULL,
  `fk_user_modif` int(11) DEFAULT NULL,
  `fk_skill` int(11) NOT NULL,
  `fk_evaluation` int(11) NOT NULL,
  `rankorder` int(11) NOT NULL,
  `required_rank` int(11) NOT NULL,
  `import_key` varchar(14) DEFAULT NULL,
  `comment` text DEFAULT NULL,
  PRIMARY KEY (`rowid`),
  KEY `idx_hrm_evaluationdet_rowid` (`rowid`),
  KEY `llx_hrm_evaluationdet_fk_user_creat` (`fk_user_creat`),
  KEY `idx_hrm_evaluationdet_fk_skill` (`fk_skill`),
  KEY `idx_hrm_evaluationdet_fk_evaluation` (`fk_evaluation`),
  CONSTRAINT `llx_hrm_evaluationdet_fk_evaluation` FOREIGN KEY (`fk_evaluation`) REFERENCES `llx_hrm_evaluation` (`rowid`),
  CONSTRAINT `llx_hrm_evaluationdet_fk_user_creat` FOREIGN KEY (`fk_user_creat`) REFERENCES `llx_user` (`rowid`)
) ENGINE=InnoDB AUTO_INCREMENT=3 DEFAULT CHARSET=utf8mb3 COLLATE=utf8mb3_unicode_ci;

--
-- Dumping data for table `llx_hrm_evaluationdet`
--

INSERT INTO `llx_hrm_evaluationdet` (`rowid`, `date_creation`, `tms`, `fk_user_creat`, `fk_user_modif`, `fk_skill`, `fk_evaluation`, `rankorder`, `required_rank`, `import_key`, `comment`) VALUES (1,'2023-02-11 08:42:19','2023-02-11 11:42:19',12,12,1,1,2,0,NULL,NULL),(2,'2025-04-10 14:33:07','2025-04-10 12:33:07',12,12,1,2,0,2,NULL,NULL);

--
-- Table structure for table `llx_hrm_evaluationdet_extrafields`
--

CREATE TABLE `llx_hrm_evaluationdet_extrafields` (
  `rowid` int(11) NOT NULL AUTO_INCREMENT,
  `tms` timestamp NOT NULL DEFAULT current_timestamp() ON UPDATE current_timestamp(),
  `fk_object` int(11) NOT NULL,
  `import_key` varchar(14) DEFAULT NULL,
  PRIMARY KEY (`rowid`),
  UNIQUE KEY `uk_evaluationdet_fk_object` (`fk_object`)
) ENGINE=InnoDB DEFAULT CHARSET=utf8mb3 COLLATE=utf8mb3_unicode_ci;

--
-- Dumping data for table `llx_hrm_evaluationdet_extrafields`
--


--
-- Table structure for table `llx_hrm_job`
--

CREATE TABLE `llx_hrm_job` (
  `rowid` int(11) NOT NULL AUTO_INCREMENT,
  `label` varchar(255) NOT NULL,
  `description` text DEFAULT NULL,
  `date_creation` datetime NOT NULL,
  `tms` timestamp NOT NULL DEFAULT current_timestamp() ON UPDATE current_timestamp(),
  `deplacement` varchar(255) DEFAULT NULL,
  `note_public` text DEFAULT NULL,
  `note_private` text DEFAULT NULL,
  `fk_user_creat` int(11) DEFAULT NULL,
  `fk_user_modif` int(11) DEFAULT NULL,
  PRIMARY KEY (`rowid`),
  KEY `idx_hrm_job_rowid` (`rowid`),
  KEY `idx_hrm_job_label` (`label`)
) ENGINE=InnoDB AUTO_INCREMENT=2 DEFAULT CHARSET=utf8mb3 COLLATE=utf8mb3_unicode_ci;

--
-- Dumping data for table `llx_hrm_job`
--

INSERT INTO `llx_hrm_job` (`rowid`, `label`, `description`, `date_creation`, `tms`, `deplacement`, `note_public`, `note_private`, `fk_user_creat`, `fk_user_modif`) VALUES (1,'aaa','aaa','2023-01-05 09:31:33','2023-01-05 12:31:33','0',NULL,NULL,12,NULL);

--
-- Table structure for table `llx_hrm_job_extrafields`
--

CREATE TABLE `llx_hrm_job_extrafields` (
  `rowid` int(11) NOT NULL AUTO_INCREMENT,
  `tms` timestamp NOT NULL DEFAULT current_timestamp() ON UPDATE current_timestamp(),
  `fk_object` int(11) NOT NULL,
  `import_key` varchar(14) DEFAULT NULL,
  PRIMARY KEY (`rowid`),
  UNIQUE KEY `uk_job_fk_object` (`fk_object`)
) ENGINE=InnoDB DEFAULT CHARSET=utf8mb3 COLLATE=utf8mb3_unicode_ci;

--
-- Dumping data for table `llx_hrm_job_extrafields`
--


--
-- Table structure for table `llx_hrm_job_user`
--

CREATE TABLE `llx_hrm_job_user` (
  `rowid` int(11) NOT NULL AUTO_INCREMENT,
  `description` text DEFAULT NULL,
  `date_creation` datetime NOT NULL,
  `tms` timestamp NOT NULL DEFAULT current_timestamp() ON UPDATE current_timestamp(),
  `fk_contrat` int(11) DEFAULT NULL,
  `fk_user` int(11) DEFAULT NULL,
  `fk_job` int(11) NOT NULL,
  `date_start` date DEFAULT NULL,
  `date_end` date DEFAULT NULL,
  `abort_comment` varchar(255) DEFAULT NULL,
  `note_public` text DEFAULT NULL,
  `note_private` text DEFAULT NULL,
  `fk_user_creat` int(11) DEFAULT NULL,
  `fk_user_modif` int(11) DEFAULT NULL,
  PRIMARY KEY (`rowid`),
  KEY `idx_hrm_job_user_rowid` (`rowid`)
) ENGINE=InnoDB AUTO_INCREMENT=2 DEFAULT CHARSET=utf8mb3 COLLATE=utf8mb3_unicode_ci;

--
-- Dumping data for table `llx_hrm_job_user`
--

INSERT INTO `llx_hrm_job_user` (`rowid`, `description`, `date_creation`, `tms`, `fk_contrat`, `fk_user`, `fk_job`, `date_start`, `date_end`, `abort_comment`, `note_public`, `note_private`, `fk_user_creat`, `fk_user_modif`) VALUES (1,'','2023-01-05 09:51:12','2023-01-05 12:51:12',NULL,12,1,'2023-01-05','2023-01-05',NULL,NULL,NULL,12,NULL);

--
-- Table structure for table `llx_hrm_skill`
--

CREATE TABLE `llx_hrm_skill` (
  `rowid` int(11) NOT NULL AUTO_INCREMENT,
  `label` varchar(255) DEFAULT NULL,
  `description` text DEFAULT NULL,
  `date_creation` datetime NOT NULL,
  `tms` timestamp NOT NULL DEFAULT current_timestamp() ON UPDATE current_timestamp(),
  `fk_user_creat` int(11) NOT NULL,
  `fk_user_modif` int(11) DEFAULT NULL,
  `required_level` int(11) NOT NULL,
  `date_validite` int(11) NOT NULL,
  `temps_theorique` double(24,8) NOT NULL,
  `skill_type` int(11) NOT NULL,
  `note_public` text DEFAULT NULL,
  `note_private` text DEFAULT NULL,
  PRIMARY KEY (`rowid`),
  KEY `idx_hrm_skill_rowid` (`rowid`),
  KEY `llx_hrm_skill_fk_user_creat` (`fk_user_creat`),
  KEY `idx_hrm_skill_skill_type` (`skill_type`),
  CONSTRAINT `llx_hrm_skill_fk_user_creat` FOREIGN KEY (`fk_user_creat`) REFERENCES `llx_user` (`rowid`)
) ENGINE=InnoDB AUTO_INCREMENT=2 DEFAULT CHARSET=utf8mb3 COLLATE=utf8mb3_unicode_ci;

--
-- Dumping data for table `llx_hrm_skill`
--

INSERT INTO `llx_hrm_skill` (`rowid`, `label`, `description`, `date_creation`, `tms`, `fk_user_creat`, `fk_user_modif`, `required_level`, `date_validite`, `temps_theorique`, `skill_type`, `note_public`, `note_private`) VALUES (1,'dd','','2023-01-05 09:34:31','2023-01-05 12:34:31',12,NULL,0,0,0.00000000,0,NULL,NULL);

--
-- Table structure for table `llx_hrm_skill_extrafields`
--

CREATE TABLE `llx_hrm_skill_extrafields` (
  `rowid` int(11) NOT NULL AUTO_INCREMENT,
  `tms` timestamp NOT NULL DEFAULT current_timestamp() ON UPDATE current_timestamp(),
  `fk_object` int(11) NOT NULL,
  `import_key` varchar(14) DEFAULT NULL,
  PRIMARY KEY (`rowid`),
  UNIQUE KEY `uk_skill_fk_object` (`fk_object`),
  KEY `idx_skill_fk_object` (`fk_object`)
) ENGINE=InnoDB DEFAULT CHARSET=utf8mb3 COLLATE=utf8mb3_unicode_ci;

--
-- Dumping data for table `llx_hrm_skill_extrafields`
--


--
-- Table structure for table `llx_hrm_skilldet`
--

CREATE TABLE `llx_hrm_skilldet` (
  `rowid` int(11) NOT NULL AUTO_INCREMENT,
  `description` text DEFAULT NULL,
  `fk_user_creat` int(11) NOT NULL,
  `fk_user_modif` int(11) DEFAULT NULL,
  `fk_skill` int(11) NOT NULL,
  `rankorder` int(11) DEFAULT NULL,
  PRIMARY KEY (`rowid`),
  KEY `idx_hrm_skilldet_rowid` (`rowid`),
  KEY `llx_hrm_skilldet_fk_user_creat` (`fk_user_creat`),
  KEY `llx_hrm_skilldet_fk_skill` (`fk_skill`),
  CONSTRAINT `llx_hrm_skilldet_fk_skill` FOREIGN KEY (`fk_skill`) REFERENCES `llx_hrm_skill` (`rowid`),
  CONSTRAINT `llx_hrm_skilldet_fk_user_creat` FOREIGN KEY (`fk_user_creat`) REFERENCES `llx_user` (`rowid`)
) ENGINE=InnoDB AUTO_INCREMENT=4 DEFAULT CHARSET=utf8mb3 COLLATE=utf8mb3_unicode_ci;

--
-- Dumping data for table `llx_hrm_skilldet`
--

INSERT INTO `llx_hrm_skilldet` (`rowid`, `description`, `fk_user_creat`, `fk_user_modif`, `fk_skill`, `rankorder`) VALUES (1,'No description 1',12,NULL,1,1),(2,'No description 2',12,NULL,1,2),(3,'No description 3',12,NULL,1,3);

--
-- Table structure for table `llx_hrm_skillrank`
--

CREATE TABLE `llx_hrm_skillrank` (
  `rowid` int(11) NOT NULL AUTO_INCREMENT,
  `fk_skill` int(11) NOT NULL,
  `rankorder` int(11) NOT NULL,
  `fk_object` int(11) NOT NULL,
  `date_creation` datetime NOT NULL,
  `tms` timestamp NOT NULL DEFAULT current_timestamp() ON UPDATE current_timestamp(),
  `fk_user_creat` int(11) NOT NULL,
  `fk_user_modif` int(11) DEFAULT NULL,
  `objecttype` varchar(128) NOT NULL,
  PRIMARY KEY (`rowid`),
  KEY `idx_hrm_skillrank_rowid` (`rowid`),
  KEY `idx_hrm_skillrank_fk_skill` (`fk_skill`),
  KEY `llx_hrm_skillrank_fk_user_creat` (`fk_user_creat`),
  CONSTRAINT `llx_hrm_skillrank_fk_skill` FOREIGN KEY (`fk_skill`) REFERENCES `llx_hrm_skill` (`rowid`),
  CONSTRAINT `llx_hrm_skillrank_fk_user_creat` FOREIGN KEY (`fk_user_creat`) REFERENCES `llx_user` (`rowid`)
) ENGINE=InnoDB AUTO_INCREMENT=2 DEFAULT CHARSET=utf8mb3 COLLATE=utf8mb3_unicode_ci;

--
-- Dumping data for table `llx_hrm_skillrank`
--

INSERT INTO `llx_hrm_skillrank` (`rowid`, `fk_skill`, `rankorder`, `fk_object`, `date_creation`, `tms`, `fk_user_creat`, `fk_user_modif`, `objecttype`) VALUES (1,1,2,1,'2023-01-05 09:45:09','2023-01-05 12:45:09',12,12,'job');

--
-- Table structure for table `llx_import_model`
--

CREATE TABLE `llx_import_model` (
  `rowid` int(11) NOT NULL AUTO_INCREMENT,
  `fk_user` int(11) NOT NULL DEFAULT 0,
  `label` varchar(50) NOT NULL,
  `type` varchar(64) DEFAULT NULL,
  `field` text NOT NULL,
  `entity` int(11) NOT NULL DEFAULT 0,
  PRIMARY KEY (`rowid`),
  UNIQUE KEY `uk_import_model` (`label`,`type`)
) ENGINE=InnoDB AUTO_INCREMENT=4 DEFAULT CHARSET=utf8mb3 COLLATE=utf8mb3_unicode_ci;

--
-- Dumping data for table `llx_import_model`
--

INSERT INTO `llx_import_model` (`rowid`, `fk_user`, `label`, `type`, `field`, `entity`) VALUES (1,12,'Import profile 1','user_1','1=u.login,2=u.lastname,3=u.firstname,4=u.employee,5=u.job,6=u.gender,7=u.accountancy_code,8=u.pass_crypted,9=u.admin,10=u.fk_soc,11=u.address,12=u.zip,13=u.town,14=u.fk_state,15=u.fk_country,16=u.office_phone,17=u.user_mobile,18=u.office_fax,19=u.email,20=u.note,21=u.signature,22=u.fk_user,23=u.thm,24=u.tjm,25=u.weeklyhours,26=u.dateemployment,27=u.salary,28=u.color,29=u.api_key,30=u.birth,31=u.datec,32=u.statut',0),(3,0,'Import profile 2','user_1','1=u.login,2=u.lastname,3=u.firstname,4=u.employee,5=u.job,6=u.gender,7=u.accountancy_code,8=u.pass_crypted,9=u.admin,10=u.fk_soc,11=u.address,12=u.zip,13=u.town,14=u.fk_state,15=u.fk_country,16=u.office_phone,17=u.user_mobile,18=u.office_fax,19=u.email,20=u.note,21=u.signature,22=u.fk_user,23=u.thm,24=u.tjm,25=u.weeklyhours,26=u.dateemployment,27=u.salary,28=u.color,29=u.api_key,30=u.birth,31=u.datec,32=u.statut',0);

--
-- Table structure for table `llx_intracommreport`
--

CREATE TABLE `llx_intracommreport` (
  `rowid` int(11) NOT NULL AUTO_INCREMENT,
  `ref` varchar(30) CHARACTER SET utf8mb4 COLLATE utf8mb4_general_ci NOT NULL,
  `entity` int(11) NOT NULL DEFAULT 1,
  `type_declaration` varchar(32) CHARACTER SET utf8mb4 COLLATE utf8mb4_general_ci DEFAULT NULL,
  `periods` varchar(32) DEFAULT NULL,
  `mode` varchar(32) CHARACTER SET utf8mb4 COLLATE utf8mb4_general_ci DEFAULT NULL,
  `content_xml` text CHARACTER SET utf8mb4 COLLATE utf8mb4_general_ci DEFAULT NULL,
  `type_export` varchar(10) CHARACTER SET utf8mb4 COLLATE utf8mb4_general_ci DEFAULT NULL,
  `datec` datetime DEFAULT NULL,
  `tms` timestamp NOT NULL DEFAULT current_timestamp() ON UPDATE current_timestamp(),
  PRIMARY KEY (`rowid`)
) ENGINE=InnoDB DEFAULT CHARSET=utf8mb3 COLLATE=utf8mb3_unicode_ci;

--
-- Dumping data for table `llx_intracommreport`
--


--
-- Table structure for table `llx_inventory`
--

CREATE TABLE `llx_inventory` (
  `rowid` int(11) NOT NULL AUTO_INCREMENT,
  `ref` varchar(64) NOT NULL,
  `entity` int(11) NOT NULL DEFAULT 1,
  `fk_warehouse` int(11) DEFAULT NULL,
  `date_inventory` date DEFAULT NULL,
  `title` varchar(255) DEFAULT NULL,
  `status` int(11) DEFAULT NULL,
  `date_creation` datetime DEFAULT NULL,
  `date_validation` datetime DEFAULT NULL,
  `tms` timestamp NOT NULL DEFAULT current_timestamp() ON UPDATE current_timestamp(),
  `fk_user_creat` int(11) DEFAULT NULL,
  `fk_user_modif` int(11) DEFAULT NULL,
  `fk_user_valid` int(11) DEFAULT NULL,
  `import_key` varchar(14) DEFAULT NULL,
  `fk_product` int(11) DEFAULT NULL,
  `categories_product` varchar(255) DEFAULT NULL,
  PRIMARY KEY (`rowid`),
  UNIQUE KEY `uk_inventory_ref` (`ref`,`entity`),
  KEY `idx_inventory_rowid` (`rowid`),
  KEY `idx_inventory_ref` (`ref`),
  KEY `idx_inventory_entity` (`entity`),
  KEY `idx_inventory_fk_warehouse` (`fk_warehouse`),
  KEY `idx_inventory_status` (`status`),
  KEY `idx_inventory_import_key` (`import_key`),
  KEY `idx_inventory_tms` (`tms`),
  KEY `idx_inventory_date_creation` (`date_creation`)
) ENGINE=InnoDB AUTO_INCREMENT=3 DEFAULT CHARSET=utf8mb3 COLLATE=utf8mb3_unicode_ci;

--
-- Dumping data for table `llx_inventory`
--

INSERT INTO `llx_inventory` (`rowid`, `ref`, `entity`, `fk_warehouse`, `date_inventory`, `title`, `status`, `date_creation`, `date_validation`, `tms`, `fk_user_creat`, `fk_user_modif`, `fk_user_valid`, `import_key`, `fk_product`, `categories_product`) VALUES (1,'aaa',1,NULL,NULL,'aa aaa',0,'2020-01-10 01:41:10',NULL,'2020-01-09 21:41:10',12,12,NULL,NULL,4,NULL),(2,'test',1,1,NULL,'',1,'2024-12-12 12:18:52','2024-12-12 12:18:56','2024-12-12 12:18:56',12,NULL,12,NULL,NULL,'');

--
-- Table structure for table `llx_inventory_extrafields`
--

CREATE TABLE `llx_inventory_extrafields` (
  `rowid` int(11) NOT NULL AUTO_INCREMENT,
  `tms` timestamp NOT NULL DEFAULT current_timestamp() ON UPDATE current_timestamp(),
  `fk_object` int(11) NOT NULL,
  `import_key` varchar(14) DEFAULT NULL,
  PRIMARY KEY (`rowid`),
  UNIQUE KEY `uk_inventory_extrafields` (`fk_object`),
  KEY `idx_inventory_extrafields` (`fk_object`)
) ENGINE=InnoDB DEFAULT CHARSET=utf8mb3 COLLATE=utf8mb3_unicode_ci;

--
-- Dumping data for table `llx_inventory_extrafields`
--


--
-- Table structure for table `llx_inventorydet`
--

CREATE TABLE `llx_inventorydet` (
  `rowid` int(11) NOT NULL AUTO_INCREMENT,
  `datec` datetime DEFAULT NULL,
  `tms` timestamp NOT NULL DEFAULT current_timestamp() ON UPDATE current_timestamp(),
  `fk_inventory` int(11) DEFAULT 0,
  `fk_warehouse` int(11) DEFAULT 0,
  `fk_product` int(11) DEFAULT 0,
  `batch` varchar(30) DEFAULT NULL,
  `qty_view` double DEFAULT NULL,
  `qty_stock` double DEFAULT NULL,
  `qty_regulated` double DEFAULT NULL,
  `fk_movement` int(11) DEFAULT NULL,
  `pmp_real` double DEFAULT NULL,
  `pmp_expected` double DEFAULT NULL,
  PRIMARY KEY (`rowid`),
  UNIQUE KEY `uk_inventorydet` (`fk_inventory`,`fk_warehouse`,`fk_product`,`batch`),
  KEY `idx_inventorydet_tms` (`tms`),
  KEY `idx_inventorydet_datec` (`datec`),
  KEY `idx_inventorydet_fk_inventory` (`fk_inventory`)
) ENGINE=InnoDB AUTO_INCREMENT=6 DEFAULT CHARSET=utf8mb3 COLLATE=utf8mb3_unicode_ci;

--
-- Dumping data for table `llx_inventorydet`
--

INSERT INTO `llx_inventorydet` (`rowid`, `datec`, `tms`, `fk_inventory`, `fk_warehouse`, `fk_product`, `batch`, `qty_view`, `qty_stock`, `qty_regulated`, `fk_movement`, `pmp_real`, `pmp_expected`) VALUES (1,'2024-12-12 12:18:56','2024-12-12 12:18:56',2,1,1,'',NULL,2.8,NULL,NULL,NULL,NULL),(2,'2024-12-12 12:18:56','2024-12-12 12:18:56',2,1,2,'',NULL,-2,NULL,NULL,NULL,NULL),(3,'2024-12-12 12:18:56','2024-12-12 12:18:56',2,1,10,'',NULL,35,NULL,NULL,NULL,NULL),(4,'2024-12-12 12:18:56','2024-12-12 12:18:56',2,1,11,'',NULL,-1,NULL,NULL,NULL,NULL),(5,'2024-12-12 12:18:56','2024-12-12 12:18:56',2,1,25,'',NULL,15.6,NULL,NULL,NULL,NULL);

--
-- Table structure for table `llx_knowledgemanagement_knowledgerecord`
--

CREATE TABLE `llx_knowledgemanagement_knowledgerecord` (
  `rowid` int(11) NOT NULL AUTO_INCREMENT,
  `ref` varchar(128) NOT NULL,
  `date_creation` datetime NOT NULL,
  `tms` timestamp NOT NULL DEFAULT current_timestamp() ON UPDATE current_timestamp(),
  `last_main_doc` varchar(255) DEFAULT NULL,
  `fk_user_creat` int(11) NOT NULL,
  `fk_user_modif` int(11) DEFAULT NULL,
  `fk_user_valid` int(11) DEFAULT NULL,
  `import_key` varchar(14) DEFAULT NULL,
  `model_pdf` varchar(255) DEFAULT NULL,
  `question` text NOT NULL,
  `answer` longtext DEFAULT NULL,
  `url` varchar(255) DEFAULT NULL,
  `fk_ticket` int(11) DEFAULT NULL,
  `fk_c_ticket_category` int(11) DEFAULT NULL,
  `status` int(11) NOT NULL,
  `lang` varchar(6) DEFAULT NULL,
  `entity` int(11) DEFAULT 1,
  PRIMARY KEY (`rowid`),
  KEY `idx_knowledgemanagement_knowledgerecord_rowid` (`rowid`),
  KEY `idx_knowledgemanagement_knowledgerecord_ref` (`ref`),
  KEY `llx_knowledgemanagement_knowledgerecord_fk_user_creat` (`fk_user_creat`),
  KEY `idx_knowledgemanagement_knowledgerecord_status` (`status`),
  CONSTRAINT `llx_knowledgemanagement_knowledgerecord_fk_user_creat` FOREIGN KEY (`fk_user_creat`) REFERENCES `llx_user` (`rowid`)
) ENGINE=InnoDB AUTO_INCREMENT=4 DEFAULT CHARSET=utf8mb3 COLLATE=utf8mb3_unicode_ci;

--
-- Dumping data for table `llx_knowledgemanagement_knowledgerecord`
--

INSERT INTO `llx_knowledgemanagement_knowledgerecord` (`rowid`, `ref`, `date_creation`, `tms`, `last_main_doc`, `fk_user_creat`, `fk_user_modif`, `fk_user_valid`, `import_key`, `model_pdf`, `question`, `answer`, `url`, `fk_ticket`, `fk_c_ticket_category`, `status`, `lang`, `entity`) VALUES (1,'(PROV1)','2022-02-07 13:40:53','2022-02-07 13:40:53',NULL,12,NULL,NULL,NULL,NULL,'This is a FAQ 1','And this is the solution of the FAQ 1',NULL,NULL,NULL,0,'en_US',1),(2,'KM2202-0001','2022-02-07 13:50:46','2022-02-07 13:50:49',NULL,12,NULL,12,NULL,NULL,'This is a FAQ 2','This is solution of FAQ 2',NULL,NULL,NULL,1,'',1),(3,'KM2302-0002','2023-02-22 11:06:47','2023-02-22 14:10:20',NULL,12,NULL,12,NULL,NULL,'ggdf','gfdgdfg',NULL,NULL,1,1,'',1);

--
-- Table structure for table `llx_knowledgemanagement_knowledgerecord_extrafields`
--

CREATE TABLE `llx_knowledgemanagement_knowledgerecord_extrafields` (
  `rowid` int(11) NOT NULL AUTO_INCREMENT,
  `tms` timestamp NOT NULL DEFAULT current_timestamp() ON UPDATE current_timestamp(),
  `fk_object` int(11) NOT NULL,
  `import_key` varchar(14) DEFAULT NULL,
  PRIMARY KEY (`rowid`),
  UNIQUE KEY `uk_knowledgerecord_fk_object` (`fk_object`)
) ENGINE=InnoDB DEFAULT CHARSET=utf8mb3 COLLATE=utf8mb3_unicode_ci;

--
-- Dumping data for table `llx_knowledgemanagement_knowledgerecord_extrafields`
--


--
-- Table structure for table `llx_links`
--

CREATE TABLE `llx_links` (
  `rowid` int(11) NOT NULL AUTO_INCREMENT,
  `entity` int(11) NOT NULL DEFAULT 1,
  `datea` datetime NOT NULL,
  `url` varchar(255) NOT NULL,
  `label` varchar(255) NOT NULL,
  `objecttype` varchar(255) NOT NULL,
  `objectid` int(11) NOT NULL,
  `share` varchar(128) DEFAULT NULL,
  `share_pass` varchar(32) DEFAULT NULL,
  PRIMARY KEY (`rowid`),
  UNIQUE KEY `uk_links` (`objectid`,`objecttype`,`label`)
) ENGINE=InnoDB AUTO_INCREMENT=8 DEFAULT CHARSET=utf8mb3 COLLATE=utf8mb3_unicode_ci;

--
-- Dumping data for table `llx_links`
--

INSERT INTO `llx_links` (`rowid`, `entity`, `datea`, `url`, `label`, `objecttype`, `objectid`, `share`, `share_pass`) VALUES (1,1,'2018-01-16 16:45:35','http://www.dolicloud.com','The DoliCoud service','societe',10,NULL,NULL),(2,1,'2018-01-16 17:14:35','https://www.dolistore.com/en/tools-documentation/12-SVG-file-for-85cm-x-200cm-rollup.html','Link to rollup file on dolistore.com','product',11,NULL,NULL),(3,1,'2018-01-22 17:40:23','http://www.nltechno.com','NLtechno portal','societe',10,NULL,NULL),(4,1,'2018-01-22 18:32:31','https://play.google.com/store/apps/details?id=com.nltechno.dolidroidpro','Link on Google Play','product',5,NULL,NULL),(6,1,'2019-11-28 16:52:58','https://www.youtube.com/watch?v=hJSXQj_KeE0','Link on YouTube','product',5,NULL,NULL),(7,1,'2019-11-28 16:53:46','https://www.youtube.com/watch?v=hMNjvManaF4&vl=fr','Link on YouTube','product',12,NULL,NULL);

--
-- Table structure for table `llx_livraison_extrafields`
--

CREATE TABLE `llx_livraison_extrafields` (
  `rowid` int(11) NOT NULL AUTO_INCREMENT,
  `tms` timestamp NOT NULL DEFAULT current_timestamp() ON UPDATE current_timestamp(),
  `fk_object` int(11) NOT NULL,
  `import_key` varchar(14) DEFAULT NULL,
  PRIMARY KEY (`rowid`),
  KEY `idx_livraison_extrafields` (`fk_object`)
) ENGINE=InnoDB DEFAULT CHARSET=utf8mb4 COLLATE=utf8mb4_unicode_ci;

--
-- Dumping data for table `llx_livraison_extrafields`
--


--
-- Table structure for table `llx_livraisondet_extrafields`
--

CREATE TABLE `llx_livraisondet_extrafields` (
  `rowid` int(11) NOT NULL AUTO_INCREMENT,
  `tms` timestamp NOT NULL DEFAULT current_timestamp() ON UPDATE current_timestamp(),
  `fk_object` int(11) NOT NULL,
  `import_key` varchar(14) DEFAULT NULL,
  PRIMARY KEY (`rowid`),
  KEY `idx_livraisondet_extrafields` (`fk_object`)
) ENGINE=InnoDB DEFAULT CHARSET=utf8mb4 COLLATE=utf8mb4_unicode_ci;

--
-- Dumping data for table `llx_livraisondet_extrafields`
--


--
-- Table structure for table `llx_loan`
--

CREATE TABLE `llx_loan` (
  `rowid` int(11) NOT NULL AUTO_INCREMENT,
  `entity` int(11) NOT NULL DEFAULT 1,
  `datec` datetime DEFAULT NULL,
  `tms` timestamp NOT NULL DEFAULT current_timestamp() ON UPDATE current_timestamp(),
  `label` varchar(80) NOT NULL,
  `fk_bank` int(11) DEFAULT NULL,
  `capital` double(24,8) DEFAULT NULL,
  `datestart` date DEFAULT NULL,
  `dateend` date DEFAULT NULL,
  `nbterm` double DEFAULT NULL,
  `rate` double NOT NULL,
  `note_private` text DEFAULT NULL,
  `note_public` text DEFAULT NULL,
  `capital_position` double(24,8) DEFAULT NULL,
  `date_position` date DEFAULT NULL,
  `paid` smallint(6) NOT NULL DEFAULT 0,
  `accountancy_account_capital` varchar(32) DEFAULT NULL,
  `accountancy_account_insurance` varchar(32) DEFAULT NULL,
  `accountancy_account_interest` varchar(32) DEFAULT NULL,
  `fk_user_author` int(11) DEFAULT NULL,
  `fk_user_modif` int(11) DEFAULT NULL,
  `active` tinyint(4) NOT NULL DEFAULT 1,
  `fk_projet` int(11) DEFAULT NULL,
  `insurance_amount` double(24,8) DEFAULT 0.00000000,
  PRIMARY KEY (`rowid`)
) ENGINE=InnoDB AUTO_INCREMENT=5 DEFAULT CHARSET=utf8mb3 COLLATE=utf8mb3_unicode_ci;

--
-- Dumping data for table `llx_loan`
--

INSERT INTO `llx_loan` (`rowid`, `entity`, `datec`, `tms`, `label`, `fk_bank`, `capital`, `datestart`, `dateend`, `nbterm`, `rate`, `note_private`, `note_public`, `capital_position`, `date_position`, `paid`, `accountancy_account_capital`, `accountancy_account_insurance`, `accountancy_account_interest`, `fk_user_author`, `fk_user_modif`, `active`, `fk_projet`, `insurance_amount`) VALUES (1,1,'2019-12-26 01:56:08','2019-12-25 21:56:08','aaaa',4,1000.00000000,'2019-12-25','2020-12-25',2,0.5,'','',NULL,NULL,0,'164','11','11',12,NULL,1,NULL,0.00000000),(2,1,'2019-12-26 01:58:27','2019-12-25 22:12:50','aaaa',4,1000.00000000,'2019-12-25','2020-12-25',2,0.5,'','',NULL,NULL,0,'164','11','11',12,NULL,1,4,0.00000000),(3,1,'2019-12-26 01:58:59','2023-02-16 10:59:23','aaaa',4,1000.00000000,'2019-12-25','2020-12-25',2,0.5,'','',NULL,NULL,2,'164','11','11',12,NULL,1,NULL,0.00000000);

--
-- Table structure for table `llx_loan_schedule`
--

CREATE TABLE `llx_loan_schedule` (
  `rowid` int(11) NOT NULL AUTO_INCREMENT,
  `fk_loan` int(11) DEFAULT NULL,
  `datec` datetime DEFAULT NULL,
  `tms` timestamp NOT NULL DEFAULT current_timestamp() ON UPDATE current_timestamp(),
  `datep` datetime DEFAULT NULL,
  `amount_capital` double(24,8) DEFAULT NULL,
  `amount_insurance` double(24,8) DEFAULT NULL,
  `amount_interest` double(24,8) DEFAULT NULL,
  `fk_typepayment` int(11) NOT NULL,
  `num_payment` varchar(50) DEFAULT NULL,
  `note_private` text DEFAULT NULL,
  `note_public` text DEFAULT NULL,
  `fk_bank` int(11) NOT NULL,
  `fk_user_creat` int(11) DEFAULT NULL,
  `fk_user_modif` int(11) DEFAULT NULL,
  `fk_payment_loan` int(11) DEFAULT NULL,
  PRIMARY KEY (`rowid`),
  UNIQUE KEY `uk_loan_schedule_ref` (`fk_loan`,`datep`)
) ENGINE=InnoDB DEFAULT CHARSET=utf8mb3 COLLATE=utf8mb3_unicode_ci;

--
-- Dumping data for table `llx_loan_schedule`
--


--
-- Table structure for table `llx_localtax`
--

CREATE TABLE `llx_localtax` (
  `rowid` int(11) NOT NULL AUTO_INCREMENT,
  `entity` int(11) NOT NULL DEFAULT 1,
  `localtaxtype` tinyint(4) DEFAULT NULL,
  `tms` timestamp NOT NULL DEFAULT current_timestamp() ON UPDATE current_timestamp(),
  `datep` date DEFAULT NULL,
  `datev` date DEFAULT NULL,
  `amount` double NOT NULL DEFAULT 0,
  `label` varchar(255) DEFAULT NULL,
  `note` text DEFAULT NULL,
  `fk_bank` int(11) DEFAULT NULL,
  `fk_user_creat` int(11) DEFAULT NULL,
  `fk_user_modif` int(11) DEFAULT NULL,
  PRIMARY KEY (`rowid`)
) ENGINE=InnoDB DEFAULT CHARSET=utf8mb3 COLLATE=utf8mb3_unicode_ci;

--
-- Dumping data for table `llx_localtax`
--


--
-- Table structure for table `llx_mailing`
--

CREATE TABLE `llx_mailing` (
  `rowid` int(11) NOT NULL AUTO_INCREMENT,
  `messtype` varchar(16) DEFAULT 'email',
  `statut` smallint(6) DEFAULT 0,
  `titre` varchar(128) DEFAULT NULL,
  `entity` int(11) NOT NULL DEFAULT 1,
  `sujet` varchar(128) DEFAULT NULL,
  `body` mediumtext DEFAULT NULL,
  `bgcolor` varchar(8) DEFAULT NULL,
  `bgimage` varchar(255) DEFAULT NULL,
  `cible` varchar(60) DEFAULT NULL,
  `nbemail` int(11) DEFAULT NULL,
  `email_from` varchar(160) DEFAULT NULL,
  `name_from` varchar(128) DEFAULT NULL,
  `email_replyto` varchar(160) DEFAULT NULL,
  `email_errorsto` varchar(160) DEFAULT NULL,
  `tag` varchar(128) DEFAULT NULL,
  `date_creat` datetime DEFAULT NULL,
  `date_valid` datetime DEFAULT NULL,
  `date_appro` datetime DEFAULT NULL,
  `date_envoi` datetime DEFAULT NULL,
  `fk_user_creat` int(11) DEFAULT NULL,
  `fk_user_modif` int(11) DEFAULT NULL,
  `fk_user_valid` int(11) DEFAULT NULL,
  `fk_user_appro` int(11) DEFAULT NULL,
  `joined_file1` varchar(255) DEFAULT NULL,
  `joined_file2` varchar(255) DEFAULT NULL,
  `joined_file3` varchar(255) DEFAULT NULL,
  `joined_file4` varchar(255) DEFAULT NULL,
  `extraparams` varchar(255) DEFAULT NULL,
  `tms` timestamp NOT NULL DEFAULT current_timestamp() ON UPDATE current_timestamp(),
  `evenunsubscribe` smallint(6) DEFAULT 0,
  `note_private` text DEFAULT NULL,
  `note_public` text DEFAULT NULL,
  `fk_project` int(11) DEFAULT NULL,
  PRIMARY KEY (`rowid`),
  UNIQUE KEY `uk_mailing` (`titre`,`entity`)
) ENGINE=InnoDB AUTO_INCREMENT=13 DEFAULT CHARSET=utf8mb3 COLLATE=utf8mb3_unicode_ci;

--
-- Dumping data for table `llx_mailing`
--

INSERT INTO `llx_mailing` (`rowid`, `messtype`, `statut`, `titre`, `entity`, `sujet`, `body`, `bgcolor`, `bgimage`, `cible`, `nbemail`, `email_from`, `name_from`, `email_replyto`, `email_errorsto`, `tag`, `date_creat`, `date_valid`, `date_appro`, `date_envoi`, `fk_user_creat`, `fk_user_modif`, `fk_user_valid`, `fk_user_appro`, `joined_file1`, `joined_file2`, `joined_file3`, `joined_file4`, `extraparams`, `tms`, `evenunsubscribe`, `note_private`, `note_public`, `fk_project`) VALUES (3,'email',2,'Commercial emailing January',1,'Buy my product','<div style=\"text-align: center; background: #220044\"><span style=\"color:#FFFFFF\"><strong><span style=\"font-size:18px\"><img alt=\"\" src=\"/dolibarr_4.0/htdocs/viewimage.php?modulepart=medias&file=image/myimagesforemailing/dolicloud_logo_white.png\" style=\"height:80px; width:260px\" /></span></strong></span><br />\r\n<a href=\"http://www.facebook.com\" target=\"_new\"><img alt=\"Seguici su facebook\" src=\"https://mosaico.io/templates/versafluid/img/social/facebook.png\" style=\"height:24px; padding:0px 5px 0px 5px; width:24px\" /></a><a href=\"http://www.twitter.com\" target=\"_new\"><img alt=\"Seguici su twitter\" src=\"https://mosaico.io/templates/versafluid/img/social/twitter.png\" style=\"height:24px; padding:0px 5px; width:24px\" /></a><a href=\"http://plus.google.com\" target=\"_new\"><img alt=\"Seguici su G+\" src=\"https://mosaico.io/templates/versafluid/img/social/google-plus.png\" style=\"height:24px; padding:0px 5px; width:24px\" /></a><a href=\"http://www.linkedin.com\" target=\"_new\"><img alt=\"Seguici su linkedin\" src=\"https://mosaico.io/templates/versafluid/img/social/linkedin.png\" style=\"height:24px; padding:0px 5px; width:24px\" /></a></div>\r\n\r\n<table style=\"background:#ffffff; border:0; margin:0; padding:5px; text-align:center; width:100%\">\r\n	<tbody>\r\n		<tr>\r\n			<td>\r\n			<table cellpadding=\"0\" cellspacing=\"0\" style=\"background:#ffffff; border:0; margin:0; padding:5px; width:100%\">\r\n				<tbody>\r\n					<tr>\r\n						<td>\r\n						<table border=\"0\" style=\"background:#ffffff; border:0; margin:0; padding:5px; width:100%\">\r\n							<tbody>\r\n								<tr>\r\n									<td>\r\n									<table border=\"0\" cellpadding=\"0\" cellspacing=\"0\" style=\"background:#ffffff; border:0; margin:0; padding:5px; width:100%\">\r\n										<tbody>\r\n											<tr>\r\n												<td>\r\n												<p style=\"text-align:center\"><span style=\"font-size:16px\"><strong>DoliCloud</strong> is the service to provide you a web hosting solution of Dolibarr ERP CRM in one click. Just enter your email to create your instance and you are ready to work. Backup and full access is to data (SFTP, Mysql) are provided.</span></p>\r\n												</td>\r\n											</tr>\r\n										</tbody>\r\n									</table>\r\n									</td>\r\n								</tr>\r\n								<tr>\r\n									<td>\r\n									<table style=\"background:#ffffff; border:0; margin:0; padding:5px; width:100%\">\r\n										<tbody>\r\n											<tr>\r\n												<td>\r\n												<table align=\"center\" border=\"0\" cellpadding=\"0\" cellspacing=\"0\" class=\"responsive-table\" style=\"width:100%\">\r\n													<tbody>\r\n														<tr>\r\n															<td style=\"text-align:center\"><a class=\"mobile-button\" href=\"https://www.on.dolicloud.com/signUp/index?origin=dolicloudhome&planCode=basic\" style=\"display: inline-block; font-size: 18px; font-family: Helvetica, Arial, sans-serif; font-weight: normal; color: #ffffff; text-decoration: none; background-color: #9C010F; padding-top: 15px; padding-bottom: 15px; padding-left: 25px; padding-right: 25px; border-radius: 3px; -webkit-border-radius: 3px; -moz-border-radius: 3px; border-bottom: 3px solid #5f0109;\" target=\"_new\">Test Dolibarr ERP CRM on Dolicloud →</a></td>\r\n														</tr>\r\n													</tbody>\r\n												</table>\r\n												</td>\r\n											</tr>\r\n										</tbody>\r\n									</table>\r\n									</td>\r\n								</tr>\r\n							</tbody>\r\n						</table>\r\n						</td>\r\n					</tr>\r\n				</tbody>\r\n			</table>\r\n			</td>\r\n		</tr>\r\n	</tbody>\r\n</table>\r\n\r\n<table border=\"0\" cellpadding=\"0\" cellspacing=\"0\" id=\"ko_footerBlock_2\" style=\"min-width:500px; width:100%\">\r\n	<tbody>\r\n		<tr>\r\n			<td>\r\n			<table align=\"center\" border=\"0\" cellpadding=\"0\" cellspacing=\"0\" style=\"width:100%\">\r\n				<tbody>\r\n					<tr>\r\n						<td>\r\n						<table align=\"center\" style=\"background:#ffffff; border:0; margin:0; padding:5px; width:100%\">\r\n							<tbody>\r\n								<tr>\r\n									<td style=\"text-align:center\"><span style=\"color:#3F3D33\">DoliCloud team</span><br />\r\n									<strong><a class=\"original-only\" href=\"%5Bprofile_link%5D\" style=\"color: #3F3D33; text-decoration: none;\" target=\"_new\">Unsubscribe</a><span style=\"color:#444444; font-family:arial,sans-serif; font-size:12px\">   |   </span><a href=\"%5Bshow_link%5D\" style=\"color: #3F3D33; text-decoration: none;\" target=\"_new\">View on web browser</a></strong></td>\r\n								</tr>\r\n							</tbody>\r\n						</table>\r\n						</td>\r\n					</tr>\r\n				</tbody>\r\n			</table>\r\n			</td>\r\n		</tr>\r\n	</tbody>\r\n</table>','','',NULL,26,'dolibarr@domain.com',NULL,'','',NULL,'2012-07-11 13:15:59','2017-01-29 21:33:11',NULL,'2017-01-29 21:36:40',1,NULL,12,NULL,NULL,NULL,NULL,NULL,NULL,'2019-11-28 11:52:54',0,NULL,NULL,NULL),(4,'email',0,'Commercial emailing February',1,'Buy my product','This is a new éEéé\"Mailing content<br />\r\n<br />\r\n<style type=\"text/css\">\r\n<!--\r\na:link {\r\n	color: #E2017A;\r\n}\r\n--></style>\r\n<span style=\"color:#800080;\"><strong>You can adit it with the WYSIWYG editor.</strong></span><br />\r\nIt is\r\n<ul>\r\n	<li>\r\n		Fast</li>\r\n	<li>\r\n		Easy to use</li>\r\n	<li>\r\n		Pretty</li>\r\n</ul>','','',NULL,NULL,'dolibarr@domain.com',NULL,'','',NULL,'2013-07-18 20:44:33',NULL,NULL,NULL,1,NULL,NULL,NULL,NULL,NULL,NULL,NULL,NULL,'2019-11-28 11:52:54',0,NULL,NULL,NULL),(5,'email',1,'Commercial emailing March',1,'Test for free Dolibarr ERP CRM - no credit card required','<div style=\"background:#220044; text-align:center\"><span style=\"color:#ffffff\"><strong><span style=\"font-size:18px\"><img alt=\"\" src=\"/dolibarr_11.0/htdocs/viewimage.php?modulepart=medias&file=image/myimagesforemailing/dolicloud_logo_white.png\" style=\"height:80px; width:260px\" /></span></strong></span><br />\r\n<a href=\"http://www.facebook.com\" target=\"_new\"><img alt=\"Seguici su facebook\" src=\"https://mosaico.io/templates/versafluid/img/social/facebook.png\" style=\"height:24px; padding:0px 5px 0px 5px; width:24px\" /></a><a href=\"http://www.twitter.com\" target=\"_new\"><img alt=\"Seguici su twitter\" src=\"https://mosaico.io/templates/versafluid/img/social/twitter.png\" style=\"height:24px; padding:0px 5px; width:24px\" /></a><a href=\"http://plus.google.com\" target=\"_new\"><img alt=\"Seguici su G+\" src=\"https://mosaico.io/templates/versafluid/img/social/google-plus.png\" style=\"height:24px; padding:0px 5px; width:24px\" /></a><a href=\"http://www.linkedin.com\" target=\"_new\"><img alt=\"Seguici su linkedin\" src=\"https://mosaico.io/templates/versafluid/img/social/linkedin.png\" style=\"height:24px; padding:0px 5px; width:24px\" /></a></div>\r\n\r\n<table style=\"background:#ffffff; border:0; margin:0; padding:5px; text-align:center; width:100%\">\r\n	<tbody>\r\n		<tr>\r\n			<td>\r\n			<table cellpadding=\"0\" cellspacing=\"0\" style=\"background:#ffffff; border:0; margin:0; padding:5px; width:100%\">\r\n				<tbody>\r\n					<tr>\r\n						<td>\r\n						<table border=\"0\" style=\"background:#ffffff; border:0; margin:0; padding:5px; width:100%\">\r\n							<tbody>\r\n								<tr>\r\n									<td>\r\n									<table border=\"0\" cellpadding=\"0\" cellspacing=\"0\" style=\"background:#ffffff; border:0; margin:0; padding:5px; width:100%\">\r\n										<tbody>\r\n											<tr>\r\n												<td>\r\n												<p style=\"text-align:center\"><span style=\"font-size:16px\"><strong>DoliCloud</strong> is the service to provide you a web hosting solution __EMAIL__ of Dolibarr ERP CRM in one click. Just enter your email to create your instance and you are ready to work. Backup and full access is to data (SFTP, Mysql) are provided.</span></p>\r\n												</td>\r\n											</tr>\r\n										</tbody>\r\n									</table>\r\n									</td>\r\n								</tr>\r\n								<tr>\r\n									<td>\r\n									<table style=\"background:#ffffff; border:0; margin:0; padding:5px; width:100%\">\r\n										<tbody>\r\n											<tr>\r\n												<td>\r\n												<table align=\"center\" border=\"0\" cellpadding=\"0\" cellspacing=\"0\" class=\"responsive-table\" style=\"width:100%\">\r\n													<tbody>\r\n														<tr>\r\n															<td style=\"text-align:center\"><a class=\"mobile-button\" href=\"https://www.on.dolicloud.com/signUp/index?origin=dolicloudhome&planCode=basic\" style=\"display: inline-block; font-size: 18px; font-family: Helvetica, Arial, sans-serif; font-weight: normal; color: #ffffff; text-decoration: none; background-color: #9C010F; padding-top: 15px; padding-bottom: 15px; padding-left: 25px; padding-right: 25px; border-radius: 3px; -webkit-border-radius: 3px; -moz-border-radius: 3px; border-bottom: 3px solid #5f0109;\" target=\"_new\">Test Dolibarr ERP CRM on Dolicloud →</a></td>\r\n														</tr>\r\n													</tbody>\r\n												</table>\r\n												</td>\r\n											</tr>\r\n										</tbody>\r\n									</table>\r\n									</td>\r\n								</tr>\r\n							</tbody>\r\n						</table>\r\n						</td>\r\n					</tr>\r\n				</tbody>\r\n			</table>\r\n			</td>\r\n		</tr>\r\n	</tbody>\r\n</table>\r\n\r\n<table border=\"0\" cellpadding=\"0\" cellspacing=\"0\" id=\"ko_footerBlock_2\" style=\"min-width:500px; width:100%\">\r\n	<tbody>\r\n		<tr>\r\n			<td>\r\n			<table align=\"center\" border=\"0\" cellpadding=\"0\" cellspacing=\"0\" style=\"width:100%\">\r\n				<tbody>\r\n					<tr>\r\n						<td>\r\n						<table align=\"center\" style=\"background:#ffffff; border:0; margin:0; padding:5px; width:100%\">\r\n							<tbody>\r\n								<tr>\r\n									<td style=\"text-align:center\"><span style=\"color:#3f3d33\">DoliCloud team</span><br />\r\n									<strong><a class=\"original-only\" href=\"%5Bprofile_link%5D\" style=\"color: #3F3D33; text-decoration: none;\" target=\"_new\">Unsubscribe</a><span style=\"color:#444444; font-family:arial,sans-serif; font-size:12px\">   |   </span><a href=\"%5Bshow_link%5D\" style=\"color: #3F3D33; text-decoration: none;\" target=\"_new\">View on web browser</a></strong></td>\r\n								</tr>\r\n							</tbody>\r\n						</table>\r\n						</td>\r\n					</tr>\r\n				</tbody>\r\n			</table>\r\n			</td>\r\n		</tr>\r\n	</tbody>\r\n</table>','e5e5e5','',NULL,28,'dolibarr@domain.com',NULL,'','',NULL,'2017-01-29 21:47:37','2019-12-21 20:23:29',NULL,NULL,12,NULL,12,NULL,NULL,NULL,NULL,NULL,NULL,'2019-12-21 16:23:29',0,NULL,NULL,NULL),(6,'email',1,'zzz',1,'aaa','<div style=\"background-color:#e5e5e5; margin-bottom:-20px; margin-left:-10px; margin-right:-10px; margin-top:-10px; padding:10px\">\n<div style=\"text-align:center\"><img src=\"data:image/png;base64,[encoded data, 197448 characters]\" style=\"width:35%\"></div>\n<hr>\n<div style=\"text-align:left\">\n<h1 style=\"text-align:center\"><span style=\"font-size:18px\"><span style=\"color:#222222\"><strong><span style=\"font-family:Calibri,sans-serif\"><span style=\"color:black\">Parce que votre temps est précieux,</span></span></strong></span><br>\n<span style=\"color:#7f8c8d\"><strong><span style=\"font-family:Calibri,sans-serif\">DoliCloud</span></strong></span> <span style=\"color:#222222\"><strong><span style=\"font-family:Calibri,sans-serif\"><span style=\"color:black\">établit un partenariat avec</span></span></strong></span> <span style=\"color:#7f8c8d\"><strong><span style=\"font-family:Calibri,sans-serif\">MB TanaServices</span></strong></span> <span style=\"color:#222222\"><strong><span style=\"font-family:Calibri,sans-serif\"><span style=\"color:black\">pour vous proposer un service complémentaire...</span></span></strong></span></span></h1>\n<p><span style=\"font-size:12pt\"><span style=\"color:#222222\"> </span></span><br>\n<span style=\"font-size:12pt\"><span style=\"color:#222222\"><span style=\"font-size:11pt\"><span style=\"font-family:Calibri,sans-serif\"><span style=\"color:black\">A la recherche de la satisfaction complète de nos clients, DoliCloud et MB TanaServices s’associent dans le but d’unir leurs expertises en Dolibarr en vous offrant des services d’assistance de gestion externalisée.</span></span></span></span></span><br>\n<span style=\"font-size:12pt\"><span style=\"color:#222222\"> </span></span><br>\n<span style=\"font-size:12pt\"><span style=\"color:#222222\"><span style=\"font-size:11pt\"><span style=\"font-family:Calibri,sans-serif\"><span style=\"color:black\">Basées à Madagascar (pays francophone), les assistantes de gestion de MB TanaServices sont spécialisées sur l’outil Dolibarr. Elles sont disponibles à temps complet ou à temps partiel, pour vous permettre de déléguer vos tâches de gestion quotidiennes fastidieuses et/ou répétitives.</span></span></span></span></span><br>\n<br>\n<span style=\"font-size:12pt\"><span style=\"color:#222222\"><span style=\"font-size:11pt\"><span style=\"font-family:Calibri,sans-serif\"><span style=\"color:black\">MB TanaServices propose également des formations à l’utilisation de Dolibarr et de l’assistance pour le paramétrage ou l’installation des modules complémentaires.</span></span></span></span></span><br>\n<span style=\"font-size:12pt\"><span style=\"color:#222222\"> </span></span><br>\n<span style=\"font-size:14px\"><span style=\"color:#222222\"><strong><span style=\"font-family:Calibri,sans-serif\"><span style=\"color:black\">Gagner du temps au quotidien et concentrez-vous sur votre cœur de métier.</span></span></strong></span><br>\n<span style=\"color:#222222\"> </span><br>\n<span style=\"color:#222222\"><strong><span style=\"font-family:Calibri,sans-serif\"><span style=\"color:#0070c0\">MB TanaServices offre la mise en place du processus d\'assistanat ainsi que le premier mois gratuit (sans engagement) aux premiers inscrits</span></span>.</strong></span><br>\n<span style=\"color:#222222\"> </span><br>\n<span style=\"color:#222222\"><span style=\"font-family:Calibri,sans-serif\"><span style=\"color:black\">Pour plus d’informations, suivre le lien : </span></span><strong><span style=\"font-family:Calibri,sans-serif\"><span style=\"color:black\"> </span></span></strong></span><a href=\"https://www.dolicloud.com/fr/beneficier-d-une-assistance-de-gestion-pour-dolibarr.php\" target=\"_blank\">https://www.dolicloud.com/fr/beneficier-d-une-assistance-de-gestion-pour-dolibarr.php</a><br>\n<span style=\"color:black\">Contactez directement Olivier Bayle, gérant de MB TanaServices :</span>  <a href=\"mailto:contact@tana-services.com\" style=\"color:#1155cc\" target=\"_blank\">contact@tana-services.com</a>  <span style=\"color:black\">ou Whatsapp : +261 34 92 623 84</span></span><br>\n<br>\n<br>\nPour ne plus recevoir d\'information sur nos partenariats: <a href=\"__UNSUBSCRIBE_URL__\">Cliquez ici</a></p>\n</div>\n<hr>\n<em>__SENDEREMAIL_SIGNATURE__<br>\n<br>\n__CHECK_READ__</em></div>','e5e5e5','',NULL,4,'dolibarr@domain.com',NULL,'','',NULL,'2023-02-24 21:37:16','2024-12-29 19:23:23',NULL,'2023-02-25 00:02:21',12,NULL,12,NULL,NULL,NULL,NULL,NULL,NULL,'2025-05-15 16:48:32',0,'','',NULL),(7,'',0,'aaa',1,'aaa','sdfsd','00bf5f','',NULL,0,'dolibarr@domain.com',NULL,'','',NULL,'2025-01-01 18:07:22',NULL,NULL,NULL,12,12,NULL,NULL,NULL,NULL,NULL,NULL,NULL,'2025-04-16 21:46:06',0,NULL,NULL,NULL),(8,'email',0,'Copie de Copy of Commercial emailing March Feb 24, 2023 15 Mai 2025',1,'','','','',NULL,NULL,'dolibarr@domain.com',NULL,'','',NULL,'2025-05-15 18:44:04',NULL,NULL,NULL,12,NULL,NULL,NULL,NULL,NULL,NULL,NULL,NULL,'2025-05-15 16:44:04',0,'','',NULL),(9,'email',0,'aaaa',1,'','','','',NULL,NULL,'dolibarr@domain.com',NULL,'','',NULL,'2025-05-15 18:45:38',NULL,NULL,NULL,12,NULL,NULL,NULL,NULL,NULL,NULL,NULL,NULL,'2025-05-15 16:47:28',0,'','',NULL),