-- Table structure for table `llx_mrp_production_extrafields`
--

CREATE TABLE `llx_mrp_production_extrafields` (
  `rowid` int(11) NOT NULL AUTO_INCREMENT,
  `tms` timestamp NOT NULL DEFAULT current_timestamp() ON UPDATE current_timestamp(),
  `fk_object` int(11) NOT NULL,
  `import_key` varchar(14) DEFAULT NULL,
  PRIMARY KEY (`rowid`),
  UNIQUE KEY `uk_mrp_production_fk_object` (`fk_object`),
  KEY `idx_mrp_production_fk_object` (`fk_object`)
) ENGINE=InnoDB DEFAULT CHARSET=utf8mb3 COLLATE=utf8mb3_unicode_ci;

--
-- Dumping data for table `llx_mrp_production_extrafields`
--


--
-- Table structure for table `llx_multicurrency`
--

CREATE TABLE `llx_multicurrency` (
  `rowid` int(11) NOT NULL AUTO_INCREMENT,
  `date_create` datetime DEFAULT NULL,
  `code` varchar(255) DEFAULT NULL,
  `name` varchar(255) DEFAULT NULL,
  `entity` int(11) DEFAULT 1,
  `fk_user` int(11) DEFAULT NULL,
  `tms` timestamp NULL DEFAULT current_timestamp() ON UPDATE current_timestamp(),
  PRIMARY KEY (`rowid`)
) ENGINE=InnoDB AUTO_INCREMENT=4 DEFAULT CHARSET=utf8mb3 COLLATE=utf8mb3_unicode_ci;

--
-- Dumping data for table `llx_multicurrency`
--

INSERT INTO `llx_multicurrency` (`rowid`, `date_create`, `code`, `name`, `entity`, `fk_user`, `tms`) VALUES (1,'2017-02-15 21:17:16','EUR','Euros (€)',1,12,'2024-11-27 15:37:30'),(2,'2020-01-01 19:20:09','USD','US Dollars ($)',1,12,'2024-11-27 15:37:30'),(3,'2022-12-31 11:35:01','AED','United Arab Emirates Dirham (AED)',1,12,'2024-11-27 15:37:30');

--
-- Table structure for table `llx_multicurrency_rate`
--

CREATE TABLE `llx_multicurrency_rate` (
  `rowid` int(11) NOT NULL AUTO_INCREMENT,
  `date_sync` datetime DEFAULT NULL,
  `rate` double NOT NULL DEFAULT 0,
  `rate_direct` double DEFAULT 0,
  `fk_multicurrency` int(11) NOT NULL,
  `entity` int(11) DEFAULT 1,
  `rate_indirect` double DEFAULT 0,
  `tms` timestamp NULL DEFAULT current_timestamp() ON UPDATE current_timestamp(),
  PRIMARY KEY (`rowid`)
) ENGINE=InnoDB AUTO_INCREMENT=15 DEFAULT CHARSET=utf8mb3 COLLATE=utf8mb3_unicode_ci;

--
-- Dumping data for table `llx_multicurrency_rate`
--

INSERT INTO `llx_multicurrency_rate` (`rowid`, `date_sync`, `rate`, `rate_direct`, `fk_multicurrency`, `entity`, `rate_indirect`, `tms`) VALUES (1,'2017-02-15 21:17:16',1,0,1,1,0,'2024-11-27 15:37:30'),(2,'2020-01-01 19:20:09',1.2,0,2,1,0,'2024-11-27 15:37:30'),(3,'2022-12-31 11:35:01',1.2,0,3,1,0,'2024-11-27 15:37:30'),(4,'2022-12-31 00:00:00',1.3,0,2,1,0,'2024-11-27 15:37:30'),(5,'2025-03-21 12:19:37',3.9859413236,0,3,1,0,'2025-03-21 12:19:37'),(6,'2025-03-21 12:19:37',1,0,1,1,0,'2025-03-21 12:19:37'),(7,'2025-03-21 12:19:37',1.085193083,0,2,1,0,'2025-03-21 12:19:37'),(8,'2025-03-21 13:04:45',3.9775620374,0,3,1,0,'2025-03-21 13:04:45'),(9,'2025-03-21 13:04:45',1,0,1,1,0,'2025-03-21 13:04:45'),(10,'2025-03-21 13:04:45',1.0829132532,0,2,1,0,'2025-03-21 13:04:45'),(11,'2025-03-21 13:26:36',3.9773304385,0,3,1,0,'2025-03-21 13:26:36'),(12,'2025-03-21 13:26:36',1,0,1,1,0,'2025-03-21 13:26:36'),(13,'2025-03-21 13:26:36',1.0828546214,0,2,1,0,'2025-03-21 13:26:36'),(14,'2025-03-21 13:29:20',1.2,0,2,1,0,'2025-03-21 13:29:20');

--
-- Table structure for table `llx_notify`
--

CREATE TABLE `llx_notify` (
  `rowid` int(11) NOT NULL AUTO_INCREMENT,
  `tms` timestamp NOT NULL DEFAULT current_timestamp() ON UPDATE current_timestamp(),
  `daten` datetime DEFAULT NULL,
  `fk_action` int(11) NOT NULL,
  `fk_soc` int(11) DEFAULT NULL,
  `fk_contact` int(11) DEFAULT NULL,
  `fk_user` int(11) DEFAULT NULL,
  `objet_type` varchar(24) NOT NULL,
  `objet_id` int(11) NOT NULL,
  `email` varchar(255) DEFAULT NULL,
  `type` varchar(16) DEFAULT 'email',
  `type_target` varchar(16) DEFAULT NULL,
  PRIMARY KEY (`rowid`)
) ENGINE=InnoDB DEFAULT CHARSET=utf8mb3 COLLATE=utf8mb3_unicode_ci;

--
-- Dumping data for table `llx_notify`
--


--
-- Table structure for table `llx_notify_def`
--

CREATE TABLE `llx_notify_def` (
  `rowid` int(11) NOT NULL AUTO_INCREMENT,
  `tms` timestamp NOT NULL DEFAULT current_timestamp() ON UPDATE current_timestamp(),
  `datec` date DEFAULT NULL,
  `fk_action` int(11) NOT NULL,
  `fk_soc` int(11) DEFAULT NULL,
  `fk_contact` int(11) DEFAULT NULL,
  `fk_user` int(11) DEFAULT NULL,
  `type` varchar(16) DEFAULT 'email',
  `email` varchar(255) DEFAULT NULL,
  `threshold` double(24,8) DEFAULT NULL,
  `context` varchar(128) DEFAULT NULL,
  `entity` int(11) DEFAULT 1,
  PRIMARY KEY (`rowid`)
) ENGINE=InnoDB DEFAULT CHARSET=utf8mb3 COLLATE=utf8mb3_unicode_ci;

--
-- Dumping data for table `llx_notify_def`
--


--
-- Table structure for table `llx_notify_def_object`
--

CREATE TABLE `llx_notify_def_object` (
  `id` int(11) NOT NULL AUTO_INCREMENT,
  `entity` int(11) NOT NULL DEFAULT 1,
  `objet_type` varchar(16) DEFAULT NULL,
  `objet_id` int(11) NOT NULL,
  `type_notif` varchar(16) DEFAULT 'browser',
  `date_notif` datetime DEFAULT NULL,
  `user_id` int(11) DEFAULT NULL,
  `moreparam` varchar(255) DEFAULT NULL,
  PRIMARY KEY (`id`)
) ENGINE=InnoDB DEFAULT CHARSET=utf8mb3 COLLATE=utf8mb3_unicode_ci;

--
-- Dumping data for table `llx_notify_def_object`
--


--
-- Table structure for table `llx_oauth_state`
--

CREATE TABLE `llx_oauth_state` (
  `rowid` int(11) NOT NULL AUTO_INCREMENT,
  `service` varchar(36) DEFAULT NULL,
  `state` varchar(128) DEFAULT NULL,
  `fk_user` int(11) DEFAULT NULL,
  `fk_adherent` int(11) DEFAULT NULL,
  `entity` int(11) DEFAULT NULL,
  PRIMARY KEY (`rowid`)
) ENGINE=InnoDB DEFAULT CHARSET=utf8mb3 COLLATE=utf8mb3_unicode_ci;

--
-- Dumping data for table `llx_oauth_state`
--


--
-- Table structure for table `llx_oauth_token`
--

CREATE TABLE `llx_oauth_token` (
  `rowid` int(11) NOT NULL AUTO_INCREMENT,
  `service` varchar(36) DEFAULT NULL,
  `token` text DEFAULT NULL,
  `fk_soc` int(11) DEFAULT NULL,
  `fk_user` int(11) DEFAULT NULL,
  `fk_adherent` int(11) DEFAULT NULL,
  `entity` int(11) DEFAULT NULL,
  `tokenstring` text DEFAULT NULL,
  `tokenstring_refresh` text DEFAULT NULL,
  `state` text DEFAULT NULL,
  `restricted_ips` varchar(200) DEFAULT NULL,
  `datec` datetime DEFAULT NULL,
  `tms` timestamp NOT NULL DEFAULT current_timestamp() ON UPDATE current_timestamp(),
  `lastaccess` datetime DEFAULT NULL,
  `expire_at` datetime DEFAULT NULL,
  `apicount_previous_month` bigint(20) unsigned DEFAULT 0,
  `apicount_month` bigint(20) unsigned DEFAULT 0,
  `apicount_total` bigint(20) unsigned DEFAULT 0,
  PRIMARY KEY (`rowid`)
) ENGINE=InnoDB AUTO_INCREMENT=31 DEFAULT CHARSET=utf8mb3 COLLATE=utf8mb3_unicode_ci;

--
-- Dumping data for table `llx_oauth_token`
--


--
-- Table structure for table `llx_object_lang`
--

CREATE TABLE `llx_object_lang` (
  `rowid` int(11) NOT NULL AUTO_INCREMENT,
  `fk_object` int(11) NOT NULL DEFAULT 0,
  `type_object` varchar(32) NOT NULL,
  `property` varchar(32) NOT NULL,
  `lang` varchar(5) NOT NULL DEFAULT '0',
  `value` text DEFAULT NULL,
  `import_key` varchar(14) DEFAULT NULL,
  PRIMARY KEY (`rowid`),
  UNIQUE KEY `uk_object_lang` (`fk_object`,`type_object`,`property`,`lang`)
) ENGINE=InnoDB DEFAULT CHARSET=utf8mb3 COLLATE=utf8mb3_unicode_ci;

--
-- Dumping data for table `llx_object_lang`
--


--
-- Table structure for table `llx_onlinesignature`
--

CREATE TABLE `llx_onlinesignature` (
  `rowid` int(11) NOT NULL AUTO_INCREMENT,
  `entity` int(11) NOT NULL DEFAULT 1,
  `object_type` varchar(32) NOT NULL,
  `object_id` int(11) NOT NULL,
  `datec` datetime NOT NULL,
  `tms` timestamp NOT NULL DEFAULT current_timestamp() ON UPDATE current_timestamp(),
  `name` varchar(255) NOT NULL,
  `ip` varchar(128) DEFAULT NULL,
  `pathoffile` varchar(255) DEFAULT NULL,
  PRIMARY KEY (`rowid`)
) ENGINE=InnoDB DEFAULT CHARSET=utf8mb3 COLLATE=utf8mb3_unicode_ci;

--
-- Dumping data for table `llx_onlinesignature`
--


--
-- Table structure for table `llx_opensurvey_comments`
--

CREATE TABLE `llx_opensurvey_comments` (
  `id_comment` int(10) unsigned NOT NULL AUTO_INCREMENT,
  `id_sondage` char(16) NOT NULL,
  `comment` text NOT NULL,
  `usercomment` text DEFAULT NULL,
  `ip` varchar(250) DEFAULT NULL,
  `date_creation` datetime DEFAULT NULL,
  PRIMARY KEY (`id_comment`),
  KEY `idx_id_comment` (`id_comment`),
  KEY `idx_id_sondage` (`id_sondage`)
) ENGINE=InnoDB AUTO_INCREMENT=31 DEFAULT CHARSET=utf8mb3 COLLATE=utf8mb3_unicode_ci;

--
-- Dumping data for table `llx_opensurvey_comments`
--

INSERT INTO `llx_opensurvey_comments` (`id_comment`, `id_sondage`, `comment`, `usercomment`, `ip`, `date_creation`) VALUES (2,'434dio8rxfljs3p1','aaa','aaa',NULL,NULL),(5,'434dio8rxfljs3p1','aaa','aaa',NULL,NULL),(6,'434dio8rxfljs3p1','gfh','jj',NULL,NULL),(11,'434dio8rxfljs3p1','fsdf','fdsf',NULL,NULL),(12,'3imby4hf7joiilsu','fsdf','aa',NULL,NULL),(16,'3imby4hf7joiilsu','gdfg','gfdg',NULL,NULL),(17,'3imby4hf7joiilsu','gfdgd','gdfgd',NULL,NULL),(18,'om4e7azfiurnjtqe','fds','fdsf',NULL,NULL),(26,'qgsfrgb922rqzocy','gfdg','gfdg',NULL,NULL),(27,'qgsfrgb922rqzocy','gfdg','gfd',NULL,NULL),(30,'ckanvbe7kt3rdb3h','hfgh','fdfds',NULL,NULL);

--
-- Table structure for table `llx_opensurvey_formquestions`
--

CREATE TABLE `llx_opensurvey_formquestions` (
  `rowid` int(11) NOT NULL AUTO_INCREMENT,
  `id_sondage` varchar(16) DEFAULT NULL,
  `question` text DEFAULT NULL,
  `available_answers` text DEFAULT NULL,
  PRIMARY KEY (`rowid`)
) ENGINE=InnoDB DEFAULT CHARSET=utf8mb3 COLLATE=utf8mb3_unicode_ci;

--
-- Dumping data for table `llx_opensurvey_formquestions`
--


--
-- Table structure for table `llx_opensurvey_sondage`
--

CREATE TABLE `llx_opensurvey_sondage` (
  `id_sondage` varchar(16) NOT NULL,
  `commentaires` text DEFAULT NULL,
  `mail_admin` varchar(128) DEFAULT NULL,
  `nom_admin` varchar(64) DEFAULT NULL,
  `fk_user_creat` int(11) NOT NULL,
  `titre` text NOT NULL,
  `date_fin` datetime DEFAULT NULL,
  `status` int(11) DEFAULT 1,
  `format` varchar(2) NOT NULL,
  `mailsonde` tinyint(4) NOT NULL DEFAULT 0,
  `tms` timestamp NOT NULL DEFAULT current_timestamp() ON UPDATE current_timestamp(),
  `entity` int(11) NOT NULL DEFAULT 1,
  `allow_comments` tinyint(4) NOT NULL DEFAULT 1,
  `allow_spy` tinyint(4) NOT NULL DEFAULT 1,
  `sujet` text DEFAULT NULL,
  `id_sondage_admin` char(24) DEFAULT NULL,
  PRIMARY KEY (`id_sondage`),
  KEY `idx_date_fin` (`date_fin`),
  KEY `idx_id_sondage_admin` (`id_sondage_admin`)
) ENGINE=InnoDB DEFAULT CHARSET=utf8mb3 COLLATE=utf8mb3_unicode_ci;

--
-- Dumping data for table `llx_opensurvey_sondage`
--

INSERT INTO `llx_opensurvey_sondage` (`id_sondage`, `commentaires`, `mail_admin`, `nom_admin`, `fk_user_creat`, `titre`, `date_fin`, `status`, `format`, `mailsonde`, `tms`, `entity`, `allow_comments`, `allow_spy`, `sujet`, `id_sondage_admin`) VALUES ('m4467s2mtk6khmxc','What is your prefered date for a brunch','myemail@aaa.com','fdfds',0,'Date of next brunch','2015-03-07 00:00:00',2,'D',1,'2026-02-15 20:03:34',1,1,1,',1483473600',NULL),('tim1dye8x5eeetxu','Please vote for the candidate you want to have for our new president this year.','','',12,'Election of new president','2026-12-31 00:00:00',1,'A',0,'2026-02-15 20:03:34',1,1,0,'Alan Candide@foragainst,Alex Candor@foragainst',NULL);

--
-- Table structure for table `llx_opensurvey_user_formanswers`
--

CREATE TABLE `llx_opensurvey_user_formanswers` (
  `fk_user_survey` int(11) NOT NULL,
  `fk_question` int(11) NOT NULL,
  `reponses` text DEFAULT NULL
) ENGINE=InnoDB DEFAULT CHARSET=utf8mb3 COLLATE=utf8mb3_unicode_ci;

--
-- Dumping data for table `llx_opensurvey_user_formanswers`
--


--
-- Table structure for table `llx_opensurvey_user_studs`
--

CREATE TABLE `llx_opensurvey_user_studs` (
  `id_users` int(11) NOT NULL AUTO_INCREMENT,
  `nom` varchar(64) NOT NULL,
  `id_sondage` varchar(16) NOT NULL,
  `reponses` varchar(200) NOT NULL,
  `ip` varchar(250) DEFAULT NULL,
  `date_creation` datetime DEFAULT NULL,
  `tms` timestamp NULL DEFAULT current_timestamp() ON UPDATE current_timestamp(),
  PRIMARY KEY (`id_users`),
  KEY `idx_id_users` (`id_users`),
  KEY `idx_nom` (`nom`),
  KEY `idx_id_sondage` (`id_sondage`),
  KEY `idx_opensurvey_user_studs_id_users` (`id_users`),
  KEY `idx_opensurvey_user_studs_nom` (`nom`),
  KEY `idx_opensurvey_user_studs_id_sondage` (`id_sondage`)
) ENGINE=InnoDB AUTO_INCREMENT=31 DEFAULT CHARSET=utf8mb3 COLLATE=utf8mb3_unicode_ci;

--
-- Dumping data for table `llx_opensurvey_user_studs`
--

INSERT INTO `llx_opensurvey_user_studs` (`id_users`, `nom`, `id_sondage`, `reponses`, `ip`, `date_creation`, `tms`) VALUES (1,'gfdgdf','om4e7azfiurnjtqe','01',NULL,NULL,'2026-01-11 17:46:25'),(2,'aa','3imby4hf7joiilsu','210',NULL,NULL,'2026-01-11 17:46:25'),(3,'fsdf','z2qcqjh5pm1q4p99','0110',NULL,NULL,'2026-01-11 17:46:25'),(5,'hfghf','z2qcqjh5pm1q4p99','1110',NULL,NULL,'2026-01-11 17:46:25'),(6,'qqqq','ah9xvaqu1ajjrqse','000111',NULL,NULL,'2026-01-11 17:46:25'),(7,'hjgh','ah9xvaqu1ajjrqse','000010',NULL,NULL,'2026-01-11 17:46:25'),(8,'bcvb','qgsfrgb922rqzocy','011000',NULL,NULL,'2026-01-11 17:46:25'),(9,'gdfg','ah9xvaqu1ajjrqse','001000',NULL,NULL,'2026-01-11 17:46:25'),(10,'ggg','ah9xvaqu1ajjrqse','000100',NULL,NULL,'2026-01-11 17:46:25'),(11,'gfdgd','ah9xvaqu1ajjrqse','001000',NULL,NULL,'2026-01-11 17:46:25'),(12,'hhhh','ah9xvaqu1ajjrqse','010000',NULL,NULL,'2026-01-11 17:46:25'),(13,'iii','ah9xvaqu1ajjrqse','000100',NULL,NULL,'2026-01-11 17:46:25'),(14,'kkk','ah9xvaqu1ajjrqse','001000',NULL,NULL,'2026-01-11 17:46:25'),(15,'lllll','ah9xvaqu1ajjrqse','000001',NULL,NULL,'2026-01-11 17:46:25'),(16,'kk','ah9xvaqu1ajjrqse','000001',NULL,NULL,'2026-01-11 17:46:25'),(17,'gggg','ah9xvaqu1ajjrqse','001000',NULL,NULL,'2026-01-11 17:46:25'),(18,'mmmm','ah9xvaqu1ajjrqse','000000',NULL,NULL,'2026-01-11 17:46:25'),(19,'jkjkj','ah9xvaqu1ajjrqse','000001',NULL,NULL,'2026-01-11 17:46:25'),(20,'azerty','8mcdnf2hgcntfibe','012',NULL,NULL,'2026-01-11 17:46:25'),(21,'hfghfg','8mcdnf2hgcntfibe','012',NULL,NULL,'2026-01-11 17:46:25'),(22,'fd','ckanvbe7kt3rdb3h','10',NULL,NULL,'2026-01-11 17:46:25'),(25,'John Doe','m4467s2mtk6khmxc','1',NULL,NULL,'2026-01-11 17:46:25'),(26,'Martial Bill','m4467s2mtk6khmxc','01',NULL,NULL,'2026-01-11 17:46:25'),(27,'Marissa Campbell','m4467s2mtk6khmxc','11',NULL,NULL,'2026-01-11 17:46:25'),(28,'Leonard Cast','m4467s2mtk6khmxc','01',NULL,NULL,'2026-01-11 17:46:25'),(29,'John Doe','tim1dye8x5eeetxu','01',NULL,NULL,'2026-01-11 17:46:25'),(30,'Eldy','tim1dye8x5eeetxu','11',NULL,NULL,'2026-01-11 17:46:25');

--
-- Table structure for table `llx_overwrite_trans`
--

CREATE TABLE `llx_overwrite_trans` (
  `rowid` int(11) NOT NULL AUTO_INCREMENT,
  `entity` int(11) NOT NULL DEFAULT 1,
  `lang` varchar(5) DEFAULT NULL,
  `transkey` varchar(128) DEFAULT NULL,
  `transvalue` text DEFAULT NULL,
  PRIMARY KEY (`rowid`),
  UNIQUE KEY `uk_overwrite_trans` (`entity`,`lang`,`transkey`)
) ENGINE=InnoDB DEFAULT CHARSET=utf8mb3 COLLATE=utf8mb3_unicode_ci;

--
-- Dumping data for table `llx_overwrite_trans`
--


--
-- Table structure for table `llx_paiement`
--

CREATE TABLE `llx_paiement` (
  `rowid` int(11) NOT NULL AUTO_INCREMENT,
  `ref` varchar(30) NOT NULL DEFAULT '',
  `ref_ext` varchar(255) DEFAULT NULL,
  `entity` int(11) NOT NULL DEFAULT 1,
  `datec` datetime DEFAULT NULL,
  `tms` timestamp NOT NULL DEFAULT current_timestamp() ON UPDATE current_timestamp(),
  `datep` datetime DEFAULT NULL,
  `amount` double(24,8) DEFAULT NULL,
  `fk_paiement` int(11) NOT NULL,
  `num_paiement` varchar(50) DEFAULT NULL,
  `note` text DEFAULT NULL,
  `fk_bank` int(11) NOT NULL DEFAULT 0,
  `fk_user_creat` int(11) DEFAULT NULL,
  `fk_user_modif` int(11) DEFAULT NULL,
  `statut` smallint(6) NOT NULL DEFAULT 0,
  `fk_export_compta` int(11) NOT NULL DEFAULT 0,
  `pos_change` double(24,8) DEFAULT 0.00000000,
  `multicurrency_amount` double(24,8) DEFAULT 0.00000000,
  `ext_payment_id` varchar(255) DEFAULT NULL,
  `ext_payment_site` varchar(128) DEFAULT NULL,
  PRIMARY KEY (`rowid`)
) ENGINE=InnoDB AUTO_INCREMENT=115 DEFAULT CHARSET=utf8mb3 COLLATE=utf8mb3_unicode_ci;

--
-- Dumping data for table `llx_paiement`
--

INSERT INTO `llx_paiement` (`rowid`, `ref`, `ref_ext`, `entity`, `datec`, `tms`, `datep`, `amount`, `fk_paiement`, `num_paiement`, `note`, `fk_bank`, `fk_user_creat`, `fk_user_modif`, `statut`, `fk_export_compta`, `pos_change`, `multicurrency_amount`, `ext_payment_id`, `ext_payment_site`) VALUES (107,'PAY2606-0001','',1,'2026-06-02 16:24:26','2026-06-02 16:24:27','2026-06-02 10:00:00',10.00000000,6,'','',117,12,NULL,0,0,0.00000000,10.00000000,NULL,NULL),(108,'PAY2606-0002','',1,'2026-06-02 16:25:06','2026-06-02 16:25:06','2026-06-02 16:25:06',3.00000000,4,'','',118,12,NULL,0,0,0.00000000,3.00000000,NULL,NULL),(109,'PAY2501-0003','',1,'2025-01-15 09:30:44','2025-01-15 09:30:44','2025-01-15 09:30:44',1.50000000,4,'','',119,12,NULL,0,0,0.00000000,1.50000000,NULL,NULL),(110,'PAY2501-0004','',1,'2025-01-15 09:33:06','2025-01-15 09:33:06','2025-01-15 09:33:06',3.70000000,4,'','',120,12,NULL,0,0,0.00000000,3.70000000,NULL,NULL),(111,'PAY2501-0005','',1,'2025-01-16 09:30:44','2025-01-16 09:30:44','2025-01-16 09:30:44',3.70000000,4,'','',121,12,NULL,0,0,0.00000000,3.70000000,NULL,NULL),(114,'PAY2503-0006','',1,'2025-03-15 09:31:57','2025-03-15 09:31:57','2025-03-15 11:00:00',100.00000000,4,'','',123,12,NULL,0,0,0.00000000,100.00000000,NULL,NULL);

--
-- Table structure for table `llx_paiement_extrafields`
--

CREATE TABLE `llx_paiement_extrafields` (
  `rowid` int(11) NOT NULL AUTO_INCREMENT,
  `tms` timestamp NULL DEFAULT current_timestamp() ON UPDATE current_timestamp(),
  `fk_object` int(11) NOT NULL,
  `import_key` varchar(14) DEFAULT NULL,
  PRIMARY KEY (`rowid`),
  UNIQUE KEY `uk_paiement_extrafields` (`fk_object`)
) ENGINE=InnoDB DEFAULT CHARSET=utf8mb3 COLLATE=utf8mb3_unicode_ci;

--
-- Dumping data for table `llx_paiement_extrafields`
--


--
-- Table structure for table `llx_paiement_facture`
--

CREATE TABLE `llx_paiement_facture` (
  `rowid` int(11) NOT NULL AUTO_INCREMENT,
  `fk_paiement` int(11) DEFAULT NULL,
  `fk_facture` int(11) DEFAULT NULL,
  `amount` double(24,8) DEFAULT NULL,
  `multicurrency_amount` double(24,8) DEFAULT 0.00000000,
  `multicurrency_code` varchar(3) DEFAULT NULL,
  `multicurrency_tx` double(24,8) DEFAULT 1.00000000,
  PRIMARY KEY (`rowid`),
  UNIQUE KEY `uk_paiement_facture` (`fk_paiement`,`fk_facture`),
  KEY `idx_paiement_facture_fk_facture` (`fk_facture`),
  KEY `idx_paiement_facture_fk_paiement` (`fk_paiement`),
  CONSTRAINT `fk_paiement_facture_fk_facture` FOREIGN KEY (`fk_facture`) REFERENCES `llx_facture` (`rowid`),
  CONSTRAINT `fk_paiement_facture_fk_paiement` FOREIGN KEY (`fk_paiement`) REFERENCES `llx_paiement` (`rowid`)
) ENGINE=InnoDB AUTO_INCREMENT=122 DEFAULT CHARSET=utf8mb3 COLLATE=utf8mb3_unicode_ci;

--
-- Dumping data for table `llx_paiement_facture`
--

INSERT INTO `llx_paiement_facture` (`rowid`, `fk_paiement`, `fk_facture`, `amount`, `multicurrency_amount`, `multicurrency_code`, `multicurrency_tx`) VALUES (114,107,476,10.00000000,10.00000000,'EUR',1.00000000),(115,108,477,3.00000000,3.00000000,'EUR',1.00000000),(116,109,478,1.50000000,1.50000000,'EUR',1.00000000),(117,110,479,3.70000000,3.70000000,'EUR',1.00000000),(118,111,480,3.70000000,3.70000000,'EUR',1.00000000),(121,114,481,100.00000000,100.00000000,'EUR',1.00000000);

--
-- Table structure for table `llx_paiementcharge`
--

CREATE TABLE `llx_paiementcharge` (
  `rowid` int(11) NOT NULL AUTO_INCREMENT,
  `fk_charge` int(11) DEFAULT NULL,
  `datec` datetime DEFAULT NULL,
  `tms` timestamp NOT NULL DEFAULT current_timestamp() ON UPDATE current_timestamp(),
  `datep` datetime DEFAULT NULL,
  `amount` double(24,8) DEFAULT NULL,
  `fk_typepaiement` int(11) NOT NULL,
  `num_paiement` varchar(50) DEFAULT NULL,
  `note` text DEFAULT NULL,
  `fk_bank` int(11) NOT NULL,
  `fk_user_creat` int(11) DEFAULT NULL,
  `fk_user_modif` int(11) DEFAULT NULL,
  PRIMARY KEY (`rowid`),
  KEY `idx_paiementcharge_fk_charge` (`fk_charge`)
) ENGINE=InnoDB AUTO_INCREMENT=8 DEFAULT CHARSET=utf8mb3 COLLATE=utf8mb3_unicode_ci;

--
-- Dumping data for table `llx_paiementcharge`
--

INSERT INTO `llx_paiementcharge` (`rowid`, `fk_charge`, `datec`, `tms`, `datep`, `amount`, `fk_typepaiement`, `num_paiement`, `note`, `fk_bank`, `fk_user_creat`, `fk_user_modif`) VALUES (4,4,'2013-08-05 23:11:37','2013-08-05 21:11:37','2013-08-05 12:00:00',10.00000000,2,'','',12,1,NULL),(6,6,'2019-12-26 01:48:30','2019-12-25 21:48:30','2019-12-25 12:00:00',5.00000000,2,'','',43,12,NULL),(7,6,'2019-12-26 01:48:46','2019-12-25 21:48:46','2019-12-25 12:00:00',5.00000000,4,'','',44,12,NULL);

--
-- Table structure for table `llx_paiementfourn`
--

CREATE TABLE `llx_paiementfourn` (
  `rowid` int(11) NOT NULL AUTO_INCREMENT,
  `ref` varchar(30) DEFAULT NULL,
  `entity` int(11) DEFAULT NULL,
  `tms` timestamp NOT NULL DEFAULT current_timestamp() ON UPDATE current_timestamp(),
  `datec` datetime DEFAULT NULL,
  `datep` datetime DEFAULT NULL,
  `amount` double(24,8) DEFAULT NULL,
  `fk_user_author` int(11) DEFAULT NULL,
  `fk_user_modif` int(11) DEFAULT NULL,
  `fk_paiement` int(11) NOT NULL,
  `num_paiement` varchar(50) DEFAULT NULL,
  `note` text DEFAULT NULL,
  `fk_bank` int(11) NOT NULL,
  `statut` smallint(6) NOT NULL DEFAULT 0,
  `multicurrency_amount` double(24,8) DEFAULT 0.00000000,
  `model_pdf` varchar(255) DEFAULT NULL,
  PRIMARY KEY (`rowid`)
) ENGINE=InnoDB AUTO_INCREMENT=5 DEFAULT CHARSET=utf8mb3 COLLATE=utf8mb3_unicode_ci;

--
-- Dumping data for table `llx_paiementfourn`
--

INSERT INTO `llx_paiementfourn` (`rowid`, `ref`, `entity`, `tms`, `datec`, `datep`, `amount`, `fk_user_author`, `fk_user_modif`, `fk_paiement`, `num_paiement`, `note`, `fk_bank`, `statut`, `multicurrency_amount`, `model_pdf`) VALUES (1,'1',1,'2018-01-19 11:17:47','2018-01-22 18:56:34','2018-01-22 12:00:00',900.00000000,12,NULL,4,'','',30,0,0.00000000,NULL),(2,'SPAY1702-0001',1,'2017-02-01 15:02:45','2017-02-01 19:02:44','2017-02-01 12:00:00',200.00000000,12,NULL,4,'','',32,0,200.00000000,NULL),(4,'SPAY2001-0002',1,'2020-01-01 16:28:49','2020-01-01 20:28:49','2020-01-01 12:00:00',-304.69000000,12,NULL,2,'','',47,0,-304.69000000,NULL);

--
-- Table structure for table `llx_paiementfourn_facturefourn`
--

CREATE TABLE `llx_paiementfourn_facturefourn` (
  `rowid` int(11) NOT NULL AUTO_INCREMENT,
  `fk_paiementfourn` int(11) DEFAULT NULL,
  `fk_facturefourn` int(11) DEFAULT NULL,
  `amount` double DEFAULT 0,
  `multicurrency_amount` double(24,8) DEFAULT 0.00000000,
  `multicurrency_code` varchar(3) DEFAULT NULL,
  `multicurrency_tx` double(24,8) DEFAULT 1.00000000,
  PRIMARY KEY (`rowid`),
  UNIQUE KEY `uk_paiementfourn_facturefourn` (`fk_paiementfourn`,`fk_facturefourn`),
  KEY `idx_paiementfourn_facturefourn_fk_facture` (`fk_facturefourn`),
  KEY `idx_paiementfourn_facturefourn_fk_paiement` (`fk_paiementfourn`)
) ENGINE=InnoDB AUTO_INCREMENT=5 DEFAULT CHARSET=utf8mb3 COLLATE=utf8mb3_unicode_ci;

--
-- Dumping data for table `llx_paiementfourn_facturefourn`
--

INSERT INTO `llx_paiementfourn_facturefourn` (`rowid`, `fk_paiementfourn`, `fk_facturefourn`, `amount`, `multicurrency_amount`, `multicurrency_code`, `multicurrency_tx`) VALUES (1,1,16,900,0.00000000,NULL,1.00000000),(2,2,20,200,200.00000000,NULL,1.00000000),(4,4,27,-304.69,-304.69000000,NULL,1.00000000);

--
-- Table structure for table `llx_partnership`
--

CREATE TABLE `llx_partnership` (
  `rowid` int(11) NOT NULL AUTO_INCREMENT,
  `ref` varchar(128) NOT NULL DEFAULT '(PROV)',
  `status` smallint(6) NOT NULL DEFAULT 0,
  `fk_soc` int(11) DEFAULT NULL,
  `fk_member` int(11) DEFAULT NULL,
  `email_partnership` varchar(64) DEFAULT NULL,
  `date_partnership_start` date NOT NULL,
  `date_partnership_end` date DEFAULT NULL,
  `entity` int(11) NOT NULL DEFAULT 1,
  `reason_decline_or_cancel` text DEFAULT NULL,
  `date_creation` datetime NOT NULL,
  `fk_user_creat` int(11) DEFAULT NULL,
  `tms` timestamp NOT NULL DEFAULT current_timestamp() ON UPDATE current_timestamp(),
  `fk_user_modif` int(11) DEFAULT NULL,
  `note_private` text DEFAULT NULL,
  `note_public` text DEFAULT NULL,
  `last_main_doc` varchar(255) DEFAULT NULL,
  `count_last_url_check_error` int(11) DEFAULT 0,
  `import_key` varchar(14) DEFAULT NULL,
  `model_pdf` varchar(255) DEFAULT NULL,
  `last_check_backlink` datetime DEFAULT NULL,
  `fk_type` int(11) NOT NULL DEFAULT 0,
  `url_to_check` varchar(255) DEFAULT NULL,
  `ip` varchar(250) DEFAULT NULL,
  PRIMARY KEY (`rowid`),
  UNIQUE KEY `uk_partnership_ref` (`ref`,`entity`),
  UNIQUE KEY `uk_fk_type_fk_soc` (`fk_type`,`fk_soc`,`date_partnership_start`),
  UNIQUE KEY `uk_fk_type_fk_member` (`fk_type`,`fk_member`,`date_partnership_start`),
  KEY `idx_partnership_rowid` (`rowid`),
  KEY `idx_partnership_ref` (`ref`),
  KEY `idx_partnership_fk_soc` (`fk_soc`),
  KEY `llx_partnership_fk_user_creat` (`fk_user_creat`),
  KEY `idx_partnership_status` (`status`),
  KEY `idx_partnership_fk_member` (`fk_member`),
  KEY `idx_partnership_entity` (`entity`),
  CONSTRAINT `llx_partnership_fk_user_creat` FOREIGN KEY (`fk_user_creat`) REFERENCES `llx_user` (`rowid`)
) ENGINE=InnoDB AUTO_INCREMENT=2 DEFAULT CHARSET=utf8mb3 COLLATE=utf8mb3_unicode_ci;

--
-- Dumping data for table `llx_partnership`
--

INSERT INTO `llx_partnership` (`rowid`, `ref`, `status`, `fk_soc`, `fk_member`, `email_partnership`, `date_partnership_start`, `date_partnership_end`, `entity`, `reason_decline_or_cancel`, `date_creation`, `fk_user_creat`, `tms`, `fk_user_modif`, `note_private`, `note_public`, `last_main_doc`, `count_last_url_check_error`, `import_key`, `model_pdf`, `last_check_backlink`, `fk_type`, `url_to_check`, `ip`) VALUES (1,'PSHIP2302-0001',2,26,NULL,NULL,'2023-02-15','2023-03-01',1,NULL,'2023-02-15 08:19:48',12,'2023-02-26 00:09:00',12,NULL,NULL,NULL,NULL,NULL,NULL,NULL,1,'mmmmhh',NULL);

--
-- Table structure for table `llx_partnership_extrafields`
--

CREATE TABLE `llx_partnership_extrafields` (
  `rowid` int(11) NOT NULL AUTO_INCREMENT,
  `tms` timestamp NOT NULL DEFAULT current_timestamp() ON UPDATE current_timestamp(),
  `fk_object` int(11) NOT NULL,
  `import_key` varchar(14) DEFAULT NULL,
  `fdsf` varchar(255) DEFAULT NULL,
  `a_custom_field` varchar(255) DEFAULT NULL,
  PRIMARY KEY (`rowid`),
  UNIQUE KEY `uk_partnership_extrafields` (`fk_object`),
  KEY `idx_partnership_fk_object` (`fk_object`),
  KEY `idx_partnership_extrafields` (`fk_object`)
) ENGINE=InnoDB AUTO_INCREMENT=14 DEFAULT CHARSET=utf8mb3 COLLATE=utf8mb3_unicode_ci;

--
-- Dumping data for table `llx_partnership_extrafields`
--

INSERT INTO `llx_partnership_extrafields` (`rowid`, `tms`, `fk_object`, `import_key`, `fdsf`, `a_custom_field`) VALUES (13,'2023-08-15 10:35:57',1,NULL,'hhh',NULL);

--
-- Table structure for table `llx_payment_donation`
--

CREATE TABLE `llx_payment_donation` (
  `rowid` int(11) NOT NULL AUTO_INCREMENT,
  `fk_donation` int(11) DEFAULT NULL,
  `datec` datetime DEFAULT NULL,
  `tms` timestamp NOT NULL DEFAULT current_timestamp() ON UPDATE current_timestamp(),
  `datep` datetime DEFAULT NULL,
  `amount` double(24,8) DEFAULT NULL,
  `fk_typepayment` int(11) NOT NULL,
  `num_payment` varchar(50) DEFAULT NULL,
  `note` text DEFAULT NULL,
  `ext_payment_id` varchar(255) DEFAULT NULL,
  `ext_payment_site` varchar(128) DEFAULT NULL,
  `fk_bank` int(11) NOT NULL,
  `fk_user_creat` int(11) DEFAULT NULL,
  `fk_user_modif` int(11) DEFAULT NULL,
  PRIMARY KEY (`rowid`)
) ENGINE=InnoDB AUTO_INCREMENT=4 DEFAULT CHARSET=utf8mb3 COLLATE=utf8mb3_unicode_ci;

--
-- Dumping data for table `llx_payment_donation`
--

INSERT INTO `llx_payment_donation` (`rowid`, `fk_donation`, `datec`, `tms`, `datep`, `amount`, `fk_typepayment`, `num_payment`, `note`, `ext_payment_id`, `ext_payment_site`, `fk_bank`, `fk_user_creat`, `fk_user_modif`) VALUES (1,3,'2017-09-06 20:08:36','2017-09-06 16:08:36','2017-09-06 12:00:00',10.00000000,4,'','',NULL,NULL,38,12,NULL),(2,6,'2025-04-25 16:02:36','2025-04-25 14:02:36','2025-04-25 12:00:00',5.00000000,6,'','',NULL,NULL,90,12,NULL),(3,6,'2025-04-25 16:02:46','2025-04-25 14:02:46','2025-04-25 12:00:00',95.00000000,6,'','',NULL,NULL,91,12,NULL);

--
-- Table structure for table `llx_payment_expensereport`
--

CREATE TABLE `llx_payment_expensereport` (
  `rowid` int(11) NOT NULL AUTO_INCREMENT,
  `fk_expensereport` int(11) DEFAULT NULL,
  `datec` datetime DEFAULT NULL,
  `tms` timestamp NOT NULL DEFAULT current_timestamp() ON UPDATE current_timestamp(),
  `datep` datetime DEFAULT NULL,
  `amount` double(24,8) DEFAULT NULL,
  `fk_typepayment` int(11) NOT NULL,
  `num_payment` varchar(50) DEFAULT NULL,
  `note` text DEFAULT NULL,
  `fk_bank` int(11) NOT NULL,
  `fk_user_creat` int(11) DEFAULT NULL,
  `fk_user_modif` int(11) DEFAULT NULL,
  PRIMARY KEY (`rowid`)
) ENGINE=InnoDB AUTO_INCREMENT=3 DEFAULT CHARSET=utf8mb3 COLLATE=utf8mb3_unicode_ci;

--
-- Dumping data for table `llx_payment_expensereport`
--

INSERT INTO `llx_payment_expensereport` (`rowid`, `fk_expensereport`, `datec`, `tms`, `datep`, `amount`, `fk_typepayment`, `num_payment`, `note`, `fk_bank`, `fk_user_creat`, `fk_user_modif`) VALUES (1,1,'2017-02-16 02:13:13','2017-02-15 22:13:13','2017-02-16 12:00:00',5.00000000,7,'','',0,12,NULL),(2,1,'2017-02-16 02:22:09','2017-02-15 22:22:09','2017-02-16 12:00:00',1.00000000,7,'','',36,12,NULL);

--
-- Table structure for table `llx_payment_loan`
--

CREATE TABLE `llx_payment_loan` (
  `rowid` int(11) NOT NULL AUTO_INCREMENT,
  `fk_loan` int(11) DEFAULT NULL,
  `datec` datetime DEFAULT NULL,
  `tms` timestamp NOT NULL DEFAULT current_timestamp() ON UPDATE current_timestamp(),
  `datep` datetime DEFAULT NULL,
  `amount_capital` double(24,8) DEFAULT NULL,
  `amount_insurance` double(24,8) DEFAULT NULL,
  `amount_interest` double(24,8) DEFAULT NULL,
  `fk_typepayment` int(11) NOT NULL,
  `num_payment` varchar(50) DEFAULT NULL,
  `note_private` text DEFAULT NULL,
  `note_public` text DEFAULT NULL,
  `fk_bank` int(11) NOT NULL,
  `fk_user_creat` int(11) DEFAULT NULL,
  `fk_user_modif` int(11) DEFAULT NULL,
  PRIMARY KEY (`rowid`)
) ENGINE=InnoDB AUTO_INCREMENT=4 DEFAULT CHARSET=utf8mb3 COLLATE=utf8mb3_unicode_ci;

--
-- Dumping data for table `llx_payment_loan`
--

INSERT INTO `llx_payment_loan` (`rowid`, `fk_loan`, `datec`, `tms`, `datep`, `amount_capital`, `amount_insurance`, `amount_interest`, `fk_typepayment`, `num_payment`, `note_private`, `note_public`, `fk_bank`, `fk_user_creat`, `fk_user_modif`) VALUES (1,3,'2023-02-16 07:59:23','2023-02-16 10:59:23','2023-02-16 12:00:00',1.00000000,2.00000000,3.00000000,2,'0','','',58,12,NULL),(2,3,'2023-02-16 08:19:44','2023-02-16 11:19:44','2023-02-16 12:00:00',2.00000000,2.00000000,2.00000000,6,'0','','',59,12,NULL),(3,3,'2023-02-16 08:20:12','2023-02-16 11:20:12','2023-02-16 12:00:00',2.00000000,2.00000000,2.00000000,2,'0','','',61,12,NULL);

--
-- Table structure for table `llx_payment_salary`
--

CREATE TABLE `llx_payment_salary` (
  `rowid` int(11) NOT NULL AUTO_INCREMENT,
  `ref` varchar(30) DEFAULT NULL,
  `tms` timestamp NOT NULL DEFAULT current_timestamp() ON UPDATE current_timestamp(),
  `datec` datetime DEFAULT NULL,
  `fk_user` int(11) DEFAULT NULL,
  `datep` datetime DEFAULT NULL,
  `datev` date DEFAULT NULL,
  `salary` double(24,8) DEFAULT NULL,
  `amount` double(24,8) DEFAULT NULL,
  `fk_projet` int(11) DEFAULT NULL,
  `fk_typepayment` int(11) NOT NULL,
  `num_payment` varchar(50) DEFAULT NULL,
  `label` varchar(255) DEFAULT NULL,
  `datesp` date DEFAULT NULL,
  `dateep` date DEFAULT NULL,
  `entity` int(11) NOT NULL DEFAULT 1,
  `note` text DEFAULT NULL,
  `fk_bank` int(11) DEFAULT NULL,
  `fk_user_author` int(11) DEFAULT NULL,
  `fk_user_modif` int(11) DEFAULT NULL,
  `fk_salary` int(11) DEFAULT NULL,
  PRIMARY KEY (`rowid`),
  KEY `idx_payment_salary_ref` (`num_payment`),
  KEY `idx_payment_salary_user` (`fk_user`,`entity`),
  KEY `idx_payment_salary_datep` (`datep`),
  KEY `idx_payment_salary_datesp` (`datesp`),
  KEY `idx_payment_salary_dateep` (`dateep`),
  CONSTRAINT `fk_payment_salary_user` FOREIGN KEY (`fk_user`) REFERENCES `llx_user` (`rowid`)
) ENGINE=InnoDB AUTO_INCREMENT=5 DEFAULT CHARSET=utf8mb3 COLLATE=utf8mb3_unicode_ci;

--
-- Dumping data for table `llx_payment_salary`
--

INSERT INTO `llx_payment_salary` (`rowid`, `ref`, `tms`, `datec`, `fk_user`, `datep`, `datev`, `salary`, `amount`, `fk_projet`, `fk_typepayment`, `num_payment`, `label`, `datesp`, `dateep`, `entity`, `note`, `fk_bank`, `fk_user_author`, `fk_user_modif`, `fk_salary`) VALUES (1,'1','2021-04-15 10:22:55','2019-10-08 13:18:50',19,'2019-10-08 00:00:00','2019-10-08',2700.00000000,1000.00000000,0,2,'','Salary payment','2019-09-01','2019-09-30',1,NULL,42,12,NULL,1),(4,'4','2026-06-02 07:31:45','2023-01-06 12:36:21',NULL,'2023-01-06 00:00:00',NULL,NULL,100.00000000,NULL,6,'',NULL,NULL,NULL,1,'',56,12,NULL,4);

--
-- Table structure for table `llx_payment_salary_extrafields`
--

CREATE TABLE `llx_payment_salary_extrafields` (
  `rowid` int(11) NOT NULL AUTO_INCREMENT,
  `tms` timestamp NOT NULL DEFAULT current_timestamp() ON UPDATE current_timestamp(),
  `fk_object` int(11) NOT NULL,
  `import_key` varchar(14) DEFAULT NULL,
  PRIMARY KEY (`rowid`),
  KEY `idx_payment_salary_extrafields` (`fk_object`)
) ENGINE=InnoDB DEFAULT CHARSET=utf8mb4 COLLATE=utf8mb4_unicode_ci;

--
-- Dumping data for table `llx_payment_salary_extrafields`
--


--
-- Table structure for table `llx_payment_various`
--

CREATE TABLE `llx_payment_various` (
  `rowid` int(11) NOT NULL AUTO_INCREMENT,
  `ref` varchar(30) DEFAULT NULL,
  `tms` timestamp NOT NULL DEFAULT current_timestamp() ON UPDATE current_timestamp(),
  `datec` datetime DEFAULT NULL,
  `datep` date DEFAULT NULL,
  `datev` date DEFAULT NULL,
  `sens` smallint(6) NOT NULL DEFAULT 0,
  `amount` double(24,8) NOT NULL DEFAULT 0.00000000,
  `fk_typepayment` int(11) NOT NULL,
  `num_payment` varchar(50) DEFAULT NULL,
  `label` varchar(255) DEFAULT NULL,
  `accountancy_code` varchar(32) DEFAULT NULL,
  `fk_projet` int(11) DEFAULT NULL,
  `entity` int(11) NOT NULL DEFAULT 1,
  `note` text DEFAULT NULL,
  `fk_bank` int(11) DEFAULT NULL,
  `fk_user_author` int(11) DEFAULT NULL,
  `fk_user_modif` int(11) DEFAULT NULL,
  `subledger_account` varchar(32) DEFAULT NULL,
  PRIMARY KEY (`rowid`)
) ENGINE=InnoDB AUTO_INCREMENT=5 DEFAULT CHARSET=utf8mb3 COLLATE=utf8mb3_unicode_ci;

--
-- Dumping data for table `llx_payment_various`
--

INSERT INTO `llx_payment_various` (`rowid`, `ref`, `tms`, `datec`, `datep`, `datev`, `sens`, `amount`, `fk_typepayment`, `num_payment`, `label`, `accountancy_code`, `fk_projet`, `entity`, `note`, `fk_bank`, `fk_user_author`, `fk_user_modif`, `subledger_account`) VALUES (2,NULL,'2019-12-25 22:14:38','2017-07-14 18:46:19','2017-07-14','2017-07-14',0,123.00000000,4,'','Miscellaneous payment','518',4,1,NULL,48,12,NULL,NULL),(4,NULL,'2020-01-10 00:42:47','2020-01-10 04:42:47','2020-01-10','2020-01-10',0,10.00000000,0,'','Miscellaneous payment','105',0,1,'',49,12,0,'556');

--
-- Table structure for table `llx_payment_various_extrafields`
--

CREATE TABLE `llx_payment_various_extrafields` (
  `rowid` int(11) NOT NULL AUTO_INCREMENT,
  `tms` timestamp NULL DEFAULT current_timestamp() ON UPDATE current_timestamp(),
  `fk_object` int(11) NOT NULL,
  `import_key` varchar(14) DEFAULT NULL,
  PRIMARY KEY (`rowid`),
  UNIQUE KEY `uk_payment_various_extrafields` (`fk_object`)
) ENGINE=InnoDB DEFAULT CHARSET=utf8mb3 COLLATE=utf8mb3_unicode_ci;

--
-- Dumping data for table `llx_payment_various_extrafields`
--


--
-- Table structure for table `llx_payment_vat`
--

CREATE TABLE `llx_payment_vat` (
  `rowid` int(11) NOT NULL AUTO_INCREMENT,
  `fk_tva` int(11) DEFAULT NULL,
  `datec` datetime DEFAULT NULL,
  `tms` timestamp NOT NULL DEFAULT current_timestamp() ON UPDATE current_timestamp(),
  `datep` datetime DEFAULT NULL,
  `amount` double(24,8) DEFAULT 0.00000000,
  `fk_typepaiement` int(11) NOT NULL,
  `num_paiement` varchar(50) DEFAULT NULL,
  `note` text DEFAULT NULL,
  `fk_bank` int(11) NOT NULL,
  `fk_user_creat` int(11) DEFAULT NULL,
  `fk_user_modif` int(11) DEFAULT NULL,
  PRIMARY KEY (`rowid`)
) ENGINE=InnoDB DEFAULT CHARSET=utf8mb3 COLLATE=utf8mb3_unicode_ci;

--
-- Dumping data for table `llx_payment_vat`
--


--
-- Table structure for table `llx_paymentexpensereport_expensereport`
--

CREATE TABLE `llx_paymentexpensereport_expensereport` (
  `rowid` int(11) NOT NULL AUTO_INCREMENT,
  `fk_payment` int(11) DEFAULT NULL,
  `fk_expensereport` int(11) DEFAULT NULL,
  `amount` double(24,8) DEFAULT 0.00000000,
  `multicurrency_code` varchar(3) DEFAULT NULL,
  `multicurrency_tx` double(24,8) DEFAULT 1.00000000,
  `multicurrency_amount` double(24,8) DEFAULT 0.00000000,
  PRIMARY KEY (`rowid`)
) ENGINE=InnoDB DEFAULT CHARSET=utf8mb4 COLLATE=utf8mb4_general_ci;

--
-- Dumping data for table `llx_paymentexpensereport_expensereport`
--


--
-- Table structure for table `llx_pos_cash_fence`
--

CREATE TABLE `llx_pos_cash_fence` (
  `rowid` int(11) NOT NULL AUTO_INCREMENT,
  `entity` int(11) NOT NULL DEFAULT 1,
  `ref` varchar(64) DEFAULT NULL,
  `label` varchar(255) DEFAULT NULL,
  `opening` double(24,8) DEFAULT 0.00000000,
  `cash` double(24,8) DEFAULT 0.00000000,
  `card` double(24,8) DEFAULT 0.00000000,
  `cheque` double(24,8) DEFAULT 0.00000000,
  `status` int(11) DEFAULT NULL,
  `date_creation` datetime NOT NULL,
  `date_valid` datetime DEFAULT NULL,
  `day_close` int(11) DEFAULT NULL,
  `month_close` int(11) DEFAULT NULL,
  `year_close` int(11) DEFAULT NULL,
  `hour_close` int(11) DEFAULT NULL,
  `min_close` int(11) DEFAULT NULL,
  `sec_close` int(11) DEFAULT NULL,
  `posmodule` varchar(30) DEFAULT NULL,
  `posnumber` varchar(30) DEFAULT NULL,
  `fk_user_creat` int(11) DEFAULT NULL,
  `fk_user_valid` int(11) DEFAULT NULL,
  `tms` timestamp NOT NULL DEFAULT current_timestamp() ON UPDATE current_timestamp(),
  `import_key` varchar(14) DEFAULT NULL,
  `cash_declared` double(24,8) DEFAULT NULL,
  `card_declared` double(24,8) DEFAULT NULL,
  `cheque_declared` double(24,8) DEFAULT NULL,
  `cash_lifetime` double(24,8) DEFAULT NULL,
  `card_lifetime` double(24,8) DEFAULT NULL,
  `cheque_lifetime` double(24,8) DEFAULT NULL,
  `lifetime_start` datetime DEFAULT NULL,
  PRIMARY KEY (`rowid`)
) ENGINE=InnoDB AUTO_INCREMENT=40 DEFAULT CHARSET=utf8mb3 COLLATE=utf8mb3_unicode_ci;

--
-- Dumping data for table `llx_pos_cash_fence`
--

INSERT INTO `llx_pos_cash_fence` (`rowid`, `entity`, `ref`, `label`, `opening`, `cash`, `card`, `cheque`, `status`, `date_creation`, `date_valid`, `day_close`, `month_close`, `year_close`, `hour_close`, `min_close`, `sec_close`, `posmodule`, `posnumber`, `fk_user_creat`, `fk_user_valid`, `tms`, `import_key`, `cash_declared`, `card_declared`, `cheque_declared`, `cash_lifetime`, `card_lifetime`, `cheque_lifetime`, `lifetime_start`) VALUES (38,1,'38',NULL,54.59000000,3.70000000,0.00000000,0.00000000,1,'2025-01-16 10:19:57','2025-01-16 10:20:24',16,1,2025,22,59,59,'takepos','1',12,12,'2025-01-16 10:20:24',NULL,58.29000000,0.00000000,0.00000000,8.90000000,0.00000000,0.00000000,'2025-01-15 09:30:44'),(39,1,'39',NULL,49.39000000,8.90000000,0.00000000,0.00000000,1,'2025-02-15 09:30:51','2025-02-15 09:31:42',NULL,1,2025,22,59,59,'takepos','1',12,12,'2025-02-15 09:31:42',NULL,58.29000000,0.00000000,0.00000000,8.90000000,0.00000000,0.00000000,'2025-01-15 09:30:44');

--
-- Table structure for table `llx_pos_cash_fence_extrafields`
--

CREATE TABLE `llx_pos_cash_fence_extrafields` (
  `rowid` int(11) NOT NULL AUTO_INCREMENT,
  `tms` timestamp NULL DEFAULT current_timestamp() ON UPDATE current_timestamp(),
  `fk_object` int(11) NOT NULL,
  `import_key` varchar(14) DEFAULT NULL,
  PRIMARY KEY (`rowid`),
  UNIQUE KEY `uk_pos_cash_fence_extrafields` (`fk_object`)
) ENGINE=InnoDB DEFAULT CHARSET=utf8mb4 COLLATE=utf8mb4_general_ci;

--
-- Dumping data for table `llx_pos_cash_fence_extrafields`
--


--
-- Table structure for table `llx_prelevement`
--

CREATE TABLE `llx_prelevement` (
  `rowid` int(11) NOT NULL AUTO_INCREMENT,
  `fk_facture` int(11) DEFAULT NULL,
  `fk_prelevement_lignes` int(11) NOT NULL,
  `fk_facture_fourn` int(11) DEFAULT NULL,
  `fk_salary` int(11) DEFAULT NULL,
  PRIMARY KEY (`rowid`),
  KEY `idx_prelevement_fk_prelevement_lignes` (`fk_prelevement_lignes`),
  CONSTRAINT `fk_prelevement_fk_prelevement_lignes` FOREIGN KEY (`fk_prelevement_lignes`) REFERENCES `llx_prelevement_lignes` (`rowid`)
) ENGINE=InnoDB AUTO_INCREMENT=2 DEFAULT CHARSET=utf8mb3 COLLATE=utf8mb3_unicode_ci;

--
-- Dumping data for table `llx_prelevement`
--

INSERT INTO `llx_prelevement` (`rowid`, `fk_facture`, `fk_prelevement_lignes`, `fk_facture_fourn`, `fk_salary`) VALUES (1,211,1,NULL,NULL);

--
-- Table structure for table `llx_prelevement_bons`
--

CREATE TABLE `llx_prelevement_bons` (
  `rowid` int(11) NOT NULL AUTO_INCREMENT,
  `ref` varchar(12) DEFAULT NULL,
  `entity` int(11) NOT NULL DEFAULT 1,
  `datec` datetime DEFAULT NULL,
  `amount` double(24,8) DEFAULT NULL,
  `statut` smallint(6) DEFAULT 0,
  `credite` smallint(6) DEFAULT 0,
  `note` text DEFAULT NULL,
  `date_trans` datetime DEFAULT NULL,
  `method_trans` smallint(6) DEFAULT NULL,
  `fk_user_trans` int(11) DEFAULT NULL,
  `date_credit` datetime DEFAULT NULL,
  `fk_user_credit` int(11) DEFAULT NULL,
  `type` varchar(16) DEFAULT 'debit-order',
  `fk_bank_account` int(11) DEFAULT NULL,
  `tms` timestamp NULL DEFAULT current_timestamp() ON UPDATE current_timestamp(),
  `fk_user_modif` int(11) DEFAULT NULL,
  PRIMARY KEY (`rowid`),
  UNIQUE KEY `uk_prelevement_bons_ref` (`ref`,`entity`)
) ENGINE=InnoDB AUTO_INCREMENT=2 DEFAULT CHARSET=utf8mb3 COLLATE=utf8mb3_unicode_ci;

--
-- Dumping data for table `llx_prelevement_bons`
--

INSERT INTO `llx_prelevement_bons` (`rowid`, `ref`, `entity`, `datec`, `amount`, `statut`, `credite`, `note`, `date_trans`, `method_trans`, `fk_user_trans`, `date_credit`, `fk_user_credit`, `type`, `fk_bank_account`, `tms`, `fk_user_modif`) VALUES (1,'T170201',1,'2017-02-21 15:53:46',50.00000000,2,0,NULL,'2017-02-21 12:00:00',0,12,'2017-02-21 12:00:00',12,'debit-order',NULL,'2026-02-15 18:45:07',NULL);

--
-- Table structure for table `llx_prelevement_demande`
--

CREATE TABLE `llx_prelevement_demande` (
  `rowid` int(11) NOT NULL AUTO_INCREMENT,
  `fk_facture` int(11) DEFAULT NULL,
  `amount` double(24,8) DEFAULT NULL,
  `date_demande` datetime NOT NULL,
  `traite` smallint(6) DEFAULT 0,
  `date_traite` datetime DEFAULT NULL,
  `fk_prelevement_bons` int(11) DEFAULT NULL,
  `fk_user_demande` int(11) NOT NULL,
  `fk_societe_rib` int(11) DEFAULT NULL,
  `code_banque` varchar(128) DEFAULT NULL,
  `code_guichet` varchar(6) DEFAULT NULL,
  `number` varchar(255) DEFAULT NULL,
  `cle_rib` varchar(5) DEFAULT NULL,
  `entity` int(11) DEFAULT NULL,
  `sourcetype` varchar(32) DEFAULT NULL,
  `ext_payment_id` varchar(255) DEFAULT NULL,
  `ext_payment_site` varchar(128) DEFAULT NULL,
  `fk_facture_fourn` int(11) DEFAULT NULL,
  `fk_salary` int(11) DEFAULT NULL,
  `type` varchar(12) DEFAULT '',
  PRIMARY KEY (`rowid`),
  KEY `idx_prelevement_demande_fk_facture` (`fk_facture`),
  KEY `idx_prelevement_demande_fk_facture_fourn` (`fk_facture_fourn`),
  KEY `idx_prelevement_demande_ext_payment_id` (`ext_payment_id`)
) ENGINE=InnoDB AUTO_INCREMENT=17 DEFAULT CHARSET=utf8mb3 COLLATE=utf8mb3_unicode_ci;

--
-- Dumping data for table `llx_prelevement_demande`
--

INSERT INTO `llx_prelevement_demande` (`rowid`, `fk_facture`, `amount`, `date_demande`, `traite`, `date_traite`, `fk_prelevement_bons`, `fk_user_demande`, `fk_societe_rib`, `code_banque`, `code_guichet`, `number`, `cle_rib`, `entity`, `sourcetype`, `ext_payment_id`, `ext_payment_site`, `fk_facture_fourn`, `fk_salary`, `type`) VALUES (1,211,50.00000000,'2017-02-06 08:11:17',1,'2017-02-21 15:53:46',1,12,NULL,'','','','',NULL,NULL,NULL,NULL,NULL,NULL,'ban'),(2,5,NULL,'2020-01-01 14:35:21',0,NULL,NULL,0,NULL,NULL,NULL,NULL,NULL,1,'member','pi_1Fw4XtGr4FnPvt5gmHCi23hC','StripeTest',NULL,NULL,''),(3,6,NULL,'2020-01-01 14:50:42',0,NULL,NULL,0,NULL,NULL,NULL,NULL,NULL,1,'member','pi_1Fw4mkGr4FnPvt5gaMAjhU23','StripeTest',NULL,NULL,''),(4,7,NULL,'2020-01-01 14:59:09',0,NULL,NULL,0,NULL,NULL,NULL,NULL,NULL,1,'member','pi_1Fw4uvGr4FnPvt5gPJHfyUQt','StripeTest',NULL,NULL,''),(5,8,NULL,'2020-01-01 15:08:10',0,NULL,NULL,0,NULL,NULL,NULL,NULL,NULL,1,'member','pi_1Fw53eGr4FnPvt5gY0i3EWWR','StripeTest',NULL,NULL,''),(6,9,NULL,'2020-01-01 15:27:14',0,NULL,NULL,0,NULL,NULL,NULL,NULL,NULL,1,'member','pi_1Fw5M6Gr4FnPvt5gyICZxNY7','StripeTest',NULL,NULL,''),(7,10,NULL,'2020-01-01 15:36:11',0,NULL,NULL,0,NULL,NULL,NULL,NULL,NULL,1,'member','pi_1Fw5UlGr4FnPvt5gdsfT25YK','StripeTest',NULL,NULL,''),(8,11,NULL,'2020-01-01 15:44:14',0,NULL,NULL,0,NULL,NULL,NULL,NULL,NULL,1,'member','pi_1Fw5cYGr4FnPvt5ggY1HBL2m','StripeTest',NULL,NULL,''),(9,12,NULL,'2020-01-01 16:52:06',0,NULL,NULL,0,NULL,NULL,NULL,NULL,NULL,1,'member','pi_1Fw6gDGr4FnPvt5gjuuxU6K3','StripeTest',NULL,NULL,''),(10,55,4.84000000,'2023-02-04 12:42:38',0,NULL,NULL,12,NULL,'','','','',1,'facture',NULL,NULL,NULL,NULL,'ban'),(11,235,0.50000000,'2023-02-27 11:40:22',0,NULL,NULL,12,NULL,'','','','',1,'facture',NULL,NULL,NULL,NULL,'ban'),(12,238,20.00000000,'2023-03-08 06:40:57',0,NULL,NULL,12,NULL,'','','','',1,'facture',NULL,NULL,NULL,NULL,'ban'),(13,210,10.00000000,'2024-12-30 16:05:08',0,NULL,NULL,12,2,'','','','',1,'facture',NULL,NULL,NULL,NULL,'ban'),(14,NULL,5.00000000,'2024-12-30 16:50:15',0,NULL,NULL,12,5,'','','','',1,'supplier_invoice',NULL,NULL,39,NULL,'ban');

--
-- Table structure for table `llx_prelevement_rejet`
--

CREATE TABLE `llx_prelevement_rejet` (
  `rowid` int(11) NOT NULL AUTO_INCREMENT,
  `fk_prelevement_lignes` int(11) DEFAULT NULL,
  `date_rejet` datetime DEFAULT NULL,
  `motif` int(11) DEFAULT NULL,
  `date_creation` datetime DEFAULT NULL,
  `fk_user_creation` int(11) DEFAULT NULL,
  `note` text DEFAULT NULL,
  `afacturer` tinyint(4) DEFAULT 0,
  `fk_facture` int(11) DEFAULT NULL,
  PRIMARY KEY (`rowid`)
) ENGINE=InnoDB DEFAULT CHARSET=utf8mb3 COLLATE=utf8mb3_unicode_ci;

--
-- Dumping data for table `llx_prelevement_rejet`
--


--
-- Table structure for table `llx_printer_ipp`
--

CREATE TABLE `llx_printer_ipp` (
  `rowid` int(11) NOT NULL AUTO_INCREMENT,
  `tms` timestamp NOT NULL DEFAULT current_timestamp() ON UPDATE current_timestamp(),
  `datec` datetime DEFAULT NULL,
  `printer_name` text NOT NULL,
  `printer_location` text NOT NULL,
  `printer_uri` varchar(255) NOT NULL,
  `copy` int(11) NOT NULL DEFAULT 1,
  `module` varchar(16) NOT NULL,
  `login` varchar(32) NOT NULL,
  PRIMARY KEY (`rowid`)
) ENGINE=InnoDB DEFAULT CHARSET=utf8mb4 COLLATE=utf8mb4_unicode_ci;

--
-- Dumping data for table `llx_printer_ipp`
--


--
-- Table structure for table `llx_printer_receipt`
--

CREATE TABLE `llx_printer_receipt` (
  `rowid` int(11) NOT NULL AUTO_INCREMENT,
  `name` varchar(128) DEFAULT NULL,
  `fk_type` int(11) DEFAULT NULL,
  `fk_profile` int(11) DEFAULT NULL,
  `parameter` varchar(128) DEFAULT NULL,
  `entity` int(11) DEFAULT NULL,
  PRIMARY KEY (`rowid`)
) ENGINE=InnoDB AUTO_INCREMENT=2 DEFAULT CHARSET=utf8mb4 COLLATE=utf8mb4_unicode_ci;

--
-- Dumping data for table `llx_printer_receipt`
--

INSERT INTO `llx_printer_receipt` (`rowid`, `name`, `fk_type`, `fk_profile`, `parameter`, `entity`) VALUES (1,'Imprimante réseau',3,0,'192.168.0.253',1);

--
-- Table structure for table `llx_printer_receipt_template`
--

CREATE TABLE `llx_printer_receipt_template` (
  `rowid` int(11) NOT NULL AUTO_INCREMENT,
  `name` varchar(128) DEFAULT NULL,
  `template` text DEFAULT NULL,
  `entity` int(11) DEFAULT NULL,
  PRIMARY KEY (`rowid`)
) ENGINE=InnoDB AUTO_INCREMENT=12 DEFAULT CHARSET=utf8mb4 COLLATE=utf8mb4_unicode_ci;

--
-- Dumping data for table `llx_printer_receipt_template`
--

INSERT INTO `llx_printer_receipt_template` (`rowid`, `name`, `template`, `entity`) VALUES (11,'Example','{dol_align_center}\\r\\n{dol_print_text}{dol_value_mysoc_name}\\r\\n{dol_print_text}{dol_value_mysoc_address}\\r\\n{dol_print_text}{dol_value_mysoc_zip}{dol_value_mysoc_town}\\r\\n{dol_line_feed}\\r\\n{dol_print_text}Facture {dol_value_object_ref}\\r\\n{dol_line_feed}\\r\\n{dol_align_left}\\r\\n{dol_print_object_lines}\\r\\n{dol_line_feed}\\r\\n{dol_print_object_tax}\\r\\n{dol_line_feed}\\r\\n{dol_print_object_total}\\r\\n{dol_line_feed}\\r\\n{dol_cut_paper_full}',1);

--
-- Table structure for table `llx_printing`
--

CREATE TABLE `llx_printing` (
  `rowid` int(11) NOT NULL AUTO_INCREMENT,
  `tms` timestamp NOT NULL DEFAULT current_timestamp() ON UPDATE current_timestamp(),
  `datec` datetime DEFAULT NULL,
  `printer_name` text NOT NULL,
  `printer_location` text NOT NULL,
  `printer_id` varchar(255) NOT NULL,
  `copy` int(11) NOT NULL DEFAULT 1,
  `module` varchar(16) NOT NULL,
  `driver` varchar(16) NOT NULL,
  `userid` int(11) DEFAULT NULL,
  PRIMARY KEY (`rowid`)
) ENGINE=InnoDB DEFAULT CHARSET=utf8mb3 COLLATE=utf8mb3_unicode_ci;

--
-- Dumping data for table `llx_printing`
--


--
-- Table structure for table `llx_product`
--

CREATE TABLE `llx_product` (
  `rowid` int(11) NOT NULL AUTO_INCREMENT,
  `datec` datetime DEFAULT NULL,
  `tms` timestamp NOT NULL DEFAULT current_timestamp() ON UPDATE current_timestamp(),
  `virtual` tinyint(4) NOT NULL DEFAULT 0,
  `fk_parent` int(11) DEFAULT 0,
  `ref` varchar(128) NOT NULL,
  `entity` int(11) NOT NULL DEFAULT 1,
  `ref_ext` varchar(128) DEFAULT NULL,
  `label` varchar(255) NOT NULL,
  `description` text DEFAULT NULL,
  `note` mediumtext DEFAULT NULL,
  `customcode` varchar(32) DEFAULT NULL,
  `fk_country` int(11) DEFAULT NULL,
  `price` double(24,8) DEFAULT 0.00000000,
  `price_ttc` double(24,8) DEFAULT 0.00000000,
  `price_min` double(24,8) DEFAULT 0.00000000,
  `price_min_ttc` double(24,8) DEFAULT 0.00000000,
  `price_base_type` varchar(3) DEFAULT 'HT',
  `price_label` varchar(255) DEFAULT NULL,
  `tva_tx` double(6,3) DEFAULT NULL,
  `recuperableonly` int(11) NOT NULL DEFAULT 0,
  `localtax1_tx` double(6,3) DEFAULT 0.000,
  `localtax1_type` varchar(10) NOT NULL DEFAULT '0',
  `localtax2_tx` double(6,3) DEFAULT 0.000,
  `localtax2_type` varchar(10) NOT NULL DEFAULT '0',
  `fk_user_author` int(11) DEFAULT NULL,
  `fk_user_modif` int(11) DEFAULT NULL,
  `tosell` tinyint(4) DEFAULT 1,
  `tobuy` tinyint(4) DEFAULT 1,
  `tobatch` tinyint(4) NOT NULL DEFAULT 0,
  `sell_or_eat_by_mandatory` tinyint(4) NOT NULL DEFAULT 0,
  `fk_product_type` int(11) DEFAULT 0,
  `duration` varchar(6) DEFAULT NULL,
  `seuil_stock_alerte` float DEFAULT NULL,
  `url` varchar(255) DEFAULT NULL,
  `barcode` varchar(255) DEFAULT NULL,
  `fk_barcode_type` int(11) DEFAULT NULL,
  `accountancy_code_sell` varchar(32) DEFAULT NULL,
  `accountancy_code_sell_intra` varchar(32) DEFAULT NULL,
  `accountancy_code_sell_export` varchar(32) DEFAULT NULL,
  `accountancy_code_buy` varchar(32) DEFAULT NULL,
  `accountancy_code_buy_intra` varchar(32) DEFAULT NULL,
  `accountancy_code_buy_export` varchar(32) DEFAULT NULL,
  `partnumber` varchar(32) DEFAULT NULL,
  `weight` float DEFAULT NULL,
  `weight_units` tinyint(4) DEFAULT NULL,
  `length` float DEFAULT NULL,
  `length_units` tinyint(4) DEFAULT NULL,
  `surface` float DEFAULT NULL,
  `surface_units` tinyint(4) DEFAULT NULL,
  `volume` float DEFAULT NULL,
  `volume_units` tinyint(4) DEFAULT NULL,
  `stock` double DEFAULT NULL,
  `pmp` double(24,8) NOT NULL DEFAULT 0.00000000,
  `fifo` double(24,8) DEFAULT NULL,
  `lifo` double(24,8) DEFAULT NULL,
  `canvas` varchar(32) DEFAULT 'default@product',
  `finished` tinyint(4) DEFAULT NULL,
  `hidden` tinyint(4) DEFAULT 0,
  `import_key` varchar(14) DEFAULT NULL,
  `desiredstock` float DEFAULT NULL,
  `fk_price_expression` int(11) DEFAULT NULL,
  `fk_unit` int(11) DEFAULT NULL,
  `cost_price` double(24,8) DEFAULT NULL,
  `default_vat_code` varchar(10) DEFAULT NULL,
  `price_autogen` smallint(6) DEFAULT 0,
  `note_public` mediumtext DEFAULT NULL,
  `model_pdf` varchar(255) DEFAULT '',
  `width` float DEFAULT NULL,
  `width_units` tinyint(4) DEFAULT NULL,
  `height` float DEFAULT NULL,
  `height_units` tinyint(4) DEFAULT NULL,
  `fk_default_warehouse` int(11) DEFAULT NULL,
  `fk_project` int(11) DEFAULT NULL,
  `net_measure` float DEFAULT NULL,
  `net_measure_units` tinyint(4) DEFAULT NULL,
  `fk_state` int(11) DEFAULT NULL,
  `batch_mask` varchar(32) DEFAULT NULL,
  `lifetime` int(11) DEFAULT NULL,
  `qc_frequency` int(11) DEFAULT NULL,
  `mandatory_period` tinyint(4) DEFAULT 0,
  `fk_default_bom` int(11) DEFAULT NULL,
  `fk_default_workstation` int(11) DEFAULT NULL,
  `stockable_product` int(11) NOT NULL DEFAULT 1,
  `last_main_doc` varchar(255) DEFAULT NULL,
  `packaging` float(24,8) DEFAULT NULL,
  PRIMARY KEY (`rowid`),
  UNIQUE KEY `uk_product_ref` (`ref`,`entity`),
  UNIQUE KEY `uk_product_barcode` (`barcode`,`fk_barcode_type`,`entity`),
  KEY `idx_product_label` (`label`),
  KEY `idx_product_barcode` (`barcode`),
  KEY `idx_product_import_key` (`import_key`),
  KEY `idx_product_fk_country` (`fk_country`),
  KEY `idx_product_fk_user_author` (`fk_user_author`),
  KEY `idx_product_fk_barcode_type` (`fk_barcode_type`),
  KEY `fk_product_fk_unit` (`fk_unit`),
  KEY `idx_product_seuil_stock_alerte` (`seuil_stock_alerte`),
  KEY `fk_product_default_warehouse` (`fk_default_warehouse`),
  KEY `idx_product_fk_project` (`fk_project`),
  KEY `fk_product_finished` (`finished`),
  KEY `idx_product_entity_fk_product_type` (`entity`,`fk_product_type`),
  CONSTRAINT `fk_product_barcode_type` FOREIGN KEY (`fk_barcode_type`) REFERENCES `llx_c_barcode_type` (`rowid`),
  CONSTRAINT `fk_product_finished` FOREIGN KEY (`finished`) REFERENCES `llx_c_product_nature` (`code`),
  CONSTRAINT `fk_product_fk_country` FOREIGN KEY (`fk_country`) REFERENCES `llx_c_country` (`rowid`),
  CONSTRAINT `fk_product_fk_unit` FOREIGN KEY (`fk_unit`) REFERENCES `llx_c_units` (`rowid`)
) ENGINE=InnoDB AUTO_INCREMENT=37 DEFAULT CHARSET=utf8mb3 COLLATE=utf8mb3_unicode_ci;

--
-- Dumping data for table `llx_product`
--

INSERT INTO `llx_product` (`rowid`, `datec`, `tms`, `virtual`, `fk_parent`, `ref`, `entity`, `ref_ext`, `label`, `description`, `note`, `customcode`, `fk_country`, `price`, `price_ttc`, `price_min`, `price_min_ttc`, `price_base_type`, `price_label`, `tva_tx`, `recuperableonly`, `localtax1_tx`, `localtax1_type`, `localtax2_tx`, `localtax2_type`, `fk_user_author`, `fk_user_modif`, `tosell`, `tobuy`, `tobatch`, `sell_or_eat_by_mandatory`, `fk_product_type`, `duration`, `seuil_stock_alerte`, `url`, `barcode`, `fk_barcode_type`, `accountancy_code_sell`, `accountancy_code_sell_intra`, `accountancy_code_sell_export`, `accountancy_code_buy`, `accountancy_code_buy_intra`, `accountancy_code_buy_export`, `partnumber`, `weight`, `weight_units`, `length`, `length_units`, `surface`, `surface_units`, `volume`, `volume_units`, `stock`, `pmp`, `fifo`, `lifo`, `canvas`, `finished`, `hidden`, `import_key`, `desiredstock`, `fk_price_expression`, `fk_unit`, `cost_price`, `default_vat_code`, `price_autogen`, `note_public`, `model_pdf`, `width`, `width_units`, `height`, `height_units`, `fk_default_warehouse`, `fk_project`, `net_measure`, `net_measure_units`, `fk_state`, `batch_mask`, `lifetime`, `qc_frequency`, `mandatory_period`, `fk_default_bom`, `fk_default_workstation`, `stockable_product`, `last_main_doc`, `packaging`) VALUES (1,'2012-07-08 14:33:17','2025-03-19 11:34:39',0,0,'PINKDRESS',1,NULL,'Pink dress','A beatifull pink dress','','',NULL,9.00000000,10.12500000,0.00000000,0.00000000,'HT',NULL,12.500,0,0.000,'0',0.000,'0',1,12,1,1,1,0,0,'',NULL,NULL,'123456789066',2,'','701','','','','',NULL,670,-3,NULL,0,NULL,0,NULL,0,2.8,0.00000000,NULL,NULL,NULL,1,0,NULL,NULL,NULL,NULL,NULL,NULL,0,NULL,'',NULL,0,NULL,0,NULL,NULL,NULL,NULL,NULL,'',NULL,NULL,0,NULL,NULL,1,NULL,NULL),(2,'2012-07-09 00:30:01','2019-11-28 15:09:50',0,0,'PEARPIE',1,NULL,'Pear Pie','','','',NULL,10.00000000,12.00000000,8.33333000,10.00000000,'TTC',NULL,20.000,0,0.000,'0',0.000,'0',1,12,1,1,0,0,0,'',NULL,NULL,'123456789077',2,'','','','',NULL,NULL,NULL,NULL,0,NULL,0,NULL,0,NULL,0,998,0.00000000,NULL,NULL,NULL,1,0,NULL,NULL,NULL,NULL,NULL,NULL,0,NULL,'',NULL,NULL,NULL,NULL,NULL,NULL,NULL,NULL,NULL,NULL,NULL,NULL,0,NULL,NULL,1,NULL,NULL),(3,'2012-07-09 00:30:25','2026-06-02 06:55:49',0,0,'CAKECONTRIB',1,NULL,'Cake making contribution','','','',NULL,0.00000000,0.00000000,0.00000000,0.00000000,'HT',NULL,12.500,0,0.000,'0',0.000,'0',1,12,1,1,0,0,1,'m',NULL,NULL,'123456789088',2,'','','','','','',NULL,NULL,NULL,NULL,NULL,NULL,NULL,NULL,NULL,NULL,0.00000000,NULL,NULL,NULL,0,0,NULL,NULL,NULL,1,NULL,NULL,0,NULL,'',NULL,NULL,NULL,NULL,NULL,NULL,NULL,NULL,NULL,'',NULL,NULL,0,NULL,NULL,0,NULL,NULL),(4,'2012-07-10 14:44:06','2025-04-07 13:04:56',0,0,'APPLEPIE',1,NULL,'Decapsuleur','','','',1,9.00000000,9.00000000,6.00000000,6.00000000,'HT',NULL,0.000,0,9.000,'1',9.000,'1',1,12,1,1,0,0,0,'0',NULL,NULL,'123456789034',2,'701','','','601','','',NULL,500,-3,NULL,-3,5,-6,NULL,-9,1021.2,10.00000000,NULL,NULL,NULL,1,0,NULL,NULL,NULL,1,2.12300000,'CGST+SGST',0,NULL,'',3,-3,NULL,-3,1,NULL,NULL,NULL,5,'',NULL,NULL,0,0,NULL,0,NULL,NULL),(5,'2013-07-20 23:11:38','2022-12-16 10:00:14',0,0,'DOLIDROID',1,NULL,'DoliDroid, Android app for Dolibarr','<strong><span style=\"font-family:roboto,uilanguagefont,arial,sans-serif; font-size:14px\">DoliDroid is the Android front-end client for Dolibarr ERP &amp; CRM web software.</span><br />\r\n<span style=\"font-family:roboto,uilanguagefont,arial,sans-serif; font-size:14px\">This application is not a standalone program. It is a front end to use a online hosted Dolibarr ERP &amp; CRM software (an Open-source web software to manage your business).</span></strong>\r\n<p><u>The advantage of DoliDroid are :</u><br />\r\n- DoliDroid is not a duplicate code of Dolibarr, but a front-end of a Dolibarr web installation, so all your online existing features are supported by this application. This is also true for external modules features.<br />\r\n- Upgrading Dolibarr will not break DoliDroid.<br />\r\n- DoliDroid use embedded image resources to reduce bandwidth usage.<br />\r\n- DoliDroid use internal cache for pages that should not change (like menu page)<br />\r\n- Connections parameters are saved. No need to enter them each time you use DoliDroid.<br />\r\n- Integration with your phone or other applications (Clicking on PDF open PDF reader, clicking onto email or phone launch your email application or launch Android dialer, ...)</p>\r\n\r\n<p><span style=\"color:#DAA520\"><strong>WARNING !&nbsp;</strong></span></p>\r\n\r\n<p>This application need Android 4.0+ and a hosted Dolibarr ERP &amp; CRM version 3.5 or newer accessible by internet<br />\r\n(For example, when hosted on any SaaS solution like DoliCloud -&nbsp;<a href=\"https://www.google.com/url?q=https://www.google.com/url?q%3Dhttp://www.dolicloud.com%26sa%3DD%26usg%3DAFQjCNGdd9htz4JDciiMtScpBwK83qIRkw&amp;sa=D&amp;usg=AFQjCNGMpCbxNnU5BiK59e368K5AR0l_pg\" style=\"text-decoration: none; color: rgb(51, 105, 30); cursor: pointer;\" target=\"_blank\">http://www.dolicloud.com</a>).</p>','','',NULL,10.00000000,10.00000000,0.00000000,0.00000000,'HT',NULL,0.000,0,9.000,'1',9.000,'1',1,12,1,1,0,0,0,'',NULL,'https://play.google.com/store/apps/details?id=com.nltechno.dolidroidpro','123456789023',2,'701','','','601','','',NULL,NULL,0,NULL,0,NULL,0,NULL,0,NULL,0.00000000,NULL,NULL,'',NULL,0,NULL,NULL,NULL,NULL,NULL,'CGST+SGST',0,NULL,'',NULL,0,NULL,0,NULL,NULL,NULL,NULL,NULL,'',NULL,NULL,0,NULL,NULL,1,NULL,NULL),(10,'2011-12-31 00:00:00','2017-02-16 00:12:09',0,0,'COMP-XP4523',1,NULL,'Computer XP4523','A powerfull computer XP4523&nbsp;','This product is imported.<br />\r\nWarning: Delay to get it are not reliable.','USXP765',11,100.00000000,110.00000000,0.00000000,0.00000000,'HT',NULL,10.000,0,0.000,'0',0.000,'0',NULL,12,1,1,1,0,0,'',150,NULL,'123456789055',2,'701OLDC',NULL,NULL,'601OLDC',NULL,NULL,NULL,1.7,0,NULL,0,NULL,0,NULL,0,110,0.00000000,NULL,NULL,NULL,NULL,0,'20110729232310',200,NULL,NULL,NULL,NULL,0,NULL,'',NULL,NULL,NULL,NULL,NULL,NULL,NULL,NULL,NULL,NULL,NULL,NULL,0,NULL,NULL,1,NULL,NULL),(11,'2015-01-13 20:24:42','2019-10-08 17:21:07',0,0,'ROLLUPABC',1,NULL,'Rollup Dolibarr','A nice rollup','','',NULL,0.00000000,0.00000000,0.00000000,0.00000000,'HT',NULL,0.000,0,0.000,'0',0.000,'0',1,12,1,1,0,0,0,'',NULL,NULL,'123456789044',2,'','','','',NULL,NULL,NULL,95,-3,NULL,0,2.34,-4,NULL,0,-1,0.00000000,NULL,NULL,'',1,0,NULL,NULL,NULL,NULL,12.00000000,NULL,0,NULL,'',NULL,8,NULL,8,NULL,NULL,NULL,NULL,NULL,NULL,NULL,NULL,0,NULL,NULL,1,NULL,NULL),(12,'2018-07-30 17:31:29','2025-03-12 18:38:26',0,0,'DOLICLOUD',1,NULL,'Service SaaS Hébergement Dolibarr ERP CRM','Ceci est une description...<br>\na<br>\n<strong>et la suite</strong><br>\na<br>\naaaa','','',NULL,9.00000000,9.00000000,9.00000000,9.00000000,'HT',NULL,0.000,0,0.000,'0',0.000,'0',12,12,1,1,0,0,1,'1m',NULL,'http://www.dolicloud.com','123456789013',2,'','','','','','',NULL,NULL,NULL,NULL,NULL,NULL,NULL,NULL,NULL,NULL,0.00000000,NULL,NULL,'',0,0,NULL,NULL,NULL,1,8.50000000,NULL,0,NULL,'',NULL,0,NULL,0,NULL,NULL,NULL,NULL,NULL,'',NULL,NULL,0,0,3,0,NULL,NULL),(13,'2017-02-16 03:49:00','2017-02-15 23:49:27',0,0,'COMP-XP4548',1,NULL,'Computer XP4523','A powerfull computer XP4523&nbsp;','This product is imported.<br />\r\nWarning: Delay to get it are not reliable.','USXP765',11,100.00000000,110.00000000,0.00000000,0.00000000,'HT',NULL,10.000,0,0.000,'0',0.000,'0',12,12,1,1,1,0,0,'',150,NULL,NULL,2,'',NULL,NULL,'',NULL,NULL,NULL,1.7,0,NULL,0,NULL,0,NULL,0,NULL,0.00000000,NULL,NULL,'',NULL,0,NULL,200,NULL,NULL,NULL,NULL,0,NULL,'',NULL,NULL,NULL,NULL,NULL,NULL,NULL,NULL,NULL,NULL,NULL,NULL,0,NULL,NULL,1,NULL,NULL),(23,'2019-10-07 00:00:00','2019-11-28 13:51:35',0,0,'PREF123456',1,NULL,'Product name in default language','Product description in default language','a private note (free text)','customs code',1,100.00000000,110.00000000,100.00000000,110.00000000,'HT',NULL,10.000,0,0.000,'0',0.000,'0',12,NULL,0,1,0,0,0,NULL,NULL,NULL,NULL,NULL,NULL,NULL,NULL,NULL,NULL,NULL,NULL,NULL,-3,1,-1,4,-4,5,-3,NULL,0.00000000,NULL,NULL,NULL,0,0,'20191007122224',NULL,NULL,NULL,NULL,NULL,0,'a public note (free text)','',2,-1,3,-1,NULL,NULL,NULL,NULL,NULL,NULL,NULL,NULL,0,NULL,NULL,1,NULL,NULL),(24,'2019-11-28 16:33:35','2025-03-15 09:31:15',0,0,'POS-CARROT',1,NULL,'Carrot','','','',NULL,0.83333000,1.00000000,0.00000000,0.00000000,'TTC',NULL,20.000,0,0.000,'0',0.000,'0',12,12,1,1,0,0,0,'',NULL,NULL,NULL,2,'','','','',NULL,NULL,NULL,1,0,NULL,0,NULL,0,NULL,0,-6,0.00000000,NULL,NULL,'',NULL,0,NULL,NULL,NULL,NULL,NULL,NULL,0,NULL,'',NULL,NULL,NULL,NULL,NULL,NULL,NULL,NULL,NULL,NULL,NULL,NULL,0,NULL,NULL,1,NULL,NULL),(25,'2019-11-28 16:37:36','2025-01-15 09:30:44',0,0,'POS-APPLE',1,NULL,'Apple','','','',NULL,1.25000000,1.50000000,0.00000000,0.00000000,'TTC',NULL,20.000,0,0.000,'0',0.000,'0',12,12,1,1,0,0,0,'',NULL,NULL,NULL,2,'','','','',NULL,NULL,NULL,1,0,NULL,0,NULL,0,NULL,0,1.5999999999999996,0.00000000,NULL,NULL,'',NULL,0,NULL,NULL,NULL,NULL,NULL,NULL,0,NULL,'',NULL,NULL,NULL,NULL,NULL,NULL,NULL,NULL,NULL,NULL,NULL,NULL,0,NULL,NULL,1,NULL,NULL),(26,'2019-11-28 16:38:44','2025-02-15 08:31:19',0,0,'POS-KIWI',1,NULL,'Kiwi','','','',NULL,1.08333000,1.30000000,0.00000000,0.00000000,'TTC',NULL,20.000,0,0.000,'0',0.000,'0',12,12,1,1,0,0,0,'',NULL,NULL,NULL,2,'','','','',NULL,NULL,NULL,1,0,NULL,0,NULL,0,NULL,0,-7,0.00000000,NULL,NULL,'',NULL,0,NULL,NULL,NULL,NULL,NULL,NULL,0,NULL,'',NULL,NULL,NULL,NULL,NULL,NULL,NULL,NULL,NULL,NULL,NULL,NULL,0,NULL,NULL,1,NULL,NULL),(27,'2019-11-28 16:39:21','2025-01-16 09:30:44',0,0,'POS-PEACH',1,NULL,'Peach','','','',NULL,1.08333000,1.30000000,0.00000000,0.00000000,'TTC',NULL,20.000,0,0.000,'0',0.000,'0',12,12,1,1,0,0,0,'',NULL,NULL,NULL,2,'','','','',NULL,NULL,NULL,NULL,NULL,NULL,NULL,NULL,NULL,NULL,NULL,-8,0.00000000,NULL,NULL,'',0,0,NULL,NULL,NULL,NULL,NULL,NULL,0,NULL,'',NULL,NULL,NULL,NULL,NULL,NULL,NULL,NULL,NULL,NULL,NULL,NULL,0,NULL,NULL,1,NULL,NULL),(28,'2019-11-28 16:39:58','2025-01-16 09:30:44',0,0,'POS-ORANGE',1,NULL,'Orange','','','',NULL,2.00000000,2.40000000,0.00000000,0.00000000,'HT',NULL,20.000,0,0.000,'0',0.000,'0',12,12,1,1,0,0,0,'',NULL,NULL,NULL,2,'','','','',NULL,NULL,NULL,1,0,NULL,0,NULL,0,NULL,0,-36,0.00000000,NULL,NULL,'',NULL,0,NULL,NULL,NULL,NULL,NULL,NULL,0,NULL,'',NULL,NULL,NULL,NULL,NULL,NULL,NULL,NULL,NULL,NULL,NULL,NULL,0,NULL,NULL,1,NULL,NULL),(29,'2019-11-28 17:03:14','2019-11-28 13:03:14',0,0,'POS-Eggs',1,NULL,'Eggs','','','',NULL,1.66667000,2.00000000,0.00000000,0.00000000,'TTC',NULL,20.000,0,0.000,'0',0.000,'0',12,12,1,1,0,0,0,'',NULL,NULL,NULL,2,'','','','',NULL,NULL,NULL,NULL,0,NULL,0,NULL,0,NULL,0,NULL,0.00000000,NULL,NULL,'',NULL,0,NULL,NULL,NULL,NULL,NULL,NULL,0,NULL,'',NULL,NULL,NULL,NULL,NULL,NULL,NULL,NULL,NULL,NULL,NULL,NULL,0,NULL,NULL,1,NULL,NULL),(30,'2019-11-28 17:09:14','2025-02-15 08:31:26',0,0,'POS-Chips',1,NULL,'Chips','','','',NULL,0.41667000,0.50000000,0.00000000,0.00000000,'TTC',NULL,20.000,0,0.000,'0',0.000,'0',12,12,1,1,0,0,0,'0',NULL,NULL,NULL,2,'','','','','','',NULL,30,-3,NULL,NULL,NULL,NULL,NULL,NULL,-1,0.00000000,NULL,NULL,'',NULL,0,NULL,NULL,NULL,NULL,11.00000000,NULL,0,NULL,'',NULL,NULL,NULL,NULL,NULL,NULL,NULL,NULL,NULL,'',NULL,NULL,0,NULL,NULL,1,NULL,NULL),(31,'2021-04-15 08:38:02','2021-04-15 11:38:02',0,0,'PRODSER',1,NULL,'Product NFC - Unique','','','',NULL,0.00000000,0.00000000,0.00000000,0.00000000,'HT',NULL,19.600,0,0.000,'0',0.000,'0',12,12,1,1,2,0,0,'',0,NULL,NULL,2,'','','','','','',NULL,NULL,0,NULL,0,NULL,0,NULL,0,NULL,0.00000000,NULL,NULL,'',NULL,0,NULL,0,NULL,NULL,NULL,NULL,0,NULL,'',NULL,0,NULL,0,NULL,NULL,NULL,NULL,NULL,NULL,NULL,NULL,0,NULL,NULL,1,NULL,NULL),(32,'2022-12-30 10:44:06','2022-12-30 13:55:46',0,0,'aaa',1,NULL,'aaa','','','',NULL,0.00000000,0.00000000,0.00000000,0.00000000,'HT',NULL,20.000,0,0.000,'0',0.000,'0',12,12,1,1,0,0,0,'',0,NULL,NULL,2,'','','','','','',NULL,NULL,0,NULL,0,NULL,0,NULL,0,NULL,0.00000000,NULL,NULL,'aaa@bbb',NULL,0,NULL,0,NULL,NULL,NULL,NULL,0,NULL,'',NULL,0,NULL,0,NULL,NULL,NULL,NULL,NULL,'',NULL,NULL,0,NULL,NULL,1,NULL,NULL),(33,'2023-01-03 11:07:52','2023-01-03 14:07:52',0,0,'aaa_XL_BLUE',1,NULL,'aaa Size XL Blue','<strong>Size:</strong> Size XL<br><strong>Color:</strong> Blue','','',NULL,0.00000000,0.00000000,0.00000000,0.00000000,'HT',NULL,20.000,0,0.000,'0',0.000,'0',12,12,1,1,0,0,0,'',0,NULL,NULL,2,'','','','','','',NULL,NULL,0,NULL,0,NULL,0,NULL,0,NULL,0.00000000,NULL,NULL,'aaa@bbb',NULL,0,NULL,0,NULL,NULL,NULL,NULL,0,NULL,'',NULL,0,NULL,0,NULL,NULL,NULL,NULL,NULL,'',NULL,NULL,0,NULL,NULL,1,NULL,NULL),(34,'2023-01-03 11:15:51','2023-01-16 19:42:03',0,0,'aaa_L_RED',1,NULL,'aaa Size L Red','(discussion, voting, 1+7 CHs, cooperates with HCS 5100Plus series can achieve 8 CHs simultaneous audio, charcoal gray, excl. battery)','','',NULL,0.00000000,0.00000000,0.00000000,0.00000000,'HT',NULL,20.000,0,0.000,'0',0.000,'0',12,12,1,1,0,0,0,'',0,NULL,NULL,2,'','','','','','',NULL,NULL,0,NULL,0,NULL,0,NULL,0,NULL,0.00000000,NULL,NULL,'aaa@bbb',NULL,0,NULL,0,NULL,NULL,NULL,NULL,0,NULL,'',NULL,0,NULL,0,NULL,NULL,NULL,NULL,NULL,'',NULL,NULL,0,NULL,NULL,1,NULL,NULL),(35,'2024-12-23 21:55:04','2024-12-23 21:55:04',0,0,'ppp',1,NULL,'ppp','','','',NULL,0.00000000,0.00000000,0.00000000,0.00000000,'HT',NULL,28.000,0,0.000,'0',0.000,'0',12,12,1,1,0,0,0,'0',0,NULL,NULL,NULL,'107','','109','','','',NULL,NULL,-6,NULL,-3,NULL,-6,NULL,-9,NULL,0.00000000,NULL,NULL,'',NULL,0,NULL,0,NULL,1,NULL,'I-28',0,NULL,'',NULL,-3,NULL,-3,NULL,NULL,NULL,NULL,NULL,'',NULL,NULL,0,NULL,NULL,1,NULL,NULL);

--
-- Table structure for table `llx_product_association`
--

CREATE TABLE `llx_product_association` (
  `rowid` int(11) NOT NULL AUTO_INCREMENT,
  `fk_product_pere` int(11) NOT NULL DEFAULT 0,
  `fk_product_fils` int(11) NOT NULL DEFAULT 0,
  `qty` double DEFAULT NULL,
  `incdec` int(11) DEFAULT 1,
  `rang` int(11) DEFAULT 0,
  `import_key` varchar(14) DEFAULT NULL,
  PRIMARY KEY (`rowid`),
  UNIQUE KEY `uk_product_association` (`fk_product_pere`,`fk_product_fils`),
  KEY `idx_product_association` (`fk_product_fils`),
  KEY `idx_product_association_fils` (`fk_product_fils`)
) ENGINE=InnoDB AUTO_INCREMENT=6 DEFAULT CHARSET=utf8mb3 COLLATE=utf8mb3_unicode_ci;

--
-- Dumping data for table `llx_product_association`
--

INSERT INTO `llx_product_association` (`rowid`, `fk_product_pere`, `fk_product_fils`, `qty`, `incdec`, `rang`, `import_key`) VALUES (2,5,1,1,1,0,NULL),(3,4,3,5,1,2,NULL),(4,4,1,2,1,1,NULL);

--
-- Table structure for table `llx_product_attribute`
--

CREATE TABLE `llx_product_attribute` (
  `rowid` int(11) NOT NULL AUTO_INCREMENT,
  `ref` varchar(255) NOT NULL,
  `ref_ext` varchar(255) DEFAULT NULL,
  `label` varchar(255) NOT NULL,
  `position` int(11) NOT NULL DEFAULT 0,
  `entity` int(11) NOT NULL DEFAULT 1,
  PRIMARY KEY (`rowid`),
  UNIQUE KEY `uk_product_attribute_ref` (`ref`),
  UNIQUE KEY `unique_ref` (`ref`)
) ENGINE=InnoDB AUTO_INCREMENT=3 DEFAULT CHARSET=utf8mb3 COLLATE=utf8mb3_unicode_ci;

--
-- Dumping data for table `llx_product_attribute`
--

INSERT INTO `llx_product_attribute` (`rowid`, `ref`, `ref_ext`, `label`, `position`, `entity`) VALUES (1,'COL',NULL,'Color',2,1),(2,'SIZE',NULL,'Size',1,1);

--
-- Table structure for table `llx_product_attribute_combination`
--

CREATE TABLE `llx_product_attribute_combination` (
  `rowid` int(11) NOT NULL AUTO_INCREMENT,
  `fk_product_parent` int(11) NOT NULL,
  `fk_product_child` int(11) NOT NULL,
  `variation_price` float NOT NULL,
  `variation_price_percentage` int(11) DEFAULT NULL,
  `variation_weight` float NOT NULL,
  `variation_ref_ext` varchar(255) DEFAULT NULL,
  `entity` int(11) NOT NULL DEFAULT 1,
  PRIMARY KEY (`rowid`),
  KEY `idx_product_att_com_product_parent` (`fk_product_parent`),
  KEY `idx_product_att_com_product_child` (`fk_product_child`)
) ENGINE=InnoDB AUTO_INCREMENT=3 DEFAULT CHARSET=utf8mb3 COLLATE=utf8mb3_unicode_ci;

--
-- Dumping data for table `llx_product_attribute_combination`
--

INSERT INTO `llx_product_attribute_combination` (`rowid`, `fk_product_parent`, `fk_product_child`, `variation_price`, `variation_price_percentage`, `variation_weight`, `variation_ref_ext`, `entity`) VALUES (1,32,33,0,0,0,'',1),(2,32,34,0,0,0,'',1);

--
-- Table structure for table `llx_product_attribute_combination2val`
--

CREATE TABLE `llx_product_attribute_combination2val` (
  `rowid` int(11) NOT NULL AUTO_INCREMENT,
  `fk_prod_combination` int(11) NOT NULL,
  `fk_prod_attr` int(11) NOT NULL,
  `fk_prod_attr_val` int(11) NOT NULL,
  PRIMARY KEY (`rowid`),
  KEY `idx_product_att_com2v_prod_combination` (`fk_prod_combination`),
  KEY `idx_product_att_com2v_prod_attr` (`fk_prod_attr`),
  KEY `idx_product_att_com2v_prod_attr_val` (`fk_prod_attr_val`)
) ENGINE=InnoDB AUTO_INCREMENT=5 DEFAULT CHARSET=utf8mb3 COLLATE=utf8mb3_unicode_ci;

--
-- Dumping data for table `llx_product_attribute_combination2val`
--

INSERT INTO `llx_product_attribute_combination2val` (`rowid`, `fk_prod_combination`, `fk_prod_attr`, `fk_prod_attr_val`) VALUES (1,1,2,4),(2,1,1,1),(3,2,2,3),(4,2,1,2);

--
-- Table structure for table `llx_product_attribute_combination_price_level`
--

CREATE TABLE `llx_product_attribute_combination_price_level` (
  `rowid` int(11) NOT NULL AUTO_INCREMENT,
  `fk_product_attribute_combination` int(11) NOT NULL DEFAULT 1,
  `fk_price_level` int(11) NOT NULL DEFAULT 1,
  `variation_price` double(24,8) NOT NULL,
  `variation_price_percentage` int(11) DEFAULT NULL,
  PRIMARY KEY (`rowid`),
  UNIQUE KEY `uk_prod_att_comb_price_level` (`fk_product_attribute_combination`,`fk_price_level`)
) ENGINE=InnoDB AUTO_INCREMENT=59 DEFAULT CHARSET=utf8mb3 COLLATE=utf8mb3_unicode_ci;

--
-- Dumping data for table `llx_product_attribute_combination_price_level`
--

INSERT INTO `llx_product_attribute_combination_price_level` (`rowid`, `fk_product_attribute_combination`, `fk_price_level`, `variation_price`, `variation_price_percentage`) VALUES (16,0,1,0.00000000,0),(17,0,2,0.00000000,0),(18,0,3,0.00000000,0),(19,0,4,0.00000000,0),(20,0,5,0.00000000,0),(44,101,1,0.00000000,0),(45,101,2,0.00000000,0),(46,101,3,0.00000000,0),(47,101,4,0.00000000,0),(48,101,5,0.00000000,0),(49,102,1,0.00000000,0),(50,102,2,0.00000000,0),(51,102,3,0.00000000,0),(52,102,4,0.00000000,0),(53,102,5,0.00000000,0),(54,103,1,0.00000000,0),(55,103,2,0.00000000,0),(56,103,3,0.00000000,0),(57,103,4,0.00000000,0),(58,103,5,0.00000000,0);

--
-- Table structure for table `llx_product_attribute_extrafields`
--

CREATE TABLE `llx_product_attribute_extrafields` (
  `rowid` int(11) NOT NULL AUTO_INCREMENT,
  `tms` timestamp NULL DEFAULT current_timestamp() ON UPDATE current_timestamp(),
  `fk_object` int(11) NOT NULL,
  `import_key` varchar(14) DEFAULT NULL,
  PRIMARY KEY (`rowid`),
  KEY `idx_product_attribute_extrafields` (`fk_object`)
) ENGINE=InnoDB DEFAULT CHARSET=utf8mb4 COLLATE=utf8mb4_general_ci;

--
-- Dumping data for table `llx_product_attribute_extrafields`
--


--
-- Table structure for table `llx_product_attribute_value`
--

CREATE TABLE `llx_product_attribute_value` (
  `rowid` int(11) NOT NULL AUTO_INCREMENT,
  `fk_product_attribute` int(11) NOT NULL,
  `ref` varchar(180) NOT NULL,
  `value` varchar(255) NOT NULL,
  `entity` int(11) NOT NULL DEFAULT 1,
  `position` int(11) NOT NULL DEFAULT 0,
  PRIMARY KEY (`rowid`),
  UNIQUE KEY `uk_product_attribute_value` (`fk_product_attribute`,`ref`)
) ENGINE=InnoDB AUTO_INCREMENT=6 DEFAULT CHARSET=utf8mb3 COLLATE=utf8mb3_unicode_ci;

--
-- Dumping data for table `llx_product_attribute_value`
--

INSERT INTO `llx_product_attribute_value` (`rowid`, `fk_product_attribute`, `ref`, `value`, `entity`, `position`) VALUES (1,1,'BLUE','Blue',1,0),(2,1,'RED','Red',1,0),(3,2,'L','Size L',1,1),(4,2,'XL','Size XL',1,2),(5,2,'S','Size S',1,3);

--
-- Table structure for table `llx_product_attribute_value_extrafields`
--

CREATE TABLE `llx_product_attribute_value_extrafields` (
  `rowid` int(11) NOT NULL AUTO_INCREMENT,
  `tms` timestamp NULL DEFAULT current_timestamp() ON UPDATE current_timestamp(),
  `fk_object` int(11) NOT NULL,
  `import_key` varchar(14) DEFAULT NULL,
  PRIMARY KEY (`rowid`),
  KEY `idx_product_attribute_value_extrafields` (`fk_object`)
) ENGINE=InnoDB DEFAULT CHARSET=utf8mb4 COLLATE=utf8mb4_general_ci;

--
-- Dumping data for table `llx_product_attribute_value_extrafields`
--


--
-- Table structure for table `llx_product_batch`
--

CREATE TABLE `llx_product_batch` (
  `rowid` int(11) NOT NULL AUTO_INCREMENT,
  `tms` timestamp NOT NULL DEFAULT current_timestamp() ON UPDATE current_timestamp(),
  `fk_product_stock` int(11) NOT NULL,
  `eatby` datetime DEFAULT NULL,
  `sellby` datetime DEFAULT NULL,
  `batch` varchar(30) DEFAULT NULL,
  `qty` double NOT NULL DEFAULT 0,
  `import_key` varchar(14) DEFAULT NULL,
  PRIMARY KEY (`rowid`),
  UNIQUE KEY `uk_product_batch` (`fk_product_stock`,`batch`),
  KEY `idx_fk_product_stock` (`fk_product_stock`),
  KEY `idx_batch` (`batch`),
  CONSTRAINT `fk_product_batch_fk_product_stock` FOREIGN KEY (`fk_product_stock`) REFERENCES `llx_product_stock` (`rowid`)
) ENGINE=InnoDB AUTO_INCREMENT=10 DEFAULT CHARSET=utf8mb3 COLLATE=utf8mb3_unicode_ci;

--
-- Dumping data for table `llx_product_batch`
--

INSERT INTO `llx_product_batch` (`rowid`, `tms`, `fk_product_stock`, `eatby`, `sellby`, `batch`, `qty`, `import_key`) VALUES (1,'2018-07-30 13:40:39',8,NULL,NULL,'5599887766452',15,NULL),(2,'2018-07-30 13:40:12',8,NULL,NULL,'4494487766452',60,NULL),(3,'2017-02-16 00:12:09',9,NULL,NULL,'5599887766452',35,NULL),(4,'2020-01-08 15:40:27',4,NULL,NULL,'000000',12,NULL),(5,'2020-01-08 15:40:27',3,NULL,NULL,'000000',1007,NULL),(6,'2020-01-13 11:14:15',5,NULL,NULL,'000000',0.8,NULL),(7,'2020-01-08 16:41:18',4,NULL,NULL,'aaa',1.2,NULL),(8,'2020-01-18 19:17:03',5,NULL,NULL,'string',2,NULL),(9,'2021-04-15 11:40:18',11,NULL,NULL,'Lot 2021-02',1,NULL);

--
-- Table structure for table `llx_product_customer_price`
--

CREATE TABLE `llx_product_customer_price` (
  `rowid` int(11) NOT NULL AUTO_INCREMENT,
  `entity` int(11) NOT NULL DEFAULT 1,
  `datec` datetime DEFAULT NULL,
  `tms` timestamp NOT NULL DEFAULT current_timestamp() ON UPDATE current_timestamp(),
  `fk_product` int(11) NOT NULL,
  `fk_soc` int(11) NOT NULL,
  `price` double(24,8) DEFAULT 0.00000000,
  `price_ttc` double(24,8) DEFAULT 0.00000000,
  `price_min` double(24,8) DEFAULT 0.00000000,
  `price_min_ttc` double(24,8) DEFAULT 0.00000000,
  `price_base_type` varchar(3) DEFAULT 'HT',
  `tva_tx` double(6,3) DEFAULT NULL,
  `default_vat_code` varchar(10) DEFAULT NULL,
  `recuperableonly` int(11) NOT NULL DEFAULT 0,
  `localtax1_tx` varchar(20) DEFAULT '0',
  `localtax1_type` varchar(10) NOT NULL DEFAULT '0',
  `localtax2_tx` varchar(20) DEFAULT '0',
  `localtax2_type` varchar(10) NOT NULL DEFAULT '0',
  `discount_percent` double DEFAULT 0,
  `fk_user` int(11) DEFAULT NULL,
  `price_label` varchar(255) DEFAULT NULL,
  `import_key` varchar(14) DEFAULT NULL,
  `ref_customer` varchar(128) DEFAULT NULL,
  `date_begin` date DEFAULT NULL,
  `date_end` date DEFAULT NULL,
  PRIMARY KEY (`rowid`),
  UNIQUE KEY `uk_customer_price_fk_product_fk_soc` (`fk_product`,`fk_soc`,`date_begin`),
  KEY `idx_product_customer_price_fk_user` (`fk_user`),
  KEY `fk_customer_price_fk_soc` (`fk_soc`),
  KEY `idx_product_customer_price_fk_soc` (`fk_soc`),
  CONSTRAINT `fk_product_customer_price_fk_product` FOREIGN KEY (`fk_product`) REFERENCES `llx_product` (`rowid`),
  CONSTRAINT `fk_product_customer_price_fk_soc` FOREIGN KEY (`fk_soc`) REFERENCES `llx_societe` (`rowid`),
  CONSTRAINT `fk_product_customer_price_fk_user` FOREIGN KEY (`fk_user`) REFERENCES `llx_user` (`rowid`)
) ENGINE=InnoDB AUTO_INCREMENT=3 DEFAULT CHARSET=utf8mb3 COLLATE=utf8mb3_unicode_ci;

--
-- Dumping data for table `llx_product_customer_price`
--

INSERT INTO `llx_product_customer_price` (`rowid`, `entity`, `datec`, `tms`, `fk_product`, `fk_soc`, `price`, `price_ttc`, `price_min`, `price_min_ttc`, `price_base_type`, `tva_tx`, `default_vat_code`, `recuperableonly`, `localtax1_tx`, `localtax1_type`, `localtax2_tx`, `localtax2_type`, `discount_percent`, `fk_user`, `price_label`, `import_key`, `ref_customer`, `date_begin`, `date_end`) VALUES (1,1,'2020-01-17 15:26:08','2025-03-07 14:30:47',1,30,11.00000000,12.37500000,0.00000000,0.00000000,'HT',12.500,NULL,0,'0.000','0','0.000','0',0,12,NULL,NULL,NULL,'2020-01-17',NULL),(2,1,'2020-01-17 15:26:16','2025-03-07 14:30:47',1,4,12.00000000,13.50000000,0.00000000,0.00000000,'HT',12.500,NULL,0,'0.000','0','0.000','0',0,12,NULL,NULL,NULL,'2020-01-17',NULL);

--
-- Table structure for table `llx_product_customer_price_extrafields`
--

CREATE TABLE `llx_product_customer_price_extrafields` (
  `rowid` int(11) NOT NULL AUTO_INCREMENT,
  `tms` timestamp NULL DEFAULT current_timestamp() ON UPDATE current_timestamp(),
  `fk_object` int(11) NOT NULL,
  `import_key` varchar(14) DEFAULT NULL,
  PRIMARY KEY (`rowid`),
  UNIQUE KEY `uk_product_customer_price_extrafields` (`fk_object`)
) ENGINE=InnoDB DEFAULT CHARSET=utf8mb4 COLLATE=utf8mb4_general_ci;

--
-- Dumping data for table `llx_product_customer_price_extrafields`
--


--
-- Table structure for table `llx_product_customer_price_log`
--

CREATE TABLE `llx_product_customer_price_log` (
  `rowid` int(11) NOT NULL AUTO_INCREMENT,
  `entity` int(11) NOT NULL DEFAULT 1,
  `datec` datetime DEFAULT NULL,
  `fk_product` int(11) NOT NULL,
  `fk_soc` int(11) NOT NULL,
  `price` double(24,8) DEFAULT 0.00000000,
  `price_ttc` double(24,8) DEFAULT 0.00000000,
  `price_min` double(24,8) DEFAULT 0.00000000,
  `price_min_ttc` double(24,8) DEFAULT 0.00000000,
  `price_base_type` varchar(3) DEFAULT 'HT',
  `tva_tx` double(6,3) DEFAULT NULL,
  `recuperableonly` int(11) NOT NULL DEFAULT 0,
  `localtax1_tx` varchar(20) DEFAULT '0',
  `localtax1_type` varchar(10) NOT NULL DEFAULT '0',
  `localtax2_tx` varchar(20) DEFAULT '0',
  `localtax2_type` varchar(10) NOT NULL DEFAULT '0',
  `discount_percent` double DEFAULT 0,
  `fk_user` int(11) DEFAULT NULL,
  `price_label` varchar(255) DEFAULT NULL,
  `import_key` varchar(14) DEFAULT NULL,
  `default_vat_code` varchar(10) DEFAULT NULL,
  `ref_customer` varchar(30) DEFAULT NULL,
  `date_begin` date DEFAULT NULL,
  `date_end` date DEFAULT NULL,
  PRIMARY KEY (`rowid`)
) ENGINE=InnoDB DEFAULT CHARSET=utf8mb3 COLLATE=utf8mb3_unicode_ci;

--
-- Dumping data for table `llx_product_customer_price_log`
--


--
-- Table structure for table `llx_product_extrafields`
--

CREATE TABLE `llx_product_extrafields` (
  `rowid` int(11) NOT NULL AUTO_INCREMENT,
  `tms` timestamp NOT NULL DEFAULT current_timestamp() ON UPDATE current_timestamp(),
  `fk_object` int(11) NOT NULL,
  `import_key` varchar(14) DEFAULT NULL,
  `app_or_option` varchar(255) DEFAULT NULL,
  `availabelforresellers` int(1) DEFAULT NULL,
  `package` int(11) DEFAULT NULL,
  `resource_formula` text DEFAULT NULL,
  `resource_label` varchar(32) DEFAULT NULL,
  `freeperioddays` int(6) DEFAULT NULL,
  `directaccess` varchar(255) DEFAULT NULL,
  `sshaccesstype` varchar(255) DEFAULT NULL,
  `typesupport` varchar(255) DEFAULT NULL,
  `register_text` varchar(255) DEFAULT NULL,
  `register_discountcode` varchar(255) DEFAULT NULL,
  `email_template_trialreminder` int(11) DEFAULT NULL,
  `email_template_trialsuspended` int(11) DEFAULT NULL,
  `position` int(5) DEFAULT NULL,
  `option_condition` varchar(200) DEFAULT NULL,
  `ecotaxdeee` double(24,8) DEFAULT NULL,
  `ecotaxdeeecode` varchar(16) DEFAULT NULL,
  `marketplace_module_version` varchar(12) DEFAULT NULL,
  `marketplace_min_version` varchar(12) DEFAULT NULL,
  `marketplace_max_version` varchar(12) DEFAULT NULL,
  `marketplace_allow_source_in_core` int(11) DEFAULT NULL,
  `marketplace_contact_support` varchar(255) DEFAULT NULL,
  `marketplace_reason_disabled` varchar(255) DEFAULT NULL,
  `marketplace_old_url` varchar(255) DEFAULT NULL,
  `marketplace_module_keywords` varchar(2555) DEFAULT NULL,
  `aaa` int(11) DEFAULT NULL,
  PRIMARY KEY (`rowid`),
  UNIQUE KEY `uk_product_extrafields` (`fk_object`)
) ENGINE=InnoDB AUTO_INCREMENT=57 DEFAULT CHARSET=utf8mb3 COLLATE=utf8mb3_unicode_ci;

--
-- Dumping data for table `llx_product_extrafields`
--

INSERT INTO `llx_product_extrafields` (`rowid`, `tms`, `fk_object`, `import_key`, `app_or_option`, `availabelforresellers`, `package`, `resource_formula`, `resource_label`, `freeperioddays`, `directaccess`, `sshaccesstype`, `typesupport`, `register_text`, `register_discountcode`, `email_template_trialreminder`, `email_template_trialsuspended`, `position`, `option_condition`, `ecotaxdeee`, `ecotaxdeeecode`, `marketplace_module_version`, `marketplace_min_version`, `marketplace_max_version`, `marketplace_allow_source_in_core`, `marketplace_contact_support`, `marketplace_reason_disabled`, `marketplace_old_url`, `marketplace_module_keywords`, `aaa`) VALUES (1,'2023-01-24 10:28:30',1,NULL,'0',NULL,NULL,NULL,NULL,NULL,'0',NULL,'0',NULL,NULL,NULL,NULL,NULL,NULL,NULL,NULL,NULL,NULL,NULL,NULL,NULL,NULL,NULL,NULL,NULL),(19,'2024-12-12 14:00:09',10,NULL,NULL,NULL,NULL,NULL,NULL,NULL,NULL,NULL,NULL,NULL,NULL,NULL,NULL,NULL,NULL,0.50000000,NULL,NULL,NULL,NULL,NULL,NULL,NULL,NULL,NULL,NULL),(20,'2024-12-23 21:55:04',35,NULL,'0',NULL,NULL,NULL,NULL,NULL,'0',NULL,'0',NULL,NULL,NULL,NULL,NULL,NULL,NULL,NULL,NULL,NULL,NULL,NULL,NULL,NULL,NULL,NULL,NULL),(21,'2024-12-30 02:58:31',30,NULL,NULL,NULL,NULL,NULL,NULL,NULL,NULL,NULL,NULL,NULL,NULL,NULL,NULL,NULL,NULL,NULL,NULL,NULL,NULL,NULL,NULL,NULL,NULL,NULL,NULL,NULL),(31,'2025-01-04 12:42:13',3,NULL,'0',NULL,NULL,NULL,NULL,NULL,'0',NULL,'0',NULL,NULL,NULL,NULL,NULL,NULL,NULL,NULL,NULL,NULL,NULL,NULL,NULL,NULL,NULL,NULL,NULL),(34,'2025-03-12 18:38:26',12,NULL,'app',1,1,'1',NULL,15,'0',NULL,'basic','Ceci est un text pour le service DoliCloud tralala',NULL,NULL,NULL,NULL,NULL,NULL,NULL,NULL,NULL,NULL,NULL,NULL,NULL,NULL,NULL,NULL),(56,'2025-04-07 13:04:56',4,NULL,'0',NULL,NULL,NULL,NULL,NULL,'0',NULL,'0',NULL,NULL,NULL,NULL,NULL,NULL,NULL,NULL,NULL,NULL,NULL,NULL,NULL,NULL,NULL,NULL,NULL);

--
-- Table structure for table `llx_product_fournisseur_price`
--

CREATE TABLE `llx_product_fournisseur_price` (
  `rowid` int(11) NOT NULL AUTO_INCREMENT,
  `datec` datetime DEFAULT NULL,
  `tms` timestamp NOT NULL DEFAULT current_timestamp() ON UPDATE current_timestamp(),
  `fk_product` int(11) DEFAULT NULL,
  `fk_soc` int(11) DEFAULT NULL,
  `ref_fourn` varchar(128) DEFAULT NULL,
  `desc_fourn` text DEFAULT NULL,
  `fk_availability` int(11) DEFAULT NULL,
  `price` double(24,8) DEFAULT 0.00000000,
  `quantity` double DEFAULT NULL,
  `remise_percent` double NOT NULL DEFAULT 0,
  `remise` double NOT NULL DEFAULT 0,
  `unitprice` double(24,8) DEFAULT 0.00000000,
  `charges` double(24,8) DEFAULT 0.00000000,
  `tva_tx` double(6,3) NOT NULL DEFAULT 0.000,
  `default_vat_code` varchar(10) DEFAULT NULL,
  `info_bits` int(11) NOT NULL DEFAULT 0,
  `fk_user` int(11) DEFAULT NULL,
  `import_key` varchar(14) DEFAULT NULL,
  `entity` int(11) NOT NULL DEFAULT 1,
  `fk_supplier_price_expression` int(11) DEFAULT NULL,
  `fk_price_expression` int(11) DEFAULT NULL,
  `delivery_time_days` int(11) DEFAULT NULL,
  `supplier_reputation` varchar(10) DEFAULT NULL,
  `multicurrency_tx` double(24,8) DEFAULT 1.00000000,
  `multicurrency_unitprice` double(24,8) DEFAULT NULL,
  `fk_multicurrency` int(11) DEFAULT NULL,
  `multicurrency_code` varchar(3) DEFAULT NULL,
  `multicurrency_price` double(24,8) DEFAULT NULL,
  `localtax1_tx` double(6,3) DEFAULT 0.000,
  `localtax1_type` varchar(10) NOT NULL DEFAULT '0',
  `localtax2_tx` double(6,3) DEFAULT 0.000,
  `localtax2_type` varchar(10) NOT NULL DEFAULT '0',
  `barcode` varchar(180) DEFAULT NULL,
  `fk_barcode_type` int(11) DEFAULT NULL,
  `packaging` double DEFAULT NULL,
  `status` int(11) DEFAULT 1,
  PRIMARY KEY (`rowid`),
  UNIQUE KEY `uk_product_fournisseur_price_ref` (`ref_fourn`,`fk_soc`,`quantity`,`entity`),
  UNIQUE KEY `uk_product_barcode` (`barcode`,`fk_barcode_type`,`entity`),
  KEY `idx_product_fournisseur_price_fk_user` (`fk_user`),
  KEY `idx_product_fourn_price_fk_product` (`fk_product`,`entity`),
  KEY `idx_product_fourn_price_fk_soc` (`fk_soc`,`entity`),
  KEY `idx_product_barcode` (`barcode`),
  KEY `idx_product_fk_barcode_type` (`fk_barcode_type`),
  CONSTRAINT `fk_product_fournisseur_price_barcode_type` FOREIGN KEY (`fk_barcode_type`) REFERENCES `llx_c_barcode_type` (`rowid`),
  CONSTRAINT `fk_product_fournisseur_price_fk_product` FOREIGN KEY (`fk_product`) REFERENCES `llx_product` (`rowid`),
  CONSTRAINT `fk_product_fournisseur_price_fk_user` FOREIGN KEY (`fk_user`) REFERENCES `llx_user` (`rowid`)
) ENGINE=InnoDB AUTO_INCREMENT=15 DEFAULT CHARSET=utf8mb3 COLLATE=utf8mb3_unicode_ci;

--
-- Dumping data for table `llx_product_fournisseur_price`
--

INSERT INTO `llx_product_fournisseur_price` (`rowid`, `datec`, `tms`, `fk_product`, `fk_soc`, `ref_fourn`, `desc_fourn`, `fk_availability`, `price`, `quantity`, `remise_percent`, `remise`, `unitprice`, `charges`, `tva_tx`, `default_vat_code`, `info_bits`, `fk_user`, `import_key`, `entity`, `fk_supplier_price_expression`, `fk_price_expression`, `delivery_time_days`, `supplier_reputation`, `multicurrency_tx`, `multicurrency_unitprice`, `fk_multicurrency`, `multicurrency_code`, `multicurrency_price`, `localtax1_tx`, `localtax1_type`, `localtax2_tx`, `localtax2_type`, `barcode`, `fk_barcode_type`, `packaging`, `status`) VALUES (2,'2018-07-30 17:34:38','2018-07-30 13:34:38',12,10,'BASIC',NULL,0,9.00000000,1,0,0,9.00000000,0.00000000,0.000,NULL,0,12,NULL,1,NULL,NULL,NULL,'FAVORITE',1.00000000,NULL,NULL,NULL,NULL,0.000,'0',0.000,'0',NULL,NULL,NULL,1),(3,'2017-02-02 05:17:08','2017-02-02 01:17:08',1,10,'aaa',NULL,0,100.00000000,1,10,0,100.00000000,0.00000000,12.500,NULL,0,12,NULL,1,NULL,NULL,NULL,NULL,1.00000000,NULL,NULL,NULL,NULL,0.000,'0',0.000,'0',NULL,NULL,NULL,1),(4,'2019-10-08 19:21:34','2019-10-08 17:21:34',11,10,'ggg','',0,0.00000000,10,0,0,0.00000000,0.00000000,0.000,NULL,0,12,NULL,1,NULL,NULL,NULL,NULL,1.00000000,0.00000000,1,'EUR',0.00000000,0.000,'0',0.000,'0',NULL,2,NULL,1),(5,'2020-01-01 18:04:14','2020-01-01 16:11:36',1,17,'BK01','',0,79.16667000,1,0,0,79.16667000,0.00000000,12.500,NULL,0,12,NULL,1,NULL,NULL,NULL,NULL,1.20000000,95.00000000,2,'USD',95.00000000,0.000,'0',0.000,'0',NULL,2,NULL,1),(6,'2020-01-01 18:36:40','2020-01-01 14:36:40',2,17,'BKPEARPIE','',0,7.00000000,1,0,0,7.00000000,0.00000000,20.000,NULL,0,12,NULL,1,NULL,NULL,NULL,NULL,1.00000000,7.00000000,1,'EUR',7.00000000,0.000,'0',0.000,'0',NULL,2,NULL,1),(7,'2020-01-20 12:22:00','2020-01-20 11:22:00',1,17,'bbb','',0,1000.00000000,10,0,0,100.00000000,0.00000000,12.500,NULL,0,12,NULL,1,NULL,NULL,NULL,NULL,1.00000000,100.00000000,1,'EUR',1000.00000000,0.000,'0',0.000,'0',NULL,2,NULL,1),(8,'2022-12-16 10:01:17','2022-12-16 10:01:55',5,17,'aaa','',0,123.00000000,1,0,0,123.00000000,0.00000000,4.000,NULL,0,12,NULL,1,NULL,NULL,NULL,NULL,1.00000000,123.00000000,1,'EUR',123.00000000,0.000,'0',0.000,'0',NULL,2,NULL,1),(9,'2022-12-16 10:03:15','2022-12-16 10:52:05',5,1,'iii','',0,5.00000000,1,0,0,5.00000000,0.00000000,4.000,'aaa',0,12,NULL,1,NULL,NULL,NULL,NULL,1.00000000,5.00000000,1,'EUR',5.00000000,0.000,'0',0.000,'0',NULL,2,NULL,1),(10,'2024-11-30 12:49:34','2024-11-30 11:49:34',4,17,'aaaa','',0,50.00000000,1,0,0,50.00000000,0.00000000,10.000,NULL,0,12,NULL,1,NULL,NULL,NULL,NULL,1.00000000,50.00000000,1,'EUR',50.00000000,0.000,'0',0.000,'0',NULL,2,NULL,1);

--
-- Table structure for table `llx_product_fournisseur_price_extrafields`
--

CREATE TABLE `llx_product_fournisseur_price_extrafields` (
  `rowid` int(11) NOT NULL AUTO_INCREMENT,
  `tms` timestamp NOT NULL DEFAULT current_timestamp() ON UPDATE current_timestamp(),
  `fk_object` int(11) NOT NULL,
  `import_key` varchar(14) DEFAULT NULL,
  PRIMARY KEY (`rowid`),
  UNIQUE KEY `uk_product_fournisseur_price_extrafields` (`fk_object`),
  KEY `idx_product_fournisseur_price_extrafields` (`fk_object`)
) ENGINE=InnoDB AUTO_INCREMENT=3 DEFAULT CHARSET=utf8mb3 COLLATE=utf8mb3_unicode_ci;

--
-- Dumping data for table `llx_product_fournisseur_price_extrafields`
--

INSERT INTO `llx_product_fournisseur_price_extrafields` (`rowid`, `tms`, `fk_object`, `import_key`) VALUES (1,'2020-01-01 14:04:14',5,NULL),(2,'2020-01-01 14:36:40',6,NULL);

--
-- Table structure for table `llx_product_fournisseur_price_log`
--

CREATE TABLE `llx_product_fournisseur_price_log` (
  `rowid` int(11) NOT NULL AUTO_INCREMENT,
  `datec` datetime DEFAULT NULL,
  `fk_product_fournisseur` int(11) NOT NULL,
  `price` double(24,8) DEFAULT 0.00000000,
  `quantity` double DEFAULT NULL,
  `fk_user` int(11) DEFAULT NULL,
  `fk_multicurrency` int(11) DEFAULT NULL,
  `multicurrency_code` varchar(3) DEFAULT NULL,
  `multicurrency_tx` double(24,8) DEFAULT 1.00000000,
  `multicurrency_price` double(24,8) DEFAULT NULL,
  `multicurrency_unitprice` double(24,8) DEFAULT NULL,
  PRIMARY KEY (`rowid`),
  KEY `idx_product_fournisseur_price_log_fk_product_fournisseur` (`fk_product_fournisseur`),
  KEY `idx_product_fournisseur_price_log_fk_user` (`fk_user`)
) ENGINE=InnoDB AUTO_INCREMENT=22 DEFAULT CHARSET=utf8mb3 COLLATE=utf8mb3_unicode_ci;

--
-- Dumping data for table `llx_product_fournisseur_price_log`
--

INSERT INTO `llx_product_fournisseur_price_log` (`rowid`, `datec`, `fk_product_fournisseur`, `price`, `quantity`, `fk_user`, `fk_multicurrency`, `multicurrency_code`, `multicurrency_tx`, `multicurrency_price`, `multicurrency_unitprice`) VALUES (1,'2012-07-11 18:45:42',1,10.00000000,1,1,NULL,NULL,1.00000000,NULL,NULL),(2,'2019-10-08 19:21:34',4,0.00000000,10,12,1,'EUR',1.00000000,0.00000000,0.00000000),(3,'2020-01-01 18:04:14',5,12.00000000,1,12,1,'EUR',1.00000000,12.00000000,12.00000000),(4,'2020-01-01 18:04:31',5,95.00000000,1,12,1,'EUR',1.00000000,95.00000000,95.00000000),(5,'2020-01-01 18:36:40',6,7.00000000,1,12,1,'EUR',1.00000000,7.00000000,7.00000000),(6,'2020-01-01 19:32:31',5,95.00000000,1,12,1,'EUR',1.00000000,95.00000000,95.00000000),(7,'2020-01-01 19:38:32',5,79.16667000,1,12,2,'USD',1.20000000,95.00000000,95.00000000),(8,'2020-01-01 19:54:17',5,95.00000000,1,12,1,'EUR',1.00000000,95.00000000,95.00000000),(9,'2020-01-01 19:54:54',5,79.16667000,1,12,2,'USD',1.20000000,95.00000000,95.00000000),(10,'2020-01-01 20:05:02',5,95.00000000,1,12,1,'EUR',1.00000000,95.00000000,95.00000000),(11,'2020-01-01 20:11:36',5,79.16667000,1,12,2,'USD',1.20000000,95.00000000,95.00000000),(12,'2020-01-20 12:22:00',7,1000.00000000,10,12,1,'EUR',1.00000000,1000.00000000,100.00000000),(13,'2022-12-16 10:01:17',8,123.00000000,1,12,1,'EUR',1.00000000,123.00000000,123.00000000),(14,'2022-12-16 10:01:55',8,123.00000000,1,12,1,'EUR',1.00000000,123.00000000,123.00000000),(15,'2022-12-16 10:03:15',9,0.00000000,1,12,1,'EUR',1.00000000,0.00000000,0.00000000),(16,'2022-12-16 10:03:28',9,5.00000000,1,12,1,'EUR',1.00000000,5.00000000,5.00000000),(17,'2024-11-30 12:49:34',10,50.00000000,1,12,1,'EUR',1.00000000,50.00000000,50.00000000);

--
-- Table structure for table `llx_product_lang`
--

CREATE TABLE `llx_product_lang` (
  `rowid` int(11) NOT NULL AUTO_INCREMENT,
  `fk_product` int(11) NOT NULL DEFAULT 0,
  `lang` varchar(5) NOT NULL DEFAULT '0',
  `label` varchar(255) NOT NULL,
  `description` text DEFAULT NULL,
  `note` mediumtext DEFAULT NULL,
  `import_key` varchar(14) DEFAULT NULL,
  PRIMARY KEY (`rowid`),
  UNIQUE KEY `uk_product_lang` (`fk_product`,`lang`),
  CONSTRAINT `fk_product_lang_fk_product` FOREIGN KEY (`fk_product`) REFERENCES `llx_product` (`rowid`)
) ENGINE=InnoDB AUTO_INCREMENT=33 DEFAULT CHARSET=utf8mb3 COLLATE=utf8mb3_unicode_ci;

--
-- Dumping data for table `llx_product_lang`
--

INSERT INTO `llx_product_lang` (`rowid`, `fk_product`, `lang`, `label`, `description`, `note`, `import_key`) VALUES (1,1,'en_US','Pink dress','A beatifull pink dress','',NULL),(2,2,'en_US','Pear Pie','','',NULL),(3,3,'en_US','Cake making contribution','','',NULL),(4,4,'fr_FR','Decapsuleur','','',NULL),(5,5,'en_US','DoliDroid, Android app for Dolibarr','<strong><span style=\"font-family:roboto,uilanguagefont,arial,sans-serif; font-size:14px\">DoliDroid is the Android front-end client for Dolibarr ERP &amp; CRM web software.</span><br />\r\n<span style=\"font-family:roboto,uilanguagefont,arial,sans-serif; font-size:14px\">This application is not a standalone program. It is a front end to use a online hosted Dolibarr ERP &amp; CRM software (an Open-source web software to manage your business).</span></strong>\r\n<p><u>The advantage of DoliDroid are :</u><br />\r\n- DoliDroid is not a duplicate code of Dolibarr, but a front-end of a Dolibarr web installation, so all your online existing features are supported by this application. This is also true for external modules features.<br />\r\n- Upgrading Dolibarr will not break DoliDroid.<br />\r\n- DoliDroid use embedded image resources to reduce bandwidth usage.<br />\r\n- DoliDroid use internal cache for pages that should not change (like menu page)<br />\r\n- Connections parameters are saved. No need to enter them each time you use DoliDroid.<br />\r\n- Integration with your phone or other applications (Clicking on PDF open PDF reader, clicking onto email or phone launch your email application or launch Android dialer, ...)</p>\r\n\r\n<p><span style=\"color:#DAA520\"><strong>WARNING !&nbsp;</strong></span></p>\r\n\r\n<p>This application need Android 4.0+ and a hosted Dolibarr ERP &amp; CRM version 3.5 or newer accessible by internet<br />\r\n(For example, when hosted on any SaaS solution like DoliCloud -&nbsp;<a href=\"https://www.google.com/url?q=https://www.google.com/url?q%3Dhttp://www.dolicloud.com%26sa%3DD%26usg%3DAFQjCNGdd9htz4JDciiMtScpBwK83qIRkw&amp;sa=D&amp;usg=AFQjCNGMpCbxNnU5BiK59e368K5AR0l_pg\" style=\"text-decoration: none; color: rgb(51, 105, 30); cursor: pointer;\" target=\"_blank\">http://www.dolicloud.com</a>).</p>','',NULL),(9,11,'fr_FR','hfghf','','',NULL),(10,2,'fr_FR','Product P1','','',NULL),(11,4,'en_US','Apple Pie','Nice Bio Apple Pie.<br />\r\n&nbsp;','',NULL),(12,11,'en_US','Rollup Dolibarr','A nice rollup','',NULL),(13,10,'en_US','Computer XP4523','A powerfull computer XP4523&nbsp;','This product is imported.<br />\r\nWarning: Delay to get it are not reliable.',NULL),(14,12,'en_US','SaaS hosting of Dolibarr ERP CRM','Cloud hosting of Dolibarr ERP and CRM software','',NULL),(15,12,'fr_FR','Service SaaS Hébergement Dolibarr ERP CRM','Ceci est une description...<br>\na<br>\n<strong>et la suite</strong><br>\na<br>\naaaa','',NULL),(16,13,'en_US','Computer XP4523','A powerfull computer XP4523&nbsp;',NULL,NULL),(17,13,'fr_FR','Computer XP4523','A powerfull computer XP4523&nbsp;',NULL,NULL),(19,24,'en_US','Carrot','',NULL,NULL),(20,25,'en_US','Apple','',NULL,NULL),(21,26,'en_US','Kiwi','',NULL,NULL),(22,27,'en_US','Peach','',NULL,NULL),(23,28,'en_US','Orange','',NULL,NULL),(24,29,'en_US','Eggs','',NULL,NULL),(25,30,'en_US','Chips','',NULL,NULL),(26,31,'en_US','Product NFC - Unique','',NULL,NULL),(27,32,'en_US','aaa','',NULL,NULL),(28,33,'en_US','aaa Size XL Blue','<strong>Size:</strong> Size XL<br><strong>Color:</strong> Blue',NULL,NULL),(29,34,'en_US','aaa Size L Red','(discussion, voting, 1+7 CHs, cooperates with HCS 5100Plus series can achieve 8 CHs simultaneous audio, charcoal gray, excl. battery)',NULL,NULL),(30,3,'fr_FR','Cake making contribution','','',NULL),(31,35,'en_US','ppp','',NULL,NULL);

--
-- Table structure for table `llx_product_lang_extrafields`
--

CREATE TABLE `llx_product_lang_extrafields` (
  `rowid` int(11) NOT NULL AUTO_INCREMENT,
  `tms` timestamp NULL DEFAULT current_timestamp() ON UPDATE current_timestamp(),
  `fk_object` int(11) NOT NULL,
  `import_key` varchar(14) DEFAULT NULL,
  PRIMARY KEY (`rowid`),
  KEY `idx_product_lang_fk_object` (`fk_object`)
) ENGINE=InnoDB DEFAULT CHARSET=utf8mb3 COLLATE=utf8mb3_unicode_ci;

--
-- Dumping data for table `llx_product_lang_extrafields`
--


--
-- Table structure for table `llx_product_lot`
--

CREATE TABLE `llx_product_lot` (
  `rowid` int(11) NOT NULL AUTO_INCREMENT,
  `entity` int(11) DEFAULT 1,
  `fk_product` int(11) NOT NULL,
  `batch` varchar(30) DEFAULT NULL,
  `note_public` text DEFAULT NULL,
  `note_private` text DEFAULT NULL,
  `eatby` date DEFAULT NULL,
  `sellby` date DEFAULT NULL,
  `datec` datetime DEFAULT NULL,
  `tms` timestamp NOT NULL DEFAULT current_timestamp() ON UPDATE current_timestamp(),
  `fk_user_creat` int(11) DEFAULT NULL,
  `fk_user_modif` int(11) DEFAULT NULL,
  `import_key` int(11) DEFAULT NULL,
  `eol_date` datetime DEFAULT NULL,
  `manufacturing_date` datetime DEFAULT NULL,
  `scrapping_date` datetime DEFAULT NULL,
  `model_pdf` varchar(255) DEFAULT NULL,
  `last_main_doc` varchar(255) DEFAULT NULL,
  `barcode` varchar(180) DEFAULT NULL,
  `fk_barcode_type` int(11) DEFAULT NULL,
  `qc_frequency` int(11) DEFAULT NULL,
  `lifetime` int(11) DEFAULT NULL,
  PRIMARY KEY (`rowid`),
  UNIQUE KEY `uk_product_lot` (`fk_product`,`batch`)
) ENGINE=InnoDB AUTO_INCREMENT=71 DEFAULT CHARSET=utf8mb3 COLLATE=utf8mb3_unicode_ci;

--
-- Dumping data for table `llx_product_lot`
--

INSERT INTO `llx_product_lot` (`rowid`, `entity`, `fk_product`, `batch`, `note_public`, `note_private`, `eatby`, `sellby`, `datec`, `tms`, `fk_user_creat`, `fk_user_modif`, `import_key`, `eol_date`, `manufacturing_date`, `scrapping_date`, `model_pdf`, `last_main_doc`, `barcode`, `fk_barcode_type`, `qc_frequency`, `lifetime`) VALUES (1,1,2,'123456',NULL,NULL,'2018-07-07',NULL,'2018-07-21 20:55:19','2024-01-03 16:32:40',NULL,NULL,NULL,NULL,'2018-07-21 20:55:19',NULL,NULL,NULL,NULL,NULL,NULL,NULL),(2,1,2,'2222',NULL,NULL,'2018-07-08','2018-07-07','2018-07-21 21:00:42','2024-01-03 16:32:40',NULL,NULL,NULL,NULL,'2018-07-21 21:00:42',NULL,NULL,NULL,NULL,NULL,NULL,NULL),(3,1,10,'5599887766452',NULL,NULL,NULL,NULL,'2018-07-30 17:39:31','2024-01-03 16:32:40',NULL,NULL,NULL,NULL,'2018-07-30 17:39:31',NULL,NULL,NULL,NULL,NULL,NULL,NULL),(4,1,10,'4494487766452',NULL,NULL,NULL,NULL,'2018-07-30 17:40:12','2024-01-03 16:32:40',NULL,NULL,NULL,NULL,'2018-07-30 17:40:12',NULL,NULL,NULL,NULL,NULL,NULL,NULL),(39,1,1,'000000',NULL,NULL,NULL,NULL,'2020-01-08 20:41:18','2024-01-03 16:32:40',NULL,NULL,NULL,NULL,'2020-01-08 20:41:18',NULL,NULL,NULL,NULL,NULL,NULL,NULL),(40,1,4,'aaa',NULL,NULL,'2020-01-01',NULL,'2020-01-08 20:41:18','2024-01-03 16:32:40',NULL,12,NULL,NULL,'2020-01-08 20:41:18',NULL,NULL,NULL,NULL,NULL,NULL,NULL),(46,1,1,'string',NULL,NULL,NULL,NULL,'2020-01-18 20:16:58','2024-01-03 16:32:40',NULL,NULL,NULL,NULL,'2020-01-18 20:16:58',NULL,NULL,NULL,NULL,NULL,NULL,NULL),(47,1,4,'000000',NULL,NULL,NULL,NULL,'2020-01-08 16:40:27','2024-01-03 16:32:40',1,1,NULL,NULL,'2020-01-08 16:40:27',NULL,NULL,NULL,NULL,NULL,NULL,NULL),(50,1,4,'Lot 2021-02',NULL,NULL,NULL,NULL,'2021-04-15 08:40:18','2024-01-03 16:32:40',NULL,NULL,NULL,NULL,'2021-04-15 08:40:18',NULL,NULL,NULL,NULL,NULL,NULL,NULL);

--
-- Table structure for table `llx_product_lot_extrafields`
--

CREATE TABLE `llx_product_lot_extrafields` (
  `rowid` int(11) NOT NULL AUTO_INCREMENT,
  `tms` timestamp NOT NULL DEFAULT current_timestamp() ON UPDATE current_timestamp(),
  `fk_object` int(11) NOT NULL,
  `import_key` varchar(14) DEFAULT NULL,
  PRIMARY KEY (`rowid`),
  UNIQUE KEY `uk_product_lot_extrafields` (`fk_object`),
  KEY `idx_product_lot_extrafields` (`fk_object`)
) ENGINE=InnoDB DEFAULT CHARSET=utf8mb3 COLLATE=utf8mb3_unicode_ci;

--
-- Dumping data for table `llx_product_lot_extrafields`
--


--
-- Table structure for table `llx_product_perentity`
--

CREATE TABLE `llx_product_perentity` (
  `rowid` int(11) NOT NULL AUTO_INCREMENT,
  `fk_product` int(11) DEFAULT NULL,
  `entity` int(11) NOT NULL DEFAULT 1,
  `accountancy_code_sell` varchar(32) DEFAULT NULL,
  `accountancy_code_sell_intra` varchar(32) DEFAULT NULL,
  `accountancy_code_sell_export` varchar(32) DEFAULT NULL,
  `accountancy_code_buy` varchar(32) DEFAULT NULL,
  `accountancy_code_buy_intra` varchar(32) DEFAULT NULL,
  `accountancy_code_buy_export` varchar(32) DEFAULT NULL,
  `pmp` double(24,8) DEFAULT NULL,
  PRIMARY KEY (`rowid`),
  UNIQUE KEY `uk_product_perentity` (`fk_product`,`entity`),
  KEY `idx_product_perentity_fk_product` (`fk_product`)
) ENGINE=InnoDB DEFAULT CHARSET=utf8mb3 COLLATE=utf8mb3_unicode_ci;

--
-- Dumping data for table `llx_product_perentity`
--


--
-- Table structure for table `llx_product_price`
--

CREATE TABLE `llx_product_price` (
  `rowid` int(11) NOT NULL AUTO_INCREMENT,
  `entity` int(11) NOT NULL DEFAULT 1,
  `tms` timestamp NOT NULL DEFAULT current_timestamp() ON UPDATE current_timestamp(),
  `fk_product` int(11) NOT NULL,
  `date_price` datetime DEFAULT NULL,
  `price_level` smallint(6) DEFAULT 1,
  `price` double(24,8) DEFAULT NULL,
  `price_ttc` double(24,8) DEFAULT NULL,
  `price_min` double(24,8) DEFAULT NULL,
  `price_min_ttc` double(24,8) DEFAULT NULL,
  `price_base_type` varchar(3) DEFAULT 'HT',
  `tva_tx` double(6,3) NOT NULL DEFAULT 0.000,
  `default_vat_code` varchar(10) DEFAULT NULL,
  `recuperableonly` int(11) NOT NULL DEFAULT 0,
  `localtax1_tx` double(6,3) DEFAULT 0.000,
  `localtax1_type` varchar(10) NOT NULL DEFAULT '0',
  `localtax2_tx` double(6,3) DEFAULT 0.000,
  `localtax2_type` varchar(10) NOT NULL DEFAULT '0',
  `fk_user_author` int(11) DEFAULT NULL,
  `price_label` varchar(255) DEFAULT NULL,
  `tosell` tinyint(4) DEFAULT 1,
  `price_by_qty` int(11) NOT NULL DEFAULT 0,
  `import_key` varchar(14) DEFAULT NULL,
  `fk_price_expression` int(11) DEFAULT NULL,
  `fk_multicurrency` int(11) DEFAULT NULL,
  `multicurrency_code` varchar(3) DEFAULT NULL,
  `multicurrency_price` double(24,8) DEFAULT 0.00000000,
  `multicurrency_tx` double(24,8) DEFAULT 1.00000000,
  `multicurrency_price_ttc` double(24,8) DEFAULT NULL,
  PRIMARY KEY (`rowid`),
  KEY `idx_product_price_fk_user_author` (`fk_user_author`),
  KEY `idx_product_price_fk_product` (`fk_product`),
  CONSTRAINT `fk_product_price_product` FOREIGN KEY (`fk_product`) REFERENCES `llx_product` (`rowid`),
  CONSTRAINT `fk_product_price_user_author` FOREIGN KEY (`fk_user_author`) REFERENCES `llx_user` (`rowid`)
) ENGINE=InnoDB AUTO_INCREMENT=50 DEFAULT CHARSET=utf8mb3 COLLATE=utf8mb3_unicode_ci;

--
-- Dumping data for table `llx_product_price`
--

INSERT INTO `llx_product_price` (`rowid`, `entity`, `tms`, `fk_product`, `date_price`, `price_level`, `price`, `price_ttc`, `price_min`, `price_min_ttc`, `price_base_type`, `tva_tx`, `default_vat_code`, `recuperableonly`, `localtax1_tx`, `localtax1_type`, `localtax2_tx`, `localtax2_type`, `fk_user_author`, `price_label`, `tosell`, `price_by_qty`, `import_key`, `fk_price_expression`, `fk_multicurrency`, `multicurrency_code`, `multicurrency_price`, `multicurrency_tx`, `multicurrency_price_ttc`) VALUES (1,1,'2012-07-08 12:33:17',1,'2012-07-08 14:33:17',1,0.00000000,0.00000000,0.00000000,0.00000000,'HT',12.500,NULL,0,0.000,'0',0.000,'0',1,NULL,1,0,NULL,NULL,NULL,NULL,0.00000000,1.00000000,NULL),(2,1,'2012-07-08 22:30:01',2,'2012-07-09 00:30:01',1,0.00000000,0.00000000,0.00000000,0.00000000,'HT',12.500,NULL,0,0.000,'0',0.000,'0',1,NULL,1,0,NULL,NULL,NULL,NULL,0.00000000,1.00000000,NULL),(3,1,'2012-07-08 22:30:25',3,'2012-07-09 00:30:25',1,0.00000000,0.00000000,0.00000000,0.00000000,'HT',12.500,NULL,0,0.000,'0',0.000,'0',1,NULL,1,0,NULL,NULL,NULL,NULL,0.00000000,1.00000000,NULL),(4,1,'2012-07-10 12:44:06',4,'2012-07-10 14:44:06',1,0.00000000,0.00000000,0.00000000,0.00000000,'HT',12.500,NULL,0,0.000,'0',0.000,'0',1,NULL,1,0,NULL,NULL,NULL,NULL,0.00000000,1.00000000,NULL),(5,1,'2013-07-20 21:11:38',5,'2013-07-20 23:11:38',1,0.00000000,0.00000000,0.00000000,0.00000000,'HT',19.600,NULL,0,0.000,'0',0.000,'0',1,NULL,1,0,NULL,NULL,NULL,NULL,0.00000000,1.00000000,NULL),(6,1,'2013-07-27 17:02:59',5,'2013-07-27 19:02:59',1,10.00000000,11.96000000,0.00000000,0.00000000,'HT',19.600,NULL,0,0.000,'0',0.000,'0',1,NULL,1,0,NULL,NULL,NULL,NULL,0.00000000,1.00000000,NULL),(10,1,'2013-07-31 22:34:27',4,'2013-08-01 00:34:27',1,5.00000000,5.62500000,0.00000000,0.00000000,'HT',12.500,NULL,0,0.000,'0',0.000,'0',1,NULL,1,0,NULL,NULL,NULL,NULL,0.00000000,1.00000000,NULL),(12,1,'2015-01-13 19:24:59',11,'2015-01-13 20:24:59',1,0.00000000,0.00000000,0.00000000,0.00000000,'HT',0.000,NULL,0,0.000,'0',0.000,'0',1,NULL,1,0,NULL,NULL,NULL,NULL,0.00000000,1.00000000,NULL),(13,1,'2015-03-12 09:30:24',1,'2015-03-12 10:30:24',1,100.00000000,112.50000000,90.00000000,101.25000000,'HT',12.500,NULL,0,0.000,'0',0.000,'0',1,NULL,1,0,NULL,NULL,NULL,NULL,0.00000000,1.00000000,NULL),(14,1,'2018-07-30 13:31:29',12,'2018-07-30 17:31:29',1,9.00000000,9.00000000,9.00000000,9.00000000,'HT',0.000,NULL,0,0.000,'0',0.000,'0',12,NULL,1,0,NULL,NULL,NULL,NULL,0.00000000,1.00000000,NULL),(15,1,'2017-02-15 23:49:00',13,'2017-02-16 03:49:00',1,100.00000000,110.00000000,0.00000000,0.00000000,'HT',10.000,NULL,0,0.000,'0',0.000,'0',12,NULL,0,0,NULL,NULL,NULL,NULL,0.00000000,1.00000000,NULL),(16,1,'2017-08-30 15:04:04',10,'2017-08-30 19:04:04',1,100.00000000,110.00000000,0.00000000,0.00000000,'HT',10.000,NULL,0,0.000,'0',0.000,'0',12,NULL,1,0,NULL,NULL,NULL,NULL,0.00000000,1.00000000,NULL),(18,1,'2019-11-28 12:33:35',24,'2019-11-28 16:33:35',1,0.00000000,0.00000000,0.00000000,0.00000000,'HT',20.000,NULL,0,0.000,'0',0.000,'0',12,NULL,1,0,NULL,NULL,NULL,NULL,0.00000000,1.00000000,NULL),(19,1,'2019-11-28 12:34:33',24,'2019-11-28 16:34:33',1,0.83333000,1.00000000,0.00000000,0.00000000,'TTC',20.000,NULL,0,0.000,'0',0.000,'0',12,NULL,1,0,NULL,NULL,NULL,NULL,0.00000000,1.00000000,NULL),(20,1,'2019-11-28 12:37:36',25,'2019-11-28 16:37:36',1,0.00000000,0.00000000,0.00000000,0.00000000,'HT',20.000,NULL,0,0.000,'0',0.000,'0',12,NULL,1,0,NULL,NULL,NULL,NULL,0.00000000,1.00000000,NULL),(21,1,'2019-11-28 12:37:58',25,'2019-11-28 16:37:58',1,1.25000000,1.50000000,0.00000000,0.00000000,'TTC',20.000,NULL,0,0.000,'0',0.000,'0',12,NULL,1,0,NULL,NULL,NULL,NULL,0.00000000,1.00000000,NULL),(22,1,'2019-11-28 12:38:44',26,'2019-11-28 16:38:44',1,1.08333000,1.30000000,0.00000000,0.00000000,'TTC',20.000,NULL,0,0.000,'0',0.000,'0',12,NULL,1,0,NULL,NULL,NULL,NULL,0.00000000,1.00000000,NULL),(23,1,'2019-11-28 12:39:21',27,'2019-11-28 16:39:21',1,1.08333000,1.30000000,0.00000000,0.00000000,'TTC',20.000,NULL,0,0.000,'0',0.000,'0',12,NULL,1,0,NULL,NULL,NULL,NULL,0.00000000,1.00000000,NULL),(24,1,'2019-11-28 12:39:58',28,'2019-11-28 16:39:58',1,2.00000000,2.40000000,0.00000000,0.00000000,'HT',20.000,NULL,0,0.000,'0',0.000,'0',12,NULL,1,0,NULL,NULL,NULL,NULL,0.00000000,1.00000000,NULL),(25,1,'2019-11-28 13:03:14',29,'2019-11-28 17:03:14',1,1.66667000,2.00000000,0.00000000,0.00000000,'TTC',20.000,NULL,0,0.000,'0',0.000,'0',12,NULL,1,0,NULL,NULL,NULL,NULL,0.00000000,1.00000000,NULL),(26,1,'2019-11-28 13:09:14',30,'2019-11-28 17:09:14',1,0.41667000,0.50000000,0.00000000,0.00000000,'TTC',20.000,NULL,0,0.000,'0',0.000,'0',12,NULL,1,0,NULL,NULL,NULL,NULL,0.00000000,1.00000000,NULL),(28,1,'2019-11-28 15:12:50',2,'2019-11-28 19:12:50',1,10.00000000,12.00000000,8.33333000,10.00000000,'TTC',20.000,NULL,0,0.000,'0',0.000,'0',12,NULL,1,0,NULL,NULL,NULL,NULL,0.00000000,1.00000000,NULL),(29,1,'2020-01-01 19:54:16',4,'2020-01-01 23:54:16',1,5.00000000,5.00000000,0.00000000,0.00000000,'HT',0.000,'CGST+SGST',0,9.000,'1',9.000,'1',12,NULL,1,0,NULL,NULL,NULL,NULL,0.00000000,1.00000000,NULL),(30,1,'2020-01-02 19:02:35',4,'2020-01-02 23:02:35',1,5.00000000,5.00000000,2.00000000,2.00000000,'HT',0.000,'CGST+SGST',0,9.000,'1',9.000,'1',12,NULL,1,0,NULL,NULL,NULL,NULL,0.00000000,1.00000000,NULL),(31,1,'2020-01-02 19:02:35',4,'2020-01-02 23:02:35',2,6.00000000,6.00000000,3.00000000,3.00000000,'HT',0.000,'CGST+SGST',0,9.000,'1',9.000,'1',12,NULL,1,0,NULL,NULL,NULL,NULL,0.00000000,1.00000000,NULL),(32,1,'2020-01-02 19:02:35',4,'2020-01-02 23:02:35',3,7.00000000,7.00000000,4.00000000,4.00000000,'HT',0.000,'CGST+SGST',0,9.000,'1',9.000,'1',12,NULL,1,0,NULL,NULL,NULL,NULL,0.00000000,1.00000000,NULL),(33,1,'2020-01-02 19:02:35',4,'2020-01-02 23:02:35',4,8.00000000,8.00000000,5.00000000,5.00000000,'HT',0.000,'CGST+SGST',0,9.000,'1',9.000,'1',12,NULL,1,0,NULL,NULL,NULL,NULL,0.00000000,1.00000000,NULL),(34,1,'2020-01-02 19:02:35',4,'2020-01-02 23:02:35',5,9.00000000,9.00000000,6.00000000,6.00000000,'HT',0.000,'CGST+SGST',0,9.000,'1',9.000,'1',12,NULL,1,0,NULL,NULL,NULL,NULL,0.00000000,1.00000000,NULL),(35,1,'2020-01-17 13:54:18',1,'2020-01-17 14:54:18',1,11.00000000,12.37500000,9.00000000,10.12500000,'HT',12.500,NULL,0,0.000,'0',0.000,'0',12,NULL,1,0,NULL,NULL,NULL,NULL,0.00000000,1.00000000,NULL),(36,1,'2020-01-17 13:54:18',1,'2020-01-17 14:54:18',2,0.00000000,0.00000000,0.00000000,0.00000000,'HT',12.500,NULL,0,0.000,'0',0.000,'0',12,NULL,1,0,NULL,NULL,NULL,NULL,0.00000000,1.00000000,NULL),(37,1,'2020-01-17 13:54:18',1,'2020-01-17 14:54:18',3,13.00000000,14.62500000,0.00000000,0.00000000,'HT',12.500,NULL,0,0.000,'0',0.000,'0',12,NULL,1,0,NULL,NULL,NULL,NULL,0.00000000,1.00000000,NULL),(38,1,'2020-01-17 13:54:18',1,'2020-01-17 14:54:18',4,14.00000000,15.75000000,0.00000000,0.00000000,'HT',12.500,NULL,0,0.000,'0',0.000,'0',12,NULL,1,0,NULL,NULL,NULL,NULL,0.00000000,1.00000000,NULL),(39,1,'2020-01-17 13:54:18',1,'2020-01-17 14:54:18',5,15.00000000,16.87500000,0.00000000,0.00000000,'HT',12.500,NULL,0,0.000,'0',0.000,'0',12,NULL,1,0,NULL,NULL,NULL,NULL,0.00000000,1.00000000,NULL),(40,1,'2020-01-17 14:22:28',1,'2020-01-17 15:22:28',1,9.00000000,10.12500000,0.00000000,0.00000000,'HT',12.500,NULL,0,0.000,'0',0.000,'0',12,NULL,1,0,NULL,NULL,NULL,NULL,0.00000000,1.00000000,NULL),(41,1,'2021-04-15 11:38:02',31,'2021-04-15 08:38:02',1,0.00000000,0.00000000,0.00000000,0.00000000,'HT',19.600,NULL,0,0.000,'0',0.000,'0',12,NULL,1,0,NULL,NULL,NULL,NULL,0.00000000,1.00000000,NULL),(42,1,'2022-12-16 10:00:14',5,'2022-12-16 10:00:14',1,10.00000000,10.00000000,0.00000000,0.00000000,'HT',0.000,'CGST+SGST',0,9.000,'1',9.000,'1',12,NULL,1,0,NULL,NULL,NULL,NULL,0.00000000,1.00000000,NULL),(43,1,'2022-12-30 13:44:06',32,'2022-12-30 10:44:06',1,0.00000000,0.00000000,0.00000000,0.00000000,'HT',20.000,NULL,0,0.000,'0',0.000,'0',12,NULL,1,0,NULL,NULL,NULL,NULL,0.00000000,1.00000000,NULL),(44,1,'2023-01-03 14:07:52',33,'2023-01-03 11:07:52',1,0.00000000,0.00000000,0.00000000,0.00000000,'HT',20.000,NULL,0,0.000,'0',0.000,'0',12,NULL,1,0,NULL,NULL,NULL,NULL,0.00000000,1.00000000,NULL),(45,1,'2023-01-03 14:07:52',33,'2023-01-03 11:07:52',1,0.00000000,0.00000000,0.00000000,0.00000000,'HT',20.000,NULL,0,0.000,'0',0.000,'0',12,NULL,1,0,NULL,NULL,NULL,NULL,0.00000000,1.00000000,NULL),(46,1,'2023-01-03 14:15:51',34,'2023-01-03 11:15:51',1,0.00000000,0.00000000,0.00000000,0.00000000,'HT',20.000,NULL,0,0.000,'0',0.000,'0',12,NULL,1,0,NULL,NULL,NULL,NULL,0.00000000,1.00000000,NULL),(47,1,'2023-01-03 14:15:51',34,'2023-01-03 11:15:51',1,0.00000000,0.00000000,0.00000000,0.00000000,'HT',20.000,NULL,0,0.000,'0',0.000,'0',12,NULL,1,0,NULL,NULL,NULL,NULL,0.00000000,1.00000000,NULL),(48,1,'2024-12-23 21:55:04',35,'2024-12-23 21:55:04',1,0.00000000,0.00000000,0.00000000,0.00000000,'HT',28.000,'I-28',0,0.000,'0',0.000,'0',12,NULL,1,0,NULL,NULL,NULL,NULL,0.00000000,1.00000000,NULL);

--
-- Table structure for table `llx_product_price_by_qty`
--

CREATE TABLE `llx_product_price_by_qty` (
  `rowid` int(11) NOT NULL AUTO_INCREMENT,
  `fk_product_price` int(11) NOT NULL,
  `price` double(24,8) DEFAULT 0.00000000,
  `price_ttc` double(24,8) DEFAULT 0.00000000,
  `remise_percent` double NOT NULL DEFAULT 0,
  `remise` double NOT NULL DEFAULT 0,
  `qty_min` double DEFAULT 0,
  `fk_user_creat` int(11) DEFAULT NULL,
  `fk_user_modif` int(11) DEFAULT NULL,
  `tms` timestamp NOT NULL DEFAULT current_timestamp() ON UPDATE current_timestamp(),
  `import_key` varchar(14) DEFAULT NULL,
  `quantity` double DEFAULT NULL,
  `unitprice` double(24,8) DEFAULT 0.00000000,
  `price_base_type` varchar(3) DEFAULT 'HT',
  `fk_multicurrency` int(11) DEFAULT NULL,
  `multicurrency_code` varchar(3) DEFAULT NULL,
  `multicurrency_tx` double(24,8) DEFAULT 1.00000000,
  `multicurrency_price` double(24,8) DEFAULT NULL,
  `multicurrency_price_ttc` double(24,8) DEFAULT NULL,
  PRIMARY KEY (`rowid`),
  UNIQUE KEY `uk_product_price_by_qty_level` (`fk_product_price`,`quantity`),
  KEY `idx_product_price_by_qty_fk_product_price` (`fk_product_price`),
  CONSTRAINT `fk_product_price_by_qty_fk_product_price` FOREIGN KEY (`fk_product_price`) REFERENCES `llx_product_price` (`rowid`)
) ENGINE=InnoDB DEFAULT CHARSET=utf8mb3 COLLATE=utf8mb3_unicode_ci;

--
-- Dumping data for table `llx_product_price_by_qty`
--


--
-- Table structure for table `llx_product_price_extrafields`
--

CREATE TABLE `llx_product_price_extrafields` (
  `rowid` int(11) NOT NULL AUTO_INCREMENT,
  `tms` timestamp NULL DEFAULT current_timestamp() ON UPDATE current_timestamp(),
  `fk_object` int(11) NOT NULL,
  `import_key` varchar(14) DEFAULT NULL,
  PRIMARY KEY (`rowid`),
  UNIQUE KEY `uk_product_price_extrafields` (`fk_object`)
) ENGINE=InnoDB DEFAULT CHARSET=utf8mb4 COLLATE=utf8mb4_general_ci;

--
-- Dumping data for table `llx_product_price_extrafields`
--


--
-- Table structure for table `llx_product_pricerules`
--

CREATE TABLE `llx_product_pricerules` (
  `rowid` int(11) NOT NULL AUTO_INCREMENT,
  `level` int(11) NOT NULL,
  `fk_level` int(11) NOT NULL,
  `var_percent` float NOT NULL,
  `var_min_percent` float NOT NULL,
  PRIMARY KEY (`rowid`),
  UNIQUE KEY `unique_level` (`level`)
) ENGINE=InnoDB DEFAULT CHARSET=utf8mb3 COLLATE=utf8mb3_unicode_ci;

--
-- Dumping data for table `llx_product_pricerules`
--


--
-- Table structure for table `llx_product_stock`
--

CREATE TABLE `llx_product_stock` (
  `rowid` int(11) NOT NULL AUTO_INCREMENT,
  `tms` timestamp NOT NULL DEFAULT current_timestamp() ON UPDATE current_timestamp(),
  `fk_product` int(11) NOT NULL,
  `fk_entrepot` int(11) NOT NULL,
  `reel` double DEFAULT NULL,
  `import_key` varchar(14) DEFAULT NULL,
  PRIMARY KEY (`rowid`),
  UNIQUE KEY `uk_product_stock` (`fk_product`,`fk_entrepot`),
  KEY `idx_product_stock_fk_product` (`fk_product`),
  KEY `idx_product_stock_fk_entrepot` (`fk_entrepot`),
  CONSTRAINT `fk_entrepot_entrepot_rowid` FOREIGN KEY (`fk_entrepot`) REFERENCES `llx_entrepot` (`rowid`),
  CONSTRAINT `fk_product_product_rowid` FOREIGN KEY (`fk_product`) REFERENCES `llx_product` (`rowid`)
) ENGINE=InnoDB AUTO_INCREMENT=21 DEFAULT CHARSET=utf8mb3 COLLATE=utf8mb3_unicode_ci;

--
-- Dumping data for table `llx_product_stock`
--

INSERT INTO `llx_product_stock` (`rowid`, `tms`, `fk_product`, `fk_entrepot`, `reel`, `import_key`) VALUES (1,'2012-07-08 22:43:51',2,2,1000,NULL),(3,'2020-01-07 16:25:02',4,2,1007,NULL),(4,'2020-01-08 16:41:18',4,1,13.2,NULL),(5,'2025-03-19 11:34:39',1,1,2.8,NULL),(6,'2015-01-19 17:22:48',11,1,-1,NULL),(7,'2015-01-19 17:31:58',2,1,-2,NULL),(8,'2018-07-30 13:40:39',10,2,75,NULL),(9,'2017-02-16 00:12:09',10,1,35,NULL),(10,'2025-01-17 08:36:03',25,1,14.6,NULL),(11,'2021-04-15 11:40:18',4,20,1,NULL),(14,'2025-01-17 08:36:03',26,1,-1,NULL),(15,'2025-02-15 08:31:19',26,2,-6,NULL),(16,'2025-01-15 09:30:44',25,2,-13,NULL),(17,'2025-03-15 09:31:15',24,2,-6,NULL),(18,'2025-01-16 09:30:44',27,2,-8,NULL),(19,'2025-01-16 09:30:44',28,2,-36,NULL),(20,'2025-02-15 08:31:26',30,2,-1,NULL);

--
-- Table structure for table `llx_product_thirdparty`
--

CREATE TABLE `llx_product_thirdparty` (
  `rowid` int(11) NOT NULL AUTO_INCREMENT,
  `fk_product` int(11) NOT NULL,
  `fk_soc` int(11) NOT NULL,
  `fk_product_thirdparty_relation_type` int(11) NOT NULL,
  `date_start` datetime DEFAULT NULL,
  `date_end` datetime DEFAULT NULL,
  `fk_project` int(11) DEFAULT NULL,
  `description` text DEFAULT NULL,
  `note_public` text DEFAULT NULL,
  `note_private` text DEFAULT NULL,
  `date_creation` datetime NOT NULL,
  `tms` timestamp NOT NULL DEFAULT current_timestamp() ON UPDATE current_timestamp(),
  `fk_user_creat` int(11) NOT NULL,
  `fk_user_modif` int(11) DEFAULT NULL,
  `last_main_doc` varchar(255) DEFAULT NULL,
  `import_key` varchar(14) DEFAULT NULL,
  `model_pdf` varchar(255) DEFAULT NULL,
  `status` int(11) NOT NULL DEFAULT 1,
  PRIMARY KEY (`rowid`)
) ENGINE=InnoDB DEFAULT CHARSET=utf8mb3 COLLATE=utf8mb3_unicode_ci;

--
-- Dumping data for table `llx_product_thirdparty`
--


--
-- Table structure for table `llx_product_warehouse_properties`
--

CREATE TABLE `llx_product_warehouse_properties` (
  `rowid` int(11) NOT NULL AUTO_INCREMENT,
  `tms` timestamp NOT NULL DEFAULT current_timestamp() ON UPDATE current_timestamp(),
  `fk_product` int(11) NOT NULL,
  `fk_entrepot` int(11) NOT NULL,
  `seuil_stock_alerte` float DEFAULT 0,
  `desiredstock` float DEFAULT 0,
  `import_key` varchar(14) DEFAULT NULL,
  PRIMARY KEY (`rowid`),
  KEY `idx_product_warehouse_properties_fk_product` (`fk_product`),
  KEY `idx_product_warehouse_properties_fk_entrepot` (`fk_entrepot`),
  CONSTRAINT `fk_product_warehouse_properties_fk_entrepot` FOREIGN KEY (`fk_entrepot`) REFERENCES `llx_entrepot` (`rowid`),
  CONSTRAINT `fk_product_warehouse_properties_fk_product` FOREIGN KEY (`fk_product`) REFERENCES `llx_product` (`rowid`)
) ENGINE=InnoDB DEFAULT CHARSET=utf8mb3 COLLATE=utf8mb3_unicode_ci;

--
-- Dumping data for table `llx_product_warehouse_properties`
--


--
-- Table structure for table `llx_projet`
--

CREATE TABLE `llx_projet` (
  `rowid` int(11) NOT NULL AUTO_INCREMENT,
  `fk_soc` int(11) DEFAULT NULL,
  `datec` datetime DEFAULT NULL,
  `tms` timestamp NOT NULL DEFAULT current_timestamp() ON UPDATE current_timestamp(),
  `dateo` date DEFAULT NULL,
  `datee` date DEFAULT NULL,
  `ref` varchar(50) DEFAULT NULL,
  `ref_ext` varchar(50) DEFAULT NULL,
  `entity` int(11) NOT NULL DEFAULT 1,
  `title` varchar(255) NOT NULL,
  `description` text DEFAULT NULL,
  `fk_user_creat` int(11) NOT NULL,
  `public` int(11) DEFAULT NULL,
  `fk_statut` smallint(6) NOT NULL DEFAULT 0,
  `fk_opp_status` int(11) DEFAULT NULL,
  `opp_percent` double(5,2) DEFAULT NULL,
  `note_private` text DEFAULT NULL,
  `note_public` text DEFAULT NULL,
  `model_pdf` varchar(255) DEFAULT NULL,
  `last_main_doc` varchar(255) DEFAULT NULL,
  `budget_amount` double(24,8) DEFAULT NULL,
  `date_close` datetime DEFAULT NULL,
  `fk_user_close` int(11) DEFAULT NULL,
  `opp_amount` double(24,8) DEFAULT NULL,
  `import_key` varchar(14) DEFAULT NULL,
  `fk_user_modif` int(11) DEFAULT NULL,
  `usage_bill_time` int(11) DEFAULT 0,
  `usage_opportunity` int(11) DEFAULT 0,
  `usage_task` int(11) DEFAULT 1,
  `usage_organize_event` int(11) DEFAULT 0,
  `email_msgid` varchar(175) DEFAULT NULL,
  `email_date` datetime DEFAULT NULL,
  `fk_opp_status_end` int(11) DEFAULT NULL,
  `accept_conference_suggestions` int(11) DEFAULT 0,
  `accept_booth_suggestions` int(11) DEFAULT 0,
  `price_registration` double(24,8) DEFAULT NULL,
  `price_booth` double(24,8) DEFAULT NULL,
  `max_attendees` int(11) DEFAULT 0,
  `ip` varchar(250) DEFAULT NULL,
  `date_start_event` datetime DEFAULT NULL,
  `date_end_event` datetime DEFAULT NULL,
  `location` varchar(255) DEFAULT NULL,
  `extraparams` varchar(255) DEFAULT NULL,
  `fk_project` int(11) DEFAULT NULL,
  PRIMARY KEY (`rowid`),
  UNIQUE KEY `uk_projet_ref` (`ref`,`entity`),
  KEY `idx_projet_fk_soc` (`fk_soc`),
  CONSTRAINT `fk_projet_fk_soc` FOREIGN KEY (`fk_soc`) REFERENCES `llx_societe` (`rowid`)
) ENGINE=InnoDB AUTO_INCREMENT=16 DEFAULT CHARSET=utf8mb3 COLLATE=utf8mb3_unicode_ci;

--
-- Dumping data for table `llx_projet`
--

INSERT INTO `llx_projet` (`rowid`, `fk_soc`, `datec`, `tms`, `dateo`, `datee`, `ref`, `ref_ext`, `entity`, `title`, `description`, `fk_user_creat`, `public`, `fk_statut`, `fk_opp_status`, `opp_percent`, `note_private`, `note_public`, `model_pdf`, `last_main_doc`, `budget_amount`, `date_close`, `fk_user_close`, `opp_amount`, `import_key`, `fk_user_modif`, `usage_bill_time`, `usage_opportunity`, `usage_task`, `usage_organize_event`, `email_msgid`, `email_date`, `fk_opp_status_end`, `accept_conference_suggestions`, `accept_booth_suggestions`, `price_registration`, `price_booth`, `max_attendees`, `ip`, `date_start_event`, `date_end_event`, `location`, `extraparams`, `fk_project`) VALUES (1,11,'2012-07-09 00:00:00','2017-10-05 20:51:28','2012-07-09',NULL,'PROJ1',NULL,1,'Project One','',1,0,1,NULL,NULL,NULL,'gdfgdfg','baleine',NULL,NULL,NULL,NULL,NULL,NULL,NULL,0,0,1,0,NULL,NULL,NULL,0,0,NULL,NULL,0,NULL,NULL,NULL,NULL,NULL,NULL),(2,13,'2012-07-09 00:00:00','2025-06-18 14:14:19','2012-07-09',NULL,'PROJ2',NULL,1,'Project Two','',1,0,1,1,60.00,NULL,NULL,NULL,'projet/PROJ2/PROJ2.pdf',NULL,NULL,NULL,1250.25000000,NULL,12,0,1,1,0,NULL,NULL,NULL,0,0,NULL,NULL,0,NULL,NULL,NULL,'',NULL,NULL),(3,1,'2012-07-09 00:00:00','2020-01-15 12:40:50','2012-07-09',NULL,'PROJINDIAN',NULL,1,'Project for Indian company move','',1,0,1,NULL,NULL,NULL,NULL,NULL,NULL,NULL,NULL,NULL,NULL,NULL,12,1,0,1,0,NULL,NULL,NULL,0,0,NULL,NULL,0,NULL,NULL,NULL,NULL,NULL,NULL),(4,NULL,'2012-07-09 00:00:00','2012-07-08 22:50:49','2012-07-09',NULL,'PROJSHARED',NULL,1,'The Global project','',1,1,1,NULL,NULL,NULL,NULL,NULL,NULL,NULL,NULL,NULL,NULL,NULL,NULL,0,0,1,0,NULL,NULL,NULL,0,0,NULL,NULL,0,NULL,NULL,NULL,NULL,NULL,NULL),(5,NULL,'2012-07-11 00:00:00','2020-01-15 12:27:15','2012-07-11','2013-07-14','RMLL',NULL,1,'Project management RMLL','',1,1,1,NULL,NULL,NULL,NULL,NULL,NULL,NULL,NULL,NULL,NULL,NULL,12,1,0,1,0,NULL,NULL,NULL,0,0,NULL,NULL,0,NULL,NULL,NULL,NULL,NULL,NULL),(6,10,'2018-07-30 00:00:00','2025-06-27 11:05:27','2018-07-30',NULL,'PJ1607-0001b',NULL,1,'PROJALICE1','The Alice project number 1',12,0,1,4,100.00,NULL,NULL,NULL,NULL,5000.00000000,NULL,NULL,8000.00000000,NULL,12,1,1,1,0,NULL,NULL,NULL,0,0,NULL,NULL,0,NULL,NULL,NULL,'',NULL,NULL),(7,10,'2018-07-30 00:00:00','2019-11-28 11:52:54','2018-07-30',NULL,'PJ1607-0002',NULL,1,'PROJALICE2','The Alice project number 2',12,0,1,6,100.00,NULL,NULL,NULL,NULL,NULL,'2017-02-01 16:24:31',12,7000.00000000,NULL,NULL,0,1,1,0,NULL,NULL,NULL,0,0,NULL,NULL,0,NULL,NULL,NULL,NULL,NULL,NULL),(8,10,'2018-07-30 00:00:00','2019-11-28 11:52:54','2018-07-30',NULL,'PJ1607-0003',NULL,1,'PROJALICE2','The Alice project number 3',12,0,1,6,100.00,NULL,NULL,NULL,NULL,NULL,NULL,NULL,3550.00000000,NULL,NULL,0,1,1,0,NULL,NULL,NULL,0,0,NULL,NULL,0,NULL,NULL,NULL,NULL,NULL,NULL),(9,4,'2018-07-31 00:00:00','2019-12-20 16:33:15','2018-07-31',NULL,'PJ1607-0004',NULL,1,'Project Top X','',12,0,2,2,27.00,NULL,NULL,NULL,NULL,NULL,'2019-12-20 20:33:15',12,4000.00000000,NULL,NULL,0,1,1,0,NULL,NULL,NULL,0,0,NULL,NULL,0,NULL,NULL,NULL,NULL,NULL,NULL),(10,1,'2019-12-21 19:46:33','2025-06-18 14:14:07','2019-12-21',NULL,'PJ1912-0005',NULL,1,'Contact for a new shop in Delhi','',12,0,1,1,20.00,NULL,NULL,NULL,NULL,NULL,NULL,NULL,18000.00000000,NULL,12,0,1,1,0,NULL,NULL,NULL,0,0,NULL,NULL,0,NULL,NULL,NULL,NULL,NULL,NULL),(11,10,'2019-12-21 19:49:28','2025-06-18 14:14:08','2019-12-02','2019-12-13','PJ1912-0006',NULL,1,'Request for new development of logo','Request to redesign a new logo',12,0,1,4,60.00,NULL,NULL,NULL,NULL,NULL,NULL,NULL,6500.00000000,NULL,12,1,1,1,0,NULL,NULL,NULL,0,0,NULL,NULL,0,NULL,NULL,NULL,NULL,NULL,NULL),(12,4,'2019-12-21 19:52:12','2025-06-17 13:11:47','2019-12-21',NULL,'PJ1912-0007',NULL,1,'Adding new tool for Customer Relationship Management','',12,1,1,2,0.00,NULL,NULL,NULL,'projet/PJ1912-0007/PJ1912-0007.pdf',NULL,'2023-02-19 12:38:04',12,16000.00000000,NULL,12,1,1,1,0,NULL,NULL,NULL,0,0,NULL,NULL,0,NULL,NULL,NULL,NULL,NULL,NULL),(13,26,'2019-12-21 19:53:21','2019-12-21 15:53:59','2019-12-21',NULL,'PJ1912-0008',NULL,1,'Cooking 100 apple pie for chrsitmas','',12,0,1,NULL,NULL,NULL,NULL,NULL,NULL,NULL,NULL,NULL,NULL,NULL,12,1,0,1,0,NULL,NULL,NULL,0,0,NULL,NULL,0,NULL,NULL,NULL,NULL,NULL,NULL),(14,10,'2025-01-20 12:13:25','2025-06-18 13:04:24','2025-01-20',NULL,'PJ2501-0009',NULL,1,'pppp','',12,0,1,3,20.00,NULL,NULL,NULL,NULL,0.00000000,'2025-01-20 12:16:54',NULL,0.00000000,NULL,12,0,1,1,1,NULL,NULL,NULL,1,0,NULL,NULL,NULL,NULL,NULL,NULL,'',NULL,NULL),(15,32,'2025-06-25 10:12:55','2025-06-25 10:12:55','2025-06-25',NULL,'PJ2506-0010',NULL,1,'aaaaa','',12,0,0,1,0.00,NULL,NULL,NULL,NULL,0.00000000,NULL,NULL,0.00000000,NULL,NULL,0,1,1,0,NULL,NULL,NULL,0,0,NULL,NULL,NULL,NULL,NULL,NULL,NULL,NULL,NULL);

--
-- Table structure for table `llx_projet_extrafields`
--

CREATE TABLE `llx_projet_extrafields` (
  `rowid` int(11) NOT NULL AUTO_INCREMENT,
  `tms` timestamp NOT NULL DEFAULT current_timestamp() ON UPDATE current_timestamp(),
  `fk_object` int(11) NOT NULL,
  `import_key` varchar(14) DEFAULT NULL,
  `priority` mediumtext DEFAULT NULL,
  PRIMARY KEY (`rowid`),
  UNIQUE KEY `uk_projet_extrafields` (`fk_object`),
  KEY `idx_projet_extrafields` (`fk_object`)
) ENGINE=InnoDB AUTO_INCREMENT=38 DEFAULT CHARSET=utf8mb3 COLLATE=utf8mb3_unicode_ci;

--
-- Dumping data for table `llx_projet_extrafields`
--

INSERT INTO `llx_projet_extrafields` (`rowid`, `tms`, `fk_object`, `import_key`, `priority`) VALUES (7,'2018-07-30 15:53:23',8,NULL,'5'),(9,'2018-07-31 14:27:24',9,NULL,'0'),(15,'2017-02-01 12:24:31',7,NULL,'1'),(17,'2019-10-01 11:48:36',6,NULL,'3'),(22,'2019-12-21 15:48:06',10,NULL,'0'),(24,'2019-12-21 15:52:12',12,NULL,'4'),(26,'2019-12-21 15:53:42',13,NULL,'0'),(28,'2019-12-21 16:10:21',11,NULL,'0'),(29,'2020-01-15 12:27:15',5,NULL,'0'),(30,'2020-01-15 12:40:50',3,NULL,'0'),(33,'2025-06-25 10:12:11',2,NULL,'4'),(36,'2025-04-18 11:26:31',14,NULL,'0'),(37,'2025-06-25 10:12:55',15,NULL,'0');

--
-- Table structure for table `llx_projet_task`
--

CREATE TABLE `llx_projet_task` (
  `rowid` int(11) NOT NULL AUTO_INCREMENT,
  `ref` varchar(50) DEFAULT NULL,
  `entity` int(11) NOT NULL DEFAULT 1,
  `fk_projet` int(11) NOT NULL,
  `fk_task_parent` int(11) NOT NULL DEFAULT 0,
  `datec` datetime DEFAULT NULL,
  `tms` timestamp NOT NULL DEFAULT current_timestamp() ON UPDATE current_timestamp(),
  `dateo` datetime DEFAULT NULL,
  `datee` datetime DEFAULT NULL,
  `datev` datetime DEFAULT NULL,
  `label` varchar(255) NOT NULL,
  `description` text DEFAULT NULL,
  `duration_effective` double DEFAULT 0,
  `planned_workload` double DEFAULT 0,
  `progress` int(11) DEFAULT 0,
  `priority` int(11) DEFAULT 0,
  `budget_amount` double(24,8) DEFAULT NULL,
  `fk_user_creat` int(11) DEFAULT NULL,
  `fk_user_modif` int(11) DEFAULT NULL,
  `fk_user_valid` int(11) DEFAULT NULL,
  `fk_statut` smallint(6) NOT NULL DEFAULT 0,
  `note_private` text DEFAULT NULL,
  `note_public` text DEFAULT NULL,
  `rang` int(11) DEFAULT 0,
  `model_pdf` varchar(255) DEFAULT NULL,
  `import_key` varchar(14) DEFAULT NULL,
  `status` int(11) NOT NULL DEFAULT 1,
  `billable` smallint(6) DEFAULT 1,
  PRIMARY KEY (`rowid`),
  UNIQUE KEY `uk_projet_task_ref` (`ref`,`entity`),
  KEY `idx_projet_task_fk_projet` (`fk_projet`),
  KEY `idx_projet_task_fk_user_creat` (`fk_user_creat`),
  KEY `idx_projet_task_fk_user_valid` (`fk_user_valid`),
  CONSTRAINT `fk_projet_task_fk_projet` FOREIGN KEY (`fk_projet`) REFERENCES `llx_projet` (`rowid`),
  CONSTRAINT `fk_projet_task_fk_user_creat` FOREIGN KEY (`fk_user_creat`) REFERENCES `llx_user` (`rowid`),
  CONSTRAINT `fk_projet_task_fk_user_valid` FOREIGN KEY (`fk_user_valid`) REFERENCES `llx_user` (`rowid`)
) ENGINE=InnoDB AUTO_INCREMENT=11 DEFAULT CHARSET=utf8mb3 COLLATE=utf8mb3_unicode_ci;

--
-- Dumping data for table `llx_projet_task`
--

INSERT INTO `llx_projet_task` (`rowid`, `ref`, `entity`, `fk_projet`, `fk_task_parent`, `datec`, `tms`, `dateo`, `datee`, `datev`, `label`, `description`, `duration_effective`, `planned_workload`, `progress`, `priority`, `budget_amount`, `fk_user_creat`, `fk_user_modif`, `fk_user_valid`, `fk_statut`, `note_private`, `note_public`, `rang`, `model_pdf`, `import_key`, `status`, `billable`) VALUES (2,'2',1,5,0,'2012-07-11 16:23:53','2015-09-08 23:06:14','2012-07-11 12:00:00','2013-07-14 12:00:00',NULL,'Heberger site RMLL','',0,0,0,0,NULL,1,NULL,NULL,0,NULL,NULL,0,NULL,NULL,1,1),(3,'TK1007-0001',1,1,0,'2016-12-21 13:52:41','2018-07-30 11:35:40','2016-12-21 16:52:00',NULL,NULL,'Analyze','',9000,36000,0,0,NULL,1,NULL,NULL,0,NULL,'gdfgdfgdf',0,NULL,NULL,1,1),(4,'TK1007-0002',1,1,0,'2016-12-21 13:55:39','2020-06-12 17:13:30','2016-12-21 16:55:00',NULL,NULL,'Specification','',10800,18000,25,0,NULL,1,NULL,NULL,0,NULL,NULL,0,NULL,NULL,1,1),(5,'TK1007-0003',1,1,0,'2016-12-21 14:16:58','2018-07-30 11:35:59','2016-12-21 17:16:00',NULL,NULL,'Development','',0,0,0,0,NULL,1,NULL,NULL,0,NULL,NULL,0,NULL,NULL,1,1),(6,'TK1607-0004',1,6,0,'2018-07-30 15:33:27','2023-08-15 11:50:39','2018-07-30 02:00:00',NULL,NULL,'Project preparation phase A','',21720,720000,10,0,NULL,12,NULL,NULL,0,NULL,NULL,0,NULL,NULL,1,1),(7,'TK1607-0005',1,6,0,'2018-07-30 15:33:39','2025-06-27 11:02:19','2018-07-30 02:00:00',NULL,NULL,'Project preparation phase B','',660,1080000,5,0,NULL,12,NULL,NULL,2,NULL,NULL,0,NULL,NULL,1,1),(8,'TK1607-0006',1,6,0,'2018-07-30 15:33:53','2023-02-23 21:11:30','2018-07-30 02:00:00',NULL,NULL,'Project execution phase A','',7200,162000,0,0,NULL,12,NULL,NULL,0,NULL,NULL,0,NULL,NULL,1,1),(9,'TK1607-0007',1,6,0,'2018-07-30 15:34:09','2018-07-30 11:34:09','2018-10-27 02:00:00',NULL,NULL,'Project execution phase B','',0,2160000,0,0,NULL,12,NULL,NULL,0,NULL,NULL,0,NULL,NULL,1,1),(10,'TK1007-0008',1,1,0,'2018-07-30 15:36:31','2018-07-30 11:36:31','2018-07-30 02:00:00',NULL,NULL,'Tests','',0,316800,0,0,NULL,12,NULL,NULL,0,NULL,NULL,0,NULL,NULL,1,1);

--
-- Table structure for table `llx_projet_task_extrafields`
--

CREATE TABLE `llx_projet_task_extrafields` (
  `rowid` int(11) NOT NULL AUTO_INCREMENT,
  `tms` timestamp NOT NULL DEFAULT current_timestamp() ON UPDATE current_timestamp(),
  `fk_object` int(11) NOT NULL,
  `import_key` varchar(14) DEFAULT NULL,
  PRIMARY KEY (`rowid`),
  UNIQUE KEY `uk_projet_task_extrafields` (`fk_object`),
  KEY `idx_projet_task_extrafields` (`fk_object`)
) ENGINE=InnoDB DEFAULT CHARSET=utf8mb3 COLLATE=utf8mb3_unicode_ci;

--
-- Dumping data for table `llx_projet_task_extrafields`
--


--
-- Table structure for table `llx_propal`
--

CREATE TABLE `llx_propal` (
  `rowid` int(11) NOT NULL AUTO_INCREMENT,
  `fk_soc` int(11) DEFAULT NULL,
  `fk_projet` int(11) DEFAULT NULL,
  `tms` timestamp NOT NULL DEFAULT current_timestamp() ON UPDATE current_timestamp(),
  `ref` varchar(30) NOT NULL,
  `entity` int(11) NOT NULL DEFAULT 1,
  `ref_ext` varchar(255) DEFAULT NULL,
  `ref_int` varchar(255) DEFAULT NULL,
  `ref_client` varchar(255) DEFAULT NULL,
  `datec` datetime DEFAULT NULL,
  `datep` date DEFAULT NULL,
  `fin_validite` datetime DEFAULT NULL,
  `date_valid` datetime DEFAULT NULL,
  `date_signature` datetime DEFAULT NULL,
  `date_cloture` datetime DEFAULT NULL,
  `fk_user_author` int(11) DEFAULT NULL,
  `fk_user_modif` int(11) DEFAULT NULL,
  `fk_user_valid` int(11) DEFAULT NULL,
  `fk_user_signature` int(11) DEFAULT NULL,
  `fk_user_cloture` int(11) DEFAULT NULL,
  `fk_statut` smallint(6) NOT NULL DEFAULT 0,
  `price` double DEFAULT 0,
  `remise_percent` double DEFAULT 0,
  `remise_absolue` double DEFAULT 0,
  `remise` double DEFAULT 0,
  `total_ht` double(24,8) DEFAULT 0.00000000,
  `total_tva` double(24,8) DEFAULT 0.00000000,
  `localtax1` double(24,8) DEFAULT 0.00000000,
  `localtax2` double(24,8) DEFAULT 0.00000000,
  `total_ttc` double(24,8) DEFAULT 0.00000000,
  `fk_account` int(11) DEFAULT NULL,
  `fk_currency` varchar(3) DEFAULT NULL,
  `fk_cond_reglement` int(11) DEFAULT NULL,
  `deposit_percent` varchar(63) DEFAULT NULL,
  `fk_mode_reglement` int(11) DEFAULT NULL,
  `note_private` text DEFAULT NULL,
  `note_public` text DEFAULT NULL,
  `model_pdf` varchar(255) DEFAULT NULL,
  `model_pdf_pos_sign` varchar(32) DEFAULT NULL,
  `date_livraison` date DEFAULT NULL,
  `fk_shipping_method` int(11) DEFAULT NULL,
  `fk_warehouse` int(11) DEFAULT NULL,
  `fk_availability` int(11) DEFAULT NULL,
  `fk_delivery_address` int(11) DEFAULT NULL,
  `fk_input_reason` int(11) DEFAULT NULL,
  `import_key` varchar(14) DEFAULT NULL,
  `extraparams` varchar(255) DEFAULT NULL,
  `fk_incoterms` int(11) DEFAULT NULL,
  `location_incoterms` varchar(255) DEFAULT NULL,
  `fk_multicurrency` int(11) DEFAULT NULL,
  `multicurrency_code` varchar(3) DEFAULT NULL,
  `multicurrency_tx` double(24,8) DEFAULT 1.00000000,
  `multicurrency_total_ht` double(24,8) DEFAULT 0.00000000,
  `multicurrency_total_tva` double(24,8) DEFAULT 0.00000000,
  `multicurrency_total_ttc` double(24,8) DEFAULT 0.00000000,
  `last_main_doc` varchar(255) DEFAULT NULL,
  `online_sign_ip` varchar(48) DEFAULT NULL,
  `online_sign_name` varchar(64) DEFAULT NULL,
  PRIMARY KEY (`rowid`),
  UNIQUE KEY `uk_propal_ref` (`ref`,`entity`),
  KEY `idx_propal_fk_soc` (`fk_soc`),
  KEY `idx_propal_fk_user_author` (`fk_user_author`),
  KEY `idx_propal_fk_user_valid` (`fk_user_valid`),
  KEY `idx_propal_fk_user_cloture` (`fk_user_cloture`),
  KEY `idx_propal_fk_projet` (`fk_projet`),
  KEY `idx_propal_fk_account` (`fk_account`),
  KEY `idx_propal_fk_currency` (`fk_currency`),
  KEY `idx_propal_fk_warehouse` (`fk_warehouse`),
  KEY `fk_propal_fk_user_signature` (`fk_user_signature`),
  CONSTRAINT `fk_propal_fk_projet` FOREIGN KEY (`fk_projet`) REFERENCES `llx_projet` (`rowid`),
  CONSTRAINT `fk_propal_fk_soc` FOREIGN KEY (`fk_soc`) REFERENCES `llx_societe` (`rowid`),
  CONSTRAINT `fk_propal_fk_user_author` FOREIGN KEY (`fk_user_author`) REFERENCES `llx_user` (`rowid`),
  CONSTRAINT `fk_propal_fk_user_cloture` FOREIGN KEY (`fk_user_cloture`) REFERENCES `llx_user` (`rowid`),
  CONSTRAINT `fk_propal_fk_user_signature` FOREIGN KEY (`fk_user_signature`) REFERENCES `llx_user` (`rowid`),
  CONSTRAINT `fk_propal_fk_user_valid` FOREIGN KEY (`fk_user_valid`) REFERENCES `llx_user` (`rowid`)
) ENGINE=InnoDB AUTO_INCREMENT=44 DEFAULT CHARSET=utf8mb3 COLLATE=utf8mb3_unicode_ci;

--
-- Dumping data for table `llx_propal`
--

INSERT INTO `llx_propal` (`rowid`, `fk_soc`, `fk_projet`, `tms`, `ref`, `entity`, `ref_ext`, `ref_int`, `ref_client`, `datec`, `datep`, `fin_validite`, `date_valid`, `date_signature`, `date_cloture`, `fk_user_author`, `fk_user_modif`, `fk_user_valid`, `fk_user_signature`, `fk_user_cloture`, `fk_statut`, `price`, `remise_percent`, `remise_absolue`, `remise`, `total_ht`, `total_tva`, `localtax1`, `localtax2`, `total_ttc`, `fk_account`, `fk_currency`, `fk_cond_reglement`, `deposit_percent`, `fk_mode_reglement`, `note_private`, `note_public`, `model_pdf`, `model_pdf_pos_sign`, `date_livraison`, `fk_shipping_method`, `fk_warehouse`, `fk_availability`, `fk_delivery_address`, `fk_input_reason`, `import_key`, `extraparams`, `fk_incoterms`, `location_incoterms`, `fk_multicurrency`, `multicurrency_code`, `multicurrency_tx`, `multicurrency_total_ht`, `multicurrency_total_tva`, `multicurrency_total_ttc`, `last_main_doc`, `online_sign_ip`, `online_sign_name`) VALUES (1,2,NULL,'2026-02-15 18:44:54','PR1007-0001',1,NULL,NULL,'','2012-07-09 01:33:49','2024-07-09','2023-07-24 12:00:00','2023-08-08 14:24:18',NULL,NULL,1,NULL,1,NULL,NULL,1,0,NULL,NULL,0,30.00000000,3.84000000,0.00000000,0.00000000,33.84000000,NULL,NULL,1,NULL,0,'','','azur',NULL,NULL,NULL,NULL,NULL,NULL,0,NULL,NULL,NULL,NULL,NULL,NULL,1.00000000,0.00000000,0.00000000,0.00000000,'propale/PR1007-0001/PR1007-0001.pdf',NULL,NULL),(2,1,NULL,'2026-02-15 18:44:54','PR1007-0002',1,NULL,NULL,'','2012-07-10 02:11:44','2024-07-10','2023-07-25 12:00:00','2024-07-10 02:12:55','2020-07-20 15:23:12','2023-07-20 15:23:12',1,NULL,1,1,1,2,0,NULL,NULL,0,10.00000000,0.00000000,0.00000000,0.00000000,10.00000000,NULL,NULL,1,NULL,1,'','','azur',NULL,NULL,NULL,NULL,NULL,NULL,0,NULL,NULL,NULL,NULL,NULL,NULL,1.00000000,0.00000000,0.00000000,0.00000000,'propale/PR1007-0002/PR1007-0002.pdf',NULL,NULL),(3,4,NULL,'2026-02-15 18:44:54','PR1007-0003',1,NULL,NULL,'','2012-07-18 11:35:11','2024-07-18','2024-08-02 12:00:00','2024-07-18 11:36:18','2020-07-20 15:21:15','2024-07-20 15:21:15',1,NULL,1,1,1,2,0,NULL,NULL,0,10.00000000,0.00000000,0.00000000,0.00000000,10.00000000,NULL,NULL,1,NULL,0,'','','azur',NULL,NULL,NULL,NULL,NULL,NULL,0,NULL,NULL,NULL,NULL,NULL,NULL,1.00000000,0.00000000,0.00000000,0.00000000,'propale/PR1007-0003/PR1007-0003.pdf',NULL,NULL),(5,19,NULL,'2026-02-15 18:44:54','PR1302-0005',1,NULL,NULL,'','2015-02-17 15:39:56','2024-02-17','2024-03-04 12:00:00','2023-11-15 23:27:10',NULL,NULL,1,NULL,12,NULL,NULL,1,0,NULL,NULL,0,10.00000000,2.00000000,0.00000000,0.00000000,12.00000000,NULL,NULL,1,NULL,0,'','','azur',NULL,NULL,NULL,NULL,0,NULL,0,NULL,NULL,NULL,NULL,NULL,NULL,1.00000000,0.00000000,0.00000000,0.00000000,'propale/PR1302-0005/PR1302-0005.pdf',NULL,NULL),(6,19,NULL,'2026-02-15 18:44:54','PR1302-0006',1,NULL,NULL,'','2015-02-17 15:40:12','2024-02-17','2024-03-04 12:00:00',NULL,NULL,NULL,1,NULL,NULL,NULL,NULL,0,0,NULL,NULL,0,0.00000000,0.00000000,0.00000000,0.00000000,0.00000000,NULL,NULL,1,NULL,0,'','','azur',NULL,NULL,NULL,NULL,0,NULL,0,NULL,NULL,NULL,NULL,NULL,NULL,1.00000000,0.00000000,0.00000000,0.00000000,'propale/PR1302-0006/PR1302-0006.pdf',NULL,NULL),(7,19,NULL,'2026-02-15 18:44:54','PR1302-0007',1,NULL,NULL,'','2015-02-17 15:41:15','2024-02-17','2024-03-04 12:00:00','2023-01-29 21:49:33',NULL,NULL,1,NULL,12,NULL,NULL,1,0,NULL,NULL,0,400.00000000,0.00000000,0.00000000,0.00000000,400.00000000,NULL,NULL,1,NULL,0,'','','azur',NULL,NULL,NULL,NULL,0,NULL,0,NULL,NULL,NULL,NULL,NULL,NULL,1.00000000,400.00000000,0.00000000,400.00000000,'propale/PR1302-0007/PR1302-0007.pdf',NULL,NULL),(8,19,NULL,'2026-02-15 18:44:54','PR1302-0008',1,NULL,NULL,'','2015-02-17 15:43:39','2024-02-17','2024-03-04 12:00:00',NULL,NULL,NULL,1,NULL,NULL,NULL,NULL,0,0,NULL,NULL,0,0.00000000,0.00000000,0.00000000,0.00000000,0.00000000,NULL,NULL,1,NULL,0,'','','azur',NULL,NULL,NULL,NULL,0,NULL,0,NULL,NULL,NULL,NULL,NULL,NULL,1.00000000,0.00000000,0.00000000,0.00000000,'propale/PR1302-0008/PR1302-0008.pdf',NULL,NULL),(10,7,4,'2026-02-15 18:44:54','PR1909-0031',1,NULL,NULL,'','2017-11-15 23:37:08','2024-11-15','2024-11-30 12:00:00','2024-09-27 16:54:30',NULL,NULL,12,NULL,12,NULL,NULL,1,0,NULL,NULL,0,10.00000000,0.00000000,0.00000000,0.00000000,10.00000000,NULL,NULL,1,NULL,3,'','','azur',NULL,NULL,NULL,NULL,0,NULL,0,NULL,NULL,0,'',NULL,NULL,1.00000000,10.00000000,0.00000000,10.00000000,'propale/PR1909-0031/PR1909-0031.pdf',NULL,NULL),(11,1,NULL,'2026-02-15 18:44:54','PR1702-0009',1,NULL,NULL,'','2017-02-16 01:44:58','2024-05-13','2024-05-28 12:00:00','2024-02-16 01:44:58',NULL,NULL,1,NULL,1,NULL,NULL,1,0,NULL,NULL,0,60.00000000,0.00000000,0.00000000,0.00000000,60.00000000,NULL,NULL,3,NULL,3,'','','',NULL,NULL,NULL,NULL,0,NULL,0,NULL,NULL,0,'',0,'EUR',1.00000000,60.00000000,0.00000000,60.00000000,'propale/PR1702-0009/PR1702-0009.pdf',NULL,NULL),(12,7,NULL,'2026-02-15 18:44:54','PR1702-0010',1,NULL,NULL,'','2017-02-16 01:45:44','2024-06-24','2023-07-09 12:00:00','2024-02-16 01:45:44',NULL,NULL,2,NULL,2,NULL,NULL,1,0,NULL,NULL,0,832.00000000,0.00000000,0.00000000,0.00000000,832.00000000,NULL,NULL,3,NULL,3,'','','',NULL,NULL,NULL,NULL,0,NULL,0,NULL,NULL,0,'',0,'EUR',1.00000000,832.00000000,0.00000000,832.00000000,'propale/PR1702-0010/PR1702-0010.pdf',NULL,NULL),(13,26,NULL,'2026-02-15 18:44:54','PR1702-0011',1,NULL,NULL,'','2017-02-16 01:46:15','2024-04-03','2023-04-18 12:00:00','2024-02-16 01:46:15',NULL,NULL,1,NULL,1,NULL,NULL,1,0,NULL,NULL,0,242.00000000,0.00000000,0.00000000,0.00000000,242.00000000,NULL,NULL,3,NULL,3,'','','',NULL,NULL,NULL,NULL,0,NULL,0,NULL,NULL,0,'',0,'EUR',1.00000000,242.00000000,0.00000000,242.00000000,'propale/PR1702-0011/PR1702-0011.pdf',NULL,NULL),(14,3,NULL,'2026-02-15 18:44:54','PR1702-0012',1,NULL,NULL,'','2017-02-16 01:46:15','2024-06-19','2023-07-04 12:00:00','2024-02-16 01:46:15',NULL,NULL,2,NULL,2,NULL,NULL,1,0,NULL,NULL,0,245.00000000,0.00000000,0.00000000,0.00000000,245.00000000,NULL,NULL,3,NULL,3,'','','',NULL,NULL,NULL,NULL,0,NULL,0,NULL,NULL,0,'',0,'EUR',1.00000000,245.00000000,0.00000000,245.00000000,'propale/PR1702-0012/PR1702-0012.pdf',NULL,NULL),(15,26,NULL,'2026-02-15 18:44:54','PR1702-0013',1,NULL,NULL,'','2017-02-16 01:46:15','2024-05-01','2024-05-16 12:00:00','2023-02-16 01:46:15',NULL,NULL,2,NULL,2,NULL,NULL,1,0,NULL,NULL,0,940.00000000,0.00000000,0.00000000,0.00000000,940.00000000,NULL,NULL,3,NULL,3,'','','',NULL,NULL,NULL,NULL,0,NULL,0,NULL,NULL,0,'',0,'EUR',1.00000000,940.00000000,0.00000000,940.00000000,'propale/PR1702-0013/PR1702-0013.pdf',NULL,NULL),(16,1,NULL,'2026-02-15 18:44:54','PR1702-0014',1,NULL,NULL,'','2017-02-16 01:46:15','2024-05-13','2024-05-28 12:00:00','2024-02-16 01:46:15',NULL,NULL,2,NULL,2,NULL,NULL,1,0,NULL,NULL,0,125.00000000,0.00000000,0.00000000,0.00000000,125.00000000,NULL,NULL,3,NULL,3,'','','',NULL,NULL,NULL,NULL,0,NULL,0,NULL,NULL,0,'',0,'EUR',1.00000000,125.00000000,0.00000000,125.00000000,'propale/PR1702-0014/PR1702-0014.pdf',NULL,NULL),(17,1,NULL,'2026-02-15 18:44:54','PR1702-0015',1,NULL,NULL,'','2017-02-16 01:46:15','2024-07-23','2024-08-07 12:00:00','2024-02-16 01:46:15',NULL,NULL,1,NULL,1,NULL,NULL,1,0,NULL,NULL,0,163.00000000,0.00000000,0.00000000,0.00000000,163.00000000,NULL,NULL,3,NULL,3,'','','',NULL,NULL,NULL,NULL,0,NULL,0,NULL,NULL,0,'',0,'EUR',1.00000000,163.00000000,0.00000000,163.00000000,'propale/PR1702-0015/PR1702-0015.pdf',NULL,NULL),(18,26,NULL,'2026-02-15 18:44:54','PR1702-0016',1,NULL,NULL,'','2017-02-16 01:46:15','2024-02-13','2024-02-28 12:00:00','2024-02-16 01:46:15',NULL,NULL,2,NULL,2,NULL,NULL,1,0,NULL,NULL,0,900.00000000,0.00000000,0.00000000,0.00000000,900.00000000,NULL,NULL,3,NULL,3,'','','',NULL,NULL,NULL,NULL,0,NULL,0,NULL,NULL,0,'',0,'EUR',1.00000000,900.00000000,0.00000000,900.00000000,'propale/PR1702-0016/PR1702-0016.pdf',NULL,NULL),(19,12,NULL,'2026-02-15 18:44:54','PR1702-0017',1,NULL,NULL,'','2017-02-16 01:46:15','2024-03-30','2024-04-14 12:00:00','2024-02-16 01:46:15',NULL,NULL,2,NULL,2,NULL,NULL,1,0,NULL,NULL,0,200.00000000,0.00000000,0.00000000,0.00000000,200.00000000,NULL,NULL,3,NULL,3,'','','',NULL,NULL,NULL,NULL,0,NULL,0,NULL,NULL,0,'',0,'EUR',1.00000000,200.00000000,0.00000000,200.00000000,'propale/PR1702-0017/PR1702-0017.pdf',NULL,NULL),(20,26,NULL,'2026-02-15 18:44:54','PR1702-0018',1,NULL,NULL,'','2017-02-16 01:46:15','2024-11-13','2024-11-28 12:00:00','2024-02-16 01:46:15',NULL,NULL,1,NULL,1,NULL,NULL,1,0,NULL,NULL,0,830.00000000,0.00000000,0.00000000,0.00000000,830.00000000,NULL,NULL,3,NULL,3,'','','',NULL,NULL,NULL,NULL,0,NULL,0,NULL,NULL,0,'',0,'EUR',1.00000000,830.00000000,0.00000000,830.00000000,'propale/PR1702-0018/PR1702-0018.pdf',NULL,NULL),(21,1,NULL,'2026-02-15 18:44:54','PR1702-0019',1,NULL,NULL,'','2017-02-16 01:46:15','2024-09-23','2024-10-08 12:00:00','2024-02-16 04:47:09',NULL,NULL,1,NULL,12,NULL,NULL,1,0,NULL,NULL,0,89.00000000,0.00000000,0.00000000,0.00000000,89.00000000,NULL,NULL,3,NULL,3,'','','',NULL,NULL,NULL,NULL,0,NULL,0,NULL,NULL,0,'',0,'EUR',1.00000000,89.00000000,0.00000000,89.00000000,'propale/PR1702-0019/PR1702-0019.pdf',NULL,NULL),(22,26,NULL,'2026-02-15 18:44:54','PR1702-0020',1,NULL,NULL,'','2017-02-16 01:46:15','2024-11-13','2024-11-28 12:00:00','2024-02-16 01:46:15',NULL,NULL,1,NULL,1,NULL,NULL,0,0,NULL,NULL,0,75.00000000,0.30000000,0.00000000,0.00000000,75.30000000,NULL,NULL,3,NULL,3,'','','',NULL,NULL,NULL,NULL,0,NULL,0,NULL,NULL,0,'',0,'EUR',1.00000000,75.00000000,0.30000000,75.30000000,'propale/PR1702-0020/PR1702-0020.pdf',NULL,NULL),(23,12,NULL,'2026-02-15 18:44:54','PR1702-0021',1,NULL,NULL,'','2017-02-16 01:46:17','2024-04-03','2023-04-18 12:00:00','2023-02-17 16:07:18',NULL,NULL,2,NULL,12,NULL,NULL,1,0,NULL,NULL,0,715.00000000,0.00000000,0.00000000,0.00000000,715.00000000,NULL,NULL,3,NULL,3,'','','',NULL,NULL,NULL,NULL,0,NULL,0,NULL,NULL,0,'',0,'EUR',1.00000000,715.00000000,0.00000000,715.00000000,'propale/PR1702-0021/PR1702-0021.pdf',NULL,NULL),(24,7,NULL,'2026-02-15 18:44:54','PR1702-0022',1,NULL,NULL,'','2017-02-16 01:46:17','2024-11-13','2024-11-28 12:00:00','2024-02-16 01:46:17',NULL,NULL,2,NULL,2,NULL,NULL,1,0,NULL,NULL,0,250.00000000,0.00000000,0.00000000,0.00000000,250.00000000,NULL,NULL,3,NULL,3,'','','',NULL,NULL,NULL,NULL,0,NULL,0,NULL,NULL,0,'',0,'EUR',1.00000000,250.00000000,0.00000000,250.00000000,'propale/PR1702-0022/PR1702-0022.pdf',NULL,NULL),(25,3,NULL,'2026-02-15 18:44:54','PR1702-0023',1,NULL,NULL,'','2017-02-16 01:46:17','2024-07-09','2023-07-24 12:00:00','2024-02-16 01:46:17','2020-02-16 04:47:29','2024-02-16 04:47:29',1,NULL,1,12,12,4,0,NULL,NULL,0,1018.00000000,0.00000000,0.00000000,0.00000000,1018.00000000,NULL,NULL,3,NULL,3,'','','',NULL,NULL,NULL,NULL,0,NULL,0,NULL,NULL,0,'',0,'EUR',1.00000000,1018.00000000,0.00000000,1018.00000000,'propale/PR1702-0023/PR1702-0023.pdf',NULL,NULL),(26,1,NULL,'2026-02-15 18:44:54','PR1702-0024',1,NULL,NULL,'','2017-02-16 01:46:17','2024-04-03','2023-04-18 12:00:00','2023-02-16 01:46:18',NULL,NULL,2,NULL,2,NULL,NULL,1,0,NULL,NULL,0,710.00000000,0.00000000,0.00000000,0.00000000,710.00000000,NULL,NULL,3,NULL,3,'','','',NULL,NULL,NULL,NULL,0,NULL,0,NULL,NULL,0,'',0,'EUR',1.00000000,710.00000000,0.00000000,710.00000000,'propale/PR1702-0024/PR1702-0024.pdf',NULL,NULL),(27,6,NULL,'2026-02-15 18:44:54','PR1702-0025',1,NULL,NULL,'','2017-02-16 01:46:18','2024-11-12','2024-11-27 12:00:00','2024-02-16 01:46:18',NULL,NULL,1,NULL,1,NULL,NULL,1,0,NULL,NULL,0,300.00000000,0.00000000,0.00000000,0.00000000,300.00000000,NULL,NULL,3,NULL,3,'','','',NULL,NULL,NULL,NULL,0,NULL,0,NULL,NULL,0,'',0,'EUR',1.00000000,300.00000000,0.00000000,300.00000000,'propale/PR1702-0025/PR1702-0025.pdf',NULL,NULL),(28,19,NULL,'2026-02-15 18:44:54','PR1702-0026',1,NULL,NULL,'','2017-02-16 01:46:18','2024-07-30','2024-08-14 12:00:00','2024-02-16 01:46:18','2020-02-16 04:46:31','2024-02-16 04:46:31',2,NULL,2,12,12,2,0,NULL,NULL,0,440.00000000,0.00000000,0.00000000,0.00000000,440.00000000,NULL,NULL,3,NULL,3,'','','',NULL,NULL,NULL,NULL,0,NULL,0,NULL,NULL,0,'',0,'EUR',1.00000000,440.00000000,0.00000000,440.00000000,'propale/PR1702-0026/PR1702-0026.pdf',NULL,NULL),(29,1,NULL,'2026-02-15 18:44:54','PR1702-0027',1,NULL,NULL,'','2017-02-16 01:46:18','2024-07-23','2024-08-07 12:00:00','2024-02-16 01:46:18','2021-12-20 20:50:23','2024-12-20 20:50:23',2,NULL,2,12,12,2,0,NULL,NULL,0,1000.00000000,0.00000000,0.00000000,0.00000000,1000.00000000,NULL,NULL,3,NULL,3,'','','',NULL,NULL,NULL,NULL,0,NULL,0,NULL,NULL,0,'',0,'EUR',1.00000000,1000.00000000,0.00000000,1000.00000000,'propale/PR1702-0027/PR1702-0027.pdf',NULL,NULL),(30,1,NULL,'2026-02-15 18:44:54','PR1702-0028',1,NULL,NULL,'','2017-02-16 01:46:18','2024-05-01','2024-05-16 12:00:00','2023-02-16 01:46:18','2019-02-16 04:46:42','2023-02-16 04:46:42',2,NULL,2,12,12,3,0,NULL,NULL,0,1200.00000000,0.00000000,0.00000000,0.00000000,1200.00000000,NULL,NULL,3,NULL,3,'','','',NULL,NULL,NULL,NULL,0,NULL,0,NULL,NULL,0,'',0,'EUR',1.00000000,1200.00000000,0.00000000,1200.00000000,'propale/PR1702-0028/PR1702-0028.pdf',NULL,NULL),(31,11,NULL,'2026-02-15 18:44:54','PR1702-0029',1,NULL,NULL,'','2017-02-16 01:46:18','2024-06-24','2023-07-09 12:00:00','2024-02-16 01:46:18',NULL,NULL,1,NULL,1,NULL,NULL,1,0,NULL,NULL,0,720.00000000,0.00000000,0.00000000,0.00000000,720.00000000,NULL,NULL,3,NULL,3,'','','',NULL,NULL,NULL,NULL,0,NULL,0,NULL,NULL,0,'',0,'EUR',1.00000000,720.00000000,0.00000000,720.00000000,'propale/PR1702-0029/PR1702-0029.pdf',NULL,NULL),(32,19,NULL,'2026-02-15 18:44:54','PR1702-0030',1,NULL,NULL,'','2017-02-16 01:46:18','2024-11-12','2024-11-27 12:00:00','2024-02-16 01:46:18',NULL,NULL,2,NULL,2,NULL,NULL,1,0,NULL,NULL,0,608.00000000,0.00000000,0.00000000,0.00000000,608.00000000,NULL,NULL,3,NULL,3,'','','',NULL,NULL,NULL,NULL,0,NULL,0,NULL,NULL,0,'',0,'EUR',1.00000000,608.00000000,0.00000000,608.00000000,'propale/PR1702-0030/PR1702-0030.pdf',NULL,NULL),(33,10,6,'2026-02-15 18:44:54','PR1909-0032',1,NULL,NULL,'','2019-09-27 17:07:40','2024-09-27','2024-10-12 12:00:00','2024-09-27 17:08:59',NULL,NULL,12,12,12,NULL,NULL,1,0,NULL,NULL,0,0.00000000,0.00000000,0.00000000,0.00000000,0.00000000,NULL,NULL,NULL,NULL,NULL,'This is a private note','This is a public note','azur',NULL,NULL,NULL,NULL,0,NULL,0,NULL,NULL,0,'',1,'EUR',1.00000000,0.00000000,0.00000000,0.00000000,'propale/PR1909-0032/PR1909-0032.pdf',NULL,NULL),(34,10,6,'2026-02-15 18:44:54','PR1909-0033',1,NULL,NULL,'','2019-09-27 17:11:21','2024-09-27','2024-10-12 12:00:00','2024-09-27 17:13:13','2020-01-07 23:43:06',NULL,12,12,12,12,NULL,0,0,NULL,NULL,0,18.00000000,0.00000000,0.00000000,0.00000000,18.00000000,NULL,NULL,NULL,NULL,NULL,NULL,'a &amp; a<br />\r\nb &lt; r','azur',NULL,NULL,NULL,NULL,0,NULL,0,NULL,NULL,0,'',1,'EUR',1.00000000,18.00000000,0.00000000,18.00000000,'propale/PR1909-0033/PR1909-0033.pdf',NULL,NULL),(35,10,NULL,'2026-02-15 18:44:54','(PROV35)',1,NULL,NULL,'','2019-09-27 17:53:44','2024-09-27','2024-10-12 12:00:00',NULL,NULL,NULL,12,NULL,NULL,NULL,NULL,0,0,NULL,NULL,0,5.00000000,0.00000000,0.00000000,0.00000000,5.00000000,NULL,NULL,NULL,NULL,NULL,'','','azur',NULL,NULL,NULL,NULL,0,NULL,0,NULL,NULL,0,'',1,'EUR',1.00000000,5.00000000,0.00000000,5.00000000,'propale/(PROV35)/(PROV35).pdf',NULL,NULL),(36,1,10,'2026-02-15 18:44:54','PR2001-0034',1,NULL,NULL,'','2020-01-01 23:55:35','2024-01-01','2023-01-16 12:00:00','2023-03-20 10:08:48','2025-03-20 10:57:57',NULL,12,12,12,12,NULL,2,0,NULL,NULL,0,38.00000000,0.24000000,1.62000000,1.62000000,41.48000000,NULL,NULL,NULL,NULL,NULL,'','','cyan',NULL,NULL,2,NULL,0,NULL,0,NULL,'{\"concatpdf\":[\"bordereau-CHK2503-0147\"]}',0,'',1,'EUR',1.00000000,38.00000000,0.24000000,41.48000000,'propale/PR2001-0034/PR2001-0034.pdf','192.168.0.1',NULL),(37,10,NULL,'2026-02-15 18:44:54','(PROV37)',1,NULL,NULL,'','2020-01-06 00:44:16','2024-01-05','2023-01-20 12:00:00',NULL,NULL,NULL,12,NULL,NULL,NULL,NULL,0,0,NULL,NULL,0,10.00000000,0.00000000,0.00000000,0.00000000,10.00000000,NULL,NULL,NULL,NULL,NULL,'','','azur',NULL,NULL,NULL,NULL,0,NULL,0,NULL,NULL,0,'',1,'EUR',1.00000000,10.00000000,0.00000000,10.00000000,'propale/(PROV37)/(PROV37).pdf',NULL,NULL),(38,30,NULL,'2026-02-15 18:44:54','(PROV38)',1,NULL,NULL,'','2020-01-13 17:25:28','2024-01-13','2024-01-28 12:00:00',NULL,NULL,NULL,12,NULL,NULL,NULL,NULL,0,0,NULL,NULL,0,0.00000000,0.00000000,0.00000000,0.00000000,0.00000000,NULL,NULL,NULL,NULL,NULL,'','','azur',NULL,NULL,NULL,NULL,0,NULL,0,NULL,NULL,0,'',1,'EUR',1.00000000,0.00000000,0.00000000,0.00000000,'propale/(PROV38)/(PROV38).pdf',NULL,NULL),(39,1,NULL,'2026-02-15 18:44:54','(PROV39)',1,'',NULL,'','2023-03-11 15:30:02','2024-03-11','2024-03-26 12:00:00',NULL,NULL,NULL,12,NULL,NULL,NULL,NULL,0,0,NULL,NULL,0,41.97000000,3.63000000,1.96000000,1.96000000,49.52000000,NULL,NULL,NULL,NULL,NULL,'','','azur',NULL,NULL,NULL,NULL,0,NULL,0,NULL,NULL,0,'',1,'EUR',1.00000000,41.97000000,3.63000000,49.52000000,'propale/(PROV39)/(PROV39).pdf',NULL,NULL),(40,34,NULL,'2026-02-15 18:44:54','(PROV40)',1,'',NULL,'','2024-12-18 20:36:36','2024-12-18','2025-01-02 12:00:00',NULL,NULL,NULL,12,NULL,NULL,NULL,NULL,0,0,0,0,0,0.00000000,0.00000000,0.00000000,0.00000000,0.00000000,NULL,NULL,NULL,NULL,NULL,'','','azur',NULL,NULL,NULL,NULL,0,NULL,0,NULL,NULL,0,'',1,'EUR',1.00000000,0.00000000,0.00000000,0.00000000,'propale/(PROV40)/(PROV40).pdf',NULL,NULL),(42,32,NULL,'2026-02-15 18:44:54','(PROV42)',1,'',NULL,'','2025-04-07 14:53:14','2024-04-07','2024-04-22 12:00:00',NULL,NULL,NULL,12,NULL,NULL,NULL,NULL,0,0,0,0,0,9.00000000,0.00000000,0.00000000,0.00000000,9.00000000,NULL,NULL,NULL,NULL,NULL,'','','azur',NULL,NULL,NULL,NULL,0,NULL,0,NULL,NULL,0,'',1,'EUR',1.00000000,9.00000000,0.00000000,9.00000000,'propale/(PROV42)/(PROV42).pdf',NULL,NULL),(43,32,NULL,'2026-02-15 18:44:54','(PROV43)',1,'',NULL,'','2025-04-25 11:44:35','2024-04-25','2024-05-10 12:00:00',NULL,NULL,NULL,12,NULL,NULL,NULL,NULL,0,0,0,0,0,0.00000000,0.00000000,0.00000000,0.00000000,0.00000000,NULL,NULL,NULL,NULL,NULL,'','','azur',NULL,NULL,NULL,NULL,0,NULL,0,NULL,NULL,0,'',1,'EUR',1.00000000,0.00000000,0.00000000,0.00000000,'propale/(PROV43)/(PROV43).pdf',NULL,NULL);

--
-- Table structure for table `llx_propal_extrafields`
--

CREATE TABLE `llx_propal_extrafields` (
  `rowid` int(11) NOT NULL AUTO_INCREMENT,
  `tms` timestamp NOT NULL DEFAULT current_timestamp() ON UPDATE current_timestamp(),
  `fk_object` int(11) NOT NULL,
  `import_key` varchar(14) DEFAULT NULL,
  PRIMARY KEY (`rowid`),
  UNIQUE KEY `uk_propal_extrafields` (`fk_object`),
  KEY `idx_propal_extrafields` (`fk_object`)
) ENGINE=InnoDB DEFAULT CHARSET=utf8mb3 COLLATE=utf8mb3_unicode_ci;

--
-- Dumping data for table `llx_propal_extrafields`
--


--
-- Table structure for table `llx_propal_merge_pdf_product`
--

CREATE TABLE `llx_propal_merge_pdf_product` (
  `rowid` int(11) NOT NULL AUTO_INCREMENT,
  `fk_product` int(11) NOT NULL,
  `file_name` varchar(200) NOT NULL,
  `lang` varchar(5) DEFAULT NULL,
  `fk_user_author` int(11) DEFAULT NULL,
  `fk_user_mod` int(11) NOT NULL,
  `datec` datetime NOT NULL,
  `tms` timestamp NOT NULL DEFAULT current_timestamp() ON UPDATE current_timestamp(),
  `import_key` varchar(14) DEFAULT NULL,
  PRIMARY KEY (`rowid`)
) ENGINE=InnoDB DEFAULT CHARSET=utf8mb3 COLLATE=utf8mb3_unicode_ci;

--
-- Dumping data for table `llx_propal_merge_pdf_product`
--


--
-- Table structure for table `llx_propaldet`
--

CREATE TABLE `llx_propaldet` (
  `rowid` int(11) NOT NULL AUTO_INCREMENT,
  `fk_propal` int(11) DEFAULT NULL,
  `fk_parent_line` int(11) DEFAULT NULL,
  `fk_product` int(11) DEFAULT NULL,
  `label` varchar(255) DEFAULT NULL,
  `description` text DEFAULT NULL,
  `fk_remise_except` int(11) DEFAULT NULL,
  `tva_tx` double(6,3) DEFAULT 0.000,
  `vat_src_code` varchar(10) DEFAULT '',
  `localtax1_tx` double(6,3) DEFAULT 0.000,
  `localtax1_type` varchar(10) DEFAULT NULL,
  `localtax2_tx` double(6,3) DEFAULT 0.000,
  `localtax2_type` varchar(10) DEFAULT NULL,
  `qty` double DEFAULT NULL,
  `remise_percent` double DEFAULT 0,
  `remise` double DEFAULT 0,
  `price` double DEFAULT NULL,
  `subprice` double(24,8) DEFAULT 0.00000000,
  `subprice_ttc` double(24,8) DEFAULT 0.00000000,
  `total_ht` double(24,8) DEFAULT 0.00000000,
  `total_tva` double(24,8) DEFAULT 0.00000000,
  `total_localtax1` double(24,8) DEFAULT 0.00000000,
  `total_localtax2` double(24,8) DEFAULT 0.00000000,
  `total_ttc` double(24,8) DEFAULT 0.00000000,
  `product_type` int(11) DEFAULT 0,
  `date_start` datetime DEFAULT NULL,
  `date_end` datetime DEFAULT NULL,
  `info_bits` int(11) DEFAULT 0,
  `fk_product_fournisseur_price` int(11) DEFAULT NULL,
  `buy_price_ht` double(24,8) DEFAULT 0.00000000,
  `special_code` int(10) unsigned DEFAULT 0,
  `rang` int(11) DEFAULT 0,
  `fk_unit` int(11) DEFAULT NULL,
  `fk_multicurrency` int(11) DEFAULT NULL,
  `multicurrency_code` varchar(3) DEFAULT NULL,
  `multicurrency_subprice` double(24,8) DEFAULT 0.00000000,
  `multicurrency_subprice_ttc` double(24,8) DEFAULT 0.00000000,
  `multicurrency_total_ht` double(24,8) DEFAULT 0.00000000,
  `multicurrency_total_tva` double(24,8) DEFAULT 0.00000000,
  `multicurrency_total_ttc` double(24,8) DEFAULT 0.00000000,
  `extraparams` varchar(255) DEFAULT NULL,
  `import_key` varchar(14) DEFAULT NULL,
  PRIMARY KEY (`rowid`),
  KEY `idx_propaldet_fk_propal` (`fk_propal`),
  KEY `idx_propaldet_fk_product` (`fk_product`),
  KEY `fk_propaldet_fk_unit` (`fk_unit`),
  CONSTRAINT `fk_propaldet_fk_propal` FOREIGN KEY (`fk_propal`) REFERENCES `llx_propal` (`rowid`),
  CONSTRAINT `fk_propaldet_fk_unit` FOREIGN KEY (`fk_unit`) REFERENCES `llx_c_units` (`rowid`)
) ENGINE=InnoDB AUTO_INCREMENT=150 DEFAULT CHARSET=utf8mb3 COLLATE=utf8mb3_unicode_ci;

--
-- Dumping data for table `llx_propaldet`
--

INSERT INTO `llx_propaldet` (`rowid`, `fk_propal`, `fk_parent_line`, `fk_product`, `label`, `description`, `fk_remise_except`, `tva_tx`, `vat_src_code`, `localtax1_tx`, `localtax1_type`, `localtax2_tx`, `localtax2_type`, `qty`, `remise_percent`, `remise`, `price`, `subprice`, `subprice_ttc`, `total_ht`, `total_tva`, `total_localtax1`, `total_localtax2`, `total_ttc`, `product_type`, `date_start`, `date_end`, `info_bits`, `fk_product_fournisseur_price`, `buy_price_ht`, `special_code`, `rang`, `fk_unit`, `fk_multicurrency`, `multicurrency_code`, `multicurrency_subprice`, `multicurrency_subprice_ttc`, `multicurrency_total_ht`, `multicurrency_total_tva`, `multicurrency_total_ttc`, `extraparams`, `import_key`) VALUES (1,1,NULL,NULL,NULL,'Une machine à café',NULL,12.500,'',0.000,'',0.000,'',1,0,0,NULL,10.00000000,0.00000000,10.00000000,1.25000000,0.00000000,0.00000000,11.25000000,0,NULL,NULL,0,NULL,0.00000000,0,1,NULL,NULL,NULL,0.00000000,0.00000000,0.00000000,0.00000000,0.00000000,NULL,NULL),(2,2,NULL,NULL,NULL,'Product 1',NULL,0.000,'',0.000,'',0.000,'',1,0,0,NULL,10.00000000,0.00000000,10.00000000,0.00000000,0.00000000,0.00000000,10.00000000,0,NULL,NULL,0,NULL,0.00000000,0,1,NULL,NULL,NULL,0.00000000,0.00000000,0.00000000,0.00000000,0.00000000,NULL,NULL),(3,2,NULL,2,NULL,'',NULL,0.000,'',0.000,'',0.000,'',1,0,0,NULL,NULL,0.00000000,0.00000000,0.00000000,0.00000000,0.00000000,0.00000000,0,NULL,NULL,0,NULL,0.00000000,0,2,NULL,NULL,NULL,0.00000000,0.00000000,0.00000000,0.00000000,0.00000000,NULL,NULL),(4,3,NULL,NULL,NULL,'A new marvelous product',NULL,0.000,'',0.000,'',0.000,'',1,0,0,NULL,10.00000000,0.00000000,10.00000000,0.00000000,0.00000000,0.00000000,10.00000000,0,NULL,NULL,0,NULL,0.00000000,0,1,NULL,NULL,NULL,0.00000000,0.00000000,0.00000000,0.00000000,0.00000000,NULL,NULL),(5,1,NULL,5,NULL,'cccc',NULL,19.600,'',0.000,'',0.000,'',1,0,0,NULL,10.00000000,0.00000000,10.00000000,1.96000000,0.00000000,0.00000000,11.96000000,0,NULL,NULL,0,NULL,0.00000000,0,2,NULL,NULL,NULL,0.00000000,0.00000000,0.00000000,0.00000000,0.00000000,NULL,NULL),(11,1,NULL,4,NULL,'',NULL,0.000,'',0.000,'',0.000,'',1,0,0,NULL,NULL,0.00000000,0.00000000,0.00000000,0.00000000,0.00000000,0.00000000,0,NULL,NULL,0,NULL,0.00000000,0,3,NULL,NULL,NULL,0.00000000,0.00000000,0.00000000,0.00000000,0.00000000,NULL,NULL),(12,1,NULL,4,NULL,'',NULL,0.000,'',0.000,'',0.000,'',1,0,0,NULL,5.00000000,0.00000000,5.00000000,0.00000000,0.00000000,0.00000000,5.00000000,0,NULL,NULL,0,NULL,0.00000000,0,4,NULL,NULL,NULL,0.00000000,0.00000000,0.00000000,0.00000000,0.00000000,NULL,NULL),(13,1,NULL,4,NULL,'',NULL,12.500,'',0.000,'',0.000,'',1,0,0,NULL,5.00000000,0.00000000,5.00000000,0.63000000,0.00000000,0.00000000,5.63000000,0,NULL,NULL,0,NULL,0.00000000,0,5,NULL,NULL,NULL,0.00000000,0.00000000,0.00000000,0.00000000,0.00000000,NULL,NULL),(24,5,NULL,NULL,NULL,'On demand Apple pie',NULL,20.000,'',0.000,'0',0.000,'0',1,0,0,NULL,10.00000000,0.00000000,10.00000000,2.00000000,0.00000000,0.00000000,12.00000000,0,NULL,NULL,0,NULL,0.00000000,0,1,NULL,NULL,NULL,0.00000000,0.00000000,0.00000000,0.00000000,0.00000000,NULL,NULL),(25,7,NULL,NULL,NULL,'Help to setup Magic Food computer',NULL,0.000,'',0.000,'0',0.000,'0',1,0,0,NULL,400.00000000,0.00000000,400.00000000,0.00000000,0.00000000,0.00000000,400.00000000,1,NULL,NULL,0,NULL,0.00000000,0,1,NULL,NULL,'',400.00000000,0.00000000,400.00000000,0.00000000,400.00000000,NULL,NULL),(26,11,NULL,5,NULL,'<strong><span style=\"font-family:roboto,uilanguagefont,arial,sans-serif; font-size:14px\">DoliDroid is the Android front-end client for Dolibarr ERP &amp; CRM web software.</span><br />\r\n<span style=\"font-family:roboto,uilanguagefont,arial,sans-serif; font-size:14px\">This application is not a standalone program. It is a front end to use a online hosted Dolibarr ERP &amp; CRM software (an Open-source web software to manage your business).</span></strong>\r\n<p><u>The advantage of DoliDroid are :</u><br />\r\n- DoliDroid is not a duplicate code of Dolibarr, but a front-end of a Dolibarr web installation, so all your online existing features are supported by this application. This is also true for external modules features.<br />\r\n- Upgrading Dolibarr will not break DoliDroid.<br />\r\n- DoliDroid use embedded image resources to reduce bandwidth usage.<br />\r\n- DoliDroid use internal cache for pages that should not change (like menu page)<br />\r\n- Connections parameters are saved. No need to enter them each time you use DoliDroid.<br />\r\n- Integration with your phone or other applications (Clicking on PDF open PDF reader, clicking onto email or phone launch your email application or launch Android dialer, ...)</p>\r\n\r\n<p><span style=\"color:#DAA520\"><strong>WARNING !&nbsp;</strong></span></p>\r\n\r\n<p>This application need Android 4.0+ and a hosted Dolibarr ERP &amp; CRM version 3.5 or newer accessible by internet<br />\r\n(For example, when hosted on any SaaS solution like DoliCloud -&nbsp;<a href=\"https://www.google.com/url?q=https://www.google.com/url?q%3Dhttp://www.dolicloud.com%26sa%3DD%26usg%3DAFQjCNGdd9htz4JDciiMtScpBwK83qIRkw&amp;sa=D&amp;usg=AFQjCNGMpCbxNnU5BiK59e368K5AR0l_pg\" style=\"text-decoration: none; color: rgb(51, 105, 30); cursor: pointer;\" target=\"_blank\">http://www.dolicloud.com</a>).</p>',NULL,0.000,'',0.000,'0',0.000,'0',5,0,0,NULL,10.00000000,0.00000000,50.00000000,0.00000000,0.00000000,0.00000000,50.00000000,0,NULL,NULL,0,NULL,0.00000000,0,1,NULL,NULL,'EUR',10.00000000,0.00000000,50.00000000,0.00000000,50.00000000,NULL,NULL),(27,11,NULL,5,NULL,'<strong><span style=\"font-family:roboto,uilanguagefont,arial,sans-serif; font-size:14px\">DoliDroid is the Android front-end client for Dolibarr ERP &amp; CRM web software.</span><br />\r\n<span style=\"font-family:roboto,uilanguagefont,arial,sans-serif; font-size:14px\">This application is not a standalone program. It is a front end to use a online hosted Dolibarr ERP &amp; CRM software (an Open-source web software to manage your business).</span></strong>\r\n<p><u>The advantage of DoliDroid are :</u><br />\r\n- DoliDroid is not a duplicate code of Dolibarr, but a front-end of a Dolibarr web installation, so all your online existing features are supported by this application. This is also true for external modules features.<br />\r\n- Upgrading Dolibarr will not break DoliDroid.<br />\r\n- DoliDroid use embedded image resources to reduce bandwidth usage.<br />\r\n- DoliDroid use internal cache for pages that should not change (like menu page)<br />\r\n- Connections parameters are saved. No need to enter them each time you use DoliDroid.<br />\r\n- Integration with your phone or other applications (Clicking on PDF open PDF reader, clicking onto email or phone launch your email application or launch Android dialer, ...)</p>\r\n\r\n<p><span style=\"color:#DAA520\"><strong>WARNING !&nbsp;</strong></span></p>\r\n\r\n<p>This application need Android 4.0+ and a hosted Dolibarr ERP &amp; CRM version 3.5 or newer accessible by internet<br />\r\n(For example, when hosted on any SaaS solution like DoliCloud -&nbsp;<a href=\"https://www.google.com/url?q=https://www.google.com/url?q%3Dhttp://www.dolicloud.com%26sa%3DD%26usg%3DAFQjCNGdd9htz4JDciiMtScpBwK83qIRkw&amp;sa=D&amp;usg=AFQjCNGMpCbxNnU5BiK59e368K5AR0l_pg\" style=\"text-decoration: none; color: rgb(51, 105, 30); cursor: pointer;\" target=\"_blank\">http://www.dolicloud.com</a>).</p>',NULL,0.000,'',0.000,'0',0.000,'0',1,0,0,NULL,10.00000000,0.00000000,10.00000000,0.00000000,0.00000000,0.00000000,10.00000000,0,NULL,NULL,0,NULL,0.00000000,0,2,NULL,NULL,'EUR',10.00000000,0.00000000,10.00000000,0.00000000,10.00000000,NULL,NULL),(28,12,NULL,4,NULL,'Nice Bio Apple Pie.<br />\r\n&nbsp;',NULL,0.000,'',0.000,'0',0.000,'0',1,0,0,NULL,5.00000000,0.00000000,5.00000000,0.00000000,0.00000000,0.00000000,5.00000000,0,NULL,NULL,0,NULL,0.00000000,0,1,NULL,NULL,'EUR',5.00000000,0.00000000,5.00000000,0.00000000,5.00000000,NULL,NULL),(29,12,NULL,1,NULL,'A beatifull pink dress',NULL,0.000,'',0.000,'0',0.000,'0',3,0,0,NULL,100.00000000,0.00000000,300.00000000,0.00000000,0.00000000,0.00000000,300.00000000,0,NULL,NULL,0,NULL,0.00000000,0,2,NULL,NULL,'EUR',100.00000000,0.00000000,300.00000000,0.00000000,300.00000000,NULL,NULL),(30,12,NULL,10,NULL,'A powerfull computer XP4523&nbsp;',NULL,0.000,'',0.000,'0',0.000,'0',4,0,0,NULL,100.00000000,0.00000000,400.00000000,0.00000000,0.00000000,0.00000000,400.00000000,0,NULL,NULL,0,NULL,0.00000000,0,3,NULL,NULL,'EUR',100.00000000,0.00000000,400.00000000,0.00000000,400.00000000,NULL,NULL),(31,12,NULL,12,NULL,'Cloud hosting of Dolibarr ERP and CRM software',NULL,0.000,'',0.000,'0',0.000,'0',3,0,0,NULL,9.00000000,0.00000000,27.00000000,0.00000000,0.00000000,0.00000000,27.00000000,0,NULL,NULL,0,NULL,0.00000000,0,4,NULL,NULL,'EUR',9.00000000,0.00000000,27.00000000,0.00000000,27.00000000,NULL,NULL),(32,12,NULL,10,NULL,'A powerfull computer XP4523&nbsp;',NULL,0.000,'',0.000,'0',0.000,'0',1,0,0,NULL,100.00000000,0.00000000,100.00000000,0.00000000,0.00000000,0.00000000,100.00000000,0,NULL,NULL,0,NULL,0.00000000,0,5,NULL,NULL,'EUR',100.00000000,0.00000000,100.00000000,0.00000000,100.00000000,NULL,NULL),(33,13,NULL,2,NULL,'',NULL,0.000,'',0.000,'0',0.000,'0',5,0,0,NULL,NULL,0.00000000,0.00000000,0.00000000,0.00000000,0.00000000,0.00000000,0,NULL,NULL,0,NULL,0.00000000,0,1,NULL,NULL,'EUR',0.00000000,0.00000000,0.00000000,0.00000000,0.00000000,NULL,NULL),(34,13,NULL,4,NULL,'Nice Bio Apple Pie.<br />\r\n&nbsp;',NULL,0.000,'',0.000,'0',0.000,'0',3,0,0,NULL,5.00000000,0.00000000,15.00000000,0.00000000,0.00000000,0.00000000,15.00000000,0,NULL,NULL,0,NULL,0.00000000,0,2,NULL,NULL,'EUR',5.00000000,0.00000000,15.00000000,0.00000000,15.00000000,NULL,NULL),(35,13,NULL,12,NULL,'Cloud hosting of Dolibarr ERP and CRM software',NULL,0.000,'',0.000,'0',0.000,'0',3,0,0,NULL,9.00000000,0.00000000,27.00000000,0.00000000,0.00000000,0.00000000,27.00000000,0,NULL,NULL,0,NULL,0.00000000,0,3,NULL,NULL,'EUR',9.00000000,0.00000000,27.00000000,0.00000000,27.00000000,NULL,NULL),(36,13,NULL,10,NULL,'A powerfull computer XP4523&nbsp;',NULL,0.000,'',0.000,'0',0.000,'0',2,0,0,NULL,100.00000000,0.00000000,200.00000000,0.00000000,0.00000000,0.00000000,200.00000000,0,NULL,NULL,0,NULL,0.00000000,0,4,NULL,NULL,'EUR',100.00000000,0.00000000,200.00000000,0.00000000,200.00000000,NULL,NULL),(37,14,NULL,10,NULL,'A powerfull computer XP4523&nbsp;',NULL,0.000,'',0.000,'0',0.000,'0',2,0,0,NULL,100.00000000,0.00000000,200.00000000,0.00000000,0.00000000,0.00000000,200.00000000,0,NULL,NULL,0,NULL,0.00000000,0,1,NULL,NULL,'EUR',100.00000000,0.00000000,200.00000000,0.00000000,200.00000000,NULL,NULL),(38,14,NULL,12,NULL,'Cloud hosting of Dolibarr ERP and CRM software',NULL,0.000,'',0.000,'0',0.000,'0',5,0,0,NULL,9.00000000,0.00000000,45.00000000,0.00000000,0.00000000,0.00000000,45.00000000,0,NULL,NULL,0,NULL,0.00000000,0,2,NULL,NULL,'EUR',9.00000000,0.00000000,45.00000000,0.00000000,45.00000000,NULL,NULL),(39,15,NULL,13,NULL,'A powerfull computer XP4523&nbsp;',NULL,0.000,'',0.000,'0',0.000,'0',3,0,0,NULL,100.00000000,0.00000000,300.00000000,0.00000000,0.00000000,0.00000000,300.00000000,0,NULL,NULL,0,NULL,0.00000000,0,1,NULL,NULL,'EUR',100.00000000,0.00000000,300.00000000,0.00000000,300.00000000,NULL,NULL),(40,15,NULL,10,NULL,'A powerfull computer XP4523&nbsp;',NULL,0.000,'',0.000,'0',0.000,'0',3,0,0,NULL,100.00000000,0.00000000,300.00000000,0.00000000,0.00000000,0.00000000,300.00000000,0,NULL,NULL,0,NULL,0.00000000,0,2,NULL,NULL,'EUR',100.00000000,0.00000000,300.00000000,0.00000000,300.00000000,NULL,NULL),(41,15,NULL,10,NULL,'A powerfull computer XP4523&nbsp;',NULL,0.000,'',0.000,'0',0.000,'0',3,0,0,NULL,100.00000000,0.00000000,300.00000000,0.00000000,0.00000000,0.00000000,300.00000000,0,NULL,NULL,0,NULL,0.00000000,0,3,NULL,NULL,'EUR',100.00000000,0.00000000,300.00000000,0.00000000,300.00000000,NULL,NULL),(42,15,NULL,5,NULL,'<strong><span style=\"font-family:roboto,uilanguagefont,arial,sans-serif; font-size:14px\">DoliDroid is the Android front-end client for Dolibarr ERP &amp; CRM web software.</span><br />\r\n<span style=\"font-family:roboto,uilanguagefont,arial,sans-serif; font-size:14px\">This application is not a standalone program. It is a front end to use a online hosted Dolibarr ERP &amp; CRM software (an Open-source web software to manage your business).</span></strong>\r\n<p><u>The advantage of DoliDroid are :</u><br />\r\n- DoliDroid is not a duplicate code of Dolibarr, but a front-end of a Dolibarr web installation, so all your online existing features are supported by this application. This is also true for external modules features.<br />\r\n- Upgrading Dolibarr will not break DoliDroid.<br />\r\n- DoliDroid use embedded image resources to reduce bandwidth usage.<br />\r\n- DoliDroid use internal cache for pages that should not change (like menu page)<br />\r\n- Connections parameters are saved. No need to enter them each time you use DoliDroid.<br />\r\n- Integration with your phone or other applications (Clicking on PDF open PDF reader, clicking onto email or phone launch your email application or launch Android dialer, ...)</p>\r\n\r\n<p><span style=\"color:#DAA520\"><strong>WARNING !&nbsp;</strong></span></p>\r\n\r\n<p>This application need Android 4.0+ and a hosted Dolibarr ERP &amp; CRM version 3.5 or newer accessible by internet<br />\r\n(For example, when hosted on any SaaS solution like DoliCloud -&nbsp;<a href=\"https://www.google.com/url?q=https://www.google.com/url?q%3Dhttp://www.dolicloud.com%26sa%3DD%26usg%3DAFQjCNGdd9htz4JDciiMtScpBwK83qIRkw&amp;sa=D&amp;usg=AFQjCNGMpCbxNnU5BiK59e368K5AR0l_pg\" style=\"text-decoration: none; color: rgb(51, 105, 30); cursor: pointer;\" target=\"_blank\">http://www.dolicloud.com</a>).</p>',NULL,0.000,'',0.000,'0',0.000,'0',4,0,0,NULL,10.00000000,0.00000000,40.00000000,0.00000000,0.00000000,0.00000000,40.00000000,0,NULL,NULL,0,NULL,0.00000000,0,4,NULL,NULL,'EUR',10.00000000,0.00000000,40.00000000,0.00000000,40.00000000,NULL,NULL),(43,16,NULL,5,NULL,'<strong><span style=\"font-family:roboto,uilanguagefont,arial,sans-serif; font-size:14px\">DoliDroid is the Android front-end client for Dolibarr ERP &amp; CRM web software.</span><br />\r\n<span style=\"font-family:roboto,uilanguagefont,arial,sans-serif; font-size:14px\">This application is not a standalone program. It is a front end to use a online hosted Dolibarr ERP &amp; CRM software (an Open-source web software to manage your business).</span></strong>\r\n<p><u>The advantage of DoliDroid are :</u><br />\r\n- DoliDroid is not a duplicate code of Dolibarr, but a front-end of a Dolibarr web installation, so all your online existing features are supported by this application. This is also true for external modules features.<br />\r\n- Upgrading Dolibarr will not break DoliDroid.<br />\r\n- DoliDroid use embedded image resources to reduce bandwidth usage.<br />\r\n- DoliDroid use internal cache for pages that should not change (like menu page)<br />\r\n- Connections parameters are saved. No need to enter them each time you use DoliDroid.<br />\r\n- Integration with your phone or other applications (Clicking on PDF open PDF reader, clicking onto email or phone launch your email application or launch Android dialer, ...)</p>\r\n\r\n<p><span style=\"color:#DAA520\"><strong>WARNING !&nbsp;</strong></span></p>\r\n\r\n<p>This application need Android 4.0+ and a hosted Dolibarr ERP &amp; CRM version 3.5 or newer accessible by internet<br />\r\n(For example, when hosted on any SaaS solution like DoliCloud -&nbsp;<a href=\"https://www.google.com/url?q=https://www.google.com/url?q%3Dhttp://www.dolicloud.com%26sa%3DD%26usg%3DAFQjCNGdd9htz4JDciiMtScpBwK83qIRkw&amp;sa=D&amp;usg=AFQjCNGMpCbxNnU5BiK59e368K5AR0l_pg\" style=\"text-decoration: none; color: rgb(51, 105, 30); cursor: pointer;\" target=\"_blank\">http://www.dolicloud.com</a>).</p>',NULL,0.000,'',0.000,'0',0.000,'0',4,0,0,NULL,10.00000000,0.00000000,40.00000000,0.00000000,0.00000000,0.00000000,40.00000000,0,NULL,NULL,0,NULL,0.00000000,0,1,NULL,NULL,'EUR',10.00000000,0.00000000,40.00000000,0.00000000,40.00000000,NULL,NULL),(44,16,NULL,5,NULL,'<strong><span style=\"font-family:roboto,uilanguagefont,arial,sans-serif; font-size:14px\">DoliDroid is the Android front-end client for Dolibarr ERP &amp; CRM web software.</span><br />\r\n<span style=\"font-family:roboto,uilanguagefont,arial,sans-serif; font-size:14px\">This application is not a standalone program. It is a front end to use a online hosted Dolibarr ERP &amp; CRM software (an Open-source web software to manage your business).</span></strong>\r\n<p><u>The advantage of DoliDroid are :</u><br />\r\n- DoliDroid is not a duplicate code of Dolibarr, but a front-end of a Dolibarr web installation, so all your online existing features are supported by this application. This is also true for external modules features.<br />\r\n- Upgrading Dolibarr will not break DoliDroid.<br />\r\n- DoliDroid use embedded image resources to reduce bandwidth usage.<br />\r\n- DoliDroid use internal cache for pages that should not change (like menu page)<br />\r\n- Connections parameters are saved. No need to enter them each time you use DoliDroid.<br />\r\n- Integration with your phone or other applications (Clicking on PDF open PDF reader, clicking onto email or phone launch your email application or launch Android dialer, ...)</p>\r\n\r\n<p><span style=\"color:#DAA520\"><strong>WARNING !&nbsp;</strong></span></p>\r\n\r\n<p>This application need Android 4.0+ and a hosted Dolibarr ERP &amp; CRM version 3.5 or newer accessible by internet<br />\r\n(For example, when hosted on any SaaS solution like DoliCloud -&nbsp;<a href=\"https://www.google.com/url?q=https://www.google.com/url?q%3Dhttp://www.dolicloud.com%26sa%3DD%26usg%3DAFQjCNGdd9htz4JDciiMtScpBwK83qIRkw&amp;sa=D&amp;usg=AFQjCNGMpCbxNnU5BiK59e368K5AR0l_pg\" style=\"text-decoration: none; color: rgb(51, 105, 30); cursor: pointer;\" target=\"_blank\">http://www.dolicloud.com</a>).</p>',NULL,0.000,'',0.000,'0',0.000,'0',4,0,0,NULL,10.00000000,0.00000000,40.00000000,0.00000000,0.00000000,0.00000000,40.00000000,0,NULL,NULL,0,NULL,0.00000000,0,2,NULL,NULL,'EUR',10.00000000,0.00000000,40.00000000,0.00000000,40.00000000,NULL,NULL),(45,16,NULL,12,NULL,'Cloud hosting of Dolibarr ERP and CRM software',NULL,0.000,'',0.000,'0',0.000,'0',5,0,0,NULL,9.00000000,0.00000000,45.00000000,0.00000000,0.00000000,0.00000000,45.00000000,0,NULL,NULL,0,NULL,0.00000000,0,3,NULL,NULL,'EUR',9.00000000,0.00000000,45.00000000,0.00000000,45.00000000,NULL,NULL),(46,17,NULL,12,NULL,'Cloud hosting of Dolibarr ERP and CRM software',NULL,0.000,'',0.000,'0',0.000,'0',5,0,0,NULL,9.00000000,0.00000000,45.00000000,0.00000000,0.00000000,0.00000000,45.00000000,0,NULL,NULL,0,NULL,0.00000000,0,1,NULL,NULL,'EUR',9.00000000,0.00000000,45.00000000,0.00000000,45.00000000,NULL,NULL),(47,17,NULL,12,NULL,'Cloud hosting of Dolibarr ERP and CRM software',NULL,0.000,'',0.000,'0',0.000,'0',2,0,0,NULL,9.00000000,0.00000000,18.00000000,0.00000000,0.00000000,0.00000000,18.00000000,0,NULL,NULL,0,NULL,0.00000000,0,2,NULL,NULL,'EUR',9.00000000,0.00000000,18.00000000,0.00000000,18.00000000,NULL,NULL),(48,17,NULL,10,NULL,'A powerfull computer XP4523&nbsp;',NULL,0.000,'',0.000,'0',0.000,'0',1,0,0,NULL,100.00000000,0.00000000,100.00000000,0.00000000,0.00000000,0.00000000,100.00000000,0,NULL,NULL,0,NULL,0.00000000,0,3,NULL,NULL,'EUR',100.00000000,0.00000000,100.00000000,0.00000000,100.00000000,NULL,NULL),(49,17,NULL,2,NULL,'',NULL,0.000,'',0.000,'0',0.000,'0',3,0,0,NULL,NULL,0.00000000,0.00000000,0.00000000,0.00000000,0.00000000,0.00000000,0,NULL,NULL,0,NULL,0.00000000,0,4,NULL,NULL,'EUR',0.00000000,0.00000000,0.00000000,0.00000000,0.00000000,NULL,NULL),(50,17,NULL,3,NULL,'',NULL,0.000,'',0.000,'0',0.000,'0',1,0,0,NULL,NULL,0.00000000,0.00000000,0.00000000,0.00000000,0.00000000,0.00000000,0,NULL,NULL,0,NULL,0.00000000,0,5,NULL,NULL,'EUR',0.00000000,0.00000000,0.00000000,0.00000000,0.00000000,NULL,NULL),(51,18,NULL,1,NULL,'A beatifull pink dress',NULL,0.000,'',0.000,'0',0.000,'0',4,0,0,NULL,100.00000000,0.00000000,400.00000000,0.00000000,0.00000000,0.00000000,400.00000000,0,NULL,NULL,0,NULL,0.00000000,0,1,NULL,NULL,'EUR',100.00000000,0.00000000,400.00000000,0.00000000,400.00000000,NULL,NULL),(52,18,NULL,1,NULL,'A beatifull pink dress',NULL,0.000,'',0.000,'0',0.000,'0',1,0,0,NULL,100.00000000,0.00000000,100.00000000,0.00000000,0.00000000,0.00000000,100.00000000,0,NULL,NULL,0,NULL,0.00000000,0,2,NULL,NULL,'EUR',100.00000000,0.00000000,100.00000000,0.00000000,100.00000000,NULL,NULL),(53,18,NULL,13,NULL,'A powerfull computer XP4523&nbsp;',NULL,0.000,'',0.000,'0',0.000,'0',4,0,0,NULL,100.00000000,0.00000000,400.00000000,0.00000000,0.00000000,0.00000000,400.00000000,0,NULL,NULL,0,NULL,0.00000000,0,3,NULL,NULL,'EUR',100.00000000,0.00000000,400.00000000,0.00000000,400.00000000,NULL,NULL),(54,19,NULL,10,NULL,'A powerfull computer XP4523&nbsp;',NULL,0.000,'',0.000,'0',0.000,'0',1,0,0,NULL,100.00000000,0.00000000,100.00000000,0.00000000,0.00000000,0.00000000,100.00000000,0,NULL,NULL,0,NULL,0.00000000,0,1,NULL,NULL,'EUR',100.00000000,0.00000000,100.00000000,0.00000000,100.00000000,NULL,NULL),(55,19,NULL,13,NULL,'A powerfull computer XP4523&nbsp;',NULL,0.000,'',0.000,'0',0.000,'0',1,0,0,NULL,100.00000000,0.00000000,100.00000000,0.00000000,0.00000000,0.00000000,100.00000000,0,NULL,NULL,0,NULL,0.00000000,0,2,NULL,NULL,'EUR',100.00000000,0.00000000,100.00000000,0.00000000,100.00000000,NULL,NULL),(56,19,NULL,2,NULL,'',NULL,0.000,'',0.000,'0',0.000,'0',2,0,0,NULL,NULL,0.00000000,0.00000000,0.00000000,0.00000000,0.00000000,0.00000000,0,NULL,NULL,0,NULL,0.00000000,0,3,NULL,NULL,'EUR',0.00000000,0.00000000,0.00000000,0.00000000,0.00000000,NULL,NULL),(57,19,NULL,2,NULL,'',NULL,0.000,'',0.000,'0',0.000,'0',1,0,0,NULL,NULL,0.00000000,0.00000000,0.00000000,0.00000000,0.00000000,0.00000000,0,NULL,NULL,0,NULL,0.00000000,0,4,NULL,NULL,'EUR',0.00000000,0.00000000,0.00000000,0.00000000,0.00000000,NULL,NULL),(58,19,NULL,2,NULL,'',NULL,0.000,'',0.000,'0',0.000,'0',2,0,0,NULL,NULL,0.00000000,0.00000000,0.00000000,0.00000000,0.00000000,0.00000000,0,NULL,NULL,0,NULL,0.00000000,0,5,NULL,NULL,'EUR',0.00000000,0.00000000,0.00000000,0.00000000,0.00000000,NULL,NULL),(59,20,NULL,1,NULL,'A beatifull pink dress',NULL,0.000,'',0.000,'0',0.000,'0',3,0,0,NULL,100.00000000,0.00000000,300.00000000,0.00000000,0.00000000,0.00000000,300.00000000,0,NULL,NULL,0,NULL,0.00000000,0,1,NULL,NULL,'EUR',100.00000000,0.00000000,300.00000000,0.00000000,300.00000000,NULL,NULL),(60,20,NULL,5,NULL,'<strong><span style=\"font-family:roboto,uilanguagefont,arial,sans-serif; font-size:14px\">DoliDroid is the Android front-end client for Dolibarr ERP &amp; CRM web software.</span><br />\r\n<span style=\"font-family:roboto,uilanguagefont,arial,sans-serif; font-size:14px\">This application is not a standalone program. It is a front end to use a online hosted Dolibarr ERP &amp; CRM software (an Open-source web software to manage your business).</span></strong>\r\n<p><u>The advantage of DoliDroid are :</u><br />\r\n- DoliDroid is not a duplicate code of Dolibarr, but a front-end of a Dolibarr web installation, so all your online existing features are supported by this application. This is also true for external modules features.<br />\r\n- Upgrading Dolibarr will not break DoliDroid.<br />\r\n- DoliDroid use embedded image resources to reduce bandwidth usage.<br />\r\n- DoliDroid use internal cache for pages that should not change (like menu page)<br />\r\n- Connections parameters are saved. No need to enter them each time you use DoliDroid.<br />\r\n- Integration with your phone or other applications (Clicking on PDF open PDF reader, clicking onto email or phone launch your email application or launch Android dialer, ...)</p>\r\n\r\n<p><span style=\"color:#DAA520\"><strong>WARNING !&nbsp;</strong></span></p>\r\n\r\n<p>This application need Android 4.0+ and a hosted Dolibarr ERP &amp; CRM version 3.5 or newer accessible by internet<br />\r\n(For example, when hosted on any SaaS solution like DoliCloud -&nbsp;<a href=\"https://www.google.com/url?q=https://www.google.com/url?q%3Dhttp://www.dolicloud.com%26sa%3DD%26usg%3DAFQjCNGdd9htz4JDciiMtScpBwK83qIRkw&amp;sa=D&amp;usg=AFQjCNGMpCbxNnU5BiK59e368K5AR0l_pg\" style=\"text-decoration: none; color: rgb(51, 105, 30); cursor: pointer;\" target=\"_blank\">http://www.dolicloud.com</a>).</p>',NULL,0.000,'',0.000,'0',0.000,'0',1,0,0,NULL,10.00000000,0.00000000,10.00000000,0.00000000,0.00000000,0.00000000,10.00000000,0,NULL,NULL,0,NULL,0.00000000,0,2,NULL,NULL,'EUR',10.00000000,0.00000000,10.00000000,0.00000000,10.00000000,NULL,NULL),(61,20,NULL,5,NULL,'<strong><span style=\"font-family:roboto,uilanguagefont,arial,sans-serif; font-size:14px\">DoliDroid is the Android front-end client for Dolibarr ERP &amp; CRM web software.</span><br />\r\n<span style=\"font-family:roboto,uilanguagefont,arial,sans-serif; font-size:14px\">This application is not a standalone program. It is a front end to use a online hosted Dolibarr ERP &amp; CRM software (an Open-source web software to manage your business).</span></strong>\r\n<p><u>The advantage of DoliDroid are :</u><br />\r\n- DoliDroid is not a duplicate code of Dolibarr, but a front-end of a Dolibarr web installation, so all your online existing features are supported by this application. This is also true for external modules features.<br />\r\n- Upgrading Dolibarr will not break DoliDroid.<br />\r\n- DoliDroid use embedded image resources to reduce bandwidth usage.<br />\r\n- DoliDroid use internal cache for pages that should not change (like menu page)<br />\r\n- Connections parameters are saved. No need to enter them each time you use DoliDroid.<br />\r\n- Integration with your phone or other applications (Clicking on PDF open PDF reader, clicking onto email or phone launch your email application or launch Android dialer, ...)</p>\r\n\r\n<p><span style=\"color:#DAA520\"><strong>WARNING !&nbsp;</strong></span></p>\r\n\r\n<p>This application need Android 4.0+ and a hosted Dolibarr ERP &amp; CRM version 3.5 or newer accessible by internet<br />\r\n(For example, when hosted on any SaaS solution like DoliCloud -&nbsp;<a href=\"https://www.google.com/url?q=https://www.google.com/url?q%3Dhttp://www.dolicloud.com%26sa%3DD%26usg%3DAFQjCNGdd9htz4JDciiMtScpBwK83qIRkw&amp;sa=D&amp;usg=AFQjCNGMpCbxNnU5BiK59e368K5AR0l_pg\" style=\"text-decoration: none; color: rgb(51, 105, 30); cursor: pointer;\" target=\"_blank\">http://www.dolicloud.com</a>).</p>',NULL,0.000,'',0.000,'0',0.000,'0',2,0,0,NULL,10.00000000,0.00000000,20.00000000,0.00000000,0.00000000,0.00000000,20.00000000,0,NULL,NULL,0,NULL,0.00000000,0,3,NULL,NULL,'EUR',10.00000000,0.00000000,20.00000000,0.00000000,20.00000000,NULL,NULL),(62,20,NULL,10,NULL,'A powerfull computer XP4523&nbsp;',NULL,0.000,'',0.000,'0',0.000,'0',5,0,0,NULL,100.00000000,0.00000000,500.00000000,0.00000000,0.00000000,0.00000000,500.00000000,0,NULL,NULL,0,NULL,0.00000000,0,4,NULL,NULL,'EUR',100.00000000,0.00000000,500.00000000,0.00000000,500.00000000,NULL,NULL),(63,21,NULL,5,NULL,'<strong><span style=\"font-family:roboto,uilanguagefont,arial,sans-serif; font-size:14px\">DoliDroid is the Android front-end client for Dolibarr ERP &amp; CRM web software.</span><br />\r\n<span style=\"font-family:roboto,uilanguagefont,arial,sans-serif; font-size:14px\">This application is not a standalone program. It is a front end to use a online hosted Dolibarr ERP &amp; CRM software (an Open-source web software to manage your business).</span></strong>\r\n<p><u>The advantage of DoliDroid are :</u><br />\r\n- DoliDroid is not a duplicate code of Dolibarr, but a front-end of a Dolibarr web installation, so all your online existing features are supported by this application. This is also true for external modules features.<br />\r\n- Upgrading Dolibarr will not break DoliDroid.<br />\r\n- DoliDroid use embedded image resources to reduce bandwidth usage.<br />\r\n- DoliDroid use internal cache for pages that should not change (like menu page)<br />\r\n- Connections parameters are saved. No need to enter them each time you use DoliDroid.<br />\r\n- Integration with your phone or other applications (Clicking on PDF open PDF reader, clicking onto email or phone launch your email application or launch Android dialer, ...)</p>\r\n\r\n<p><span style=\"color:#DAA520\"><strong>WARNING !&nbsp;</strong></span></p>\r\n\r\n<p>This application need Android 4.0+ and a hosted Dolibarr ERP &amp; CRM version 3.5 or newer accessible by internet<br />\r\n(For example, when hosted on any SaaS solution like DoliCloud -&nbsp;<a href=\"https://www.google.com/url?q=https://www.google.com/url?q%3Dhttp://www.dolicloud.com%26sa%3DD%26usg%3DAFQjCNGdd9htz4JDciiMtScpBwK83qIRkw&amp;sa=D&amp;usg=AFQjCNGMpCbxNnU5BiK59e368K5AR0l_pg\" style=\"text-decoration: none; color: rgb(51, 105, 30); cursor: pointer;\" target=\"_blank\">http://www.dolicloud.com</a>).</p>',NULL,0.000,'',0.000,'0',0.000,'0',2,0,0,NULL,10.00000000,0.00000000,20.00000000,0.00000000,0.00000000,0.00000000,20.00000000,0,NULL,NULL,0,NULL,0.00000000,0,1,NULL,NULL,'EUR',10.00000000,0.00000000,20.00000000,0.00000000,20.00000000,NULL,NULL),(64,21,NULL,12,NULL,'Cloud hosting of Dolibarr ERP and CRM software',NULL,0.000,'',0.000,'0',0.000,'0',1,0,0,NULL,9.00000000,0.00000000,9.00000000,0.00000000,0.00000000,0.00000000,9.00000000,0,NULL,NULL,0,NULL,0.00000000,0,2,NULL,NULL,'EUR',9.00000000,0.00000000,9.00000000,0.00000000,9.00000000,NULL,NULL),(65,21,NULL,4,NULL,'Nice Bio Apple Pie.<br />\r\n&nbsp;',NULL,0.000,'',0.000,'0',0.000,'0',3,0,0,NULL,5.00000000,0.00000000,15.00000000,0.00000000,0.00000000,0.00000000,15.00000000,0,NULL,NULL,0,NULL,0.00000000,0,3,NULL,NULL,'EUR',5.00000000,0.00000000,15.00000000,0.00000000,15.00000000,NULL,NULL),(66,21,NULL,12,NULL,'Cloud hosting of Dolibarr ERP and CRM software',NULL,0.000,'',0.000,'0',0.000,'0',5,0,0,NULL,9.00000000,0.00000000,45.00000000,0.00000000,0.00000000,0.00000000,45.00000000,0,NULL,NULL,0,NULL,0.00000000,0,4,NULL,NULL,'EUR',9.00000000,0.00000000,45.00000000,0.00000000,45.00000000,NULL,NULL),(67,22,NULL,5,NULL,'<strong><span style=\"font-family:roboto,uilanguagefont,arial,sans-serif; font-size:14px\">DoliDroid is the Android front-end client for Dolibarr ERP &amp; CRM web software.</span><br />\r\n<span style=\"font-family:roboto,uilanguagefont,arial,sans-serif; font-size:14px\">This application is not a standalone program. It is a front end to use a online hosted Dolibarr ERP &amp; CRM software (an Open-source web software to manage your business).</span></strong>\r\n<p><u>The advantage of DoliDroid are :</u><br />\r\n- DoliDroid is not a duplicate code of Dolibarr, but a front-end of a Dolibarr web installation, so all your online existing features are supported by this application. This is also true for external modules features.<br />\r\n- Upgrading Dolibarr will not break DoliDroid.<br />\r\n- DoliDroid use embedded image resources to reduce bandwidth usage.<br />\r\n- DoliDroid use internal cache for pages that should not change (like menu page)<br />\r\n- Connections parameters are saved. No need to enter them each time you use DoliDroid.<br />\r\n- Integration with your phone or other applications (Clicking on PDF open PDF reader, clicking onto email or phone launch your email application or launch Android dialer, ...)</p>\r\n\r\n<p><span style=\"color:#DAA520\"><strong>WARNING !&nbsp;</strong></span></p>\r\n\r\n<p>This application need Android 4.0+ and a hosted Dolibarr ERP &amp; CRM version 3.5 or newer accessible by internet<br />\r\n(For example, when hosted on any SaaS solution like DoliCloud -&nbsp;<a href=\"https://www.google.com/url?q=https://www.google.com/url?q%3Dhttp://www.dolicloud.com%26sa%3DD%26usg%3DAFQjCNGdd9htz4JDciiMtScpBwK83qIRkw&amp;sa=D&amp;usg=AFQjCNGMpCbxNnU5BiK59e368K5AR0l_pg\" style=\"text-decoration: none; color: rgb(51, 105, 30); cursor: pointer;\" target=\"_blank\">http://www.dolicloud.com</a>).</p>',NULL,0.000,'',0.000,'0',0.000,'0',5,0,0,NULL,10.00000000,0.00000000,50.00000000,0.00000000,0.00000000,0.00000000,50.00000000,0,NULL,NULL,0,NULL,0.00000000,0,1,NULL,NULL,'EUR',10.00000000,0.00000000,50.00000000,0.00000000,50.00000000,NULL,NULL),(68,22,NULL,5,NULL,'<strong><span style=\"font-family:roboto,uilanguagefont,arial,sans-serif; font-size:14px\">DoliDroid is the Android front-end client for Dolibarr ERP &amp; CRM web software.</span><br />\r\n<span style=\"font-family:roboto,uilanguagefont,arial,sans-serif; font-size:14px\">This application is not a standalone program. It is a front end to use a online hosted Dolibarr ERP &amp; CRM software (an Open-source web software to manage your business).</span></strong>\r\n<p><u>The advantage of DoliDroid are :</u><br />\r\n- DoliDroid is not a duplicate code of Dolibarr, but a front-end of a Dolibarr web installation, so all your online existing features are supported by this application. This is also true for external modules features.<br />\r\n- Upgrading Dolibarr will not break DoliDroid.<br />\r\n- DoliDroid use embedded image resources to reduce bandwidth usage.<br />\r\n- DoliDroid use internal cache for pages that should not change (like menu page)<br />\r\n- Connections parameters are saved. No need to enter them each time you use DoliDroid.<br />\r\n- Integration with your phone or other applications (Clicking on PDF open PDF reader, clicking onto email or phone launch your email application or launch Android dialer, ...)</p>\r\n\r\n<p><span style=\"color:#DAA520\"><strong>WARNING !&nbsp;</strong></span></p>\r\n\r\n<p>This application need Android 4.0+ and a hosted Dolibarr ERP &amp; CRM version 3.5 or newer accessible by internet<br />\r\n(For example, when hosted on any SaaS solution like DoliCloud -&nbsp;<a href=\"https://www.google.com/url?q=https://www.google.com/url?q%3Dhttp://www.dolicloud.com%26sa%3DD%26usg%3DAFQjCNGdd9htz4JDciiMtScpBwK83qIRkw&amp;sa=D&amp;usg=AFQjCNGMpCbxNnU5BiK59e368K5AR0l_pg\" style=\"text-decoration: none; color: rgb(51, 105, 30); cursor: pointer;\" target=\"_blank\">http://www.dolicloud.com</a>).</p>',NULL,0.000,'',0.000,'0',0.000,'0',2,0,0,NULL,10.00000000,0.00000000,20.00000000,0.00000000,0.00000000,0.00000000,20.00000000,0,NULL,NULL,0,NULL,0.00000000,0,2,NULL,NULL,'EUR',10.00000000,0.00000000,20.00000000,0.00000000,20.00000000,NULL,NULL),(69,23,NULL,2,NULL,'',NULL,0.000,'',0.000,'0',0.000,'0',2,0,0,NULL,NULL,0.00000000,0.00000000,0.00000000,0.00000000,0.00000000,0.00000000,0,NULL,NULL,0,NULL,0.00000000,0,1,NULL,NULL,'EUR',0.00000000,0.00000000,0.00000000,0.00000000,0.00000000,NULL,NULL),(70,23,NULL,4,NULL,'Nice Bio Apple Pie.<br />\r\n&nbsp;',NULL,0.000,'',0.000,'0',0.000,'0',3,0,0,NULL,5.00000000,0.00000000,15.00000000,0.00000000,0.00000000,0.00000000,15.00000000,0,NULL,NULL,0,NULL,0.00000000,0,2,NULL,NULL,'EUR',5.00000000,0.00000000,15.00000000,0.00000000,15.00000000,NULL,NULL),(71,23,NULL,13,NULL,'A powerfull computer XP4523&nbsp;',NULL,0.000,'',0.000,'0',0.000,'0',3,0,0,NULL,100.00000000,0.00000000,300.00000000,0.00000000,0.00000000,0.00000000,300.00000000,0,NULL,NULL,0,NULL,0.00000000,0,3,NULL,NULL,'EUR',100.00000000,0.00000000,300.00000000,0.00000000,300.00000000,NULL,NULL),(72,23,NULL,1,NULL,'A beatifull pink dress',NULL,0.000,'',0.000,'0',0.000,'0',4,0,0,NULL,100.00000000,0.00000000,400.00000000,0.00000000,0.00000000,0.00000000,400.00000000,0,NULL,NULL,0,NULL,0.00000000,0,4,NULL,NULL,'EUR',100.00000000,0.00000000,400.00000000,0.00000000,400.00000000,NULL,NULL),(73,24,NULL,4,NULL,'Nice Bio Apple Pie.<br />\r\n&nbsp;',NULL,0.000,'',0.000,'0',0.000,'0',1,0,0,NULL,5.00000000,0.00000000,5.00000000,0.00000000,0.00000000,0.00000000,5.00000000,0,NULL,NULL,0,NULL,0.00000000,0,1,NULL,NULL,'EUR',5.00000000,0.00000000,5.00000000,0.00000000,5.00000000,NULL,NULL),(74,24,NULL,12,NULL,'Cloud hosting of Dolibarr ERP and CRM software',NULL,0.000,'',0.000,'0',0.000,'0',5,0,0,NULL,9.00000000,0.00000000,45.00000000,0.00000000,0.00000000,0.00000000,45.00000000,0,NULL,NULL,0,NULL,0.00000000,0,2,NULL,NULL,'EUR',9.00000000,0.00000000,45.00000000,0.00000000,45.00000000,NULL,NULL),(75,24,NULL,2,NULL,'',NULL,0.000,'',0.000,'0',0.000,'0',4,0,0,NULL,NULL,0.00000000,0.00000000,0.00000000,0.00000000,0.00000000,0.00000000,0,NULL,NULL,0,NULL,0.00000000,0,3,NULL,NULL,'EUR',0.00000000,0.00000000,0.00000000,0.00000000,0.00000000,NULL,NULL),(76,24,NULL,1,NULL,'A beatifull pink dress',NULL,0.000,'',0.000,'0',0.000,'0',2,0,0,NULL,100.00000000,0.00000000,200.00000000,0.00000000,0.00000000,0.00000000,200.00000000,0,NULL,NULL,0,NULL,0.00000000,0,4,NULL,NULL,'EUR',100.00000000,0.00000000,200.00000000,0.00000000,200.00000000,NULL,NULL),(77,25,NULL,10,NULL,'A powerfull computer XP4523&nbsp;',NULL,0.000,'',0.000,'0',0.000,'0',4,0,0,NULL,100.00000000,0.00000000,400.00000000,0.00000000,0.00000000,0.00000000,400.00000000,0,NULL,NULL,0,NULL,0.00000000,0,1,NULL,NULL,'EUR',100.00000000,0.00000000,400.00000000,0.00000000,400.00000000,NULL,NULL),(78,25,NULL,13,NULL,'A powerfull computer XP4523&nbsp;',NULL,0.000,'',0.000,'0',0.000,'0',3,0,0,NULL,100.00000000,0.00000000,300.00000000,0.00000000,0.00000000,0.00000000,300.00000000,0,NULL,NULL,0,NULL,0.00000000,0,2,NULL,NULL,'EUR',100.00000000,0.00000000,300.00000000,0.00000000,300.00000000,NULL,NULL),(79,25,NULL,10,NULL,'A powerfull computer XP4523&nbsp;',NULL,0.000,'',0.000,'0',0.000,'0',2,0,0,NULL,100.00000000,0.00000000,200.00000000,0.00000000,0.00000000,0.00000000,200.00000000,0,NULL,NULL,0,NULL,0.00000000,0,3,NULL,NULL,'EUR',100.00000000,0.00000000,200.00000000,0.00000000,200.00000000,NULL,NULL),(80,25,NULL,13,NULL,'A powerfull computer XP4523&nbsp;',NULL,0.000,'',0.000,'0',0.000,'0',1,0,0,NULL,100.00000000,0.00000000,100.00000000,0.00000000,0.00000000,0.00000000,100.00000000,0,NULL,NULL,0,NULL,0.00000000,0,4,NULL,NULL,'EUR',100.00000000,0.00000000,100.00000000,0.00000000,100.00000000,NULL,NULL),(81,25,NULL,12,NULL,'Cloud hosting of Dolibarr ERP and CRM software',NULL,0.000,'',0.000,'0',0.000,'0',2,0,0,NULL,9.00000000,0.00000000,18.00000000,0.00000000,0.00000000,0.00000000,18.00000000,0,NULL,NULL,0,NULL,0.00000000,0,5,NULL,NULL,'EUR',9.00000000,0.00000000,18.00000000,0.00000000,18.00000000,NULL,NULL),(82,26,NULL,10,NULL,'A powerfull computer XP4523&nbsp;',NULL,0.000,'',0.000,'0',0.000,'0',2,0,0,NULL,100.00000000,0.00000000,200.00000000,0.00000000,0.00000000,0.00000000,200.00000000,0,NULL,NULL,0,NULL,0.00000000,0,1,NULL,NULL,'EUR',100.00000000,0.00000000,200.00000000,0.00000000,200.00000000,NULL,NULL),(83,26,NULL,5,NULL,'<strong><span style=\"font-family:roboto,uilanguagefont,arial,sans-serif; font-size:14px\">DoliDroid is the Android front-end client for Dolibarr ERP &amp; CRM web software.</span><br />\r\n<span style=\"font-family:roboto,uilanguagefont,arial,sans-serif; font-size:14px\">This application is not a standalone program. It is a front end to use a online hosted Dolibarr ERP &amp; CRM software (an Open-source web software to manage your business).</span></strong>\r\n<p><u>The advantage of DoliDroid are :</u><br />\r\n- DoliDroid is not a duplicate code of Dolibarr, but a front-end of a Dolibarr web installation, so all your online existing features are supported by this application. This is also true for external modules features.<br />\r\n- Upgrading Dolibarr will not break DoliDroid.<br />\r\n- DoliDroid use embedded image resources to reduce bandwidth usage.<br />\r\n- DoliDroid use internal cache for pages that should not change (like menu page)<br />\r\n- Connections parameters are saved. No need to enter them each time you use DoliDroid.<br />\r\n- Integration with your phone or other applications (Clicking on PDF open PDF reader, clicking onto email or phone launch your email application or launch Android dialer, ...)</p>\r\n\r\n<p><span style=\"color:#DAA520\"><strong>WARNING !&nbsp;</strong></span></p>\r\n\r\n<p>This application need Android 4.0+ and a hosted Dolibarr ERP &amp; CRM version 3.5 or newer accessible by internet<br />\r\n(For example, when hosted on any SaaS solution like DoliCloud -&nbsp;<a href=\"https://www.google.com/url?q=https://www.google.com/url?q%3Dhttp://www.dolicloud.com%26sa%3DD%26usg%3DAFQjCNGdd9htz4JDciiMtScpBwK83qIRkw&amp;sa=D&amp;usg=AFQjCNGMpCbxNnU5BiK59e368K5AR0l_pg\" style=\"text-decoration: none; color: rgb(51, 105, 30); cursor: pointer;\" target=\"_blank\">http://www.dolicloud.com</a>).</p>',NULL,0.000,'',0.000,'0',0.000,'0',1,0,0,NULL,10.00000000,0.00000000,10.00000000,0.00000000,0.00000000,0.00000000,10.00000000,0,NULL,NULL,0,NULL,0.00000000,0,2,NULL,NULL,'EUR',10.00000000,0.00000000,10.00000000,0.00000000,10.00000000,NULL,NULL),(84,26,NULL,10,NULL,'A powerfull computer XP4523&nbsp;',NULL,0.000,'',0.000,'0',0.000,'0',3,0,0,NULL,100.00000000,0.00000000,300.00000000,0.00000000,0.00000000,0.00000000,300.00000000,0,NULL,NULL,0,NULL,0.00000000,0,3,NULL,NULL,'EUR',100.00000000,0.00000000,300.00000000,0.00000000,300.00000000,NULL,NULL),(85,26,NULL,13,NULL,'A powerfull computer XP4523&nbsp;',NULL,0.000,'',0.000,'0',0.000,'0',2,0,0,NULL,100.00000000,0.00000000,200.00000000,0.00000000,0.00000000,0.00000000,200.00000000,0,NULL,NULL,0,NULL,0.00000000,0,4,NULL,NULL,'EUR',100.00000000,0.00000000,200.00000000,0.00000000,200.00000000,NULL,NULL),(86,26,NULL,3,NULL,'',NULL,0.000,'',0.000,'0',0.000,'0',2,0,0,NULL,NULL,0.00000000,0.00000000,0.00000000,0.00000000,0.00000000,0.00000000,0,NULL,NULL,0,NULL,0.00000000,0,5,NULL,NULL,'EUR',0.00000000,0.00000000,0.00000000,0.00000000,0.00000000,NULL,NULL),(87,27,NULL,13,NULL,'A powerfull computer XP4523&nbsp;',NULL,0.000,'',0.000,'0',0.000,'0',3,0,0,NULL,100.00000000,0.00000000,300.00000000,0.00000000,0.00000000,0.00000000,300.00000000,0,NULL,NULL,0,NULL,0.00000000,0,1,NULL,NULL,'EUR',100.00000000,0.00000000,300.00000000,0.00000000,300.00000000,NULL,NULL),(88,27,NULL,3,NULL,'',NULL,0.000,'',0.000,'0',0.000,'0',2,0,0,NULL,NULL,0.00000000,0.00000000,0.00000000,0.00000000,0.00000000,0.00000000,0,NULL,NULL,0,NULL,0.00000000,0,2,NULL,NULL,'EUR',0.00000000,0.00000000,0.00000000,0.00000000,0.00000000,NULL,NULL),(89,28,NULL,4,NULL,'Nice Bio Apple Pie.<br />\r\n&nbsp;',NULL,0.000,'',0.000,'0',0.000,'0',2,0,0,NULL,5.00000000,0.00000000,10.00000000,0.00000000,0.00000000,0.00000000,10.00000000,0,NULL,NULL,0,NULL,0.00000000,0,1,NULL,NULL,'EUR',5.00000000,0.00000000,10.00000000,0.00000000,10.00000000,NULL,NULL),(90,28,NULL,5,NULL,'<strong><span style=\"font-family:roboto,uilanguagefont,arial,sans-serif; font-size:14px\">DoliDroid is the Android front-end client for Dolibarr ERP &amp; CRM web software.</span><br />\r\n<span style=\"font-family:roboto,uilanguagefont,arial,sans-serif; font-size:14px\">This application is not a standalone program. It is a front end to use a online hosted Dolibarr ERP &amp; CRM software (an Open-source web software to manage your business).</span></strong>\r\n<p><u>The advantage of DoliDroid are :</u><br />\r\n- DoliDroid is not a duplicate code of Dolibarr, but a front-end of a Dolibarr web installation, so all your online existing features are supported by this application. This is also true for external modules features.<br />\r\n- Upgrading Dolibarr will not break DoliDroid.<br />\r\n- DoliDroid use embedded image resources to reduce bandwidth usage.<br />\r\n- DoliDroid use internal cache for pages that should not change (like menu page)<br />\r\n- Connections parameters are saved. No need to enter them each time you use DoliDroid.<br />\r\n- Integration with your phone or other applications (Clicking on PDF open PDF reader, clicking onto email or phone launch your email application or launch Android dialer, ...)</p>\r\n\r\n<p><span style=\"color:#DAA520\"><strong>WARNING !&nbsp;</strong></span></p>\r\n\r\n<p>This application need Android 4.0+ and a hosted Dolibarr ERP &amp; CRM version 3.5 or newer accessible by internet<br />\r\n(For example, when hosted on any SaaS solution like DoliCloud -&nbsp;<a href=\"https://www.google.com/url?q=https://www.google.com/url?q%3Dhttp://www.dolicloud.com%26sa%3DD%26usg%3DAFQjCNGdd9htz4JDciiMtScpBwK83qIRkw&amp;sa=D&amp;usg=AFQjCNGMpCbxNnU5BiK59e368K5AR0l_pg\" style=\"text-decoration: none; color: rgb(51, 105, 30); cursor: pointer;\" target=\"_blank\">http://www.dolicloud.com</a>).</p>',NULL,0.000,'',0.000,'0',0.000,'0',3,0,0,NULL,10.00000000,0.00000000,30.00000000,0.00000000,0.00000000,0.00000000,30.00000000,0,NULL,NULL,0,NULL,0.00000000,0,2,NULL,NULL,'EUR',10.00000000,0.00000000,30.00000000,0.00000000,30.00000000,NULL,NULL),(91,28,NULL,2,NULL,'',NULL,0.000,'',0.000,'0',0.000,'0',5,0,0,NULL,NULL,0.00000000,0.00000000,0.00000000,0.00000000,0.00000000,0.00000000,0,NULL,NULL,0,NULL,0.00000000,0,3,NULL,NULL,'EUR',0.00000000,0.00000000,0.00000000,0.00000000,0.00000000,NULL,NULL),(92,28,NULL,1,NULL,'A beatifull pink dress',NULL,0.000,'',0.000,'0',0.000,'0',4,0,0,NULL,100.00000000,0.00000000,400.00000000,0.00000000,0.00000000,0.00000000,400.00000000,0,NULL,NULL,0,NULL,0.00000000,0,4,NULL,NULL,'EUR',100.00000000,0.00000000,400.00000000,0.00000000,400.00000000,NULL,NULL),(93,29,NULL,1,NULL,'A beatifull pink dress',NULL,0.000,'',0.000,'0',0.000,'0',3,0,0,NULL,100.00000000,0.00000000,300.00000000,0.00000000,0.00000000,0.00000000,300.00000000,0,NULL,NULL,0,NULL,0.00000000,0,1,NULL,NULL,'EUR',100.00000000,0.00000000,300.00000000,0.00000000,300.00000000,NULL,NULL),(94,29,NULL,1,NULL,'A beatifull pink dress',NULL,0.000,'',0.000,'0',0.000,'0',5,0,0,NULL,100.00000000,0.00000000,500.00000000,0.00000000,0.00000000,0.00000000,500.00000000,0,NULL,NULL,0,NULL,0.00000000,0,2,NULL,NULL,'EUR',100.00000000,0.00000000,500.00000000,0.00000000,500.00000000,NULL,NULL),(95,29,NULL,13,NULL,'A powerfull computer XP4523&nbsp;',NULL,0.000,'',0.000,'0',0.000,'0',2,0,0,NULL,100.00000000,0.00000000,200.00000000,0.00000000,0.00000000,0.00000000,200.00000000,0,NULL,NULL,0,NULL,0.00000000,0,3,NULL,NULL,'EUR',100.00000000,0.00000000,200.00000000,0.00000000,200.00000000,NULL,NULL),(96,30,NULL,13,NULL,'A powerfull computer XP4523&nbsp;',NULL,0.000,'',0.000,'0',0.000,'0',4,0,0,NULL,100.00000000,0.00000000,400.00000000,0.00000000,0.00000000,0.00000000,400.00000000,0,NULL,NULL,0,NULL,0.00000000,0,1,NULL,NULL,'EUR',100.00000000,0.00000000,400.00000000,0.00000000,400.00000000,NULL,NULL),(97,30,NULL,1,NULL,'A beatifull pink dress',NULL,0.000,'',0.000,'0',0.000,'0',2,0,0,NULL,100.00000000,0.00000000,200.00000000,0.00000000,0.00000000,0.00000000,200.00000000,0,NULL,NULL,0,NULL,0.00000000,0,2,NULL,NULL,'EUR',100.00000000,0.00000000,200.00000000,0.00000000,200.00000000,NULL,NULL),(98,30,NULL,10,NULL,'A powerfull computer XP4523&nbsp;',NULL,0.000,'',0.000,'0',0.000,'0',2,0,0,NULL,100.00000000,0.00000000,200.00000000,0.00000000,0.00000000,0.00000000,200.00000000,0,NULL,NULL,0,NULL,0.00000000,0,3,NULL,NULL,'EUR',100.00000000,0.00000000,200.00000000,0.00000000,200.00000000,NULL,NULL),(99,30,NULL,13,NULL,'A powerfull computer XP4523&nbsp;',NULL,0.000,'',0.000,'0',0.000,'0',4,0,0,NULL,100.00000000,0.00000000,400.00000000,0.00000000,0.00000000,0.00000000,400.00000000,0,NULL,NULL,0,NULL,0.00000000,0,4,NULL,NULL,'EUR',100.00000000,0.00000000,400.00000000,0.00000000,400.00000000,NULL,NULL),(100,31,NULL,4,NULL,'Nice Bio Apple Pie.<br />\r\n&nbsp;',NULL,0.000,'',0.000,'0',0.000,'0',4,0,0,NULL,5.00000000,0.00000000,20.00000000,0.00000000,0.00000000,0.00000000,20.00000000,0,NULL,NULL,0,NULL,0.00000000,0,1,NULL,NULL,'EUR',5.00000000,0.00000000,20.00000000,0.00000000,20.00000000,NULL,NULL),(101,31,NULL,13,NULL,'A powerfull computer XP4523&nbsp;',NULL,0.000,'',0.000,'0',0.000,'0',4,0,0,NULL,100.00000000,0.00000000,400.00000000,0.00000000,0.00000000,0.00000000,400.00000000,0,NULL,NULL,0,NULL,0.00000000,0,2,NULL,NULL,'EUR',100.00000000,0.00000000,400.00000000,0.00000000,400.00000000,NULL,NULL),(102,31,NULL,13,NULL,'A powerfull computer XP4523&nbsp;',NULL,0.000,'',0.000,'0',0.000,'0',3,0,0,NULL,100.00000000,0.00000000,300.00000000,0.00000000,0.00000000,0.00000000,300.00000000,0,NULL,NULL,0,NULL,0.00000000,0,3,NULL,NULL,'EUR',100.00000000,0.00000000,300.00000000,0.00000000,300.00000000,NULL,NULL),(103,31,NULL,3,NULL,'',NULL,0.000,'',0.000,'0',0.000,'0',2,0,0,NULL,NULL,0.00000000,0.00000000,0.00000000,0.00000000,0.00000000,0.00000000,0,NULL,NULL,0,NULL,0.00000000,0,4,NULL,NULL,'EUR',0.00000000,0.00000000,0.00000000,0.00000000,0.00000000,NULL,NULL),(104,32,NULL,12,NULL,'Cloud hosting of Dolibarr ERP and CRM software',NULL,0.000,'',0.000,'0',0.000,'0',5,0,0,NULL,9.00000000,0.00000000,45.00000000,0.00000000,0.00000000,0.00000000,45.00000000,0,NULL,NULL,0,NULL,0.00000000,0,1,NULL,NULL,'EUR',9.00000000,0.00000000,45.00000000,0.00000000,45.00000000,NULL,NULL),(105,32,NULL,10,NULL,'A powerfull computer XP4523&nbsp;',NULL,0.000,'',0.000,'0',0.000,'0',1,0,0,NULL,100.00000000,0.00000000,100.00000000,0.00000000,0.00000000,0.00000000,100.00000000,0,NULL,NULL,0,NULL,0.00000000,0,2,NULL,NULL,'EUR',100.00000000,0.00000000,100.00000000,0.00000000,100.00000000,NULL,NULL),(106,32,NULL,12,NULL,'Cloud hosting of Dolibarr ERP and CRM software',NULL,0.000,'',0.000,'0',0.000,'0',5,0,0,NULL,9.00000000,0.00000000,45.00000000,0.00000000,0.00000000,0.00000000,45.00000000,0,NULL,NULL,0,NULL,0.00000000,0,3,NULL,NULL,'EUR',9.00000000,0.00000000,45.00000000,0.00000000,45.00000000,NULL,NULL),(107,32,NULL,13,NULL,'A powerfull computer XP4523&nbsp;',NULL,0.000,'',0.000,'0',0.000,'0',4,0,0,NULL,100.00000000,0.00000000,400.00000000,0.00000000,0.00000000,0.00000000,400.00000000,0,NULL,NULL,0,NULL,0.00000000,0,4,NULL,NULL,'EUR',100.00000000,0.00000000,400.00000000,0.00000000,400.00000000,NULL,NULL),(108,32,NULL,12,NULL,'Cloud hosting of Dolibarr ERP and CRM software',NULL,0.000,'',0.000,'0',0.000,'0',2,0,0,NULL,9.00000000,0.00000000,18.00000000,0.00000000,0.00000000,0.00000000,18.00000000,0,NULL,NULL,0,NULL,0.00000000,0,5,NULL,NULL,'EUR',9.00000000,0.00000000,18.00000000,0.00000000,18.00000000,NULL,NULL),(109,10,NULL,NULL,NULL,'fdfd',NULL,0.000,'',0.000,'0',0.000,'0',1,0,0,NULL,10.00000000,0.00000000,10.00000000,0.00000000,0.00000000,0.00000000,10.00000000,0,NULL,NULL,0,NULL,0.00000000,0,1,NULL,NULL,'',10.00000000,0.00000000,10.00000000,0.00000000,10.00000000,NULL,NULL),(110,33,NULL,3,NULL,'aaa',NULL,0.000,'',0.000,'0',0.000,'0',1,0,0,NULL,0.00000000,0.00000000,0.00000000,0.00000000,0.00000000,0.00000000,0.00000000,1,NULL,NULL,0,NULL,0.00000000,0,1,NULL,1,'EUR',0.00000000,0.00000000,0.00000000,0.00000000,0.00000000,NULL,NULL),(114,22,NULL,11,NULL,'A nice rollup',NULL,0.000,'',0.000,'0',0.000,'0',1,0,0,NULL,0.00000000,0.00000000,0.00000000,0.00000000,0.00000000,0.00000000,0.00000000,0,NULL,NULL,0,NULL,0.00000000,0,3,NULL,NULL,'EUR',0.00000000,0.00000000,0.00000000,0.00000000,0.00000000,NULL,NULL),(115,35,NULL,11,NULL,'A nice rollup',NULL,0.000,'',0.000,'0',0.000,'0',1,0,0,NULL,0.00000000,0.00000000,0.00000000,0.00000000,0.00000000,0.00000000,0.00000000,0,NULL,NULL,0,NULL,12.00000000,0,1,NULL,1,'EUR',0.00000000,0.00000000,0.00000000,0.00000000,0.00000000,NULL,NULL),(116,35,NULL,4,NULL,'Nice Bio Apple Pie.<br />\r\n&nbsp;',NULL,0.000,'',0.000,'0',0.000,'0',1,0,0,NULL,5.00000000,0.00000000,5.00000000,0.00000000,0.00000000,0.00000000,5.00000000,0,NULL,NULL,0,NULL,10.00000000,0,2,NULL,1,'EUR',5.00000000,0.00000000,5.00000000,0.00000000,5.00000000,NULL,NULL),(119,36,NULL,4,NULL,'Nice Bio Apple Pie.<br />\r\n&nbsp;',NULL,4.000,'',0.000,'0',0.000,'0',1,0,0,6,6.00000000,0.00000000,6.00000000,0.24000000,0.00000000,0.00000000,6.24000000,0,NULL,NULL,0,NULL,10.00000000,0,1,NULL,1,'EUR',6.00000000,0.00000000,6.00000000,0.24000000,6.24000000,NULL,NULL),(120,37,NULL,4,NULL,'Nice Bio Apple Pie.<br />\r\n&nbsp;',NULL,0.000,'',0.000,'0',0.000,'0',1,0,0,NULL,10.00000000,0.00000000,10.00000000,0.00000000,0.00000000,0.00000000,10.00000000,0,NULL,NULL,0,NULL,10.00000000,0,1,NULL,1,'EUR',10.00000000,0.00000000,10.00000000,0.00000000,10.00000000,NULL,NULL),(122,22,NULL,NULL,NULL,'1',NULL,5.500,'',0.000,'0',0.000,'0',1,0,0,NULL,1.00000000,0.00000000,1.00000000,0.06000000,0.00000000,0.00000000,1.06000000,0,NULL,NULL,0,NULL,0.00000000,0,4,NULL,NULL,'EUR',1.00000000,0.00000000,1.00000000,0.06000000,1.06000000,NULL,NULL),(123,22,NULL,NULL,NULL,'aaa',NULL,5.500,'',0.000,'0',0.000,'0',1,0,0,NULL,1.00000000,0.00000000,1.00000000,0.06000000,0.00000000,0.00000000,1.06000000,0,NULL,NULL,0,NULL,0.00000000,0,5,NULL,NULL,'EUR',1.00000000,0.00000000,1.00000000,0.06000000,1.06000000,NULL,NULL),(124,22,NULL,NULL,NULL,'aaa',NULL,5.500,'aaa',0.000,'0',0.000,'0',1,0,0,0,1.00000000,0.00000000,1.00000000,0.06000000,0.00000000,0.00000000,1.06000000,0,NULL,NULL,0,NULL,0.00000000,0,6,NULL,NULL,'EUR',1.00000000,0.00000000,1.00000000,0.06000000,1.06000000,NULL,NULL),(125,22,NULL,NULL,NULL,'a',NULL,5.500,'aaa',0.000,'0',0.000,'0',1,0,0,0,1.00000000,0.00000000,1.00000000,0.06000000,0.00000000,0.00000000,1.06000000,0,NULL,NULL,0,NULL,0.00000000,0,7,NULL,NULL,'EUR',1.00000000,0.00000000,1.00000000,0.06000000,1.06000000,NULL,NULL),(126,22,NULL,NULL,NULL,'a',NULL,5.500,'bbb',0.000,'0',0.000,'0',1,0,0,NULL,1.00000000,0.00000000,1.00000000,0.06000000,0.00000000,0.00000000,1.06000000,1,NULL,NULL,0,NULL,0.00000000,0,8,NULL,NULL,'EUR',1.00000000,0.00000000,1.00000000,0.06000000,1.06000000,NULL,NULL),(127,39,NULL,NULL,NULL,'aaa',NULL,0.000,'CGST+SGST',9.000,'1',9.000,'1',1,0,0,NULL,10.00000000,0.00000000,10.00000000,0.00000000,0.90000000,0.90000000,11.80000000,0,NULL,NULL,0,NULL,0.00000000,0,1,NULL,1,'EUR',10.00000000,0.00000000,10.00000000,0.00000000,11.80000000,NULL,NULL),(128,39,NULL,NULL,NULL,'mmm',NULL,18.000,'IGST',0.000,'0',0.000,'0',1,0,0,NULL,10.00000000,0.00000000,10.00000000,1.80000000,0.00000000,0.00000000,11.80000000,0,NULL,NULL,0,NULL,0.00000000,0,2,NULL,1,'EUR',10.00000000,0.00000000,10.00000000,1.80000000,11.80000000,NULL,NULL),(129,39,NULL,NULL,NULL,'aaa',NULL,18.000,'IGST',0.000,'0',0.000,'0',1,0,0,0,10.16949000,0.00000000,10.17000000,1.83000000,0.00000000,0.00000000,12.00000000,1,NULL,NULL,0,NULL,0.00000000,0,3,NULL,1,'EUR',10.16949000,0.00000000,10.17000000,1.83000000,12.00000000,NULL,NULL),(130,39,NULL,NULL,NULL,'hhhh',NULL,0.000,'CGST+SGST',9.000,'1',9.000,'1',1,0,0,0,11.80000000,0.00000000,11.80000000,0.00000000,1.06000000,1.06000000,13.92000000,1,NULL,NULL,0,NULL,0.00000000,0,4,NULL,1,'EUR',11.80000000,0.00000000,11.80000000,0.00000000,13.92000000,NULL,NULL),(133,36,NULL,4,NULL,'Nice Bio Apple Pie.<br />\r\n&nbsp;',NULL,0.000,'CGST+SGST',9.000,'1',9.000,'1',1,0,0,NULL,9.00000000,0.00000000,9.00000000,0.00000000,0.81000000,0.81000000,10.62000000,0,NULL,NULL,0,NULL,10.00000000,0,2,NULL,1,'EUR',9.00000000,0.00000000,9.00000000,0.00000000,10.62000000,NULL,NULL),(134,36,NULL,4,NULL,'Nice Bio Apple Pie.<br />\r\n&nbsp;',NULL,0.000,'CGST+SGST',9.000,'1',9.000,'1',1,0,0,NULL,9.00000000,0.00000000,9.00000000,0.00000000,0.81000000,0.81000000,10.62000000,0,NULL,NULL,0,NULL,10.00000000,0,3,NULL,1,'EUR',9.00000000,0.00000000,9.00000000,0.00000000,10.62000000,NULL,NULL),(142,36,NULL,4,NULL,'(Pays d\'origine: France)',NULL,0.000,'',0.000,'0',0.000,'0',1,0,0,NULL,9.00000000,0.00000000,9.00000000,0.00000000,0.00000000,0.00000000,9.00000000,0,NULL,NULL,0,NULL,10.00000000,0,4,1,1,'EUR',9.00000000,0.00000000,9.00000000,0.00000000,9.00000000,NULL,NULL),(143,36,NULL,NULL,NULL,'hfg<br>\nh<br>\nfg<br>\nhf<br>\nh<br>\nf<br>\nh<br>\nf<br>\nh<br>\nf<br>\nh<br>\n<br>\nfh<br>\n<br>\nf<br>\nh<br>\nfgh<br>\nf<br>\ngh<br>\nf<br>\ngh<br>\nf<br>\ngh<br>\nfg<br>\nh<br>\nf<br>\ngh<br>\nfhfgh',NULL,0.000,'',0.000,'0',0.000,'0',1,0,0,NULL,5.00000000,0.00000000,5.00000000,0.00000000,0.00000000,0.00000000,5.00000000,0,NULL,NULL,0,NULL,0.00000000,0,5,1,1,'EUR',5.00000000,0.00000000,5.00000000,0.00000000,5.00000000,NULL,NULL),(145,42,NULL,4,NULL,'(Pays d\'origine: France)',NULL,0.000,'',0.000,'0',0.000,'0',1,0,0,NULL,9.00000000,0.00000000,9.00000000,0.00000000,0.00000000,0.00000000,9.00000000,0,NULL,NULL,0,NULL,2.00000000,0,1,1,1,'EUR',9.00000000,0.00000000,9.00000000,0.00000000,9.00000000,NULL,NULL),(147,34,NULL,4,NULL,'(Pays d\'origine: France)',NULL,0.000,'',0.000,'0',0.000,'0',1,0,0,NULL,9.00000000,0.00000000,9.00000000,0.00000000,0.00000000,0.00000000,9.00000000,0,NULL,NULL,0,NULL,1215.55500000,0,1,1,1,'EUR',9.00000000,0.00000000,9.00000000,0.00000000,9.00000000,NULL,NULL),(149,34,NULL,1,NULL,'A beatifull pink dress',NULL,0.000,'',0.000,'0',0.000,'0',1,0,0,NULL,9.00000000,0.00000000,9.00000000,0.00000000,0.00000000,0.00000000,9.00000000,0,NULL,NULL,0,NULL,79.16667000,0,2,NULL,1,'EUR',9.00000000,0.00000000,9.00000000,0.00000000,9.00000000,NULL,NULL);

--
-- Table structure for table `llx_propaldet_extrafields`
--

CREATE TABLE `llx_propaldet_extrafields` (
  `rowid` int(11) NOT NULL AUTO_INCREMENT,
  `tms` timestamp NOT NULL DEFAULT current_timestamp() ON UPDATE current_timestamp(),
  `fk_object` int(11) NOT NULL,
  `import_key` varchar(14) DEFAULT NULL,
  PRIMARY KEY (`rowid`),
  UNIQUE KEY `uk_propaldet_extrafields` (`fk_object`)
) ENGINE=InnoDB DEFAULT CHARSET=utf8mb3 COLLATE=utf8mb3_unicode_ci;

--
-- Dumping data for table `llx_propaldet_extrafields`
--


--
-- Table structure for table `llx_reception`
--

CREATE TABLE `llx_reception` (
  `rowid` int(11) NOT NULL AUTO_INCREMENT,
  `tms` timestamp NOT NULL DEFAULT current_timestamp() ON UPDATE current_timestamp(),
  `ref` varchar(30) NOT NULL,
  `entity` int(11) NOT NULL DEFAULT 1,
  `fk_soc` int(11) NOT NULL,
  `fk_projet` int(11) DEFAULT NULL,
  `ref_ext` varchar(30) DEFAULT NULL,
  `ref_int` varchar(30) DEFAULT NULL,
  `ref_supplier` varchar(255) DEFAULT NULL,
  `date_creation` datetime DEFAULT NULL,
  `fk_user_author` int(11) DEFAULT NULL,
  `fk_user_modif` int(11) DEFAULT NULL,
  `date_valid` datetime DEFAULT NULL,
  `fk_user_valid` int(11) DEFAULT NULL,
  `date_delivery` datetime DEFAULT NULL,
  `date_reception` datetime DEFAULT NULL,
  `fk_shipping_method` int(11) DEFAULT NULL,
  `tracking_number` varchar(50) DEFAULT NULL,
  `fk_statut` smallint(6) DEFAULT 0,
  `billed` smallint(6) DEFAULT 0,
  `height` float DEFAULT NULL,
  `width` float DEFAULT NULL,
  `size_units` int(11) DEFAULT NULL,
  `size` float DEFAULT NULL,
  `weight_units` int(11) DEFAULT NULL,
  `weight` float DEFAULT NULL,
  `note_private` text DEFAULT NULL,
  `note_public` text DEFAULT NULL,
  `model_pdf` varchar(255) DEFAULT NULL,
  `fk_incoterms` int(11) DEFAULT NULL,
  `location_incoterms` varchar(255) DEFAULT NULL,
  `import_key` varchar(14) DEFAULT NULL,
  `extraparams` varchar(255) DEFAULT NULL,
  PRIMARY KEY (`rowid`),
  UNIQUE KEY `idx_reception_uk_ref` (`ref`,`entity`),
  KEY `idx_reception_fk_soc` (`fk_soc`),
  KEY `idx_reception_fk_user_author` (`fk_user_author`),
  KEY `idx_reception_fk_user_valid` (`fk_user_valid`),
  KEY `idx_reception_fk_shipping_method` (`fk_shipping_method`),
  CONSTRAINT `fk_reception_fk_soc` FOREIGN KEY (`fk_soc`) REFERENCES `llx_societe` (`rowid`),
  CONSTRAINT `fk_reception_fk_user_author` FOREIGN KEY (`fk_user_author`) REFERENCES `llx_user` (`rowid`),
  CONSTRAINT `fk_reception_fk_user_valid` FOREIGN KEY (`fk_user_valid`) REFERENCES `llx_user` (`rowid`)
) ENGINE=InnoDB AUTO_INCREMENT=3 DEFAULT CHARSET=utf8mb3 COLLATE=utf8mb3_unicode_ci;

--
-- Dumping data for table `llx_reception`
--

INSERT INTO `llx_reception` (`rowid`, `tms`, `ref`, `entity`, `fk_soc`, `fk_projet`, `ref_ext`, `ref_int`, `ref_supplier`, `date_creation`, `fk_user_author`, `fk_user_modif`, `date_valid`, `fk_user_valid`, `date_delivery`, `date_reception`, `fk_shipping_method`, `tracking_number`, `fk_statut`, `billed`, `height`, `width`, `size_units`, `size`, `weight_units`, `weight`, `note_private`, `note_public`, `model_pdf`, `fk_incoterms`, `location_incoterms`, `import_key`, `extraparams`) VALUES (1,'2021-04-15 11:41:05','RCP2104-0001',1,1,10,NULL,NULL,NULL,'2021-04-15 08:40:04',12,NULL,'2021-04-15 08:40:18',12,'2021-04-23 00:00:00',NULL,NULL,'',1,0,NULL,NULL,0,NULL,0,NULL,NULL,NULL,NULL,0,'',NULL,NULL);

--
-- Table structure for table `llx_reception_extrafields`
--

CREATE TABLE `llx_reception_extrafields` (
  `rowid` int(11) NOT NULL AUTO_INCREMENT,
  `tms` timestamp NOT NULL DEFAULT current_timestamp() ON UPDATE current_timestamp(),
  `fk_object` int(11) NOT NULL,
  `import_key` varchar(14) DEFAULT NULL,
  PRIMARY KEY (`rowid`),
  UNIQUE KEY `uk_reception_extrafields` (`fk_object`),
  KEY `idx_reception_extrafields` (`fk_object`)
) ENGINE=InnoDB DEFAULT CHARSET=utf8mb3 COLLATE=utf8mb3_unicode_ci;

--
-- Dumping data for table `llx_reception_extrafields`
--


--
-- Table structure for table `llx_receptiondet_batch`
--

CREATE TABLE `llx_receptiondet_batch` (
  `rowid` int(11) NOT NULL AUTO_INCREMENT,
  `fk_element` int(11) DEFAULT NULL,
  `fk_product` int(11) DEFAULT NULL,
  `description` text DEFAULT NULL,
  `fk_elementdet` int(11) DEFAULT NULL,
  `qty` float DEFAULT NULL,
  `fk_unit` int(11) DEFAULT NULL,
  `fk_entrepot` int(11) DEFAULT NULL,
  `fk_user` int(11) DEFAULT NULL,
  `datec` datetime DEFAULT NULL,
  `comment` varchar(255) DEFAULT NULL,
  `status` int(11) DEFAULT NULL,
  `tms` timestamp NOT NULL DEFAULT current_timestamp() ON UPDATE current_timestamp(),
  `batch` varchar(128) DEFAULT NULL,
  `eatby` date DEFAULT NULL,
  `sellby` date DEFAULT NULL,
  `fk_projet` int(11) DEFAULT NULL,
  `fk_reception` int(11) DEFAULT NULL,
  `cost_price` double(24,8) DEFAULT 0.00000000,
  `rang` int(11) DEFAULT 0,
  `element_type` varchar(50) NOT NULL DEFAULT 'supplier_order',
  `extraparams` varchar(255) DEFAULT NULL,
  PRIMARY KEY (`rowid`),
  KEY `idx_commande_fournisseur_dispatch_fk_commande` (`fk_element`),
  KEY `idx_commande_fournisseur_dispatch_fk_product` (`fk_product`),
  KEY `idx_commande_fournisseur_dispatch_fk_commandefourndet` (`fk_elementdet`),
  KEY `idx_receptiondet_batch_fk_element` (`fk_element`)
) ENGINE=InnoDB AUTO_INCREMENT=2 DEFAULT CHARSET=utf8mb3 COLLATE=utf8mb3_unicode_ci;

--
-- Dumping data for table `llx_receptiondet_batch`
--

INSERT INTO `llx_receptiondet_batch` (`rowid`, `fk_element`, `fk_product`, `description`, `fk_elementdet`, `qty`, `fk_unit`, `fk_entrepot`, `fk_user`, `datec`, `comment`, `status`, `tms`, `batch`, `eatby`, `sellby`, `fk_projet`, `fk_reception`, `cost_price`, `rang`, `element_type`, `extraparams`) VALUES (1,2,4,NULL,2,1,NULL,20,12,'2021-04-15 08:40:04','',1,'2021-04-15 11:40:04','Lot 2021-02',NULL,NULL,NULL,1,0.00000000,0,'supplier_order',NULL);

--
-- Table structure for table `llx_receptiondet_batch_extrafields`
--

CREATE TABLE `llx_receptiondet_batch_extrafields` (
  `rowid` int(11) NOT NULL AUTO_INCREMENT,
  `tms` timestamp NOT NULL DEFAULT current_timestamp() ON UPDATE current_timestamp(),
  `fk_object` int(11) NOT NULL,
  `import_key` varchar(14) DEFAULT NULL,
  PRIMARY KEY (`rowid`),
  KEY `idx_commande_fournisseur_dispatch_extrafields` (`fk_object`)
) ENGINE=InnoDB DEFAULT CHARSET=utf8mb3 COLLATE=utf8mb3_unicode_ci;

--
-- Dumping data for table `llx_receptiondet_batch_extrafields`
--


--
-- Table structure for table `llx_recruitment_recruitmentcandidature`
--

CREATE TABLE `llx_recruitment_recruitmentcandidature` (
  `rowid` int(11) NOT NULL AUTO_INCREMENT,
  `fk_recruitmentjobposition` int(11) DEFAULT NULL,
  `ref` varchar(128) CHARACTER SET utf8mb4 COLLATE utf8mb4_general_ci NOT NULL DEFAULT '(PROV)',
  `description` text CHARACTER SET utf8mb4 COLLATE utf8mb4_general_ci DEFAULT NULL,
  `note_public` text CHARACTER SET utf8mb4 COLLATE utf8mb4_general_ci DEFAULT NULL,
  `note_private` text CHARACTER SET utf8mb4 COLLATE utf8mb4_general_ci DEFAULT NULL,
  `date_creation` datetime NOT NULL,
  `tms` timestamp NOT NULL DEFAULT current_timestamp() ON UPDATE current_timestamp(),
  `fk_user_creat` int(11) DEFAULT NULL,
  `fk_user_modif` int(11) DEFAULT NULL,
  `import_key` varchar(14) CHARACTER SET utf8mb4 COLLATE utf8mb4_general_ci DEFAULT NULL,
  `model_pdf` varchar(255) CHARACTER SET utf8mb4 COLLATE utf8mb4_general_ci DEFAULT NULL,
  `status` smallint(6) NOT NULL,
  `firstname` varchar(128) CHARACTER SET utf8mb4 COLLATE utf8mb4_general_ci DEFAULT NULL,
  `lastname` varchar(128) CHARACTER SET utf8mb4 COLLATE utf8mb4_general_ci DEFAULT NULL,
  `email` varchar(255) CHARACTER SET utf8mb4 COLLATE utf8mb4_general_ci DEFAULT NULL,
  `phone` varchar(64) CHARACTER SET utf8mb4 COLLATE utf8mb4_general_ci DEFAULT NULL,
  `remuneration_requested` int(11) DEFAULT NULL,
  `remuneration_proposed` int(11) DEFAULT NULL,
  `fk_recruitment_origin` int(11) DEFAULT NULL,
  `email_msgid` varchar(175) DEFAULT NULL,
  `email_date` datetime DEFAULT NULL,
  `entity` int(11) NOT NULL DEFAULT 1,
  `date_birth` date DEFAULT NULL,
  `fk_user` int(11) DEFAULT NULL,
  `ip` varchar(250) DEFAULT NULL,
  PRIMARY KEY (`rowid`),
  UNIQUE KEY `uk_recruitmentcandidature_email_msgid` (`email_msgid`),
  KEY `idx_recruitment_recruitmentcandidature_rowid` (`rowid`),
  KEY `idx_recruitment_recruitmentcandidature_ref` (`ref`),
  KEY `llx_recruitment_recruitmentcandidature_fk_user_creat` (`fk_user_creat`),
  KEY `idx_recruitment_recruitmentcandidature_status` (`status`),
  CONSTRAINT `llx_recruitment_recruitmentcandidature_fk_user_creat` FOREIGN KEY (`fk_user_creat`) REFERENCES `llx_user` (`rowid`)
) ENGINE=InnoDB AUTO_INCREMENT=120 DEFAULT CHARSET=utf8mb3 COLLATE=utf8mb3_unicode_ci;

--
-- Dumping data for table `llx_recruitment_recruitmentcandidature`
--

INSERT INTO `llx_recruitment_recruitmentcandidature` (`rowid`, `fk_recruitmentjobposition`, `ref`, `description`, `note_public`, `note_private`, `date_creation`, `tms`, `fk_user_creat`, `fk_user_modif`, `import_key`, `model_pdf`, `status`, `firstname`, `lastname`, `email`, `phone`, `remuneration_requested`, `remuneration_proposed`, `fk_recruitment_origin`, `email_msgid`, `email_date`, `entity`, `date_birth`, `fk_user`, `ip`) VALUES (118,3,'(PROV118)','',NULL,NULL,'2021-04-15 07:28:32','2021-04-15 10:28:32',12,NULL,NULL,NULL,0,'Stud','Studson','student1@myschool.com','',20000,NULL,NULL,NULL,NULL,1,'2005-04-15',NULL,NULL),(119,4,'(PROV119)','',NULL,NULL,'2021-04-15 07:29:26','2021-04-15 10:29:26',12,NULL,NULL,NULL,3,'Garfield','Erika','egarfield@example.com','',40000,NULL,NULL,NULL,NULL,1,'1990-04-15',NULL,NULL);

--
-- Table structure for table `llx_recruitment_recruitmentcandidature_extrafields`
--

CREATE TABLE `llx_recruitment_recruitmentcandidature_extrafields` (
  `rowid` int(11) NOT NULL AUTO_INCREMENT,
  `tms` timestamp NOT NULL DEFAULT current_timestamp() ON UPDATE current_timestamp(),
  `fk_object` int(11) NOT NULL,
  `import_key` varchar(14) CHARACTER SET utf8mb4 COLLATE utf8mb4_general_ci DEFAULT NULL,
  `aa` varchar(255) CHARACTER SET utf8mb4 COLLATE utf8mb4_general_ci DEFAULT NULL,
  PRIMARY KEY (`rowid`),
  UNIQUE KEY `uk_recruitmentcandidature_fk_object` (`fk_object`),
  KEY `idx_fk_object` (`fk_object`)
) ENGINE=InnoDB AUTO_INCREMENT=22 DEFAULT CHARSET=utf8mb3 COLLATE=utf8mb3_unicode_ci;

--
-- Dumping data for table `llx_recruitment_recruitmentcandidature_extrafields`
--

INSERT INTO `llx_recruitment_recruitmentcandidature_extrafields` (`rowid`, `tms`, `fk_object`, `import_key`, `aa`) VALUES (16,'2020-08-25 10:40:58',95,NULL,NULL),(17,'2020-08-25 10:52:58',72,NULL,NULL),(18,'2020-09-06 09:44:55',65,NULL,'fdsfsd'),(19,'2020-09-15 22:45:41',67,NULL,NULL),(20,'2020-11-04 10:14:10',112,NULL,NULL),(21,'2020-11-04 12:02:32',68,NULL,'aaaa');

--
-- Table structure for table `llx_recruitment_recruitmentjobposition`
--

CREATE TABLE `llx_recruitment_recruitmentjobposition` (
  `rowid` int(11) NOT NULL AUTO_INCREMENT,
  `ref` varchar(128) CHARACTER SET utf8mb4 COLLATE utf8mb4_general_ci NOT NULL DEFAULT '(PROV)',
  `label` varchar(255) CHARACTER SET utf8mb4 COLLATE utf8mb4_general_ci NOT NULL,
  `qty` int(11) NOT NULL DEFAULT 1,
  `fk_soc` int(11) DEFAULT NULL,
  `fk_project` int(11) DEFAULT NULL,
  `fk_user_recruiter` int(11) DEFAULT NULL,
  `fk_user_supervisor` int(11) DEFAULT NULL,
  `fk_establishment` int(11) DEFAULT NULL,
  `date_planned` date DEFAULT NULL,
  `description` text CHARACTER SET utf8mb4 COLLATE utf8mb4_general_ci DEFAULT NULL,
  `note_public` text CHARACTER SET utf8mb4 COLLATE utf8mb4_general_ci DEFAULT NULL,
  `note_private` text CHARACTER SET utf8mb4 COLLATE utf8mb4_general_ci DEFAULT NULL,
  `date_creation` datetime NOT NULL,
  `tms` timestamp NOT NULL DEFAULT current_timestamp() ON UPDATE current_timestamp(),
  `fk_user_creat` int(11) NOT NULL,
  `fk_user_modif` int(11) DEFAULT NULL,
  `import_key` varchar(14) CHARACTER SET utf8mb4 COLLATE utf8mb4_general_ci DEFAULT NULL,
  `model_pdf` varchar(255) CHARACTER SET utf8mb4 COLLATE utf8mb4_general_ci DEFAULT NULL,
  `status` smallint(6) NOT NULL,
  `last_main_doc` varchar(255) CHARACTER SET utf8mb4 COLLATE utf8mb4_general_ci DEFAULT NULL,
  `email_recruiter` varchar(255) CHARACTER SET utf8mb4 COLLATE utf8mb4_general_ci DEFAULT NULL,
  `entity` int(11) NOT NULL DEFAULT 1,
  `remuneration` varchar(255) CHARACTER SET utf8mb4 COLLATE utf8mb4_general_ci DEFAULT NULL,
  `remuneration_suggested` varchar(255) CHARACTER SET utf8mb4 COLLATE utf8mb4_general_ci DEFAULT NULL,
  PRIMARY KEY (`rowid`),
  KEY `idx_recruitment_recruitmentjobposition_rowid` (`rowid`),
  KEY `idx_recruitment_recruitmentjobposition_ref` (`ref`),
  KEY `idx_recruitment_recruitmentjobposition_fk_soc` (`fk_soc`),
  KEY `idx_recruitment_recruitmentjobposition_fk_project` (`fk_project`),
  KEY `llx_recruitment_recruitmentjobposition_fk_user_recruiter` (`fk_user_recruiter`),
  KEY `llx_recruitment_recruitmentjobposition_fk_user_supervisor` (`fk_user_supervisor`),
  KEY `llx_recruitment_recruitmentjobposition_fk_establishment` (`fk_establishment`),
  KEY `llx_recruitment_recruitmentjobposition_fk_user_creat` (`fk_user_creat`),
  KEY `idx_recruitment_recruitmentjobposition_status` (`status`),
  CONSTRAINT `llx_recruitment_recruitmentjobposition_fk_establishment` FOREIGN KEY (`fk_establishment`) REFERENCES `llx_establishment` (`rowid`),
  CONSTRAINT `llx_recruitment_recruitmentjobposition_fk_user_creat` FOREIGN KEY (`fk_user_creat`) REFERENCES `llx_user` (`rowid`),
  CONSTRAINT `llx_recruitment_recruitmentjobposition_fk_user_recruiter` FOREIGN KEY (`fk_user_recruiter`) REFERENCES `llx_user` (`rowid`),
  CONSTRAINT `llx_recruitment_recruitmentjobposition_fk_user_supervisor` FOREIGN KEY (`fk_user_supervisor`) REFERENCES `llx_user` (`rowid`)
) ENGINE=InnoDB AUTO_INCREMENT=5 DEFAULT CHARSET=utf8mb3 COLLATE=utf8mb3_unicode_ci;

--
-- Dumping data for table `llx_recruitment_recruitmentjobposition`
--

INSERT INTO `llx_recruitment_recruitmentjobposition` (`rowid`, `ref`, `label`, `qty`, `fk_soc`, `fk_project`, `fk_user_recruiter`, `fk_user_supervisor`, `fk_establishment`, `date_planned`, `description`, `note_public`, `note_private`, `date_creation`, `tms`, `fk_user_creat`, `fk_user_modif`, `import_key`, `model_pdf`, `status`, `last_main_doc`, `email_recruiter`, `entity`, `remuneration`, `remuneration_suggested`) VALUES (2,'JOB2008-0001','Web designer',1,NULL,NULL,12,NULL,9,NULL,'Knowing HTML + CSS',NULL,'','2020-08-06 13:25:00','2020-09-02 17:17:47',12,12,NULL,'standard_recruitmentjobposition',3,'recruitment/recruitmentjobposition/JOB2008-0001/JOB2008-0001.pdf','',1,NULL,'To negociate'),(3,'JOB2009-0002','PHP Developer Senior',1,NULL,NULL,12,NULL,NULL,NULL,'5 years of experience required<br />\r\n<br />\r\nLocation: Berlin<br />\r\n&nbsp;',NULL,'','2020-09-02 17:23:00','2023-01-10 21:14:30',12,12,NULL,NULL,1,'recruitment/recruitmentjobposition/JOB2009-0002/JOB2009-0002.pdf','',1,NULL,'40000 - 50000'),(4,'JOB2009-0003','PHP Developer Junior',1,NULL,NULL,12,NULL,NULL,NULL,'Location: Madrid<br />\r\nWe are looking for a curious developer to work in our Web division.',NULL,NULL,'2020-11-11 17:24:00','2020-11-03 13:58:06',12,12,NULL,NULL,1,'recruitment/recruitmentjobposition/JOB2009-0003/JOB2009-0003.pdf','4444',1,NULL,'');

--
-- Table structure for table `llx_recruitment_recruitmentjobposition_extrafields`
--

CREATE TABLE `llx_recruitment_recruitmentjobposition_extrafields` (
  `rowid` int(11) NOT NULL AUTO_INCREMENT,
  `tms` timestamp NOT NULL DEFAULT current_timestamp() ON UPDATE current_timestamp(),
  `fk_object` int(11) NOT NULL,
  `import_key` varchar(14) CHARACTER SET utf8mb4 COLLATE utf8mb4_general_ci DEFAULT NULL,
  `bbb` double(24,8) DEFAULT NULL,
  PRIMARY KEY (`rowid`),
  UNIQUE KEY `uk_recruitmentjobposition_fk_object` (`fk_object`),
  KEY `idx_fk_object` (`fk_object`)
) ENGINE=InnoDB AUTO_INCREMENT=19 DEFAULT CHARSET=utf8mb3 COLLATE=utf8mb3_unicode_ci;

--
-- Dumping data for table `llx_recruitment_recruitmentjobposition_extrafields`
--

INSERT INTO `llx_recruitment_recruitmentjobposition_extrafields` (`rowid`, `tms`, `fk_object`, `import_key`, `bbb`) VALUES (6,'2020-09-06 18:39:58',2,NULL,NULL),(7,'2020-11-03 13:54:53',3,NULL,5.00000000),(18,'2020-11-09 08:51:51',4,NULL,NULL);

--
-- Table structure for table `llx_resource`
--

CREATE TABLE `llx_resource` (
  `rowid` int(11) NOT NULL AUTO_INCREMENT,
  `entity` int(11) NOT NULL DEFAULT 1,
  `ref` varchar(255) DEFAULT NULL,
  `asset_number` varchar(255) DEFAULT NULL,
  `description` text DEFAULT NULL,
  `fk_code_type_resource` varchar(32) DEFAULT NULL,
  `address` varchar(255) DEFAULT NULL,
  `zip` varchar(25) DEFAULT NULL,
  `town` varchar(50) DEFAULT NULL,
  `photo_filename` varchar(255) DEFAULT NULL,
  `max_users` int(11) DEFAULT NULL,
  `phone` varchar(30) DEFAULT NULL,
  `email` varchar(255) DEFAULT NULL,
  `url` varchar(255) DEFAULT NULL,
  `note_public` text DEFAULT NULL,
  `note_private` text DEFAULT NULL,
  `tms` timestamp NOT NULL DEFAULT current_timestamp() ON UPDATE current_timestamp(),
  `datec` datetime DEFAULT NULL,
  `date_valid` datetime DEFAULT NULL,
  `fk_user_author` int(11) DEFAULT NULL,
  `fk_user_modif` int(11) DEFAULT NULL,
  `fk_user_valid` int(11) DEFAULT NULL,
  `fk_statut` smallint(6) NOT NULL DEFAULT 0,
  `import_key` varchar(14) DEFAULT NULL,
  `extraparams` varchar(255) DEFAULT NULL,
  `fk_country` int(11) DEFAULT NULL,
  `fk_state` int(11) DEFAULT NULL,
  PRIMARY KEY (`rowid`),
  UNIQUE KEY `uk_resource_ref` (`ref`,`entity`),
  KEY `fk_code_type_resource_idx` (`fk_code_type_resource`),
  KEY `idx_resource_fk_country` (`fk_country`),
  KEY `idx_resource_fk_state` (`fk_state`),
  CONSTRAINT `fk_resource_fk_country` FOREIGN KEY (`fk_country`) REFERENCES `llx_c_country` (`rowid`)
) ENGINE=InnoDB AUTO_INCREMENT=18 DEFAULT CHARSET=utf8mb3 COLLATE=utf8mb3_unicode_ci;

--
-- Dumping data for table `llx_resource`
--

INSERT INTO `llx_resource` (`rowid`, `entity`, `ref`, `asset_number`, `description`, `fk_code_type_resource`, `address`, `zip`, `town`, `photo_filename`, `max_users`, `phone`, `email`, `url`, `note_public`, `note_private`, `tms`, `datec`, `date_valid`, `fk_user_author`, `fk_user_modif`, `fk_user_valid`, `fk_statut`, `import_key`, `extraparams`, `fk_country`, `fk_state`) VALUES (1,1,'Car Kangoo 1',NULL,'Car number 1 - Num XDF-45-GH','RES_CARS',NULL,NULL,NULL,NULL,NULL,NULL,NULL,NULL,NULL,NULL,'2017-02-20 16:44:12',NULL,NULL,NULL,NULL,NULL,0,NULL,NULL,NULL,NULL),(2,1,'Car Kangoo 2',NULL,'Car number 2 - Num GHY-78-JJ','RES_CARS',NULL,NULL,NULL,NULL,NULL,NULL,NULL,NULL,NULL,NULL,'2017-02-20 16:44:01',NULL,NULL,NULL,NULL,NULL,0,NULL,NULL,NULL,NULL),(3,1,'Meeting room - 14p',NULL,'Meeting room<br />\r\n14 places','RES_ROOMS',NULL,NULL,NULL,NULL,NULL,NULL,NULL,NULL,NULL,NULL,'2017-02-20 16:44:38',NULL,NULL,NULL,NULL,NULL,0,NULL,NULL,NULL,NULL),(4,1,'Meeting room - 8p',NULL,'Meeting room 8 places','RES_ROOMS',NULL,NULL,NULL,NULL,NULL,NULL,NULL,NULL,NULL,NULL,'2020-06-12 17:14:48',NULL,NULL,NULL,NULL,NULL,0,NULL,NULL,NULL,NULL),(5,1,'SALLE-1',NULL,'Salle 1','RES_ROOMS',NULL,NULL,NULL,NULL,NULL,NULL,NULL,NULL,NULL,NULL,'2024-11-28 15:11:53',NULL,NULL,NULL,NULL,NULL,0,NULL,NULL,NULL,NULL),(6,1,'SALLE-2',NULL,'Salle 2','RES_ROOMS',NULL,NULL,NULL,NULL,NULL,NULL,NULL,NULL,NULL,NULL,'2024-11-28 15:11:53',NULL,NULL,NULL,NULL,NULL,0,NULL,NULL,NULL,NULL),(7,1,'MAT-1',NULL,'Matériel 1','RES_HARDWARE',NULL,NULL,NULL,NULL,NULL,NULL,NULL,NULL,NULL,NULL,'2024-11-28 15:11:53',NULL,NULL,NULL,NULL,NULL,0,NULL,NULL,NULL,NULL),(8,1,'MAT-2',NULL,'Matériel 2','RES_HARDWARE',NULL,NULL,NULL,NULL,NULL,NULL,NULL,NULL,NULL,NULL,'2024-11-28 15:11:53',NULL,NULL,NULL,NULL,NULL,0,NULL,NULL,NULL,NULL);

--
-- Table structure for table `llx_resource_extrafields`
--

CREATE TABLE `llx_resource_extrafields` (
  `rowid` int(11) NOT NULL AUTO_INCREMENT,
  `tms` timestamp NOT NULL DEFAULT current_timestamp() ON UPDATE current_timestamp(),
  `fk_object` int(11) NOT NULL,
  `import_key` varchar(14) DEFAULT NULL,
  PRIMARY KEY (`rowid`),
  UNIQUE KEY `uk_resource_extrafields` (`fk_object`),
  KEY `idx_resource_extrafields` (`fk_object`)
) ENGINE=InnoDB DEFAULT CHARSET=utf8mb3 COLLATE=utf8mb3_unicode_ci;

--
-- Dumping data for table `llx_resource_extrafields`
--


--
-- Table structure for table `llx_rights_def`
--

CREATE TABLE `llx_rights_def` (
  `id` int(11) NOT NULL DEFAULT 0,
  `libelle` varchar(255) DEFAULT NULL,
  `module` varchar(64) DEFAULT NULL,
  `module_origin` varchar(64) DEFAULT NULL,
  `entity` int(11) NOT NULL DEFAULT 1,
  `perms` varchar(50) DEFAULT NULL,
  `subperms` varchar(50) DEFAULT NULL,
  `type` varchar(1) DEFAULT NULL,
  `bydefault` tinyint(4) DEFAULT 0,
  `enabled` text DEFAULT NULL,
  `module_position` int(11) NOT NULL DEFAULT 0,
  `family` varchar(64) DEFAULT NULL,
  `family_position` int(11) NOT NULL DEFAULT 0,
  `tms` timestamp NOT NULL DEFAULT current_timestamp() ON UPDATE current_timestamp(),
  PRIMARY KEY (`id`,`entity`)
) ENGINE=InnoDB DEFAULT CHARSET=utf8mb3 COLLATE=utf8mb3_unicode_ci;

--
-- Dumping data for table `llx_rights_def`
--



--
-- Table structure for table `llx_salary`
--

CREATE TABLE `llx_salary` (
  `rowid` int(11) NOT NULL AUTO_INCREMENT,
  `ref` varchar(30) DEFAULT NULL,
  `tms` timestamp NOT NULL DEFAULT current_timestamp() ON UPDATE current_timestamp(),
  `datec` datetime DEFAULT NULL,
  `fk_user` int(11) NOT NULL,
  `datep` date DEFAULT NULL,
  `datev` date DEFAULT NULL,
  `salary` double(24,8) DEFAULT NULL,
  `amount` double(24,8) NOT NULL DEFAULT 0.00000000,
  `fk_projet` int(11) DEFAULT NULL,
  `fk_typepayment` int(11) NOT NULL,
  `num_payment` varchar(50) DEFAULT NULL,
  `label` varchar(255) DEFAULT NULL,
  `datesp` date DEFAULT NULL,
  `dateep` date DEFAULT NULL,
  `entity` int(11) NOT NULL DEFAULT 1,
  `note` text DEFAULT NULL,
  `fk_bank` int(11) DEFAULT NULL,
  `paye` smallint(6) NOT NULL DEFAULT 0,
  `fk_account` int(11) DEFAULT NULL,
  `fk_user_author` int(11) DEFAULT NULL,
  `fk_user_modif` int(11) DEFAULT NULL,
  `ref_ext` varchar(255) DEFAULT NULL,
  `note_public` text DEFAULT NULL,
  `model_pdf` varchar(255) DEFAULT NULL,
  PRIMARY KEY (`rowid`)
) ENGINE=InnoDB AUTO_INCREMENT=6 DEFAULT CHARSET=utf8mb3 COLLATE=utf8mb3_unicode_ci;

--
-- Dumping data for table `llx_salary`
--

INSERT INTO `llx_salary` (`rowid`, `ref`, `tms`, `datec`, `fk_user`, `datep`, `datev`, `salary`, `amount`, `fk_projet`, `fk_typepayment`, `num_payment`, `label`, `datesp`, `dateep`, `entity`, `note`, `fk_bank`, `paye`, `fk_account`, `fk_user_author`, `fk_user_modif`, `ref_ext`, `note_public`, `model_pdf`) VALUES (1,'1','2023-08-15 10:42:28',NULL,19,NULL,NULL,NULL,1000.00000000,0,2,NULL,'Salary payment','2019-09-01','2019-09-30',1,'',42,1,NULL,0,12,NULL,NULL,NULL),(4,NULL,'2023-08-15 10:42:34','2023-01-06 12:36:21',4,NULL,NULL,NULL,100.00000000,0,6,NULL,'Salary payment','2022-12-01','2022-12-31',1,'',NULL,1,4,12,12,NULL,NULL,NULL),(5,NULL,'2024-12-30 15:55:25','2024-12-30 16:55:09',12,NULL,NULL,2700.00000000,10.00000000,0,3,NULL,'Salary','2024-11-01','2024-11-30',1,NULL,NULL,0,NULL,12,NULL,NULL,NULL,NULL);

--
-- Table structure for table `llx_salary_extrafields`
--

CREATE TABLE `llx_salary_extrafields` (
  `rowid` int(11) NOT NULL AUTO_INCREMENT,
  `tms` timestamp NOT NULL DEFAULT current_timestamp() ON UPDATE current_timestamp(),
  `fk_object` int(11) NOT NULL,
  `import_key` varchar(14) DEFAULT NULL,
  PRIMARY KEY (`rowid`),
  UNIQUE KEY `uk_salary_extrafields` (`fk_object`),
  KEY `idx_salary_extrafields` (`fk_object`)
) ENGINE=InnoDB DEFAULT CHARSET=utf8mb3 COLLATE=utf8mb3_unicode_ci;

--
-- Dumping data for table `llx_salary_extrafields`
--


--
-- Table structure for table `llx_sellyoursaas_whitelistemail`
--

CREATE TABLE `llx_sellyoursaas_whitelistemail` (
  `rowid` int(11) NOT NULL AUTO_INCREMENT,
  `entity` int(11) NOT NULL DEFAULT 1,
  `content` varchar(128) NOT NULL,
  `comment` varchar(255) DEFAULT NULL,
  `date_creation` datetime NOT NULL,
  `tms` timestamp NULL DEFAULT current_timestamp() ON UPDATE current_timestamp(),
  `status` int(11) NOT NULL DEFAULT 1,
  PRIMARY KEY (`rowid`),
  UNIQUE KEY `uk_sellyoursaas_whitelistemail_content` (`content`)
) ENGINE=InnoDB DEFAULT CHARSET=utf8mb3 COLLATE=utf8mb3_unicode_ci;

--
-- Dumping data for table `llx_sellyoursaas_whitelistemail`
--


--
-- Table structure for table `llx_session`
--

CREATE TABLE `llx_session` (
  `session_id` varchar(50) CHARACTER SET utf8mb4 COLLATE utf8mb4_general_ci NOT NULL,
  `session_variable` text CHARACTER SET utf8mb4 COLLATE utf8mb4_general_ci DEFAULT NULL,
  `date_creation` datetime NOT NULL,
  `last_accessed` datetime NOT NULL,
  `fk_user` int(11) NOT NULL,
  `remote_ip` varchar(64) CHARACTER SET utf8mb4 COLLATE utf8mb4_general_ci DEFAULT NULL,
  `user_agent` varchar(255) DEFAULT NULL,
  PRIMARY KEY (`session_id`)
) ENGINE=InnoDB DEFAULT CHARSET=utf8mb3 COLLATE=utf8mb3_unicode_ci;

--
-- Dumping data for table `llx_session`
--


--
-- Table structure for table `llx_societe`
--

CREATE TABLE `llx_societe` (
  `rowid` int(11) NOT NULL AUTO_INCREMENT,
  `statut` tinyint(4) DEFAULT 0,
  `parent` int(11) DEFAULT NULL,
  `tms` timestamp NOT NULL DEFAULT current_timestamp() ON UPDATE current_timestamp(),
  `datec` datetime DEFAULT NULL,
  `nom` varchar(128) DEFAULT NULL,
  `entity` int(11) NOT NULL DEFAULT 1,
  `ref_ext` varchar(255) DEFAULT NULL,
  `ref_int` varchar(60) DEFAULT NULL,
  `code_client` varchar(24) DEFAULT NULL,
  `code_fournisseur` varchar(24) DEFAULT NULL,
  `tp_payment_reference` varchar(25) DEFAULT NULL,
  `accountancy_code_customer_general` varchar(32) DEFAULT NULL,
  `code_compta` varchar(32) DEFAULT NULL,
  `accountancy_code_supplier_general` varchar(32) DEFAULT NULL,
  `code_compta_fournisseur` varchar(32) DEFAULT NULL,
  `address` varchar(255) DEFAULT NULL,
  `zip` varchar(25) DEFAULT NULL,
  `town` varchar(50) DEFAULT NULL,
  `fk_departement` int(11) DEFAULT 0,
  `fk_pays` int(11) DEFAULT 0,
  `phone` varchar(30) DEFAULT NULL,
  `phone_mobile` varchar(30) DEFAULT NULL,
  `fax` varchar(30) DEFAULT NULL,
  `url` varchar(255) DEFAULT NULL,
  `email` varchar(128) DEFAULT NULL,
  `socialnetworks` text DEFAULT NULL,
  `fk_effectif` int(11) DEFAULT 0,
  `fk_typent` int(11) DEFAULT NULL,
  `fk_forme_juridique` int(11) DEFAULT 0,
  `birth` date DEFAULT NULL,
  `fk_currency` varchar(3) DEFAULT NULL,
  `siren` varchar(128) DEFAULT NULL,
  `siret` varchar(128) DEFAULT NULL,
  `ape` varchar(128) DEFAULT NULL,
  `idprof4` varchar(128) DEFAULT NULL,
  `tva_intra` varchar(20) DEFAULT NULL,
  `capital` double(24,8) DEFAULT NULL,
  `fk_stcomm` int(11) NOT NULL DEFAULT 0,
  `note_private` text DEFAULT NULL,
  `note_public` text DEFAULT NULL,
  `prefix_comm` varchar(5) DEFAULT NULL,
  `client` tinyint(4) DEFAULT 0,
  `fournisseur` tinyint(4) DEFAULT 0,
  `supplier_account` varchar(32) DEFAULT NULL,
  `fk_prospectlevel` varchar(12) DEFAULT NULL,
  `customer_bad` tinyint(4) DEFAULT 0,
  `customer_rate` double DEFAULT 0,
  `supplier_rate` double DEFAULT 0,
  `fk_user_creat` int(11) DEFAULT NULL,
  `fk_user_modif` int(11) DEFAULT NULL,
  `remise_client` double DEFAULT 0,
  `remise_supplier` double DEFAULT 0,
  `mode_reglement` int(11) DEFAULT NULL,
  `cond_reglement` tinyint(4) DEFAULT NULL,
  `deposit_percent` varchar(63) DEFAULT NULL,
  `transport_mode` tinyint(4) DEFAULT NULL,
  `mode_reglement_supplier` int(11) DEFAULT NULL,
  `outstanding_limit` double(24,8) DEFAULT NULL,
  `order_min_amount` double(24,8) DEFAULT NULL,
  `supplier_order_min_amount` double(24,8) DEFAULT NULL,
  `cond_reglement_supplier` int(11) DEFAULT NULL,
  `transport_mode_supplier` tinyint(4) DEFAULT NULL,
  `fk_shipping_method` int(11) DEFAULT NULL,
  `tva_assuj` tinyint(4) DEFAULT 1,
  `vat_reverse_charge` tinyint(4) DEFAULT 0,
  `localtax1_assuj` tinyint(4) DEFAULT 0,
  `localtax1_value` double(6,3) DEFAULT NULL,
  `localtax2_assuj` tinyint(4) DEFAULT 0,
  `localtax2_value` double(6,3) DEFAULT NULL,
  `barcode` varchar(255) DEFAULT NULL,
  `price_level` int(11) DEFAULT NULL,
  `default_lang` varchar(6) DEFAULT NULL,
  `canvas` varchar(32) DEFAULT NULL,
  `import_key` varchar(14) DEFAULT NULL,
  `status` tinyint(4) DEFAULT 1,
  `logo` varchar(255) DEFAULT NULL,
  `idprof5` varchar(128) DEFAULT NULL,
  `idprof6` varchar(128) DEFAULT NULL,
  `fk_barcode_type` int(11) DEFAULT 0,
  `webservices_url` varchar(255) DEFAULT NULL,
  `webservices_key` varchar(128) DEFAULT NULL,
  `accountancy_code_sell` varchar(32) DEFAULT NULL,
  `accountancy_code_buy` varchar(32) DEFAULT NULL,
  `name_alias` varchar(128) DEFAULT NULL,
  `fk_incoterms` int(11) DEFAULT NULL,
  `location_incoterms` varchar(255) DEFAULT NULL,
  `model_pdf` varchar(255) DEFAULT NULL,
  `last_main_doc` varchar(255) DEFAULT NULL,
  `fk_multicurrency` int(11) DEFAULT NULL,
  `multicurrency_code` varchar(3) DEFAULT NULL,
  `fk_account` int(11) DEFAULT NULL,
  `fk_warehouse` int(11) DEFAULT NULL,
  `logo_squarred` varchar(255) DEFAULT NULL,
  `geolat` double(24,8) DEFAULT NULL,
  `geolong` double(24,8) DEFAULT NULL,
  `geopoint` point DEFAULT NULL,
  `georesultcode` varchar(16) DEFAULT NULL,
  `ip` varchar(250) DEFAULT NULL,
  `vatexemptcode` varchar(24) DEFAULT NULL,
  `euid` varchar(64) DEFAULT NULL,
  PRIMARY KEY (`rowid`),
  UNIQUE KEY `uk_societe_prefix_comm` (`prefix_comm`,`entity`),
  UNIQUE KEY `uk_societe_code_client` (`code_client`,`entity`),
  UNIQUE KEY `uk_societe_barcode` (`barcode`,`fk_barcode_type`,`entity`),
  UNIQUE KEY `uk_societe_code_fournisseur` (`code_fournisseur`,`entity`),
  KEY `idx_societe_user_creat` (`fk_user_creat`),
  KEY `idx_societe_user_modif` (`fk_user_modif`),
  KEY `idx_societe_barcode` (`barcode`),
  KEY `idx_societe_warehouse` (`fk_warehouse`),
  KEY `idx_societe_nom` (`nom`)
) ENGINE=InnoDB AUTO_INCREMENT=65 DEFAULT CHARSET=utf8mb3 COLLATE=utf8mb3_unicode_ci;

--
-- Dumping data for table `llx_societe`
--

INSERT INTO `llx_societe` (`rowid`, `statut`, `parent`, `tms`, `datec`, `nom`, `entity`, `ref_ext`, `ref_int`, `code_client`, `code_fournisseur`, `tp_payment_reference`, `accountancy_code_customer_general`, `code_compta`, `accountancy_code_supplier_general`, `code_compta_fournisseur`, `address`, `zip`, `town`, `fk_departement`, `fk_pays`, `phone`, `phone_mobile`, `fax`, `url`, `email`, `socialnetworks`, `fk_effectif`, `fk_typent`, `fk_forme_juridique`, `birth`, `fk_currency`, `siren`, `siret`, `ape`, `idprof4`, `tva_intra`, `capital`, `fk_stcomm`, `note_private`, `note_public`, `prefix_comm`, `client`, `fournisseur`, `supplier_account`, `fk_prospectlevel`, `customer_bad`, `customer_rate`, `supplier_rate`, `fk_user_creat`, `fk_user_modif`, `remise_client`, `remise_supplier`, `mode_reglement`, `cond_reglement`, `deposit_percent`, `transport_mode`, `mode_reglement_supplier`, `outstanding_limit`, `order_min_amount`, `supplier_order_min_amount`, `cond_reglement_supplier`, `transport_mode_supplier`, `fk_shipping_method`, `tva_assuj`, `vat_reverse_charge`, `localtax1_assuj`, `localtax1_value`, `localtax2_assuj`, `localtax2_value`, `barcode`, `price_level`, `default_lang`, `canvas`, `import_key`, `status`, `logo`, `idprof5`, `idprof6`, `fk_barcode_type`, `webservices_url`, `webservices_key`, `accountancy_code_sell`, `accountancy_code_buy`, `name_alias`, `fk_incoterms`, `location_incoterms`, `model_pdf`, `last_main_doc`, `fk_multicurrency`, `multicurrency_code`, `fk_account`, `fk_warehouse`, `logo_squarred`, `geolat`, `geolong`, `geopoint`, `georesultcode`, `ip`, `vatexemptcode`, `euid`) VALUES (1,0,NULL,'2023-03-01 22:02:40','2012-07-08 14:21:44','Indian SAS',1,NULL,NULL,'CU1212-0007','SU1212-0005',NULL,NULL,'7050',NULL,'6050','1 alalah road',NULL,'Delhi',NULL,117,NULL,NULL,NULL,NULL,NULL,'[]',NULL,4,NULL,NULL,'0','','','','','',5000.00000000,2,NULL,NULL,NULL,1,1,NULL,'',0,0,0,1,12,0,0,NULL,NULL,NULL,NULL,NULL,NULL,NULL,NULL,NULL,NULL,NULL,1,0,NULL,0.000,NULL,0.000,NULL,NULL,'fr_FR',NULL,NULL,1,'indiancompany.png','','',0,NULL,NULL,'','','',0,NULL,'',NULL,1,'EUR',NULL,0,NULL,NULL,NULL,NULL,NULL,NULL,NULL,NULL),(2,0,NULL,'2023-02-25 02:32:36','2012-07-08 14:23:48','Teclib',1,NULL,NULL,'CU1108-0001','SU1108-0001',NULL,NULL,'411CU11080001',NULL,'401SU11080001','',NULL,'Paris',0,1,NULL,NULL,NULL,'www.teclib.com',NULL,NULL,4,3,57,NULL,'0','123456789','','ACE14','','',400000.00000000,2,NULL,NULL,NULL,3,1,NULL,'',0,0,0,1,12,0,0,NULL,NULL,NULL,NULL,NULL,NULL,NULL,NULL,NULL,NULL,NULL,1,0,0,0.000,NULL,0.000,NULL,NULL,'fr_FR',NULL,NULL,1,'teclibcompany.png','','',0,NULL,NULL,NULL,NULL,'',0,NULL,NULL,NULL,0,'',NULL,0,NULL,NULL,NULL,NULL,NULL,NULL,NULL,NULL),(3,0,NULL,'2023-02-25 02:32:36','2012-07-08 22:42:12','Spanish Comp',1,NULL,NULL,'SPANISHCOMP','SU1601-0009',NULL,NULL,NULL,NULL,NULL,'1 via mallere',NULL,'Madrid',123,4,NULL,NULL,NULL,NULL,NULL,NULL,3,4,408,NULL,'0','','','','','',10000.00000000,2,NULL,NULL,NULL,1,1,NULL,NULL,0,0,0,1,12,0,0,NULL,NULL,NULL,NULL,NULL,NULL,NULL,NULL,NULL,NULL,NULL,1,0,NULL,0.000,NULL,0.000,NULL,NULL,'es_AR',NULL,NULL,1,'spanishcompany.png','','',0,NULL,NULL,NULL,NULL,'',0,NULL,NULL,NULL,NULL,NULL,NULL,0,NULL,NULL,NULL,NULL,NULL,NULL,NULL,NULL),(4,0,NULL,'2022-12-16 11:20:27','2012-07-08 22:48:18','Prospector Vaalen',1,NULL,NULL,'CU1303-0014',NULL,NULL,NULL,NULL,NULL,NULL,'',NULL,'Bruxelles',103,2,NULL,NULL,NULL,NULL,NULL,'[]',3,4,201,NULL,'0','12345678','','','','',0.00000000,2,NULL,NULL,NULL,3,0,NULL,'PL_LOW',0,0,0,1,12,0,0,NULL,NULL,NULL,NULL,NULL,NULL,NULL,NULL,NULL,NULL,NULL,1,0,NULL,0.000,NULL,0.000,NULL,NULL,NULL,NULL,NULL,1,'valeencompany.png','','',0,NULL,NULL,'','','',0,NULL,'',NULL,0,'',NULL,0,NULL,NULL,NULL,NULL,NULL,NULL,NULL,NULL),(5,0,NULL,'2017-02-21 11:01:17','2012-07-08 23:22:57','NoCountry GmBh',1,NULL,NULL,NULL,NULL,NULL,NULL,NULL,NULL,NULL,'',NULL,NULL,0,0,NULL,NULL,NULL,NULL,NULL,NULL,NULL,NULL,NULL,NULL,'0','','','','','',0.00000000,0,NULL,NULL,NULL,0,0,NULL,'',0,0,0,1,12,0,0,NULL,NULL,NULL,NULL,NULL,NULL,NULL,NULL,NULL,NULL,NULL,1,0,0,0.000,NULL,0.000,NULL,NULL,NULL,NULL,NULL,1,'nocountrycomp.png','','',0,NULL,NULL,NULL,NULL,'',0,NULL,NULL,NULL,1,'EUR',NULL,0,NULL,NULL,NULL,NULL,NULL,NULL,NULL,NULL),(6,0,NULL,'2018-01-16 15:35:56','2012-07-09 00:15:09','Swiss Touch',1,NULL,NULL,'CU1601-0018','SU1601-0010',NULL,NULL,NULL,NULL,NULL,'',NULL,'Genevia',0,6,NULL,NULL,NULL,NULL,'swisstouch@example.ch',NULL,2,2,601,NULL,'0','','','','','',56000.00000000,0,NULL,NULL,NULL,3,1,NULL,NULL,0,0,0,1,12,0,0,NULL,NULL,NULL,NULL,NULL,NULL,NULL,NULL,NULL,NULL,NULL,1,0,NULL,0.000,NULL,0.000,NULL,NULL,NULL,NULL,NULL,1,'swisstouch.png','','',0,NULL,NULL,NULL,NULL,'',0,NULL,NULL,NULL,NULL,NULL,NULL,0,NULL,NULL,NULL,NULL,NULL,NULL,NULL,NULL),(7,0,NULL,'2018-01-16 15:38:32','2012-07-09 01:24:26','Generic customer',1,NULL,NULL,'CU1302-0011',NULL,NULL,NULL,NULL,NULL,NULL,'',NULL,NULL,0,7,NULL,NULL,NULL,NULL,'ttt@ttt.com',NULL,NULL,8,NULL,NULL,'0','','','','','',0.00000000,0,'Generic customer to use for Point Of Sale module.<br />',NULL,NULL,1,0,NULL,NULL,0,0,0,1,12,0,0,NULL,NULL,NULL,NULL,NULL,NULL,NULL,NULL,NULL,NULL,NULL,1,0,NULL,0.000,NULL,0.000,NULL,NULL,NULL,NULL,NULL,1,'genericcustomer.png','','',0,NULL,NULL,NULL,NULL,'',0,NULL,NULL,NULL,NULL,NULL,NULL,0,NULL,NULL,NULL,NULL,NULL,NULL,NULL,NULL),(10,0,NULL,'2025-04-08 08:55:23','2012-07-10 15:13:08','NLTechno',1,NULL,NULL,'CU1212-0005','SU1601-0011',NULL,NULL,'411CU12120005',NULL,'401SU16010011','',NULL,NULL,NULL,102,NULL,NULL,NULL,NULL,'vsmith@email.com','[]',1,4,NULL,NULL,'0','493861496','49386149600039','6209Z','22-01-2007','',10000.00000000,0,NULL,'aa < aa<br />\r\nd<strong>dd</strong>d',NULL,1,1,NULL,'',0,0,0,1,12,0,0,NULL,NULL,NULL,NULL,NULL,NULL,NULL,NULL,NULL,NULL,NULL,1,0,0,0.000,0,0.000,'123456789012',NULL,'fr_FR',NULL,NULL,1,'logo_nltechno_94x100.png','','',0,NULL,NULL,'','','The OpenSource company',0,NULL,'sepamandate',NULL,1,'EUR',NULL,0,NULL,NULL,NULL,NULL,NULL,NULL,NULL,NULL),(11,0,NULL,'2019-11-28 11:52:58','2012-07-10 18:35:57','Company Corp 1',1,NULL,NULL,'CU1510-0017',NULL,NULL,NULL,'7051',NULL,NULL,'21 Green Hill street','75500','Los Angeles',0,11,'444123456',NULL,NULL,'companycorp1.com','companycorp1@example.com','{\"skype\":\"corp1\"}',1,1,NULL,NULL,'0','AB1234567','','','','USABS123',10000.00000000,0,NULL,NULL,NULL,3,0,NULL,'PL_LOW',0,0,0,1,12,0,0,NULL,NULL,NULL,NULL,NULL,NULL,NULL,NULL,NULL,NULL,NULL,1,0,0,0.000,NULL,0.000,NULL,NULL,'en_US',NULL,NULL,1,'comapnycorp1company.png','','',0,NULL,NULL,NULL,NULL,'',0,NULL,NULL,NULL,1,'EUR',NULL,0,NULL,NULL,NULL,NULL,NULL,NULL,NULL,NULL),(12,0,NULL,'2023-01-14 10:46:33','2012-07-11 16:18:08','Dupont Alain',1,NULL,NULL,'CU1601-0019',NULL,NULL,NULL,'411CU16010019',NULL,NULL,'',NULL,NULL,NULL,NULL,NULL,NULL,NULL,NULL,'pcurie@example.com','[]',NULL,NULL,NULL,NULL,'0','','','','','',0.00000000,0,NULL,NULL,NULL,1,0,NULL,'',0,0,0,1,12,0,0,NULL,NULL,NULL,NULL,NULL,NULL,NULL,NULL,NULL,NULL,NULL,1,0,NULL,0.000,NULL,0.000,NULL,NULL,NULL,NULL,NULL,1,'pierrecurie.jpg','','',0,NULL,NULL,'','','',0,NULL,'',NULL,0,'',NULL,0,NULL,NULL,NULL,NULL,NULL,NULL,NULL,NULL),(13,0,NULL,'2019-10-08 09:57:51','2012-07-11 17:13:20','Company Corp 2',1,NULL,NULL,'CU1910-00021','SU1510-0008',NULL,NULL,'411CU191000021',NULL,'401SU15100008','',NULL,NULL,0,1,NULL,NULL,NULL,NULL,NULL,NULL,NULL,NULL,NULL,NULL,'0','','','','','',0.00000000,0,NULL,NULL,NULL,3,1,NULL,'',0,0,0,1,12,0,0,NULL,NULL,NULL,NULL,NULL,NULL,NULL,NULL,NULL,NULL,NULL,1,0,NULL,0.000,NULL,0.000,NULL,NULL,NULL,NULL,NULL,1,'companycorp2company.png','','',0,NULL,NULL,NULL,NULL,'',0,NULL,NULL,NULL,1,'EUR',NULL,0,NULL,NULL,NULL,NULL,NULL,NULL,NULL,NULL),(17,0,NULL,'2024-06-22 10:44:35','2013-08-01 02:41:26','Book Keeping Company',1,NULL,NULL,'CU1108-0004','SU1108-0004',NULL,NULL,'411CU11080004',NULL,'401SU11080004','The French Company',NULL,'Paris',NULL,1,NULL,NULL,NULL,NULL,NULL,'[]',1,NULL,NULL,NULL,'0','','','','','',0.00000000,0,NULL,NULL,NULL,3,1,NULL,'',0,0,0,1,12,0,0,NULL,NULL,NULL,NULL,NULL,NULL,NULL,NULL,NULL,NULL,NULL,1,0,NULL,0.000,NULL,0.000,NULL,NULL,NULL,NULL,NULL,1,'bookkeepercompany.png','','',0,NULL,NULL,'','','',0,NULL,'',NULL,1,'EUR',NULL,0,NULL,NULL,NULL,NULL,NULL,NULL,NULL,NULL),(19,0,NULL,'2019-09-26 12:03:13','2015-01-12 12:23:05','Magic Food Store',1,NULL,NULL,'CU1301-0008',NULL,NULL,NULL,NULL,NULL,NULL,'65 holdywood boulevard','123456','BigTown',0,4,NULL,NULL,'0101',NULL,'myemail@domain.com',NULL,NULL,NULL,NULL,NULL,'0','','','10/10/2010','','',0.00000000,0,NULL,NULL,NULL,1,0,NULL,NULL,0,0,0,1,12,0,0,NULL,NULL,NULL,NULL,NULL,NULL,NULL,NULL,NULL,NULL,NULL,0,0,NULL,0.000,NULL,0.000,NULL,NULL,'en_US',NULL,NULL,1,'magicfoodstore.png','','',0,NULL,NULL,NULL,NULL,'',0,NULL,'sepamandate',NULL,NULL,NULL,NULL,0,NULL,NULL,NULL,NULL,NULL,NULL,NULL,NULL),(25,0,32,'2025-05-05 11:25:27','2015-03-10 15:47:37','Print Company',1,NULL,NULL,'CU1303-0016','SU1303-0007',NULL,NULL,'411CU13030016',NULL,'401SU13030007','21 Gutenberg street','45600','Berlin',NULL,5,NULL,NULL,NULL,NULL,'printcompany@example.com','[]',NULL,NULL,NULL,NULL,'0','','','','','',NULL,0,NULL,NULL,NULL,1,1,NULL,'',0,0,0,1,12,0,0,NULL,NULL,NULL,NULL,NULL,NULL,NULL,NULL,NULL,NULL,NULL,1,0,NULL,0.000,NULL,0.000,NULL,NULL,'de_DE',NULL,NULL,1,'printcompany.png','','',0,NULL,NULL,'','','',0,NULL,'',NULL,1,'EUR',NULL,0,NULL,NULL,NULL,NULL,NULL,NULL,NULL,NULL),(26,0,NULL,'2019-09-26 12:06:05','2017-02-12 23:17:04','Calculation Power',1,NULL,NULL,'CU1702-0020',NULL,NULL,NULL,'411CU17020020',NULL,NULL,'',NULL,'Calgary',0,14,NULL,NULL,NULL,NULL,'calculationpower@example.com',NULL,NULL,NULL,NULL,NULL,NULL,'','','','','',NULL,0,NULL,NULL,NULL,3,0,NULL,'',0,0,0,12,12,0,0,NULL,NULL,NULL,NULL,NULL,NULL,NULL,NULL,NULL,NULL,NULL,0,0,0,0.000,0,0.000,NULL,NULL,'en_US',NULL,NULL,1,'bookkeepercompany.png','','',0,NULL,NULL,NULL,NULL,'',0,NULL,NULL,NULL,1,'EUR',NULL,0,NULL,NULL,NULL,NULL,NULL,NULL,NULL,NULL),(29,0,NULL,'2020-01-13 12:56:22','2020-01-06 00:39:58','Patient',1,NULL,NULL,'CU2001-00022',NULL,NULL,NULL,'411CU200100022',NULL,NULL,'',NULL,NULL,0,117,'01',NULL,'02',NULL,NULL,'null',NULL,NULL,NULL,NULL,NULL,'','','','','',NULL,0,'aa < ddd',NULL,NULL,3,0,NULL,'',0,0,0,12,12,0,0,NULL,NULL,NULL,NULL,NULL,NULL,NULL,NULL,NULL,NULL,NULL,NULL,0,NULL,0.000,NULL,0.000,NULL,NULL,NULL,'patient@cabinetmed',NULL,1,NULL,'','',0,NULL,NULL,NULL,NULL,'',0,NULL,NULL,NULL,0,'',NULL,0,NULL,NULL,NULL,NULL,NULL,NULL,NULL,NULL),(30,0,NULL,'2022-12-28 00:56:01','2020-01-13 17:19:24','Italo',1,NULL,NULL,'CU2001-00023',NULL,NULL,NULL,'411CU200100023',NULL,NULL,'12 Alagio','123','Milano',777,3,NULL,NULL,NULL,NULL,'aaa@it.com','[]',NULL,NULL,NULL,NULL,NULL,'','','','','',NULL,0,NULL,NULL,NULL,3,0,NULL,'',0,0,0,12,12,0,0,NULL,NULL,NULL,NULL,NULL,NULL,NULL,NULL,NULL,NULL,NULL,1,0,NULL,0.000,NULL,0.000,NULL,4,NULL,NULL,NULL,1,NULL,'','',0,NULL,NULL,'','','',0,NULL,'',NULL,1,'EUR',NULL,0,NULL,NULL,NULL,NULL,NULL,NULL,NULL,NULL),(31,0,NULL,'2025-04-11 15:31:18','2022-12-26 12:12:11','aaa',1,NULL,NULL,'CU2212-00024',NULL,NULL,NULL,'411CU221200024',NULL,NULL,'',NULL,NULL,NULL,1,NULL,NULL,NULL,NULL,NULL,'[]',NULL,NULL,NULL,NULL,NULL,'','','','','',NULL,0,NULL,NULL,NULL,2,0,NULL,'',0,0,0,12,12,0,0,NULL,NULL,NULL,NULL,NULL,NULL,NULL,NULL,NULL,NULL,NULL,1,0,NULL,0.000,NULL,0.000,NULL,NULL,NULL,NULL,NULL,0,'1.JPG','','',0,NULL,NULL,'','','',0,NULL,'',NULL,1,'EUR',NULL,NULL,NULL,NULL,NULL,NULL,NULL,NULL,NULL,NULL),(32,0,NULL,'2026-06-02 16:14:04','2022-12-26 12:12:43','France Bijoux',1,NULL,NULL,'CU2212-00025',NULL,NULL,NULL,'411CU221200025',NULL,NULL,'',NULL,NULL,NULL,1,NULL,NULL,NULL,NULL,NULL,'[]',NULL,0,NULL,NULL,NULL,'','','','','',0.00000000,0,NULL,NULL,NULL,3,0,NULL,'',0,0,0,12,12,0,0,NULL,NULL,NULL,NULL,NULL,NULL,NULL,NULL,NULL,NULL,NULL,1,0,0,0.000,0,0.000,NULL,NULL,NULL,NULL,NULL,1,NULL,'','',0,NULL,NULL,'','','',0,NULL,'generic_odt:/home/ldestailleur/git/dolibarr_dev/documents/doctemplates/thirdparties/template_thirdparty.odt',NULL,1,'EUR',NULL,NULL,NULL,NULL,NULL,NULL,NULL,NULL,NULL,''),(33,0,NULL,'2026-06-02 16:13:16','2022-12-26 12:14:10','France Lum',1,NULL,NULL,'CU2212-00026',NULL,NULL,NULL,'411CU221200026',NULL,NULL,'',NULL,NULL,NULL,1,NULL,NULL,NULL,NULL,NULL,'[]',NULL,0,NULL,NULL,NULL,'','','','','',NULL,0,NULL,NULL,NULL,3,0,NULL,'',0,0,0,12,12,0,0,NULL,NULL,NULL,NULL,NULL,NULL,NULL,NULL,NULL,NULL,NULL,1,0,0,0.000,0,0.000,NULL,NULL,NULL,NULL,NULL,1,NULL,'','',0,NULL,NULL,'','','',0,NULL,'',NULL,1,'EUR',NULL,NULL,NULL,NULL,NULL,NULL,NULL,NULL,NULL,''),(34,0,NULL,'2026-06-02 16:13:32','2022-12-26 12:15:09','AAA Company',1,NULL,NULL,'CU2212-00027',NULL,NULL,NULL,'411CU221200027',NULL,NULL,'Direction des systèmes d\'information\r\n98-102 rue de Richelieu 75002 Paris.\r\nSiège: 1, place du Palais Royal, 75001','75001','Paris',77,1,'060606060606',NULL,'0705050505','https://aaa.com','aaa@aaa.com','[]',NULL,0,NULL,NULL,NULL,'','','','','',NULL,0,NULL,NULL,NULL,3,0,NULL,'',0,0,0,12,12,0,0,NULL,NULL,NULL,NULL,NULL,NULL,NULL,NULL,NULL,NULL,NULL,1,0,0,0.000,0,0.000,NULL,NULL,NULL,NULL,NULL,1,NULL,'','',0,NULL,NULL,'','','',0,NULL,'',NULL,1,'EUR',NULL,NULL,NULL,NULL,NULL,NULL,NULL,NULL,NULL,''),(37,0,NULL,'2026-06-02 16:12:16','2024-12-27 15:00:09','Pary india',1,NULL,NULL,'CU2412-00030',NULL,NULL,NULL,'411CU241200030',NULL,NULL,'',NULL,NULL,NULL,117,NULL,NULL,NULL,NULL,NULL,'[]',NULL,0,NULL,NULL,NULL,'','','','','',NULL,0,NULL,NULL,NULL,3,0,NULL,'',0,0,0,12,12,0,0,NULL,NULL,NULL,NULL,NULL,NULL,NULL,NULL,NULL,NULL,NULL,0,0,0,0.000,0,0.000,NULL,NULL,NULL,'patient@cabinetmed',NULL,1,NULL,'','',0,NULL,NULL,'','','',0,NULL,'',NULL,1,'EUR',NULL,NULL,NULL,NULL,NULL,NULL,NULL,'',NULL,''),(39,0,NULL,'2025-01-30 21:52:20','2025-01-03 14:59:56','Testldr1',1,NULL,NULL,'CU2501-00031',NULL,NULL,NULL,'411CU250100031',NULL,NULL,'',NULL,NULL,NULL,1,NULL,NULL,NULL,NULL,'testldr1@dolicloud.com','null',NULL,NULL,NULL,NULL,NULL,'','','','','',NULL,0,NULL,'g<br>\nmm',NULL,3,0,NULL,'',0,0,0,29,12,0,0,NULL,NULL,NULL,NULL,NULL,NULL,NULL,NULL,NULL,NULL,NULL,1,0,NULL,0.000,NULL,0.000,NULL,NULL,'fr_FR',NULL,NULL,1,NULL,'','',0,NULL,NULL,'','','',0,NULL,'',NULL,0,'',NULL,NULL,NULL,NULL,NULL,NULL,NULL,'',NULL,NULL),(59,0,NULL,'2026-06-02 16:11:55','2025-06-25 10:13:36','Boulangerie AFA',1,NULL,NULL,'CU2506-00033',NULL,NULL,NULL,'411CU250600033',NULL,NULL,'',NULL,NULL,NULL,1,NULL,NULL,NULL,NULL,NULL,'[]',NULL,0,NULL,NULL,NULL,'','','','','',0.00000000,0,NULL,NULL,NULL,1,0,NULL,'',0,0,0,12,12,0,0,NULL,NULL,NULL,NULL,NULL,NULL,NULL,NULL,NULL,NULL,NULL,1,0,0,0.000,0,0.000,NULL,NULL,NULL,NULL,NULL,1,NULL,'','',0,NULL,NULL,'','','',0,NULL,'',NULL,1,'EUR',NULL,NULL,NULL,NULL,NULL,NULL,NULL,'',NULL,''),(61,0,NULL,'2026-06-02 16:14:24','2025-06-25 10:22:06','Terroir de France',1,NULL,NULL,'CU2506-00035',NULL,NULL,NULL,'411CU250600035',NULL,NULL,'',NULL,NULL,NULL,1,NULL,NULL,NULL,NULL,NULL,'[]',NULL,0,NULL,NULL,NULL,'','','','','',0.00000000,0,NULL,NULL,NULL,1,0,NULL,'',0,0,0,12,12,0,0,NULL,NULL,NULL,NULL,NULL,NULL,NULL,NULL,NULL,NULL,NULL,1,0,0,0.000,0,0.000,NULL,NULL,NULL,NULL,NULL,1,NULL,'','',0,NULL,NULL,'','','',0,NULL,'',NULL,1,'EUR',NULL,NULL,NULL,NULL,NULL,NULL,NULL,'',NULL,''),(62,0,NULL,'2026-06-02 16:11:24','2025-06-25 10:27:57','Customer France',1,NULL,NULL,'CU2506-00036',NULL,NULL,NULL,'411CU250600036',NULL,NULL,'',NULL,NULL,NULL,1,NULL,NULL,NULL,NULL,NULL,'[]',NULL,0,NULL,NULL,NULL,'','','','','',0.00000000,0,NULL,NULL,NULL,1,0,NULL,'',0,0,0,12,12,0,0,NULL,NULL,NULL,NULL,NULL,NULL,NULL,NULL,NULL,NULL,NULL,1,0,0,0.000,0,0.000,NULL,NULL,NULL,NULL,NULL,1,NULL,'','',0,NULL,NULL,'','','',0,NULL,'',NULL,1,'EUR',NULL,NULL,NULL,NULL,NULL,NULL,NULL,'',NULL,''),(64,0,NULL,'2025-01-16 08:53:37','2025-01-16 09:53:37','test test',1,NULL,NULL,'CU2501-00037',NULL,NULL,NULL,'411CU250100037',NULL,NULL,'',NULL,NULL,NULL,1,NULL,NULL,NULL,NULL,'test@test.com','[]',NULL,NULL,NULL,NULL,NULL,'','','','','',NULL,0,NULL,NULL,NULL,1,0,NULL,'',0,0,0,12,12,0,0,NULL,NULL,NULL,NULL,NULL,NULL,NULL,NULL,NULL,NULL,NULL,1,0,NULL,0.000,NULL,0.000,NULL,NULL,NULL,NULL,NULL,1,NULL,'','',0,NULL,NULL,'','','',0,NULL,'',NULL,0,'',NULL,NULL,NULL,NULL,NULL,NULL,NULL,NULL,NULL,NULL);

--
-- Table structure for table `llx_societe_address`
--

CREATE TABLE `llx_societe_address` (
  `rowid` int(11) NOT NULL AUTO_INCREMENT,
  `datec` datetime DEFAULT NULL,
  `tms` timestamp NOT NULL DEFAULT current_timestamp() ON UPDATE current_timestamp(),
  `label` varchar(30) DEFAULT NULL,
  `fk_soc` int(11) DEFAULT 0,
  `name` varchar(60) DEFAULT NULL,
  `address` varchar(255) DEFAULT NULL,
  `zip` varchar(10) DEFAULT NULL,
  `town` varchar(50) DEFAULT NULL,
  `fk_pays` int(11) DEFAULT 0,
  `phone` varchar(20) DEFAULT NULL,
  `fax` varchar(20) DEFAULT NULL,
  `note` mediumtext DEFAULT NULL,
  `fk_user_creat` int(11) DEFAULT NULL,
  `fk_user_modif` int(11) DEFAULT NULL,
  PRIMARY KEY (`rowid`)
) ENGINE=InnoDB DEFAULT CHARSET=utf8mb4 COLLATE=utf8mb4_unicode_ci ROW_FORMAT=DYNAMIC;

--
-- Dumping data for table `llx_societe_address`
--


--
-- Table structure for table `llx_societe_commerciaux`
--

CREATE TABLE `llx_societe_commerciaux` (
  `rowid` int(11) NOT NULL AUTO_INCREMENT,
  `fk_soc` int(11) DEFAULT NULL,
  `fk_user` int(11) DEFAULT NULL,
  `import_key` varchar(14) DEFAULT NULL,
  `fk_c_type_contact_code` varchar(32) NOT NULL DEFAULT 'SALESREPTHIRD',
  PRIMARY KEY (`rowid`),
  UNIQUE KEY `uk_societe_commerciaux_c_type_contact` (`fk_soc`,`fk_user`,`fk_c_type_contact_code`),
  KEY `fk_societe_commerciaux_fk_c_type_contact_code` (`fk_c_type_contact_code`),
  KEY `fk_societe_commerciaux_fk_user` (`fk_user`),
  CONSTRAINT `fk_societe_commerciaux_fk_soc` FOREIGN KEY (`fk_soc`) REFERENCES `llx_societe` (`rowid`),
  CONSTRAINT `fk_societe_commerciaux_fk_user` FOREIGN KEY (`fk_user`) REFERENCES `llx_user` (`rowid`)
) ENGINE=InnoDB AUTO_INCREMENT=22 DEFAULT CHARSET=utf8mb3 COLLATE=utf8mb3_unicode_ci;

--
-- Dumping data for table `llx_societe_commerciaux`
--

INSERT INTO `llx_societe_commerciaux` (`rowid`, `fk_soc`, `fk_user`, `import_key`, `fk_c_type_contact_code`) VALUES (1,2,2,NULL,'SALESREPTHIRD'),(2,3,2,NULL,'SALESREPTHIRD'),(5,17,1,NULL,'SALESREPTHIRD'),(6,19,1,NULL,'SALESREPTHIRD'),(8,19,3,NULL,'SALESREPTHIRD'),(9,11,16,NULL,'SALESREPTHIRD'),(10,13,17,NULL,'SALESREPTHIRD'),(11,26,12,NULL,'SALESREPTHIRD'),(12,29,12,NULL,'SALESREPTHIRD'),(13,37,12,NULL,'SALESREPTHIRD'),(15,39,29,NULL,'SALESREPTHIRD'),(17,59,12,NULL,'SALESREPTHIRD'),(19,61,12,NULL,'SALESREPTHIRD'),(20,62,12,NULL,'SALESREPTHIRD'),(21,1,12,NULL,'SALESREPTHIRD');

--
-- Table structure for table `llx_societe_contacts`
--

CREATE TABLE `llx_societe_contacts` (
  `rowid` int(11) NOT NULL AUTO_INCREMENT,
  `entity` int(11) NOT NULL DEFAULT 1,
  `date_creation` datetime NOT NULL,
  `fk_soc` int(11) NOT NULL,
  `fk_c_type_contact` int(11) NOT NULL,
  `fk_socpeople` int(11) NOT NULL,
  `tms` timestamp NOT NULL DEFAULT current_timestamp() ON UPDATE current_timestamp(),
  `import_key` varchar(14) DEFAULT NULL,
  PRIMARY KEY (`rowid`),
  UNIQUE KEY `idx_societe_contacts_idx1` (`entity`,`fk_soc`,`fk_c_type_contact`,`fk_socpeople`),
  KEY `fk_societe_contacts_fk_c_type_contact` (`fk_c_type_contact`),
  KEY `fk_societe_contacts_fk_soc` (`fk_soc`),
  KEY `fk_societe_contacts_fk_socpeople` (`fk_socpeople`),
  CONSTRAINT `fk_societe_contacts_fk_c_type_contact` FOREIGN KEY (`fk_c_type_contact`) REFERENCES `llx_c_type_contact` (`rowid`),
  CONSTRAINT `fk_societe_contacts_fk_soc` FOREIGN KEY (`fk_soc`) REFERENCES `llx_societe` (`rowid`),
  CONSTRAINT `fk_societe_contacts_fk_socpeople` FOREIGN KEY (`fk_socpeople`) REFERENCES `llx_socpeople` (`rowid`)
) ENGINE=InnoDB DEFAULT CHARSET=utf8mb3 COLLATE=utf8mb3_unicode_ci;

--
-- Dumping data for table `llx_societe_contacts`
--


--
-- Table structure for table `llx_societe_log`
--

CREATE TABLE `llx_societe_log` (
  `id` int(11) NOT NULL AUTO_INCREMENT,
  `datel` datetime DEFAULT NULL,
  `fk_soc` int(11) DEFAULT NULL,
  `fk_statut` int(11) DEFAULT NULL,
  `fk_user` int(11) DEFAULT NULL,
  `author` varchar(30) DEFAULT NULL,
  `label` varchar(128) DEFAULT NULL,
  PRIMARY KEY (`id`)
) ENGINE=InnoDB DEFAULT CHARSET=utf8mb4 COLLATE=utf8mb4_unicode_ci ROW_FORMAT=DYNAMIC;

--
-- Dumping data for table `llx_societe_log`
--


--
-- Table structure for table `llx_societe_perentity`
--

CREATE TABLE `llx_societe_perentity` (
  `rowid` int(11) NOT NULL AUTO_INCREMENT,
  `fk_soc` int(11) DEFAULT NULL,
  `entity` int(11) NOT NULL DEFAULT 1,
  `accountancy_code_customer_general` varchar(32) DEFAULT NULL,
  `accountancy_code_customer` varchar(32) DEFAULT NULL,
  `accountancy_code_supplier_general` varchar(32) DEFAULT NULL,
  `accountancy_code_supplier` varchar(32) DEFAULT NULL,
  `accountancy_code_sell` varchar(32) DEFAULT NULL,
  `accountancy_code_buy` varchar(32) DEFAULT NULL,
  `vat_reverse_charge` tinyint(4) DEFAULT 0,
  PRIMARY KEY (`rowid`),
  UNIQUE KEY `uk_societe_perentity` (`fk_soc`,`entity`),
  KEY `idx_societe_perentity_fk_soc` (`fk_soc`)
) ENGINE=InnoDB DEFAULT CHARSET=utf8mb3 COLLATE=utf8mb3_unicode_ci;

--
-- Dumping data for table `llx_societe_perentity`
--


--
-- Table structure for table `llx_societe_prices`
--

CREATE TABLE `llx_societe_prices` (
  `rowid` int(11) NOT NULL AUTO_INCREMENT,
  `fk_soc` int(11) DEFAULT 0,
  `tms` timestamp NOT NULL DEFAULT current_timestamp() ON UPDATE current_timestamp(),
  `datec` datetime DEFAULT NULL,
  `fk_user_author` int(11) DEFAULT NULL,
  `price_level` tinyint(4) DEFAULT 1,
  PRIMARY KEY (`rowid`)
) ENGINE=InnoDB AUTO_INCREMENT=4 DEFAULT CHARSET=utf8mb3 COLLATE=utf8mb3_unicode_ci;

--
-- Dumping data for table `llx_societe_prices`
--

INSERT INTO `llx_societe_prices` (`rowid`, `fk_soc`, `tms`, `datec`, `fk_user_author`, `price_level`) VALUES (1,30,'2026-06-02 01:02:34','2020-01-17 14:54:44',12,4),(2,30,'2026-06-02 01:02:34','2020-01-17 15:19:28',12,1),(3,30,'2026-06-02 01:02:34','2020-01-17 15:21:26',12,4);

--
-- Table structure for table `llx_societe_remise`
--

CREATE TABLE `llx_societe_remise` (
  `rowid` int(11) NOT NULL AUTO_INCREMENT,
  `entity` int(11) NOT NULL DEFAULT 1,
  `fk_soc` int(11) NOT NULL,
  `tms` timestamp NOT NULL DEFAULT current_timestamp() ON UPDATE current_timestamp(),
  `datec` datetime DEFAULT NULL,
  `fk_user_author` int(11) DEFAULT NULL,
  `remise_client` double(6,3) NOT NULL DEFAULT 0.000,
  `note` text DEFAULT NULL,
  PRIMARY KEY (`rowid`)
) ENGINE=InnoDB DEFAULT CHARSET=utf8mb3 COLLATE=utf8mb3_unicode_ci;

--
-- Dumping data for table `llx_societe_remise`
--


--
-- Table structure for table `llx_societe_remise_except`
--

CREATE TABLE `llx_societe_remise_except` (
  `rowid` int(11) NOT NULL AUTO_INCREMENT,
  `entity` int(11) NOT NULL DEFAULT 1,
  `fk_soc` int(11) NOT NULL,
  `discount_type` int(11) NOT NULL DEFAULT 0,
  `datec` datetime DEFAULT NULL,
  `amount_ht` double(24,8) NOT NULL,
  `amount_tva` double(24,8) NOT NULL DEFAULT 0.00000000,
  `amount_localtax1` double(24,8) NOT NULL DEFAULT 0.00000000,
  `amount_localtax2` double(24,8) NOT NULL DEFAULT 0.00000000,
  `amount_ttc` double(24,8) NOT NULL DEFAULT 0.00000000,
  `tva_tx` double(6,3) NOT NULL DEFAULT 0.000,
  `localtax1_tx` double(7,4) NOT NULL DEFAULT 0.0000,
  `localtax1_type` varchar(10) DEFAULT NULL,
  `localtax2_tx` double(7,4) NOT NULL DEFAULT 0.0000,
  `localtax2_type` varchar(10) DEFAULT NULL,
  `fk_user` int(11) NOT NULL,
  `fk_facture_line` int(11) DEFAULT NULL,
  `fk_facture` int(11) DEFAULT NULL,
  `fk_facture_source` int(11) DEFAULT NULL,
  `description` text NOT NULL,
  `multicurrency_amount_ht` double(24,8) NOT NULL DEFAULT 0.00000000,
  `multicurrency_amount_tva` double(24,8) NOT NULL DEFAULT 0.00000000,
  `multicurrency_amount_ttc` double(24,8) NOT NULL DEFAULT 0.00000000,
  `fk_invoice_supplier_line` int(11) DEFAULT NULL,
  `fk_invoice_supplier` int(11) DEFAULT NULL,
  `fk_invoice_supplier_source` int(11) DEFAULT NULL,
  `vat_src_code` varchar(10) DEFAULT '',
  `multicurrency_code` varchar(3) DEFAULT NULL,
  `multicurrency_tx` double(24,8) DEFAULT NULL,
  PRIMARY KEY (`rowid`),
  KEY `idx_societe_remise_except_fk_user` (`fk_user`),
  KEY `idx_societe_remise_except_fk_soc` (`fk_soc`),
  KEY `idx_societe_remise_except_fk_facture_line` (`fk_facture_line`),
  KEY `idx_societe_remise_except_fk_facture` (`fk_facture`),
  KEY `idx_societe_remise_except_fk_facture_source` (`fk_facture_source`),
  KEY `fk_soc_remise_fk_invoice_supplier_line` (`fk_invoice_supplier_line`),
  KEY `fk_societe_remise_fk_invoice_supplier_source` (`fk_invoice_supplier`),
  KEY `idx_societe_remise_except_discount_type` (`discount_type`),
  CONSTRAINT `fk_soc_remise_fk_facture_line` FOREIGN KEY (`fk_facture_line`) REFERENCES `llx_facturedet` (`rowid`),
  CONSTRAINT `fk_soc_remise_fk_invoice_supplier_line` FOREIGN KEY (`fk_invoice_supplier_line`) REFERENCES `llx_facture_fourn_det` (`rowid`),
  CONSTRAINT `fk_soc_remise_fk_soc` FOREIGN KEY (`fk_soc`) REFERENCES `llx_societe` (`rowid`),
  CONSTRAINT `fk_societe_remise_fk_facture` FOREIGN KEY (`fk_facture`) REFERENCES `llx_facture` (`rowid`),
  CONSTRAINT `fk_societe_remise_fk_facture_line` FOREIGN KEY (`fk_facture_line`) REFERENCES `llx_facturedet` (`rowid`),
  CONSTRAINT `fk_societe_remise_fk_facture_source` FOREIGN KEY (`fk_facture_source`) REFERENCES `llx_facture` (`rowid`),
  CONSTRAINT `fk_societe_remise_fk_invoice_supplier` FOREIGN KEY (`fk_invoice_supplier`) REFERENCES `llx_facture_fourn` (`rowid`),
  CONSTRAINT `fk_societe_remise_fk_invoice_supplier_source` FOREIGN KEY (`fk_invoice_supplier`) REFERENCES `llx_facture_fourn` (`rowid`),
  CONSTRAINT `fk_societe_remise_fk_soc` FOREIGN KEY (`fk_soc`) REFERENCES `llx_societe` (`rowid`),
  CONSTRAINT `fk_societe_remise_fk_user` FOREIGN KEY (`fk_user`) REFERENCES `llx_user` (`rowid`)
) ENGINE=InnoDB AUTO_INCREMENT=29 DEFAULT CHARSET=utf8mb3 COLLATE=utf8mb3_unicode_ci;

--
-- Dumping data for table `llx_societe_remise_except`
--

INSERT INTO `llx_societe_remise_except` (`rowid`, `entity`, `fk_soc`, `discount_type`, `datec`, `amount_ht`, `amount_tva`, `amount_localtax1`, `amount_localtax2`, `amount_ttc`, `tva_tx`, `localtax1_tx`, `localtax1_type`, `localtax2_tx`, `localtax2_type`, `fk_user`, `fk_facture_line`, `fk_facture`, `fk_facture_source`, `description`, `multicurrency_amount_ht`, `multicurrency_amount_tva`, `multicurrency_amount_ttc`, `fk_invoice_supplier_line`, `fk_invoice_supplier`, `fk_invoice_supplier_source`, `vat_src_code`, `multicurrency_code`, `multicurrency_tx`) VALUES (2,1,19,0,'2015-03-19 09:36:15',10.00000000,1.25000000,0.00000000,0.00000000,11.25000000,12.500,0.0000,NULL,0.0000,NULL,1,NULL,NULL,NULL,'hfghgf',0.00000000,0.00000000,0.00000000,NULL,NULL,NULL,'',NULL,NULL),(14,1,17,1,'2020-01-01 22:06:30',79.16444000,9.89556000,0.00000000,0.00000000,89.06000000,12.500,0.0000,NULL,0.0000,NULL,12,NULL,NULL,NULL,'(CREDIT_NOTE)',0.00000000,0.00000000,0.00000000,NULL,NULL,27,'',NULL,NULL),(15,1,19,0,'2020-01-16 02:34:47',20.50000000,0.00000000,0.00000000,0.00000000,20.50000000,0.000,0.0000,NULL,0.0000,NULL,12,NULL,NULL,NULL,'(DEPOSIT)',20.50000000,0.00000000,20.50000000,NULL,NULL,NULL,'',NULL,NULL),(16,1,1,0,'2020-01-19 14:49:41',10.00000000,1.96000000,0.00000000,0.00000000,11.96000000,19.600,0.0000,NULL,0.0000,NULL,12,NULL,NULL,NULL,'111',10.00000000,1.96000000,11.96000000,NULL,NULL,NULL,'',NULL,NULL),(19,1,1,0,'2020-01-19 15:16:27',48.60000000,1.94000000,0.00000000,0.00000000,50.54000000,4.000,0.0000,NULL,0.0000,NULL,12,NULL,NULL,NULL,'(DEPOSIT)',48.60000000,1.94000000,50.54000000,NULL,NULL,NULL,'',NULL,NULL),(21,1,10,0,'2024-12-18 14:53:53',10.00000000,0.00000000,0.00000000,0.00000000,10.00000000,0.000,0.0000,NULL,0.0000,NULL,12,NULL,NULL,NULL,'(DEPOSIT)',10.00000000,0.00000000,10.00000000,NULL,NULL,NULL,'',NULL,NULL),(22,1,33,0,'2024-12-18 15:21:37',10.00000000,0.40000000,0.00000000,0.00000000,10.40000000,4.000,0.0000,NULL,0.0000,NULL,12,NULL,NULL,NULL,'(DEPOSIT)',10.00000000,0.40000000,10.40000000,NULL,NULL,NULL,'',NULL,NULL),(23,1,1,1,'2024-12-30 19:27:16',10.00000000,0.00000000,0.00000000,0.00000000,10.00000000,0.000,0.0000,NULL,0.0000,NULL,12,NULL,NULL,NULL,'fsdfsd',10.00000000,0.00000000,10.00000000,NULL,NULL,NULL,'',NULL,NULL),(27,1,2,0,'2025-04-09 17:40:46',80.00000000,0.00000000,0.00000000,0.00000000,80.00000000,0.000,0.0000,NULL,0.0000,NULL,12,NULL,NULL,NULL,'(EXCESS RECEIVED)',0.00000000,0.00000000,0.00000000,NULL,NULL,NULL,'',NULL,NULL),(28,1,7,0,'2025-03-05 09:40:29',0.01000000,0.00000000,0.00000000,0.00000000,0.01000000,0.000,0.0000,NULL,0.0000,NULL,12,NULL,NULL,NULL,'(CREDIT_NOTE)',0.01000000,0.00000000,0.01000000,NULL,NULL,NULL,'',NULL,NULL);

--
-- Table structure for table `llx_societe_remise_supplier`
--

CREATE TABLE `llx_societe_remise_supplier` (
  `rowid` int(11) NOT NULL AUTO_INCREMENT,
  `entity` int(11) NOT NULL DEFAULT 1,
  `fk_soc` int(11) NOT NULL,
  `tms` timestamp NOT NULL DEFAULT current_timestamp() ON UPDATE current_timestamp(),
  `datec` datetime DEFAULT NULL,
  `fk_user_author` int(11) DEFAULT NULL,
  `remise_supplier` double(6,3) NOT NULL DEFAULT 0.000,
  `note` mediumtext DEFAULT NULL,
  PRIMARY KEY (`rowid`)
) ENGINE=InnoDB AUTO_INCREMENT=2 DEFAULT CHARSET=utf8mb3 COLLATE=utf8mb3_unicode_ci;

--
-- Dumping data for table `llx_societe_remise_supplier`
--

INSERT INTO `llx_societe_remise_supplier` (`rowid`, `entity`, `fk_soc`, `tms`, `datec`, `fk_user_author`, `remise_supplier`, `note`) VALUES (1,1,1,'2018-04-06 18:21:00','2018-04-06 20:21:00',12,6.000,'llll');

--
-- Table structure for table `llx_socpeople`
--

CREATE TABLE `llx_socpeople` (
  `rowid` int(11) NOT NULL AUTO_INCREMENT,
  `datec` datetime DEFAULT NULL,
  `tms` timestamp NOT NULL DEFAULT current_timestamp() ON UPDATE current_timestamp(),
  `fk_soc` int(11) DEFAULT NULL,
  `entity` int(11) NOT NULL DEFAULT 1,
  `ref_ext` varchar(255) DEFAULT NULL,
  `civility` varchar(6) DEFAULT NULL,
  `lastname` varchar(50) DEFAULT NULL,
  `firstname` varchar(50) DEFAULT NULL,
  `address` varchar(255) DEFAULT NULL,
  `zip` varchar(25) DEFAULT NULL,
  `town` text DEFAULT NULL,
  `fk_departement` int(11) DEFAULT NULL,
  `fk_pays` int(11) DEFAULT 0,
  `birthday` date DEFAULT NULL,
  `poste` varchar(255) DEFAULT NULL,
  `phone` varchar(30) DEFAULT NULL,
  `phone_perso` varchar(30) DEFAULT NULL,
  `phone_mobile` varchar(30) DEFAULT NULL,
  `fax` varchar(30) DEFAULT NULL,
  `email` varchar(255) DEFAULT NULL,
  `socialnetworks` text DEFAULT NULL,
  `photo` varchar(255) DEFAULT NULL,
  `priv` smallint(6) NOT NULL DEFAULT 0,
  `fk_prospectlevel` varchar(12) DEFAULT NULL,
  `fk_stcommcontact` int(11) NOT NULL DEFAULT 0,
  `no_email` smallint(6) NOT NULL DEFAULT 0,
  `fk_user_creat` int(11) DEFAULT 0,
  `fk_user_modif` int(11) DEFAULT NULL,
  `note_private` text DEFAULT NULL,
  `note_public` text DEFAULT NULL,
  `default_lang` varchar(6) DEFAULT NULL,
  `canvas` varchar(32) DEFAULT NULL,
  `import_key` varchar(14) DEFAULT NULL,
  `statut` tinyint(4) NOT NULL DEFAULT 1,
  `role_list` varchar(255) DEFAULT NULL,
  `geolat` double(24,8) DEFAULT NULL,
  `geolong` double(24,8) DEFAULT NULL,
  `geopoint` point DEFAULT NULL,
  `georesultcode` varchar(16) DEFAULT NULL,
  `name_alias` varchar(255) DEFAULT NULL,
  `fk_parent` int(11) DEFAULT NULL,
  `url` varchar(255) DEFAULT NULL,
  `ip` varchar(250) DEFAULT NULL,
  PRIMARY KEY (`rowid`),
  KEY `idx_socpeople_fk_soc` (`fk_soc`),
  KEY `idx_socpeople_fk_user_creat` (`fk_user_creat`),
  KEY `idx_socpeople_lastname` (`lastname`),
  CONSTRAINT `fk_socpeople_fk_soc` FOREIGN KEY (`fk_soc`) REFERENCES `llx_societe` (`rowid`),
  CONSTRAINT `fk_socpeople_user_creat_user_rowid` FOREIGN KEY (`fk_user_creat`) REFERENCES `llx_user` (`rowid`)
) ENGINE=InnoDB AUTO_INCREMENT=18 DEFAULT CHARSET=utf8mb3 COLLATE=utf8mb3_unicode_ci;

--
-- Dumping data for table `llx_socpeople`
--

INSERT INTO `llx_socpeople` (`rowid`, `datec`, `tms`, `fk_soc`, `entity`, `ref_ext`, `civility`, `lastname`, `firstname`, `address`, `zip`, `town`, `fk_departement`, `fk_pays`, `birthday`, `poste`, `phone`, `phone_perso`, `phone_mobile`, `fax`, `email`, `socialnetworks`, `photo`, `priv`, `fk_prospectlevel`, `fk_stcommcontact`, `no_email`, `fk_user_creat`, `fk_user_modif`, `note_private`, `note_public`, `default_lang`, `canvas`, `import_key`, `statut`, `role_list`, `geolat`, `geolong`, `geopoint`, `georesultcode`, `name_alias`, `fk_parent`, `url`, `ip`) VALUES (1,'2012-07-08 14:26:14','2025-03-24 20:41:09',1,1,NULL,'MR','Indra','UpdatedFirstName','','','',297,117,'2012-07-08','Project leader','','','','','','[]','',0,'',0,0,1,12,'Met during a congress at Dubai','',NULL,NULL,NULL,1,NULL,NULL,NULL,NULL,NULL,'',NULL,NULL,NULL),(2,'2012-07-08 22:44:50','2019-11-28 11:52:58',NULL,1,NULL,'MR','Freeman','Public','','','',200,11,NULL,'','','','','','','[]',NULL,0,NULL,0,0,1,1,'A friend that is a free contact not linked to any company',NULL,NULL,NULL,NULL,1,NULL,NULL,NULL,NULL,NULL,NULL,NULL,NULL,NULL),(3,'2012-07-08 22:59:02','2019-11-28 11:52:58',NULL,1,NULL,'MR','Mywife','Nicy','','','',NULL,11,'1980-10-03','','','','','','','[]',NULL,1,NULL,0,0,1,12,'This is a private contact','',NULL,NULL,NULL,1,NULL,NULL,NULL,NULL,NULL,NULL,NULL,NULL,NULL),(4,'2012-07-09 00:16:58','2019-11-28 11:52:58',6,1,NULL,'MR','Rotchield','Evan','','','',NULL,6,NULL,'Bank director','','','','','','[]',NULL,0,NULL,0,0,1,1,'The bank director',NULL,NULL,NULL,NULL,1,NULL,NULL,NULL,NULL,NULL,NULL,NULL,NULL,NULL),(6,'2013-08-01 02:41:26','2025-05-05 14:48:18',17,1,NULL,'','Bookkeeper','Bob','','','',NULL,NULL,NULL,'book keeper','','','','','bbookkeeper@example.com','{\"skype\":\"skypebbookkeeper\"}','',0,'',0,0,1,12,'','',NULL,NULL,NULL,1,NULL,NULL,NULL,NULL,NULL,'',NULL,NULL,NULL),(7,'2018-07-30 16:11:06','2019-11-28 11:52:58',NULL,1,'','MR','Dad','','','','',NULL,14,'1967-09-04','','','','','','','[]','',1,NULL,0,0,12,12,'','',NULL,NULL,NULL,1,NULL,NULL,NULL,NULL,NULL,NULL,NULL,NULL,NULL),(8,'2018-07-30 16:13:03','2019-11-28 11:52:58',NULL,1,'','MLE','Mom','','','','',NULL,14,NULL,'','','','','','','[]','',1,NULL,0,0,12,12,'','',NULL,NULL,NULL,1,NULL,NULL,NULL,NULL,NULL,NULL,NULL,NULL,NULL),(9,'2018-07-30 16:14:41','2026-05-27 20:46:30',NULL,1,'','MR','Francky','','','89455','Virigia',NULL,205,'1980-07-09','Baker','55598989898','','','','francky@example.com','[]','',0,NULL,0,0,12,12,'','',NULL,NULL,NULL,1,NULL,NULL,NULL,NULL,NULL,NULL,NULL,NULL,NULL),(10,'2018-07-30 16:26:22','2025-02-10 19:26:55',10,1,NULL,'','Destailleur','Laurent','','','',NULL,NULL,'1972-10-10','Dolibarr project leader','','','','','ldestailleur@example.com','[]','ldestailleur_200x200.jpg',0,'',0,0,NULL,12,'','',NULL,NULL,NULL,1,NULL,NULL,NULL,NULL,NULL,'',NULL,NULL,NULL),(11,'2017-05-12 13:16:36','2019-11-28 11:52:58',11,1,'','MR','Smith','Laurent','45 Big road','897','Seattle',NULL,11,NULL,'Director','','','','','','[]','ldestailleur_200x200.png',0,NULL,0,0,12,12,'','',NULL,NULL,NULL,1,NULL,NULL,NULL,NULL,NULL,NULL,NULL,NULL,NULL),(12,'2017-05-12 13:19:31','2019-11-28 11:52:58',11,1,'','MR','Einstein','','','','',NULL,11,NULL,'Genius','333444555','','','','genius@example.com','[]','Einstein.jpg',0,NULL,0,0,12,12,'','',NULL,NULL,NULL,1,NULL,NULL,NULL,NULL,NULL,NULL,NULL,NULL,NULL),(14,'2025-03-24 20:41:09','2025-03-24 20:41:09',NULL,1,NULL,'','testRestContact','testRestContact261466044','','','',NULL,NULL,NULL,'','','','','','','null',NULL,0,'',0,0,12,12,NULL,NULL,NULL,NULL,NULL,1,NULL,NULL,NULL,NULL,NULL,'',NULL,NULL,NULL),(15,'2025-03-24 20:42:07','2025-03-24 20:42:07',NULL,1,NULL,'','testRestContact','testRestContact1651950284','','','',NULL,NULL,NULL,'','','','','','','null',NULL,0,'',0,0,12,12,NULL,NULL,NULL,NULL,NULL,1,NULL,NULL,NULL,NULL,NULL,'',NULL,NULL,NULL),(16,'2025-03-25 19:02:11','2025-03-25 19:02:11',3,1,NULL,'','Contact span1','','','','',NULL,4,NULL,'','','','','','','[]',NULL,0,'',0,0,12,12,'','',NULL,NULL,NULL,1,NULL,NULL,NULL,NULL,NULL,'',NULL,NULL,NULL),(17,'2025-03-25 19:02:19','2025-03-25 19:02:19',3,1,NULL,'','Contact span2','','','','',NULL,4,NULL,'','','','','','','[]',NULL,0,'',0,0,12,12,'','',NULL,NULL,NULL,1,NULL,NULL,NULL,NULL,NULL,'',NULL,NULL,NULL);

--
-- Table structure for table `llx_socpeople_extrafields`
--

CREATE TABLE `llx_socpeople_extrafields` (
  `rowid` int(11) NOT NULL AUTO_INCREMENT,
  `tms` timestamp NOT NULL DEFAULT current_timestamp() ON UPDATE current_timestamp(),
  `fk_object` int(11) NOT NULL,
  `import_key` varchar(14) DEFAULT NULL,
  `ccc` varchar(255) DEFAULT NULL,
  `ddd` datetime DEFAULT NULL,
  PRIMARY KEY (`rowid`),
  UNIQUE KEY `uk_socpeople_extrafields` (`fk_object`)
) ENGINE=InnoDB AUTO_INCREMENT=2 DEFAULT CHARSET=utf8mb3 COLLATE=utf8mb3_unicode_ci;

--
-- Dumping data for table `llx_socpeople_extrafields`
--

INSERT INTO `llx_socpeople_extrafields` (`rowid`, `tms`, `fk_object`, `import_key`, `ccc`, `ddd`) VALUES (1,'2025-03-25 22:37:24',6,NULL,'aazz','2025-03-03 23:00:00');

--
-- Table structure for table `llx_stock_lotserial`
--

CREATE TABLE `llx_stock_lotserial` (
  `rowid` int(11) NOT NULL AUTO_INCREMENT,
  `entity` int(11) DEFAULT NULL,
  `fk_product` int(11) NOT NULL,
  `batch` varchar(30) DEFAULT NULL,
  `eatby` date DEFAULT NULL,
  `sellby` date DEFAULT NULL,
  `datec` datetime DEFAULT NULL,
  `tms` timestamp NOT NULL DEFAULT current_timestamp() ON UPDATE current_timestamp(),
  `fk_user_creat` int(11) DEFAULT NULL,
  `fk_user_modif` int(11) DEFAULT NULL,
  `import_key` int(11) DEFAULT NULL,
  PRIMARY KEY (`rowid`)
) ENGINE=InnoDB DEFAULT CHARSET=utf8mb4 COLLATE=utf8mb4_unicode_ci;

--
-- Dumping data for table `llx_stock_lotserial`
--


--
-- Table structure for table `llx_stock_mouvement`
--

CREATE TABLE `llx_stock_mouvement` (
  `rowid` int(11) NOT NULL AUTO_INCREMENT,
  `tms` timestamp NOT NULL DEFAULT current_timestamp() ON UPDATE current_timestamp(),
  `datem` datetime DEFAULT NULL,
  `fk_product` int(11) NOT NULL,
  `fk_entrepot` int(11) NOT NULL,
  `value` double DEFAULT NULL,
  `price` double(24,8) DEFAULT 0.00000000,
  `type_mouvement` smallint(6) DEFAULT NULL,
  `fk_user_author` int(11) DEFAULT NULL,
  `label` varchar(255) DEFAULT NULL,
  `fk_origin` int(11) DEFAULT NULL,
  `origintype` varchar(64) DEFAULT NULL,
  `model_pdf` varchar(255) DEFAULT NULL,
  `fk_projet` int(11) NOT NULL DEFAULT 0,
  `inventorycode` varchar(128) DEFAULT NULL,
  `batch` varchar(30) DEFAULT NULL,
  `eatby` date DEFAULT NULL,
  `sellby` date DEFAULT NULL,
  `fk_project` int(11) DEFAULT NULL,
  PRIMARY KEY (`rowid`),
  KEY `idx_stock_mouvement_fk_product` (`fk_product`),
  KEY `idx_stock_mouvement_fk_entrepot` (`fk_entrepot`)
) ENGINE=InnoDB AUTO_INCREMENT=121 DEFAULT CHARSET=utf8mb3 COLLATE=utf8mb3_unicode_ci;

--
-- Dumping data for table `llx_stock_mouvement`
--

INSERT INTO `llx_stock_mouvement` (`rowid`, `tms`, `datem`, `fk_product`, `fk_entrepot`, `value`, `price`, `type_mouvement`, `fk_user_author`, `label`, `fk_origin`, `origintype`, `model_pdf`, `fk_projet`, `inventorycode`, `batch`, `eatby`, `sellby`, `fk_project`) VALUES (1,'2012-07-08 22:43:51','2012-07-09 00:43:51',2,2,1000,0.00000000,0,1,'Correct stock',NULL,NULL,NULL,0,NULL,NULL,NULL,NULL,NULL),(3,'2012-07-10 22:56:18','2012-07-11 00:56:18',4,2,500,0.00000000,0,1,'Init',NULL,NULL,NULL,0,NULL,NULL,NULL,NULL,NULL),(4,'2012-07-10 23:02:20','2012-07-11 01:02:20',4,2,500,0.00000000,0,1,'',NULL,NULL,NULL,0,NULL,NULL,NULL,NULL,NULL),(5,'2012-07-11 16:49:44','2012-07-11 18:49:44',4,1,2,10.00000000,3,1,'',NULL,NULL,NULL,0,NULL,NULL,NULL,NULL,NULL),(6,'2012-07-11 16:49:44','2012-07-11 18:49:44',1,1,4,0.00000000,3,1,'',NULL,NULL,NULL,0,NULL,NULL,NULL,NULL,NULL),(7,'2015-01-19 17:22:48','2015-01-19 18:22:48',11,1,-1,0.00000000,2,1,'Facture cr&eacute;&eacute;e dans DoliPOS',NULL,NULL,NULL,0,NULL,NULL,NULL,NULL,NULL),(8,'2015-01-19 17:22:48','2015-01-19 18:22:48',4,1,-1,5.00000000,2,1,'Facture cr&eacute;&eacute;e dans DoliPOS',NULL,NULL,NULL,0,NULL,NULL,NULL,NULL,NULL),(9,'2015-01-19 17:22:48','2015-01-19 18:22:48',1,1,-2,0.00000000,2,1,'Facture cr&eacute;&eacute;e dans DoliPOS',NULL,NULL,NULL,0,NULL,NULL,NULL,NULL,NULL),(10,'2015-01-19 17:31:10','2015-01-19 18:31:10',2,1,-1,0.00000000,2,1,'Facture cr&eacute;&eacute;e dans DoliPOS',NULL,NULL,NULL,0,NULL,NULL,NULL,NULL,NULL),(11,'2015-01-19 17:31:58','2015-01-19 18:31:58',2,1,-1,0.00000000,2,1,'Facture cr&eacute;&eacute;e dans DoliPOS',NULL,NULL,NULL,0,NULL,NULL,NULL,NULL,NULL),(12,'2018-07-30 13:39:31','2018-07-30 17:39:31',10,2,50,0.00000000,0,12,'Stock correction for product COMP-XP4523',0,'',NULL,0,NULL,'5599887766452',NULL,NULL,NULL),(13,'2018-07-30 13:40:12','2018-07-30 17:40:12',10,2,60,0.00000000,0,12,'Stock correction for product COMP-XP4523',0,'',NULL,0,NULL,'4494487766452',NULL,NULL,NULL),(14,'2018-07-30 13:40:39','2018-07-30 17:40:39',10,2,-35,0.00000000,1,12,'Stock transfer of product COMP-XP4523 into another warehouse',0,'',NULL,0,'160730174015','5599887766452',NULL,NULL,NULL),(15,'2018-07-30 13:40:39','2018-07-30 17:40:39',10,1,35,0.00000000,0,12,'Stock transfer of product COMP-XP4523 into another warehouse',0,'',NULL,0,'160730174015','5599887766452',NULL,NULL,NULL),(16,'2017-02-15 23:58:08','2017-02-16 03:58:08',10,1,-1,100.00000000,2,12,'Exp&eacute;dition SH1702-0002 valid&eacute;e',3,'shipping',NULL,0,NULL,'5599887766452',NULL,NULL,NULL),(17,'2017-02-16 00:12:09','2017-02-16 04:12:09',10,1,1,0.00000000,3,12,'Exp&eacute;dition SH1702-0002 supprim&eacute;e',0,'',NULL,0,NULL,'5599887766452',NULL,NULL,NULL),(18,'2020-01-02 20:57:29','2020-01-03 00:57:29',25,1,50,0.00000000,0,12,'Stock correction for product POS-APPLE',0,'',NULL,0,'200103005654',NULL,NULL,NULL,NULL),(23,'2020-01-06 01:44:30','2020-01-06 05:44:30',25,1,-12,0.00000000,2,12,'Production MO1912-0002 - 2020-01-06 05:26:49',0,'',NULL,0,'MO1912-0002_20200106052649',NULL,NULL,NULL,NULL),(24,'2020-01-06 01:44:30','2020-01-06 05:44:30',4,2,3,0.00000000,3,12,'Production MO1912-0002 - 2020-01-06 05:26:49',0,'',NULL,0,'MO1912-0002_20200106052649',NULL,'2020-01-06',NULL,NULL),(25,'2020-01-06 01:54:05','2020-01-06 05:54:05',25,1,-2,0.00000000,2,12,'Production MO1912-0002 - 2020-01-06 05:53:52',0,'',NULL,0,'MO1912-0002_20200106055352',NULL,NULL,NULL,NULL),(26,'2020-01-06 01:54:05','2020-01-06 05:54:05',4,2,3,0.00000000,3,12,'Production MO1912-0002 - 2020-01-06 05:53:52',0,'',NULL,0,'MO1912-0002_20200106055352',NULL,'2020-01-06',NULL,NULL),(27,'2020-01-06 02:44:49','2020-01-06 06:44:49',25,1,-1,0.00000000,2,12,'Production MO2001-0003 - 2020-01-06 06:44:37',0,'',NULL,0,'MO2001-0003',NULL,NULL,NULL,NULL),(28,'2020-01-06 02:44:49','2020-01-06 06:44:49',4,1,1,0.00000000,3,12,'Production MO2001-0003 - 2020-01-06 06:44:37',0,'',NULL,0,'MO2001-0003',NULL,'2020-01-06',NULL,NULL),(29,'2020-01-06 02:46:03','2020-01-06 06:46:03',25,1,-1,0.00000000,2,12,'Production MO2001-0003 - 2020-01-06 06:45:53',0,'',NULL,0,'MO2001-0003',NULL,NULL,NULL,NULL),(30,'2020-01-06 02:46:03','2020-01-06 06:46:03',4,1,1,0.00000000,3,12,'Production MO2001-0003 - 2020-01-06 06:45:53',0,'',NULL,0,'MO2001-0003',NULL,'2020-01-06',NULL,NULL),(31,'2020-01-06 02:48:22','2020-01-06 06:48:22',25,1,-1,0.00000000,2,12,'Production MO2001-0003 - 2020-01-06 06:48:11',0,'',NULL,0,'MO2001-0003',NULL,NULL,NULL,NULL),(32,'2020-01-06 02:48:22','2020-01-06 06:48:22',4,1,1,0.00000000,3,12,'Production MO2001-0003 - 2020-01-06 06:48:11',0,'',NULL,0,'MO2001-0003',NULL,'2020-01-06',NULL,NULL),(33,'2020-01-06 02:50:05','2020-01-06 06:50:05',25,1,-1,0.00000000,2,12,'Production MO2001-0003 - 2020-01-06 06:49:57',0,'',NULL,0,'MO2001-0003',NULL,NULL,NULL,NULL),(34,'2020-01-06 02:50:05','2020-01-06 06:50:05',4,1,1,0.00000000,3,12,'Production MO2001-0003 - 2020-01-06 06:49:57',0,'',NULL,0,'MO2001-0003',NULL,'2020-01-06',NULL,NULL),(35,'2020-01-07 16:25:02','2020-01-07 20:25:02',25,1,-2,0.00000000,2,12,'Production MO1912-0002 - 2020-01-07 20:24:49',0,'',NULL,0,'MO1912-0002',NULL,NULL,NULL,NULL),(36,'2020-01-07 16:25:02','2020-01-07 20:25:02',4,2,1,0.00000000,3,12,'Production MO1912-0002 - 2020-01-07 20:24:49',0,'',NULL,0,'MO1912-0002',NULL,'2020-01-07',NULL,NULL),(37,'2020-01-07 17:12:37','2020-01-07 21:12:37',25,1,0,0.00000000,2,12,'Production MO1912-0002 - 2020-01-07 21:12:26',0,'',NULL,0,'MO1912-0002',NULL,NULL,NULL,NULL),(38,'2020-01-07 17:12:37','2020-01-07 21:12:37',4,2,0,0.00000000,3,12,'Production MO1912-0002 - 2020-01-07 21:12:26',0,'',NULL,0,'MO1912-0002',NULL,'2020-01-07',NULL,NULL),(39,'2020-01-07 17:13:00','2020-01-07 21:13:00',25,1,0,0.00000000,2,12,'Production MO1912-0002 - 2020-01-07 21:12:58',0,'',NULL,0,'MO1912-0002',NULL,NULL,NULL,NULL),(40,'2020-01-07 17:13:00','2020-01-07 21:13:00',4,2,0,0.00000000,3,12,'Production MO1912-0002 - 2020-01-07 21:12:58',0,'',NULL,0,'MO1912-0002',NULL,'2020-01-07',NULL,NULL),(41,'2020-01-07 17:13:49','2020-01-07 21:13:49',25,1,0,0.00000000,2,12,'Production MO1912-0002 - 2020-01-07 21:12:58',0,'',NULL,0,'MO1912-0002',NULL,NULL,NULL,NULL),(42,'2020-01-07 17:13:49','2020-01-07 21:13:49',4,2,0,0.00000000,3,12,'Production MO1912-0002 - 2020-01-07 21:12:58',0,'',NULL,0,'MO1912-0002',NULL,'2020-01-07',NULL,NULL),(43,'2020-01-07 17:46:58','2020-01-07 21:46:58',4,2,0,0.00000000,3,12,'Production MO1912-0002 - 2020-01-07 21:46:55',0,'',NULL,0,'MO1912-0002',NULL,'2020-01-07',NULL,NULL),(44,'2020-01-07 17:52:34','2020-01-07 21:52:34',4,2,0,0.00000000,3,12,'Production MO1912-0002 - 2020-01-07 21:52:28',0,'',NULL,0,'MO1912-0002',NULL,'2020-01-07',NULL,NULL),(45,'2020-01-07 17:53:44','2020-01-07 21:53:44',4,2,0,0.00000000,3,12,'Production MO1912-0002 - 2020-01-07 21:52:37',0,'',NULL,0,'MO1912-0002',NULL,'2020-01-07',NULL,NULL),(46,'2020-01-07 17:53:58','2020-01-07 21:53:58',25,1,-1,0.00000000,2,12,'Production MO1912-0002 - 2020-01-07 21:53:46',0,'',NULL,0,'MO1912-0002',NULL,NULL,NULL,NULL),(47,'2020-01-07 17:53:58','2020-01-07 21:53:58',4,2,0,0.00000000,3,12,'Production MO1912-0002 - 2020-01-07 21:53:46',0,'',NULL,0,'MO1912-0002',NULL,'2020-01-07',NULL,NULL),(48,'2020-01-07 17:54:11','2020-01-07 21:54:11',25,1,-1,0.00000000,2,12,'Production MO1912-0002 - 2020-01-07 21:54:00',0,'',NULL,0,'MO1912-0002',NULL,NULL,NULL,NULL),(49,'2020-01-07 17:54:12','2020-01-07 21:54:12',4,2,0,0.00000000,3,12,'Production MO1912-0002 - 2020-01-07 21:54:00',0,'',NULL,0,'MO1912-0002',NULL,'2020-01-07',NULL,NULL),(51,'2020-01-07 18:00:55','2020-01-07 22:00:55',25,1,-1,0.00000000,2,12,'Production MO1912-0002 - 2020-01-07 22:00:40',5,'mo',NULL,7,'MO1912-0002',NULL,NULL,NULL,NULL),(52,'2020-01-07 18:00:55','2020-01-07 22:00:55',4,1,1,0.00000000,3,12,'Production MO1912-0002 - 2020-01-07 22:00:40',5,'mo',NULL,7,'MO1912-0002',NULL,'2020-01-07',NULL,NULL),(53,'2020-01-07 18:39:52','2020-01-07 22:39:52',25,1,-1,0.00000000,2,12,'Production MO2001-0003 - 2020-01-07 22:39:38',14,'mo',NULL,0,'MO2001-0003',NULL,NULL,NULL,NULL),(54,'2020-01-07 18:39:52','2020-01-07 22:39:52',4,1,2,0.00000000,3,12,'Production MO2001-0003 - 2020-01-07 22:39:38',14,'mo',NULL,0,'MO2001-0003',NULL,'2020-01-07',NULL,NULL),(55,'2020-01-07 19:09:04','2020-01-07 23:09:04',25,1,-2,0.00000000,2,12,'Production of MO2001-0003',14,'mo',NULL,0,'Production of MO2001-0003',NULL,NULL,NULL,NULL),(56,'2020-01-07 19:09:04','2020-01-07 23:09:04',4,1,4,0.00000000,3,12,'Production of MO2001-0003',14,'mo',NULL,0,'Production of MO2001-0003',NULL,'2020-01-07',NULL,NULL),(57,'2020-01-07 19:50:40','2020-01-07 23:50:40',25,1,-1,0.00000000,2,12,'Production of MO1912-0002',5,'mo',NULL,7,'Production of MO1912-0002',NULL,NULL,NULL,NULL),(58,'2020-01-07 19:50:40','2020-01-07 23:50:40',4,2,0,0.00000000,3,12,'Production of MO1912-0002',5,'mo',NULL,7,'Production of MO1912-0002',NULL,'2020-01-07',NULL,NULL),(59,'2020-01-07 19:51:27','2020-01-07 23:51:27',25,1,-1,0.00000000,2,12,'Production of MO1912-0002',5,'mo',NULL,7,'Production of MO1912-0002',NULL,NULL,NULL,NULL),(60,'2020-01-07 19:51:27','2020-01-07 23:51:27',4,2,0,0.00000000,3,12,'Production of MO1912-0002',5,'mo',NULL,7,'Production of MO1912-0002',NULL,'2020-01-07',NULL,NULL),(61,'2020-01-07 20:25:23','2020-01-08 00:25:23',4,2,0,0.00000000,3,12,'Production of MO1912-0002',5,'mo',NULL,7,'Production of MO1912-0002',NULL,'2020-01-08',NULL,NULL),(62,'2020-01-07 20:25:43','2020-01-08 00:25:43',4,2,0,0.00000000,3,12,'Production of MO1912-0002',5,'mo',NULL,7,'Production of MO1912-0002',NULL,'2020-01-08',NULL,NULL),(63,'2020-01-07 20:29:24','2020-01-08 00:29:24',25,1,-1.1,0.00000000,2,12,'Production of MO1912-0002',5,'mo',NULL,7,'Production of MO1912-0002',NULL,NULL,NULL,NULL),(64,'2020-01-07 20:29:24','2020-01-08 00:29:24',4,2,0,0.00000000,3,12,'Production of MO1912-0002',5,'mo',NULL,7,'Production of MO1912-0002',NULL,'2020-01-08',NULL,NULL),(65,'2020-01-07 20:29:43','2020-01-08 00:29:43',4,2,0,0.00000000,3,12,'Production of MO1912-0002',5,'mo',NULL,7,'Production of MO1912-0002',NULL,'2020-01-08',NULL,NULL),(66,'2020-01-07 21:09:15','2020-01-08 01:09:15',25,1,-1.1,0.00000000,2,12,'Production of MO1912-0002',5,'mo',NULL,7,'Production of MO1912-0002',NULL,NULL,NULL,NULL),(67,'2020-01-07 21:09:15','2020-01-08 01:09:15',4,2,0,0.00000000,3,12,'Production of MO1912-0002',5,'mo',NULL,7,'Production of MO1912-0002',NULL,'2020-01-08',NULL,NULL),(68,'2020-01-07 21:15:02','2020-01-08 01:15:02',25,1,-1.1,0.00000000,2,12,'Production of MO1912-0002',5,'mo',NULL,7,'Production of MO1912-0002',NULL,NULL,NULL,NULL),(69,'2020-01-07 21:17:16','2020-01-08 01:17:16',25,1,-1.1,0.00000000,2,12,'Production of MO1912-0002',5,'mo',NULL,7,'Production of MO1912-0002',NULL,NULL,NULL,NULL),(70,'2020-01-08 16:21:22','2020-01-08 20:21:22',25,1,-1,0.00000000,2,12,'Production of MO2001-0005',28,'mo',NULL,0,'Production of MO2001-0005',NULL,NULL,NULL,NULL),(73,'2020-01-08 16:41:18','2020-01-08 20:41:18',1,1,-1.1,0.00000000,2,12,'Production of MO2001-0005',28,'mo',NULL,0,'Production of MO2001-0005','000000',NULL,NULL,NULL),(74,'2020-01-08 16:41:18','2020-01-08 20:41:18',4,1,1.2,0.00000000,3,12,'Production of MO2001-0005',28,'mo',NULL,0,'Production of MO2001-0005','aaa',NULL,NULL,NULL),(75,'2020-01-13 11:13:19','2020-01-13 15:13:19',25,1,-1,0.00000000,2,12,'Production of MO2001-0006',24,'mo',NULL,6,'Production of MO2001-0006',NULL,NULL,NULL,NULL),(76,'2020-01-13 11:14:15','2020-01-13 15:14:15',1,1,-0.1,0.00000000,2,12,'Production of MO2001-0006',24,'mo',NULL,6,'Production of MO2001-0006','000000',NULL,NULL,NULL),(77,'2020-01-18 19:16:58','2020-01-18 20:16:58',1,1,1,0.00000000,3,12,'string',0,'',NULL,0,'string','string',NULL,NULL,NULL),(78,'2020-01-18 19:17:03','2020-01-18 20:17:03',1,1,1,0.00000000,3,12,'string',0,'',NULL,0,'string','string',NULL,NULL,NULL),(79,'2021-04-15 11:40:18','2021-04-15 08:40:18',4,20,1,10.00000000,3,12,'Reception RCP2104-0001 validated',1,'reception',NULL,0,NULL,'Lot 2021-02',NULL,NULL,NULL),(80,'2025-03-19 11:34:38','2025-03-19 11:34:38',1,1,-24,0.00000000,1,12,'Le stock par lots est transf&eacute;r&eacute; vers le stock global (le produit n\'utilise plus de lots)',0,'',NULL,0,'20250319113438',NULL,NULL,NULL,NULL),(81,'2025-03-19 11:34:38','2025-03-19 11:34:38',1,1,24,0.00000000,0,12,'Le stock par lots est transf&eacute;r&eacute; vers le stock global (le produit n\'utilise plus de lots)',0,'',NULL,0,'20250319113438',NULL,NULL,NULL,NULL),(82,'2025-03-19 11:34:39','2025-03-19 11:34:39',1,2,-2014,0.00000000,1,12,'Le stock par lots est transf&eacute;r&eacute; vers le stock global (le produit n\'utilise plus de lots)',0,'',NULL,0,'20250319113438',NULL,NULL,NULL,NULL),(83,'2025-03-19 11:34:39','2025-03-19 11:34:39',1,2,2014,0.00000000,0,12,'Le stock par lots est transf&eacute;r&eacute; vers le stock global (le produit n\'utilise plus de lots)',0,'',NULL,0,'20250319113438',NULL,NULL,NULL,NULL),(84,'2025-03-19 11:34:39','2025-03-19 11:34:39',1,1,-2.4,0.00000000,1,12,'Le stock par lots est transf&eacute;r&eacute; vers le stock global (le produit n\'utilise plus de lots)',0,'',NULL,0,'20250319113438',NULL,NULL,NULL,NULL),(85,'2025-03-19 11:34:39','2025-03-19 11:34:39',1,1,2.4,0.00000000,0,12,'Le stock par lots est transf&eacute;r&eacute; vers le stock global (le produit n\'utilise plus de lots)',0,'',NULL,0,'20250319113438',NULL,NULL,NULL,NULL),(86,'2025-03-19 11:34:39','2025-03-19 11:34:39',1,20,-2,0.00000000,1,12,'Le stock par lots est transf&eacute;r&eacute; vers le stock global (le produit n\'utilise plus de lots)',0,'',NULL,0,'20250319113438',NULL,NULL,NULL,NULL),(87,'2025-03-19 11:34:39','2025-03-19 11:34:39',1,20,2,0.00000000,0,12,'Le stock par lots est transf&eacute;r&eacute; vers le stock global (le produit n\'utilise plus de lots)',0,'',NULL,0,'20250319113438',NULL,NULL,NULL,NULL),(88,'2025-01-17 08:36:03','2025-01-17 09:36:03',25,1,-1,0.00000000,2,12,'TakePOS - Facture TC2-2501-0001',461,'facture',NULL,0,'20250117093603','',NULL,NULL,NULL),(89,'2025-01-17 08:36:03','2025-01-17 09:36:03',26,1,-1,0.00000000,2,12,'TakePOS - Facture TC2-2501-0001',461,'facture',NULL,0,'20250117093603','',NULL,NULL,NULL),(90,'2025-02-05 14:37:58','2025-02-05 15:37:58',26,2,-1,0.00000000,2,12,'TakePOS - Facture TC1-2502-0010',463,'facture',NULL,0,'20250205153758','',NULL,NULL,NULL),(91,'2025-02-05 14:37:58','2025-02-05 15:37:58',25,2,-1,0.00000000,2,12,'TakePOS - Facture TC1-2502-0010',463,'facture',NULL,0,'20250205153758','',NULL,NULL,NULL),(92,'2025-02-05 14:38:19','2025-02-05 15:38:19',24,2,-5,0.00000000,2,12,'TakePOS - Facture TC1-2502-0011',464,'facture',NULL,0,'20250205153819','',NULL,NULL,NULL),(93,'2025-02-05 14:39:09','2025-02-05 15:39:09',25,2,-6,0.00000000,2,12,'TakePOS - Facture TC1-2502-0012',465,'facture',NULL,0,'20250205153909','',NULL,NULL,NULL),(94,'2025-02-05 14:39:09','2025-02-05 15:39:09',26,2,-1,0.00000000,2,12,'TakePOS - Facture TC1-2502-0012',465,'facture',NULL,0,'20250205153909','',NULL,NULL,NULL),(95,'2025-02-05 14:39:50','2025-02-05 15:39:50',27,2,-3,0.00000000,2,12,'TakePOS - Facture TC1-2502-0013',466,'facture',NULL,0,'20250205153950','',NULL,NULL,NULL),(96,'2025-02-05 14:39:50','2025-02-05 15:39:50',28,2,-1,0.00000000,2,12,'TakePOS - Facture TC1-2502-0013',466,'facture',NULL,0,'20250205153950','',NULL,NULL,NULL),(97,'2025-02-05 14:40:02','2025-02-05 15:40:02',27,2,-1,0.00000000,2,12,'TakePOS - Facture TC1-2502-0014',467,'facture',NULL,0,'20250205154002','',NULL,NULL,NULL),(98,'2025-02-05 14:40:02','2025-02-05 15:40:02',28,2,-1,0.00000000,2,12,'TakePOS - Facture TC1-2502-0014',467,'facture',NULL,0,'20250205154002','',NULL,NULL,NULL),(99,'2025-02-05 14:40:15','2025-02-05 15:40:15',25,2,-1,0.00000000,2,12,'TakePOS - Facture TC1-2502-0015',468,'facture',NULL,0,'20250205154015','',NULL,NULL,NULL),(100,'2025-02-05 14:40:15','2025-02-05 15:40:15',25,2,-1,0.00000000,2,12,'TakePOS - Facture TC1-2502-0015',468,'facture',NULL,0,'20250205154015','',NULL,NULL,NULL),(101,'2025-02-05 14:40:15','2025-02-05 15:40:15',26,2,-1,0.00000000,2,12,'TakePOS - Facture TC1-2502-0015',468,'facture',NULL,0,'20250205154015','',NULL,NULL,NULL),(102,'2025-02-05 14:40:15','2025-02-05 15:40:15',27,2,-1,0.00000000,2,12,'TakePOS - Facture TC1-2502-0015',468,'facture',NULL,0,'20250205154015','',NULL,NULL,NULL),(103,'2025-02-05 14:40:15','2025-02-05 15:40:15',28,2,-1,0.00000000,2,12,'TakePOS - Facture TC1-2502-0015',468,'facture',NULL,0,'20250205154015','',NULL,NULL,NULL),(104,'2025-02-05 14:40:15','2025-02-05 15:40:15',27,2,-1,0.00000000,2,12,'TakePOS - Facture TC1-2502-0015',468,'facture',NULL,0,'20250205154015','',NULL,NULL,NULL),(105,'2025-02-15 08:31:13','2025-02-15 09:31:13',25,2,-1,0.00000000,2,12,'TakePOS - Facture TC1-2502-0016',469,'facture',NULL,0,'20250215093113','',NULL,NULL,NULL),(106,'2025-02-15 08:31:13','2025-02-15 09:31:13',26,2,-1,0.00000000,2,12,'TakePOS - Facture TC1-2502-0016',469,'facture',NULL,0,'20250215093113','',NULL,NULL,NULL),(107,'2025-02-15 08:31:19','2025-02-15 09:31:19',26,2,-1,0.00000000,2,12,'TakePOS - Facture TC1-2502-0017',470,'facture',NULL,0,'20250215093119','',NULL,NULL,NULL),(108,'2025-02-15 08:31:19','2025-02-15 09:31:19',26,2,-1,0.00000000,2,12,'TakePOS - Facture TC1-2502-0017',470,'facture',NULL,0,'20250215093119','',NULL,NULL,NULL),(109,'2025-02-15 08:31:26','2025-02-15 09:31:26',30,2,-1,0.00000000,2,12,'TakePOS - Facture TC1-2502-0018',471,'facture',NULL,0,'20250215093126','',NULL,NULL,NULL),(110,'2025-03-05 08:32:24','2025-03-05 09:32:24',28,2,-10,0.00000000,2,12,'TakePOS - Facture TC1-2503-0019',472,'facture',NULL,0,'20250305093224','',NULL,NULL,NULL),(111,'2025-03-05 08:33:00','2025-03-05 09:33:00',28,2,-10,0.00000000,2,12,'TakePOS - Facture TC1-2503-0019',472,'facture',NULL,0,'20250305093300','',NULL,NULL,NULL),(112,'2025-03-05 08:33:07','2025-03-05 09:33:07',28,2,-10,0.00000000,2,12,'TakePOS - Facture TC1-2503-0019',472,'facture',NULL,0,'20250305093307','',NULL,NULL,NULL),(113,'2025-03-15 09:59:40','2025-03-15 10:59:40',28,2,-1,0.00000000,2,12,'TakePOS - Facture TC1-2503-0020',475,'facture',NULL,0,'20250315105940','',NULL,NULL,NULL),(114,'2026-06-02 16:25:06','2026-06-02 16:25:06',25,2,-2,0.00000000,2,12,'TakePOS - Facture TC1-2606-0001',477,'facture',NULL,0,'20260602162506','',NULL,NULL,NULL),(115,'2025-01-15 09:30:44','2025-01-15 09:30:44',25,2,-1,0.00000000,2,12,'TakePOS - Facture TC1-2501-0002',478,'facture',NULL,0,'20250115093044','',NULL,NULL,NULL),(116,'2025-01-15 09:33:06','2025-01-15 09:33:06',27,2,-1,0.00000000,2,12,'TakePOS - Facture TC1-2501-0003',479,'facture',NULL,0,'20250115093306','',NULL,NULL,NULL),(117,'2025-01-15 09:33:06','2025-01-15 09:33:06',28,2,-1,0.00000000,2,12,'TakePOS - Facture TC1-2501-0003',479,'facture',NULL,0,'20250115093306','',NULL,NULL,NULL),(118,'2025-01-16 09:30:44','2025-01-16 09:30:44',28,2,-1,0.00000000,2,12,'TakePOS - Facture TC1-2501-0004',480,'facture',NULL,0,'20250116093044','',NULL,NULL,NULL),(119,'2025-01-16 09:30:44','2025-01-16 09:30:44',27,2,-1,0.00000000,2,12,'TakePOS - Facture TC1-2501-0004',480,'facture',NULL,0,'20250116093044','',NULL,NULL,NULL),(120,'2025-03-15 09:31:15','2025-03-15 09:31:15',24,2,-1,0.00000000,2,12,'TakePOS - Facture TC1-2503-0005',481,'facture',NULL,0,'20250315093115','',NULL,NULL,NULL);

--
-- Table structure for table `llx_stock_mouvement_extrafields`
--

CREATE TABLE `llx_stock_mouvement_extrafields` (
  `rowid` int(11) NOT NULL AUTO_INCREMENT,
  `tms` timestamp NOT NULL DEFAULT current_timestamp() ON UPDATE current_timestamp(),
  `fk_object` int(11) NOT NULL,
  `import_key` varchar(14) DEFAULT NULL,
  PRIMARY KEY (`rowid`),
  UNIQUE KEY `uk_stock_mouvement_extrafields` (`fk_object`)
) ENGINE=InnoDB DEFAULT CHARSET=utf8mb3 COLLATE=utf8mb3_unicode_ci;

--
-- Dumping data for table `llx_stock_mouvement_extrafields`
--


--
-- Table structure for table `llx_stocktransfer_stocktransfer`
--

CREATE TABLE `llx_stocktransfer_stocktransfer` (
  `rowid` int(11) NOT NULL AUTO_INCREMENT,
  `entity` int(11) NOT NULL DEFAULT 1,
  `ref` varchar(128) NOT NULL DEFAULT '(PROV)',
  `label` varchar(255) DEFAULT NULL,
  `fk_soc` int(11) DEFAULT NULL,
  `fk_project` int(11) DEFAULT NULL,
  `fk_warehouse_source` int(11) DEFAULT NULL,
  `fk_warehouse_destination` int(11) DEFAULT NULL,
  `description` text DEFAULT NULL,
  `note_public` text DEFAULT NULL,
  `note_private` text DEFAULT NULL,
  `tms` timestamp NULL DEFAULT current_timestamp() ON UPDATE current_timestamp(),
  `date_creation` datetime NOT NULL,
  `date_prevue_depart` date DEFAULT NULL,
  `date_reelle_depart` date DEFAULT NULL,
  `date_prevue_arrivee` date DEFAULT NULL,
  `date_reelle_arrivee` date DEFAULT NULL,
  `lead_time_for_warning` int(11) DEFAULT NULL,
  `fk_user_creat` int(11) NOT NULL,
  `fk_user_modif` int(11) DEFAULT NULL,
  `import_key` varchar(14) DEFAULT NULL,
  `model_pdf` varchar(255) DEFAULT NULL,
  `last_main_doc` varchar(255) DEFAULT NULL,
  `status` smallint(6) NOT NULL,
  `fk_incoterms` int(11) DEFAULT NULL,
  `location_incoterms` varchar(255) DEFAULT NULL,
  PRIMARY KEY (`rowid`),
  KEY `idx_stocktransfer_stocktransfer_rowid` (`rowid`),
  KEY `idx_stocktransfer_stocktransfer_ref` (`ref`),
  KEY `idx_stocktransfer_stocktransfer_fk_soc` (`fk_soc`),
  KEY `idx_stocktransfer_stocktransfer_fk_project` (`fk_project`),
  KEY `llx_stocktransfer_stocktransfer_fk_user_creat` (`fk_user_creat`),
  KEY `idx_stocktransfer_stocktransfer_status` (`status`),
  CONSTRAINT `llx_stocktransfer_stocktransfer_fk_user_creat` FOREIGN KEY (`fk_user_creat`) REFERENCES `llx_user` (`rowid`)
) ENGINE=InnoDB DEFAULT CHARSET=utf8mb4 COLLATE=utf8mb4_unicode_ci;

--
-- Dumping data for table `llx_stocktransfer_stocktransfer`
--


--
-- Table structure for table `llx_stocktransfer_stocktransfer_extrafields`
--

CREATE TABLE `llx_stocktransfer_stocktransfer_extrafields` (
  `rowid` int(11) NOT NULL AUTO_INCREMENT,
  `tms` timestamp NULL DEFAULT current_timestamp() ON UPDATE current_timestamp(),
  `fk_object` int(11) NOT NULL,
  `import_key` varchar(14) DEFAULT NULL,
  PRIMARY KEY (`rowid`),
  KEY `idx_fk_object` (`fk_object`)
) ENGINE=InnoDB DEFAULT CHARSET=utf8mb4 COLLATE=utf8mb4_unicode_ci;

--
-- Dumping data for table `llx_stocktransfer_stocktransfer_extrafields`
--


--
-- Table structure for table `llx_stocktransfer_stocktransferline`
--

CREATE TABLE `llx_stocktransfer_stocktransferline` (
  `rowid` int(11) NOT NULL AUTO_INCREMENT,
  `amount` double DEFAULT NULL,
  `qty` double DEFAULT NULL,
  `fk_warehouse_source` int(11) NOT NULL,
  `fk_warehouse_destination` int(11) NOT NULL,
  `fk_stocktransfer` int(11) NOT NULL,
  `fk_product` int(11) NOT NULL,
  `batch` varchar(128) DEFAULT NULL,
  `pmp` double DEFAULT NULL,
  `rang` int(11) DEFAULT 0,
  `fk_parent_line` int(11) DEFAULT NULL,
  PRIMARY KEY (`rowid`),
  KEY `idx_stocktransfer_stocktransferline_rowid` (`rowid`)
) ENGINE=InnoDB DEFAULT CHARSET=utf8mb4 COLLATE=utf8mb4_unicode_ci;

--
-- Dumping data for table `llx_stocktransfer_stocktransferline`
--


--
-- Table structure for table `llx_stocktransfer_stocktransferline_extrafields`
--

CREATE TABLE `llx_stocktransfer_stocktransferline_extrafields` (
  `rowid` int(11) NOT NULL AUTO_INCREMENT,
  `tms` timestamp NULL DEFAULT current_timestamp() ON UPDATE current_timestamp(),
  `fk_object` int(11) NOT NULL,
  `import_key` varchar(14) DEFAULT NULL,
  PRIMARY KEY (`rowid`),
  KEY `idx_fk_object` (`fk_object`)
) ENGINE=InnoDB DEFAULT CHARSET=utf8mb4 COLLATE=utf8mb4_unicode_ci;

--
-- Dumping data for table `llx_stocktransfer_stocktransferline_extrafields`
--


--
-- Table structure for table `llx_subscription`
--

CREATE TABLE `llx_subscription` (
  `rowid` int(11) NOT NULL AUTO_INCREMENT,
  `tms` timestamp NOT NULL DEFAULT current_timestamp() ON UPDATE current_timestamp(),
  `datec` datetime DEFAULT NULL,
  `fk_adherent` int(11) DEFAULT NULL,
  `dateadh` datetime DEFAULT NULL,
  `datef` datetime DEFAULT NULL,
  `subscription` double(24,8) DEFAULT NULL,
  `fk_bank` int(11) DEFAULT NULL,
  `note` text DEFAULT NULL,
  `fk_type` int(11) DEFAULT NULL,
  `fk_user_creat` int(11) DEFAULT NULL,
  `fk_user_valid` int(11) DEFAULT NULL,
  `ref_ext` varchar(128) DEFAULT NULL,
  `note_private` text DEFAULT NULL,
  `import_key` varchar(14) DEFAULT NULL,
  PRIMARY KEY (`rowid`),
  UNIQUE KEY `uk_subscription` (`fk_adherent`,`dateadh`),
  KEY `idx_subscription_fk_adherent` (`fk_adherent`),
  KEY `idx_subscription_fk_bank` (`fk_bank`),
  KEY `idx_subscription_dateadh` (`dateadh`)
) ENGINE=InnoDB AUTO_INCREMENT=12 DEFAULT CHARSET=utf8mb3 COLLATE=utf8mb3_unicode_ci;

--
-- Dumping data for table `llx_subscription`
--

INSERT INTO `llx_subscription` (`rowid`, `tms`, `datec`, `fk_adherent`, `dateadh`, `datef`, `subscription`, `fk_bank`, `note`, `fk_type`, `fk_user_creat`, `fk_user_valid`, `ref_ext`, `note_private`, `import_key`) VALUES (2,'2020-01-21 00:02:14','2020-01-21 01:02:14',3,'2013-07-18 00:00:00','2014-07-17 00:00:00',50.00000000,51,'Subscription 2013',2,NULL,NULL,NULL,NULL,NULL),(3,'2020-01-21 09:22:37','2020-01-21 10:22:37',4,'2017-07-18 00:00:00','2018-07-17 00:00:00',50.00000000,52,'Subscription 2017',2,NULL,NULL,NULL,NULL,NULL),(4,'2020-01-21 09:23:17','2020-01-21 10:23:17',2,'2017-07-18 00:00:00','2018-07-17 00:00:00',50.00000000,53,'Subscription 2017',2,NULL,NULL,NULL,NULL,NULL),(5,'2020-01-21 09:23:28','2020-01-21 10:23:28',2,'2018-07-18 00:00:00','2019-07-17 00:00:00',50.00000000,54,'Subscription 2018',2,NULL,NULL,NULL,NULL,NULL),(6,'2020-01-21 09:23:49','2020-01-21 10:23:49',2,'2019-07-18 00:00:00','2020-07-17 00:00:00',50.00000000,55,'Subscription 2019',2,NULL,NULL,NULL,NULL,NULL),(11,'2025-01-16 09:07:13','2025-01-16 10:07:13',15,'2025-01-16 00:00:00','2026-01-15 00:00:00',11.00000000,98,'Adhésion / cotisation 2025',1,12,NULL,NULL,'',NULL);

--
-- Table structure for table `llx_supplier_proposal`
--

CREATE TABLE `llx_supplier_proposal` (
  `rowid` int(11) NOT NULL AUTO_INCREMENT,
  `ref` varchar(30) NOT NULL,
  `entity` int(11) NOT NULL DEFAULT 1,
  `ref_ext` varchar(255) DEFAULT NULL,
  `ref_int` varchar(255) DEFAULT NULL,
  `fk_soc` int(11) DEFAULT NULL,
  `fk_projet` int(11) DEFAULT NULL,
  `tms` timestamp NOT NULL DEFAULT current_timestamp() ON UPDATE current_timestamp(),
  `datec` datetime DEFAULT NULL,
  `date_valid` datetime DEFAULT NULL,
  `date_cloture` datetime DEFAULT NULL,
  `fk_user_author` int(11) DEFAULT NULL,
  `fk_user_modif` int(11) DEFAULT NULL,
  `fk_user_valid` int(11) DEFAULT NULL,
  `fk_user_cloture` int(11) DEFAULT NULL,
  `fk_statut` smallint(6) NOT NULL DEFAULT 0,
  `price` double DEFAULT 0,
  `remise_percent` double DEFAULT 0,
  `remise_absolue` double DEFAULT 0,
  `remise` double DEFAULT 0,
  `total_ht` double(24,8) DEFAULT 0.00000000,
  `total_tva` double(24,8) DEFAULT 0.00000000,
  `localtax1` double(24,8) DEFAULT 0.00000000,
  `localtax2` double(24,8) DEFAULT 0.00000000,
  `total_ttc` double(24,8) DEFAULT 0.00000000,
  `fk_account` int(11) DEFAULT NULL,
  `fk_currency` varchar(3) DEFAULT NULL,
  `fk_cond_reglement` int(11) DEFAULT NULL,
  `deposit_percent` varchar(63) DEFAULT NULL,
  `fk_mode_reglement` int(11) DEFAULT NULL,
  `note_private` text DEFAULT NULL,
  `note_public` text DEFAULT NULL,
  `model_pdf` varchar(255) DEFAULT NULL,
  `date_livraison` date DEFAULT NULL,
  `fk_shipping_method` int(11) DEFAULT NULL,
  `import_key` varchar(14) DEFAULT NULL,
  `extraparams` varchar(255) DEFAULT NULL,
  `fk_multicurrency` int(11) DEFAULT NULL,
  `multicurrency_code` varchar(3) DEFAULT NULL,
  `multicurrency_tx` double(24,8) DEFAULT 1.00000000,
  `multicurrency_total_ht` double(24,8) DEFAULT 0.00000000,
  `multicurrency_total_tva` double(24,8) DEFAULT 0.00000000,
  `multicurrency_total_ttc` double(24,8) DEFAULT 0.00000000,
  `last_main_doc` varchar(255) DEFAULT NULL,
  PRIMARY KEY (`rowid`),
  UNIQUE KEY `uk_supplier_proposal_ref` (`ref`,`entity`),
  KEY `idx_supplier_proposal_fk_soc` (`fk_soc`),
  KEY `idx_supplier_proposal_fk_user_author` (`fk_user_author`),
  KEY `idx_supplier_proposal_fk_user_valid` (`fk_user_valid`),
  KEY `idx_supplier_proposal_fk_projet` (`fk_projet`),
  KEY `idx_supplier_proposal_fk_account` (`fk_account`)
) ENGINE=InnoDB AUTO_INCREMENT=6 DEFAULT CHARSET=utf8mb3 COLLATE=utf8mb3_unicode_ci;

--
-- Dumping data for table `llx_supplier_proposal`
--

INSERT INTO `llx_supplier_proposal` (`rowid`, `ref`, `entity`, `ref_ext`, `ref_int`, `fk_soc`, `fk_projet`, `tms`, `datec`, `date_valid`, `date_cloture`, `fk_user_author`, `fk_user_modif`, `fk_user_valid`, `fk_user_cloture`, `fk_statut`, `price`, `remise_percent`, `remise_absolue`, `remise`, `total_ht`, `total_tva`, `localtax1`, `localtax2`, `total_ttc`, `fk_account`, `fk_currency`, `fk_cond_reglement`, `deposit_percent`, `fk_mode_reglement`, `note_private`, `note_public`, `model_pdf`, `date_livraison`, `fk_shipping_method`, `import_key`, `extraparams`, `fk_multicurrency`, `multicurrency_code`, `multicurrency_tx`, `multicurrency_total_ht`, `multicurrency_total_tva`, `multicurrency_total_ttc`, `last_main_doc`) VALUES (2,'(PROV2)',1,NULL,NULL,10,NULL,'2026-02-15 18:44:54','2024-02-17 04:40:14',NULL,NULL,12,12,NULL,NULL,0,0,NULL,NULL,0,285.00000000,0.00000000,0.00000000,0.00000000,285.00000000,NULL,NULL,2,NULL,7,'Private note','Public note','aurore','2017-02-17',1,NULL,NULL,1,'EUR',1.00000000,285.00000000,0.00000000,285.00000000,'supplier_proposal/(PROV2)/(PROV2).pdf'),(3,'(PROV3)',1,NULL,NULL,1,NULL,'2026-02-15 18:44:54','2024-01-20 12:06:39',NULL,NULL,12,NULL,NULL,NULL,0,0,NULL,NULL,0,0.00000000,0.00000000,0.00000000,0.00000000,0.00000000,NULL,NULL,NULL,NULL,NULL,'','','aurore',NULL,NULL,NULL,NULL,1,'EUR',1.00000000,0.00000000,0.00000000,0.00000000,NULL),(4,'(PROV4)',1,NULL,NULL,17,NULL,'2026-02-15 18:44:54','2024-01-20 12:23:22',NULL,NULL,12,NULL,NULL,NULL,0,0,NULL,NULL,0,198.00000000,0.17000000,0.00000000,0.00000000,198.17000000,NULL,NULL,NULL,NULL,NULL,'','','aurore',NULL,NULL,NULL,NULL,1,'EUR',1.00000000,198.00000000,0.17000000,198.17000000,'supplier_proposal/(PROV4)/(PROV4).pdf');

--
-- Table structure for table `llx_supplier_proposal_extrafields`
--

CREATE TABLE `llx_supplier_proposal_extrafields` (
  `rowid` int(11) NOT NULL AUTO_INCREMENT,
  `tms` timestamp NOT NULL DEFAULT current_timestamp() ON UPDATE current_timestamp(),
  `fk_object` int(11) NOT NULL,
  `import_key` varchar(14) DEFAULT NULL,
  PRIMARY KEY (`rowid`),
  UNIQUE KEY `uk_supplier_proposal_extrafields` (`fk_object`),
  KEY `idx_supplier_proposal_extrafields` (`fk_object`)
) ENGINE=InnoDB DEFAULT CHARSET=utf8mb3 COLLATE=utf8mb3_unicode_ci;

--
-- Dumping data for table `llx_supplier_proposal_extrafields`
--


--
-- Table structure for table `llx_supplier_proposaldet`
--

CREATE TABLE `llx_supplier_proposaldet` (
  `rowid` int(11) NOT NULL AUTO_INCREMENT,
  `fk_supplier_proposal` int(11) NOT NULL,
  `fk_parent_line` int(11) DEFAULT NULL,
  `fk_product` int(11) DEFAULT NULL,
  `label` varchar(255) DEFAULT NULL,
  `description` text DEFAULT NULL,
  `fk_remise_except` int(11) DEFAULT NULL,
  `tva_tx` double(6,3) DEFAULT 0.000,
  `vat_src_code` varchar(10) DEFAULT '',
  `localtax1_tx` double(6,3) DEFAULT 0.000,
  `localtax1_type` varchar(10) DEFAULT NULL,
  `localtax2_tx` double(6,3) DEFAULT 0.000,
  `localtax2_type` varchar(10) DEFAULT NULL,
  `qty` double DEFAULT NULL,
  `remise_percent` double DEFAULT 0,
  `remise` double DEFAULT 0,
  `price` double DEFAULT NULL,
  `subprice` double(24,8) DEFAULT 0.00000000,
  `subprice_ttc` double(24,8) DEFAULT 0.00000000,
  `total_ht` double(24,8) DEFAULT 0.00000000,
  `total_tva` double(24,8) DEFAULT 0.00000000,
  `total_localtax1` double(24,8) DEFAULT 0.00000000,
  `total_localtax2` double(24,8) DEFAULT 0.00000000,
  `total_ttc` double(24,8) DEFAULT 0.00000000,
  `product_type` int(11) DEFAULT 0,
  `info_bits` int(11) DEFAULT 0,
  `buy_price_ht` double(24,8) DEFAULT 0.00000000,
  `fk_product_fournisseur_price` int(11) DEFAULT NULL,
  `special_code` int(11) DEFAULT 0,
  `rang` int(11) DEFAULT 0,
  `ref_fourn` varchar(128) DEFAULT NULL,
  `fk_multicurrency` int(11) DEFAULT NULL,
  `multicurrency_code` varchar(3) DEFAULT NULL,
  `multicurrency_subprice` double(24,8) DEFAULT 0.00000000,
  `multicurrency_subprice_ttc` double(24,8) DEFAULT 0.00000000,
  `multicurrency_total_ht` double(24,8) DEFAULT 0.00000000,
  `multicurrency_total_tva` double(24,8) DEFAULT 0.00000000,
  `multicurrency_total_ttc` double(24,8) DEFAULT 0.00000000,
  `fk_unit` int(11) DEFAULT NULL,
  `date_start` datetime DEFAULT NULL,
  `date_end` datetime DEFAULT NULL,
  `extraparams` varchar(255) DEFAULT NULL,
  PRIMARY KEY (`rowid`),
  KEY `idx_supplier_proposaldet_fk_supplier_proposal` (`fk_supplier_proposal`),
  KEY `idx_supplier_proposaldet_fk_product` (`fk_product`),
  KEY `fk_supplier_proposaldet_fk_unit` (`fk_unit`),
  CONSTRAINT `fk_supplier_proposaldet_fk_supplier_proposal` FOREIGN KEY (`fk_supplier_proposal`) REFERENCES `llx_supplier_proposal` (`rowid`),
  CONSTRAINT `fk_supplier_proposaldet_fk_unit` FOREIGN KEY (`fk_unit`) REFERENCES `llx_c_units` (`rowid`)
) ENGINE=InnoDB AUTO_INCREMENT=26 DEFAULT CHARSET=utf8mb3 COLLATE=utf8mb3_unicode_ci;

--
-- Dumping data for table `llx_supplier_proposaldet`
--

INSERT INTO `llx_supplier_proposaldet` (`rowid`, `fk_supplier_proposal`, `fk_parent_line`, `fk_product`, `label`, `description`, `fk_remise_except`, `tva_tx`, `vat_src_code`, `localtax1_tx`, `localtax1_type`, `localtax2_tx`, `localtax2_type`, `qty`, `remise_percent`, `remise`, `price`, `subprice`, `subprice_ttc`, `total_ht`, `total_tva`, `total_localtax1`, `total_localtax2`, `total_ttc`, `product_type`, `info_bits`, `buy_price_ht`, `fk_product_fournisseur_price`, `special_code`, `rang`, `ref_fourn`, `fk_multicurrency`, `multicurrency_code`, `multicurrency_subprice`, `multicurrency_subprice_ttc`, `multicurrency_total_ht`, `multicurrency_total_tva`, `multicurrency_total_ttc`, `fk_unit`, `date_start`, `date_end`, `extraparams`) VALUES (2,2,NULL,NULL,NULL,'A powerfull computer with 8Gb memory.',NULL,0.000,'',0.000,'0',0.000,'0',1,0,0,NULL,200.00000000,0.00000000,200.00000000,0.00000000,0.00000000,0.00000000,200.00000000,0,0,0.00000000,NULL,0,1,'',1,'EUR',200.00000000,0.00000000,200.00000000,0.00000000,200.00000000,NULL,NULL,NULL,NULL),(7,3,NULL,1,NULL,'A beatifull pink dress 2',NULL,12.500,'',0.000,'0',0.000,'0',1,0,0,NULL,0.00000000,0.00000000,0.00000000,0.00000000,0.00000000,0.00000000,0.00000000,0,0,0.00000000,NULL,0,1,NULL,1,'EUR',0.00000000,0.00000000,0.00000000,0.00000000,0.00000000,NULL,NULL,NULL,NULL),(9,2,NULL,1,'Pink dress','A beatifull pink dress',NULL,0.000,'',0.000,'0',0.000,'0',1,10,0,NULL,100.00000000,0.00000000,90.00000000,0.00000000,0.00000000,0.00000000,90.00000000,0,0,79.16667000,3,0,2,'aaa',1,'EUR',100.00000000,0.00000000,90.00000000,0.00000000,90.00000000,NULL,NULL,NULL,NULL),(10,4,NULL,1,NULL,'A beatifull pink dress. 2',NULL,0.000,'',0.000,'0',0.000,'0',1,0,0,NULL,95.00000000,0.00000000,95.00000000,0.00000000,0.00000000,0.00000000,95.00000000,0,0,0.00000000,NULL,0,1,'BK01',1,'EUR',95.00000000,0.00000000,95.00000000,0.00000000,95.00000000,NULL,NULL,NULL,NULL),(11,4,NULL,1,'Pink dress','A beatifull pink dress',NULL,0.000,'',0.000,'0',0.000,'0',1,0,0,NULL,100.00000000,0.00000000,100.00000000,0.00000000,0.00000000,0.00000000,100.00000000,0,0,79.16667000,7,0,2,'bbb',1,'EUR',100.00000000,0.00000000,100.00000000,0.00000000,100.00000000,NULL,NULL,NULL,NULL),(17,4,NULL,NULL,NULL,'a',NULL,5.500,'bbb',0.000,'0',0.000,'0',1,0,0,NULL,1.00000000,0.00000000,1.00000000,0.06000000,0.00000000,0.00000000,1.06000000,0,0,0.00000000,NULL,0,3,'',1,'EUR',1.00000000,0.00000000,1.00000000,0.06000000,1.06000000,NULL,NULL,NULL,NULL),(18,4,NULL,NULL,NULL,'a',NULL,5.500,'bbb',0.000,'0',0.000,'0',1,0,0,NULL,2.00000000,0.00000000,2.00000000,0.11000000,0.00000000,0.00000000,2.11000000,0,0,0.00000000,NULL,0,4,NULL,1,'EUR',2.00000000,0.00000000,2.00000000,0.11000000,2.11000000,NULL,NULL,NULL,NULL),(19,2,NULL,NULL,NULL,'aaa',NULL,0.000,'',0.000,'',0.000,'',1,0,0,NULL,-5.00000000,0.00000000,-5.00000000,0.00000000,0.00000000,0.00000000,-5.00000000,0,0,0.00000000,NULL,0,3,'',1,'EUR',-5.00000000,0.00000000,-5.00000000,0.00000000,-5.00000000,1,NULL,NULL,NULL);

--
-- Table structure for table `llx_supplier_proposaldet_extrafields`
--

CREATE TABLE `llx_supplier_proposaldet_extrafields` (
  `rowid` int(11) NOT NULL AUTO_INCREMENT,
  `tms` timestamp NOT NULL DEFAULT current_timestamp() ON UPDATE current_timestamp(),
  `fk_object` int(11) NOT NULL,
  `import_key` varchar(14) DEFAULT NULL,
  PRIMARY KEY (`rowid`),
  UNIQUE KEY `uk_supplier_proposaldet_extrafields` (`fk_object`),
  KEY `idx_supplier_proposaldet_extrafields` (`fk_object`)
) ENGINE=InnoDB DEFAULT CHARSET=utf8mb3 COLLATE=utf8mb3_unicode_ci;

--
-- Dumping data for table `llx_supplier_proposaldet_extrafields`
--


--
-- Table structure for table `llx_takepos_floor_tables`
--

CREATE TABLE `llx_takepos_floor_tables` (
  `rowid` int(11) NOT NULL AUTO_INCREMENT,
  `entity` int(11) NOT NULL DEFAULT 1,
  `label` varchar(255) DEFAULT NULL,
  `leftpos` float DEFAULT NULL,
  `toppos` float DEFAULT NULL,
  `floor` int(3) DEFAULT NULL,
  PRIMARY KEY (`rowid`),
  UNIQUE KEY `entity` (`entity`,`label`),
  UNIQUE KEY `entity_2` (`entity`,`label`),
  UNIQUE KEY `entity_3` (`entity`,`label`),
  UNIQUE KEY `entity_4` (`entity`,`label`),
  UNIQUE KEY `uk_takepos_floor_tables` (`entity`,`label`)
) ENGINE=InnoDB DEFAULT CHARSET=utf8mb3 COLLATE=utf8mb3_unicode_ci;

--
-- Dumping data for table `llx_takepos_floor_tables`
--


--
-- Table structure for table `llx_ticket`
--

CREATE TABLE `llx_ticket` (
  `rowid` int(11) NOT NULL AUTO_INCREMENT,
  `entity` int(11) DEFAULT 1,
  `ref` varchar(128) NOT NULL,
  `track_id` varchar(128) NOT NULL,
  `fk_soc` int(11) DEFAULT 0,
  `fk_project` int(11) DEFAULT 0,
  `fk_contract` int(11) DEFAULT 0,
  `origin_email` varchar(128) DEFAULT NULL,
  `fk_user_create` int(11) DEFAULT NULL,
  `fk_user_assign` int(11) DEFAULT NULL,
  `subject` varchar(255) DEFAULT NULL,
  `message` mediumtext DEFAULT NULL,
  `fk_statut` int(11) DEFAULT NULL,
  `resolution` int(11) DEFAULT NULL,
  `fk_user_modif` int(11) DEFAULT NULL,
  `note_private` text DEFAULT NULL,
  `note_public` text DEFAULT NULL,
  `progress` int(11) DEFAULT NULL,
  `timing` varchar(20) DEFAULT NULL,
  `type_code` varchar(32) DEFAULT NULL,
  `category_code` varchar(32) DEFAULT NULL,
  `severity_code` varchar(32) DEFAULT NULL,
  `datec` datetime DEFAULT NULL,
  `date_read` datetime DEFAULT NULL,
  `date_last_msg_sent` datetime DEFAULT NULL,
  `date_close` datetime DEFAULT NULL,
  `notify_tiers_at_create` tinyint(4) DEFAULT NULL,
  `tms` timestamp NOT NULL DEFAULT current_timestamp() ON UPDATE current_timestamp(),
  `import_key` varchar(14) DEFAULT NULL,
  `email_msgid` varchar(255) DEFAULT NULL,
  `email_date` datetime DEFAULT NULL,
  `ip` varchar(250) DEFAULT NULL,
  `model_pdf` varchar(255) DEFAULT NULL,
  `last_main_doc` varchar(255) DEFAULT NULL,
  `extraparams` varchar(255) DEFAULT NULL,
  `barcode` varchar(255) DEFAULT NULL,
  `fk_barcode_type` int(11) DEFAULT NULL,
  `origin_replyto` varchar(128) DEFAULT NULL,
  `origin_references` text DEFAULT NULL,
  PRIMARY KEY (`rowid`),
  UNIQUE KEY `uk_ticket_track_id` (`track_id`),
  UNIQUE KEY `uk_ticket_ref` (`ref`,`entity`),
  UNIQUE KEY `uk_ticket_barcode_barcode_type` (`barcode`,`fk_barcode_type`,`entity`),
  KEY `idx_ticket_entity` (`entity`),
  KEY `idx_ticket_fk_soc` (`fk_soc`),
  KEY `idx_ticket_fk_user_assign` (`fk_user_assign`),
  KEY `idx_ticket_fk_project` (`fk_project`),
  KEY `idx_ticket_fk_statut` (`fk_statut`),
  KEY `llx_ticket_fk_product_barcode_type` (`fk_barcode_type`),
  CONSTRAINT `llx_ticket_fk_product_barcode_type` FOREIGN KEY (`fk_barcode_type`) REFERENCES `llx_c_barcode_type` (`rowid`)
) ENGINE=InnoDB AUTO_INCREMENT=10 DEFAULT CHARSET=utf8mb3 COLLATE=utf8mb3_unicode_ci;

--
-- Dumping data for table `llx_ticket`
--

INSERT INTO `llx_ticket` (`rowid`, `entity`, `ref`, `track_id`, `fk_soc`, `fk_project`, `fk_contract`, `origin_email`, `fk_user_create`, `fk_user_assign`, `subject`, `message`, `fk_statut`, `resolution`, `fk_user_modif`, `note_private`, `note_public`, `progress`, `timing`, `type_code`, `category_code`, `severity_code`, `datec`, `date_read`, `date_last_msg_sent`, `date_close`, `notify_tiers_at_create`, `tms`, `import_key`, `email_msgid`, `email_date`, `ip`, `model_pdf`, `last_main_doc`, `extraparams`, `barcode`, `fk_barcode_type`, `origin_replyto`, `origin_references`) VALUES (2,1,'TS1909-0001','15ff11cay39skiaa',NULL,6,0,NULL,12,12,'Increase memory on server','Pleae increase the memory of server to 164GB',3,NULL,NULL,NULL,NULL,0,NULL,'REQUEST','OTHER','NORMAL','2024-09-26 14:08:46',NULL,NULL,NULL,0,'2026-02-15 18:44:54',NULL,NULL,NULL,NULL,NULL,NULL,NULL,NULL,NULL,NULL,NULL),(3,1,'TS1909-0002','r5ya6gdi9f39dcjt',1,NULL,0,NULL,12,14,'Problem with customer','Please recontact customer.<br />\r\nNeed someone speaking chinese...',0,NULL,NULL,NULL,NULL,100,'NORMAL','ISSUE','OTHER','NORMAL','2024-09-26 14:10:31',NULL,NULL,'2024-10-04 13:05:55',0,'2026-02-15 18:44:54',NULL,NULL,NULL,NULL,NULL,NULL,NULL,NULL,NULL,NULL,NULL),(4,1,'TS1910-0003','fdv9wrzcte7b3c8b',NULL,NULL,0,NULL,12,NULL,'test','test',2,NULL,NULL,NULL,NULL,0,NULL,'COM','OTHER','NORMAL','2024-10-04 12:58:04',NULL,NULL,NULL,0,'2026-02-15 18:44:54',NULL,NULL,NULL,NULL,NULL,NULL,NULL,NULL,NULL,NULL,NULL),(6,1,'TS1911-0004','5gvo9bsjri55zef9',32,4,0,NULL,12,3,'What is the price for Dolibarr ERP CRM ?','I need to use it for 10 users.',2,NULL,NULL,NULL,NULL,0,NULL,'COM','OTHER','NORMAL','2024-11-29 12:46:29','2024-11-29 12:46:34',NULL,NULL,0,'2026-02-15 18:44:54',NULL,NULL,NULL,NULL,NULL,NULL,NULL,NULL,NULL,NULL,NULL),(7,1,'TS1911-0005','d51wjy4nym7wltg7',NULL,NULL,0,'customer@customercompany.com',NULL,16,'What is the price for Dolibarr ERP CRM ?','I need it for 10 people...',8,NULL,NULL,NULL,NULL,100,NULL,'COM','OTHER','NORMAL','2024-11-29 12:50:45','2024-11-29 12:52:32',NULL,'2025-03-13 06:17:35',1,'2026-02-15 18:44:54',NULL,NULL,NULL,NULL,NULL,NULL,NULL,NULL,NULL,NULL,NULL),(9,1,'TS2505-0006','7l6k1qo8qif1fzca',NULL,NULL,NULL,NULL,12,12,'aaaa','aaaa',2,NULL,NULL,NULL,NULL,0,'NORMAL','COM','OTHER','NORMAL','2024-05-27 11:09:44',NULL,NULL,NULL,0,'2026-02-15 18:44:54',NULL,NULL,NULL,NULL,'',NULL,NULL,NULL,NULL,NULL,NULL);

--
-- Table structure for table `llx_ticket_extrafields`
--

CREATE TABLE `llx_ticket_extrafields` (
  `rowid` int(11) NOT NULL AUTO_INCREMENT,
  `tms` timestamp NOT NULL DEFAULT current_timestamp() ON UPDATE current_timestamp(),
  `fk_object` int(11) NOT NULL,
  `import_key` varchar(14) DEFAULT NULL,
  `aaa` int(10) DEFAULT NULL,
  PRIMARY KEY (`rowid`),
  UNIQUE KEY `uk_ticket_extrafields` (`fk_object`),
  KEY `idx_ticket_extrafields` (`fk_object`)
) ENGINE=InnoDB DEFAULT CHARSET=utf8mb3 COLLATE=utf8mb3_unicode_ci;

--
-- Dumping data for table `llx_ticket_extrafields`
--


--
-- Table structure for table `llx_ticketsup_extrafields`
--

CREATE TABLE `llx_ticketsup_extrafields` (
  `rowid` int(11) NOT NULL AUTO_INCREMENT,
  `tms` timestamp NOT NULL DEFAULT current_timestamp() ON UPDATE current_timestamp(),
  `fk_object` int(11) NOT NULL,
  `import_key` varchar(14) DEFAULT NULL,
  PRIMARY KEY (`rowid`)
) ENGINE=InnoDB DEFAULT CHARSET=utf8mb4 COLLATE=utf8mb4_unicode_ci ROW_FORMAT=DYNAMIC;

--
-- Dumping data for table `llx_ticketsup_extrafields`
--


--
-- Table structure for table `llx_ticketsup_logs`
--

CREATE TABLE `llx_ticketsup_logs` (
  `rowid` int(11) NOT NULL AUTO_INCREMENT,
  `entity` int(11) DEFAULT 1,
  `fk_track_id` varchar(128) DEFAULT NULL,
  `fk_user_create` int(11) DEFAULT NULL,
  `datec` datetime DEFAULT NULL,
  `message` text DEFAULT NULL,
  PRIMARY KEY (`rowid`),
  KEY `fk_ticketsup_logs_fk_track_id` (`fk_track_id`),
  CONSTRAINT `fk_ticketsup_logs_fk_track_id` FOREIGN KEY (`fk_track_id`) REFERENCES `llx_ticketsup` (`track_id`)
) ENGINE=InnoDB DEFAULT CHARSET=utf8mb3 COLLATE=utf8mb3_unicode_ci ROW_FORMAT=DYNAMIC;

--
-- Dumping data for table `llx_ticketsup_logs`
--


--
-- Table structure for table `llx_ticketsup_msg`
--

CREATE TABLE `llx_ticketsup_msg` (
  `rowid` int(11) NOT NULL AUTO_INCREMENT,
  `entity` int(11) DEFAULT 1,
  `fk_track_id` varchar(128) DEFAULT NULL,
  `fk_user_action` int(11) DEFAULT NULL,
  `datec` datetime DEFAULT NULL,
  `message` text DEFAULT NULL,
  `private` int(11) DEFAULT 0,
  PRIMARY KEY (`rowid`),
  KEY `fk_ticketsup_msg_fk_track_id` (`fk_track_id`),
  CONSTRAINT `fk_ticketsup_msg_fk_track_id` FOREIGN KEY (`fk_track_id`) REFERENCES `llx_ticketsup` (`track_id`)
) ENGINE=InnoDB DEFAULT CHARSET=utf8mb3 COLLATE=utf8mb3_unicode_ci ROW_FORMAT=DYNAMIC;

--
-- Dumping data for table `llx_ticketsup_msg`
--


--
-- Table structure for table `llx_tmptesttabletoremove`
--

CREATE TABLE `llx_tmptesttabletoremove` (
  `rowid` int(11) NOT NULL AUTO_INCREMENT,
  `code` varchar(255) NOT NULL,
  `label` varchar(255) NOT NULL,
  `position` int(11) DEFAULT NULL,
  `use_default` varchar(1) DEFAULT '1',
  `active` int(11) DEFAULT NULL,
  PRIMARY KEY (`rowid`)
) ENGINE=InnoDB DEFAULT CHARSET=utf8mb4 COLLATE=utf8mb4_unicode_ci;

--
-- Dumping data for table `llx_tmptesttabletoremove`
--


--
-- Table structure for table `llx_tva`
--

CREATE TABLE `llx_tva` (
  `rowid` int(11) NOT NULL AUTO_INCREMENT,
  `tms` timestamp NOT NULL DEFAULT current_timestamp() ON UPDATE current_timestamp(),
  `datec` date DEFAULT NULL,
  `datep` date DEFAULT NULL,
  `datev` date DEFAULT NULL,
  `amount` double(24,8) DEFAULT NULL,
  `label` varchar(255) DEFAULT NULL,
  `entity` int(11) NOT NULL DEFAULT 1,
  `note` text DEFAULT NULL,
  `fk_bank` int(11) DEFAULT NULL,
  `fk_user_creat` int(11) DEFAULT NULL,
  `fk_user_modif` int(11) DEFAULT NULL,
  `fk_typepayment` int(11) DEFAULT NULL,
  `num_payment` varchar(50) DEFAULT NULL,
  `import_key` varchar(14) DEFAULT NULL,
  `paye` smallint(6) NOT NULL DEFAULT 0,
  `fk_account` int(11) DEFAULT NULL,
  PRIMARY KEY (`rowid`)
) ENGINE=InnoDB DEFAULT CHARSET=utf8mb3 COLLATE=utf8mb3_unicode_ci;

--
-- Dumping data for table `llx_tva`
--


--
-- Table structure for table `llx_user_alert`
--

CREATE TABLE `llx_user_alert` (
  `rowid` int(11) NOT NULL AUTO_INCREMENT,
  `type` int(11) DEFAULT NULL,
  `fk_contact` int(11) DEFAULT NULL,
  `fk_user` int(11) DEFAULT NULL,
  PRIMARY KEY (`rowid`)
) ENGINE=InnoDB AUTO_INCREMENT=4 DEFAULT CHARSET=utf8mb3 COLLATE=utf8mb3_unicode_ci;

--
-- Dumping data for table `llx_user_alert`
--

INSERT INTO `llx_user_alert` (`rowid`, `type`, `fk_contact`, `fk_user`) VALUES (1,1,1,1),(2,1,10,12);

--
-- Table structure for table `llx_user_clicktodial`
--

CREATE TABLE `llx_user_clicktodial` (
  `fk_user` int(11) NOT NULL,
  `url` varchar(255) DEFAULT NULL,
  `login` varchar(32) DEFAULT NULL,
  `pass` varchar(64) DEFAULT NULL,
  `poste` varchar(20) DEFAULT NULL,
  PRIMARY KEY (`fk_user`)
) ENGINE=InnoDB DEFAULT CHARSET=utf8mb3 COLLATE=utf8mb3_unicode_ci;

--
-- Dumping data for table `llx_user_clicktodial`
--


--
-- Table structure for table `llx_user_employment`
--

CREATE TABLE `llx_user_employment` (
  `rowid` int(11) NOT NULL AUTO_INCREMENT,
  `entity` int(11) NOT NULL DEFAULT 1,
  `ref` varchar(50) DEFAULT NULL,
  `ref_ext` varchar(50) DEFAULT NULL,
  `fk_user` int(11) DEFAULT NULL,
  `datec` datetime DEFAULT NULL,
  `tms` timestamp NOT NULL DEFAULT current_timestamp() ON UPDATE current_timestamp(),
  `fk_user_creat` int(11) DEFAULT NULL,
  `fk_user_modif` int(11) DEFAULT NULL,
  `job` varchar(128) DEFAULT NULL,
  `status` int(11) NOT NULL,
  `salary` double(24,8) DEFAULT NULL,
  `salaryextra` double(24,8) DEFAULT NULL,
  `weeklyhours` double(16,8) DEFAULT NULL,
  `dateemployment` date DEFAULT NULL,
  `dateemploymentend` date DEFAULT NULL,
  PRIMARY KEY (`rowid`),
  UNIQUE KEY `uk_user_employment` (`ref`,`entity`),
  KEY `fk_user_employment_fk_user` (`fk_user`),
  CONSTRAINT `fk_user_employment_fk_user` FOREIGN KEY (`fk_user`) REFERENCES `llx_user` (`rowid`)
) ENGINE=InnoDB DEFAULT CHARSET=utf8mb3 COLLATE=utf8mb3_unicode_ci;

--
-- Dumping data for table `llx_user_employment`
--


--
-- Table structure for table `llx_user_extrafields`
--

CREATE TABLE `llx_user_extrafields` (
  `rowid` int(11) NOT NULL AUTO_INCREMENT,
  `tms` timestamp NOT NULL DEFAULT current_timestamp() ON UPDATE current_timestamp(),
  `fk_object` int(11) NOT NULL,
  `import_key` varchar(14) DEFAULT NULL,
  `rsapublicmain` text DEFAULT NULL,
  `ippublicmain` varchar(255) DEFAULT NULL,
  `aaa` varchar(255) DEFAULT NULL,
  `news_viewed` int(1) DEFAULT NULL,
  `eee` int(11) DEFAULT NULL,
  PRIMARY KEY (`rowid`),
  UNIQUE KEY `uk_user_extrafields` (`fk_object`)
) ENGINE=InnoDB AUTO_INCREMENT=59 DEFAULT CHARSET=utf8mb3 COLLATE=utf8mb3_unicode_ci;

--
-- Dumping data for table `llx_user_extrafields`
--

INSERT INTO `llx_user_extrafields` (`rowid`, `tms`, `fk_object`, `import_key`, `rsapublicmain`, `ippublicmain`, `aaa`, `news_viewed`, `eee`) VALUES (2,'2023-02-25 15:00:16',22,NULL,NULL,NULL,NULL,NULL,NULL),(6,'2023-02-28 08:49:59',19,NULL,NULL,NULL,NULL,0,NULL),(8,'2025-05-05 14:48:05',17,NULL,NULL,NULL,NULL,0,2),(9,'2025-05-05 14:48:18',4,NULL,NULL,NULL,NULL,0,1),(11,'2023-02-28 08:49:59',16,NULL,NULL,NULL,NULL,0,NULL),(12,'2025-05-05 12:09:05',2,NULL,NULL,NULL,NULL,0,5),(14,'2023-02-28 08:49:59',10,NULL,NULL,NULL,NULL,0,NULL),(15,'2025-05-05 14:48:17',3,NULL,NULL,NULL,NULL,0,2),(16,'2023-02-28 08:49:59',14,NULL,NULL,NULL,NULL,0,NULL),(17,'2023-02-28 08:49:59',11,NULL,NULL,NULL,NULL,0,NULL),(31,'2025-05-05 14:48:09',1,NULL,NULL,NULL,NULL,0,3),(33,'2025-02-10 19:27:07',18,NULL,NULL,NULL,NULL,0,NULL),(41,'2025-03-25 22:02:19',29,NULL,NULL,NULL,NULL,NULL,NULL),(57,'2025-04-09 17:23:11',12,NULL,NULL,NULL,NULL,NULL,4),(58,'2025-04-15 13:30:44',13,NULL,NULL,NULL,NULL,0,3);

--
-- Table structure for table `llx_user_param`
--

CREATE TABLE `llx_user_param` (
  `fk_user` int(11) NOT NULL,
  `entity` int(11) NOT NULL DEFAULT 1,
  `param` varchar(255) NOT NULL,
  `value` text NOT NULL,
  UNIQUE KEY `uk_user_param` (`fk_user`,`param`,`entity`)
) ENGINE=InnoDB DEFAULT CHARSET=utf8mb3 COLLATE=utf8mb3_unicode_ci;

--
-- Dumping data for table `llx_user_param`
--

INSERT INTO `llx_user_param` (`fk_user`, `entity`, `param`, `value`) VALUES (1,1,'MAIN_BOXES_0','1'),(1,1,'MAIN_THEME','eldy'),(1,3,'THEME_ELDY_ENABLE_PERSONALIZED','1'),(1,1,'THEME_ELDY_RGB','ded0ed'),(1,3,'THEME_ELDY_RGB','d0ddc3'),(2,1,'MAIN_BOXES_0','1'),(11,1,'MAIN_BOXES_0','1'),(12,1,'MAIN_BOXES_0','1'),(12,1,'MAIN_BOXES_11','1'),(12,1,'MAIN_BOXES_2','1'),(12,1,'MAIN_BOXES_27','1'),(12,1,'MAIN_LANG_DEFAULT','auto'),(12,1,'MAIN_SELECTEDFIELDS_/dolibarr_4.0/htdocs/adherents/list.php','d.zip,d.ref,d.lastname,d.firstname,d.company,d.login,d.morphy,t.libelle,d.email,d.datefin,d.statut,'),(12,1,'MAIN_SELECTEDFIELDS_accountancycustomerlist','l.rowid,f.ref,f.datef,p.ref,l.total_ht,l.tva_tx,s.nom,co.label,s.tva_intra,aa.data_suggest,aa.account_number,'),(12,1,'MAIN_SELECTEDFIELDS_accountancysupplierlines','l.rowid,f.ref,f.datef,p.ref,l.description,l.total_ht,l.tva_tx,s.nom,co.label,s.tva_intra,aa.account_number,'),(12,1,'MAIN_SELECTEDFIELDS_accountingaccountlist','categories,aa.account_number,aa.label,aa.labelshort,aa.account_parent,aa.pcg_type,aa.active,aa.import_key,'),(12,1,'MAIN_SELECTEDFIELDS_cashcontrol','t.ref,t.posmodule,t.posnumber,t.opening,t.cash,t.cheque,t.card,t.year_close,t.month_close,t.day_close,t.status,'),(12,1,'MAIN_SELECTEDFIELDS_conferenceorboothlist','t.fk_project,t.ref,t.label,t.fk_soc,t.fk_action,t.datep,t.datep2,t.num_vote,t.status,'),(12,1,'MAIN_SELECTEDFIELDS_contractlist','ef.hostname_db,c.ref,c.ref_customer,c.ref_supplier,s.nom,s.zip,c.date_contrat,ef.plan,ef.deployment_status,ef.deployment_date_start,ef.deployment_date_end,ef.date_softalert_endfreeperiod,ef.date_hardalert_endfreeperiod,ef.date_endfreeperiod,ef.undeployment_date,ef.discountcode,lower_planned_end_date,status,'),(12,1,'MAIN_SELECTEDFIELDS_customerlist','s.email,s.nom,s.name_alias,s.barcode,s.code_client,s.code_compta,s.zip,s.phone,typent.code,customerorsupplier,s.status,'),(12,1,'MAIN_SELECTEDFIELDS_directdebitcredittransferlist','ref,label,datep,type,project,bank,entry,account,subledger,debit,credit,'),(12,1,'MAIN_SELECTEDFIELDS_emailsenderprofilelist','t.tms,t.label,t.email,t.private,t.position,t.date_creation,t.active,'),(12,1,'MAIN_SELECTEDFIELDS_inventorylist','t.fk_user_creat,t.ref,t.title,t.fk_warehouse,t.fk_product,t.date_inventory,t.fk_user_modif,t.fk_user_valid,t.status,'),(12,1,'MAIN_SELECTEDFIELDS_invoicelist','f.module_source,f.pos_source,f.ref,f.datef,f.date_lim_reglement,p.ref,s.nom,f.total_ht,f.total_ttc,rtp,f.multicurrency_code,u.login,f.fk_statut,'),(12,1,'MAIN_SELECTEDFIELDS_jobpositionlist','t.fk_user_creat,t.rowid,t.date_start,t.date_end,t.fk_user,t.fk_job,'),(12,1,'MAIN_SELECTEDFIELDS_knowledgerecordlist','t.fk_c_ticket_category,t.ref,t.question,t.lang,t.tms,t.status,'),(12,1,'MAIN_SELECTEDFIELDS_molist','t.ref,t.fk_bom,t.mrptype,t.fk_product,t.qty,t.label,t.fk_warehouse,t.date_start_planned,t.date_end_planned,t.status,'),(12,1,'MAIN_SELECTEDFIELDS_orderlist','c.pos_source,c.module_source,c.ref,s.nom,c.date_commande,c.total_ht,ef.custom1,ef.aaa,c.note_public,c.note_private,shippable,c.facture,c.import_key,c.fk_statut,'),(12,1,'MAIN_SELECTEDFIELDS_orderlistdet','rowid,pr.ref,cdet.qty,c.ref,s.nom,c.date_commande,c.delivery_date,cdet.total_ht,ef.custom1,ef.aaa,u.login,shippable,c.facture,c.fk_statut,'),(12,1,'MAIN_SELECTEDFIELDS_partnershippartnershiplist','t.import_key,t.ip,t.reason_decline_or_cancel,t.last_check_backlink,t.count_last_url_check_error,t.entity,t.url_to_check,t.ref,t.fk_type,t.fk_soc,t.date_partnership_start,t.date_partnership_end,t.status,'),(12,1,'MAIN_SELECTEDFIELDS_poslist','f.date_closing,f.ref,f.ref_client,f.type,f.date_lim_reglement,p.ref,s.nom,s.town,f.total_ht,f.fk_statut,'),(12,1,'MAIN_SELECTEDFIELDS_productlist','p.stockable_product,p.ref,p.label,p.barcode,p.sellprice,p.minbuyprice,p.desiredstock,p.stock,stock_virtual,p.tosell,p.tobuy,'),(12,1,'MAIN_SELECTEDFIELDS_projectlist','ef.priority,p.ref,p.title,s.nom,s.name_alias,co.country_code,p.datee,p.fk_opp_status,p.opp_percent,p.opp_amount,c.assigned,p.date_start_event,p.date_end_event,p.fk_statut,'),(12,1,'MAIN_SELECTEDFIELDS_sellyoursaasresellers','ef.date_apply_for_reseller,s.nom,s.name_alias,s.barcode,sales.representative,s.zip,s.phone,typent.code,customerorsupplier,ef.sss,ef.dolicloud,ef.date_registration,ef.domain_registration_page,ef.source,ef.source_utm,ef.firstname,ef.lastname,ef.password,ef.manualcollection,ef.commission,s.status,'),(12,1,'MAIN_SELECTEDFIELDS_servicelist','ef.aaa,p.ref,p.label,p.duration,p.sellprice,p.minbuyprice,ef.package,p.tosell,p.tobuy,'),(12,1,'MAIN_SELECTEDFIELDS_supplierorderlist','cf.tms,cf.ref,cf.ref_supplier,cf.fk_soc,s.town,s.zip,cf.date_commande,cf.date_livraison,cf.total_ht,cf.total_tva,cf.fk_statut,cf.billed,'),(12,1,'MAIN_SELECTEDFIELDS_targetlist','t.trigger_codes,t.ref,t.label,t.url,t.status,'),(12,1,'MAIN_SELECTEDFIELDS_tasklist','t.tobill,t.billed,t.ref,t.label,t.dateo,t.datee,p.ref,s.nom,p.fk_statut,t.planned_workload,t.duration_effective,t.progress_calculated,t.progress,t.progress_summary,'),(12,1,'MAIN_SELECTEDFIELDS_thirdpartylist','s.tms,s.nom,s.name_alias,s.barcode,s.code_client,sales.representative,s.zip,s.phone,typent.code,customerorsupplier,ef.sss,s.status,'),(12,1,'MAIN_SELECTEDFIELDS_ticketlist','t.origin_email,t.ref,t.fk_user_create,t.subject,t.type_code,t.severity_code,t.fk_soc,t.datec,t.date_read,t.fk_user_assign,t.fk_statut,'),(12,1,'MAIN_SELECTEDFIELDS_userlist','u.api_key,u.login,u.lastname,u.firstname,u.employee,u.fk_user,u.email,u.fk_soc,u.job,u.datelastlogin,u.statut,'),(12,1,'MAIN_THEME','eldy'),(12,1,'SOCIETE_PUBLIC_HIDE_OFFICE_FAX','1'),(12,1,'SOCIETE_PUBLIC_HIDE_OFFICE_PHONE','1'),(12,1,'SOCIETE_PUBLIC_HIDE_SOCIALNETWORKS_FACEBOOK','1'),(12,1,'SOCIETE_PUBLIC_HIDE_SOCIALNETWORKS_GITHUB','1'),(12,1,'SOCIETE_PUBLIC_HIDE_SOCIALNETWORKS_INSTAGRAM','1'),(12,1,'SOCIETE_PUBLIC_HIDE_SOCIALNETWORKS_TWITTER','1'),(12,1,'USER_ENABLE_PUBLIC','1'),(12,1,'USER_PUBLIC_HIDE_OFFICE_FAX','1'),(12,1,'USER_PUBLIC_HIDE_OFFICE_PHONE','1'),(12,1,'USER_PUBLIC_HIDE_USER_MOBILE','1'),(12,1,'USER_PUBLIC_MORE','Rencontré sur salon abc');

--
-- Table structure for table `llx_user_rib`
--

CREATE TABLE `llx_user_rib` (
  `rowid` int(11) NOT NULL AUTO_INCREMENT,
  `fk_user` int(11) NOT NULL,
  `entity` int(11) NOT NULL DEFAULT 1,
  `datec` datetime DEFAULT NULL,
  `tms` timestamp NOT NULL DEFAULT current_timestamp() ON UPDATE current_timestamp(),
  `label` varchar(30) DEFAULT NULL,
  `bank` varchar(255) DEFAULT NULL,
  `code_banque` varchar(128) DEFAULT NULL,
  `code_guichet` varchar(6) DEFAULT NULL,
  `number` varchar(255) DEFAULT NULL,
  `cle_rib` varchar(5) DEFAULT NULL,
  `bic` varchar(11) DEFAULT NULL,
  `bic_intermediate` varchar(11) DEFAULT NULL,
  `iban_prefix` varchar(80) DEFAULT NULL,
  `domiciliation` varchar(255) DEFAULT NULL,
  `proprio` varchar(60) DEFAULT NULL,
  `owner_address` varchar(255) DEFAULT NULL,
  `state_id` int(11) DEFAULT NULL,
  `fk_country` int(11) DEFAULT NULL,
  `currency_code` varchar(3) DEFAULT NULL,
  `default_rib` smallint(6) NOT NULL DEFAULT 0,
  PRIMARY KEY (`rowid`)
) ENGINE=InnoDB AUTO_INCREMENT=4 DEFAULT CHARSET=utf8mb3 COLLATE=utf8mb3_unicode_ci;

--
-- Dumping data for table `llx_user_rib`
--


--
-- Table structure for table `llx_user_rights`
--

CREATE TABLE `llx_user_rights` (
  `rowid` int(11) NOT NULL AUTO_INCREMENT,
  `entity` int(11) NOT NULL DEFAULT 1,
  `fk_user` int(11) NOT NULL,
  `fk_id` int(11) NOT NULL,
  PRIMARY KEY (`rowid`),
  UNIQUE KEY `uk_user_rights` (`entity`,`fk_user`,`fk_id`),
  KEY `fk_user_rights_fk_user_user` (`fk_user`),
  CONSTRAINT `fk_user_rights_fk_user_user` FOREIGN KEY (`fk_user`) REFERENCES `llx_user` (`rowid`)
) ENGINE=InnoDB AUTO_INCREMENT=40277 DEFAULT CHARSET=utf8mb3 COLLATE=utf8mb3_unicode_ci;

--
-- Dumping data for table `llx_user_rights`
--

INSERT INTO `llx_user_rights` (`rowid`, `entity`, `fk_user`, `fk_id`) VALUES (12402,1,1,11),(12380,1,1,12),(12385,1,1,13),(12389,1,1,14),(12393,1,1,15),(12398,1,1,16),(12404,1,1,19),(9726,1,1,21),(9700,1,1,22),(9706,1,1,24),(9711,1,1,25),(9716,1,1,26),(9722,1,1,27),(9728,1,1,28),(9978,1,1,31),(9968,1,1,32),(9974,1,1,34),(9980,1,1,38),(11573,1,1,41),(11574,1,1,42),(11575,1,1,44),(11576,1,1,45),(7184,1,1,61),(7181,1,1,62),(7183,1,1,64),(7185,1,1,67),(7186,1,1,68),(1678,1,1,71),(1673,1,1,72),(1675,1,1,74),(1679,1,1,75),(1677,1,1,76),(1681,1,1,78),(1682,1,1,79),(12322,1,1,81),(12309,1,1,82),(12312,1,1,84),(12314,1,1,86),(12317,1,1,87),(12320,1,1,88),(12323,1,1,89),(11580,1,1,91),(11581,1,1,92),(11582,1,1,93),(11583,1,1,94),(7139,1,1,101),(7134,1,1,102),(7136,1,1,104),(7137,1,1,105),(7138,1,1,106),(7140,1,1,109),(10229,1,1,111),(10201,1,1,112),(10207,1,1,113),(10213,1,1,114),(10219,1,1,115),(10225,1,1,116),(10231,1,1,117),(12518,1,1,121),(12508,1,1,122),(12514,1,1,125),(12520,1,1,126),(11577,1,1,141),(11578,1,1,142),(11579,1,1,144),(2307,1,1,151),(2304,1,1,152),(2306,1,1,153),(2308,1,1,154),(10092,1,1,161),(10093,1,1,162),(10094,1,1,163),(10095,1,1,164),(10096,1,1,165),(10000,1,1,221),(9990,1,1,222),(9996,1,1,223),(10002,1,1,229),(10007,1,1,237),(10011,1,1,238),(10015,1,1,239),(1686,1,1,241),(1685,1,1,242),(1687,1,1,243),(12604,1,1,251),(12566,1,1,252),(12569,1,1,253),(12572,1,1,254),(12575,1,1,255),(12579,1,1,256),(12525,1,1,262),(12544,1,1,281),(12534,1,1,282),(12540,1,1,283),(12546,1,1,286),(12290,1,1,301),(1763,1,1,331),(1762,1,1,332),(1764,1,1,333),(12582,1,1,341),(12584,1,1,342),(12586,1,1,343),(12588,1,1,344),(12600,1,1,351),(12593,1,1,352),(12597,1,1,353),(12601,1,1,354),(12605,1,1,358),(12560,1,1,531),(12553,1,1,532),(12557,1,1,534),(12561,1,1,538),(12348,1,1,701),(12354,1,1,702),(12360,1,1,703),(1755,1,1,1001),(1754,1,1,1002),(1756,1,1,1003),(1758,1,1,1004),(1759,1,1,1005),(7146,1,1,1101),(7143,1,1,1102),(7145,1,1,1104),(7147,1,1,1109),(12412,1,1,1181),(12458,1,1,1182),(12417,1,1,1183),(12420,1,1,1184),(12423,1,1,1185),(12427,1,1,1186),(12431,1,1,1187),(12437,1,1,1188),(12434,1,1,1189),(1578,1,1,1201),(1579,1,1,1202),(12454,1,1,1231),(12443,1,1,1232),(12446,1,1,1233),(12449,1,1,1234),(12452,1,1,1235),(12455,1,1,1236),(1736,1,1,1251),(12409,1,1,1321),(12326,1,1,1421),(12264,1,1,2401),(12260,1,1,2402),(12266,1,1,2403),(12280,1,1,2411),(12276,1,1,2412),(12282,1,1,2413),(12286,1,1,2414),(12370,1,1,2501),(12367,1,1,2503),(12371,1,1,2515),(12490,1,1,20001),(12474,1,1,20003),(12480,1,1,20004),(12486,1,1,20005),(12492,1,1,20006),(12302,1,1,23001),(12295,1,1,23002),(12299,1,1,23003),(12303,1,1,23004),(4984,1,1,50401),(4987,1,1,50411),(4988,1,1,50412),(4989,1,1,50415),(12498,1,1,55001),(12499,1,1,55002),(9596,1,1,101051),(9604,1,1,101060),(9605,1,1,101061),(10353,1,1,101250),(10355,1,1,101251),(132,1,2,11),(133,1,2,12),(134,1,2,13),(135,1,2,14),(136,1,2,16),(137,1,2,19),(138,1,2,21),(139,1,2,22),(140,1,2,24),(141,1,2,25),(142,1,2,26),(143,1,2,27),(10359,1,2,31),(145,1,2,32),(10361,1,2,34),(147,1,2,41),(148,1,2,42),(149,1,2,44),(150,1,2,61),(151,1,2,62),(152,1,2,64),(153,1,2,71),(154,1,2,72),(155,1,2,74),(156,1,2,75),(157,1,2,78),(158,1,2,79),(159,1,2,81),(160,1,2,82),(161,1,2,84),(162,1,2,86),(163,1,2,87),(164,1,2,88),(165,1,2,89),(166,1,2,91),(167,1,2,92),(168,1,2,93),(169,1,2,101),(170,1,2,102),(171,1,2,104),(172,1,2,109),(173,1,2,111),(174,1,2,112),(175,1,2,113),(176,1,2,114),(177,1,2,116),(178,1,2,117),(179,1,2,121),(180,1,2,122),(181,1,2,125),(182,1,2,141),(183,1,2,142),(184,1,2,144),(2479,1,2,151),(2480,1,2,152),(2481,1,2,153),(2482,1,2,154),(185,1,2,161),(186,1,2,162),(187,1,2,163),(188,1,2,164),(189,1,2,165),(193,1,2,221),(194,1,2,222),(195,1,2,229),(196,1,2,241),(197,1,2,242),(198,1,2,243),(199,1,2,251),(201,1,2,262),(202,1,2,281),(203,1,2,282),(204,1,2,283),(205,1,2,331),(2483,1,2,531),(207,1,2,532),(2484,1,2,534),(210,1,2,701),(211,1,2,702),(2474,1,2,703),(15064,1,2,771),(15057,1,2,772),(15059,1,2,773),(15063,1,2,775),(15065,1,2,776),(212,1,2,1001),(213,1,2,1002),(214,1,2,1003),(215,1,2,1004),(216,1,2,1005),(217,1,2,1101),(218,1,2,1102),(219,1,2,1104),(220,1,2,1109),(15073,1,2,1121),(15074,1,2,1122),(15075,1,2,1123),(15076,1,2,1124),(15077,1,2,1125),(15078,1,2,1126),(221,1,2,1181),(222,1,2,1182),(223,1,2,1183),(224,1,2,1184),(225,1,2,1185),(226,1,2,1186),(227,1,2,1187),(228,1,2,1188),(229,1,2,1201),(230,1,2,1202),(231,1,2,1231),(232,1,2,1232),(233,1,2,1233),(234,1,2,1234),(235,1,2,1421),(236,1,2,2401),(237,1,2,2402),(238,1,2,2403),(239,1,2,2411),(240,1,2,2412),(241,1,2,2413),(2470,1,2,2501),(243,1,2,2515),(10363,1,2,20001),(10365,1,2,20003),(10366,1,2,20004),(10367,1,2,20005),(10368,1,2,20006),(15054,1,2,23001),(15067,1,2,55001),(15066,1,2,59001),(15068,1,2,63001),(15069,1,2,63002),(15070,1,2,63003),(15071,1,2,63004),(10372,1,2,101250),(1807,1,3,11),(1808,1,3,31),(1810,1,3,41),(1811,1,3,61),(1812,1,3,71),(1813,1,3,72),(1814,1,3,74),(1815,1,3,75),(1816,1,3,78),(1817,1,3,79),(1818,1,3,91),(1821,1,3,111),(1822,1,3,121),(1823,1,3,122),(1824,1,3,125),(1825,1,3,161),(1829,1,3,221),(1830,1,3,222),(1831,1,3,229),(1832,1,3,241),(1833,1,3,242),(1834,1,3,243),(1835,1,3,251),(1836,1,3,255),(1837,1,3,256),(1838,1,3,262),(1839,1,3,281),(1840,1,3,282),(1841,1,3,283),(1842,1,3,331),(1843,1,3,531),(1846,1,3,1001),(1847,1,3,1002),(1848,1,3,1003),(1849,1,3,1004),(1850,1,3,1005),(1851,1,3,1181),(1852,1,3,1182),(1853,1,3,1201),(1854,1,3,1202),(1855,1,3,1231),(1856,1,3,2401),(1857,1,3,2402),(1858,1,3,2403),(1859,1,3,2411),(1860,1,3,2412),(1861,1,3,2413),(1863,1,3,2515),(8026,1,4,11),(8027,1,4,21),(8028,1,4,31),(8029,1,4,41),(8030,1,4,61),(8031,1,4,71),(8032,1,4,72),(8033,1,4,74),(8034,1,4,75),(8035,1,4,78),(8036,1,4,79),(8037,1,4,81),(8038,1,4,91),(8041,1,4,101),(8042,1,4,111),(8043,1,4,121),(8044,1,4,151),(8045,1,4,161),(8047,1,4,221),(8048,1,4,222),(8049,1,4,229),(8050,1,4,241),(8051,1,4,242),(8052,1,4,243),(8146,1,4,251),(8147,1,4,253),(8053,1,4,262),(8054,1,4,281),(8055,1,4,331),(8056,1,4,341),(8057,1,4,342),(8058,1,4,343),(8059,1,4,344),(8060,1,4,531),(8062,1,4,1001),(8063,1,4,1002),(8064,1,4,1003),(8065,1,4,1004),(8066,1,4,1005),(8067,1,4,1101),(8068,1,4,1181),(8069,1,4,1182),(8070,1,4,1201),(8071,1,4,1202),(8072,1,4,1231),(8073,1,4,2401),(8074,1,4,2501),(8075,1,4,2503),(8076,1,4,2515),(8077,1,4,20001),(12608,1,10,11),(12609,1,10,21),(12610,1,10,31),(12611,1,10,41),(12612,1,10,61),(12613,1,10,71),(12614,1,10,72),(12615,1,10,74),(12616,1,10,75),(12617,1,10,78),(12618,1,10,79),(12619,1,10,81),(12620,1,10,91),(12623,1,10,101),(12624,1,10,111),(12625,1,10,121),(12626,1,10,151),(12627,1,10,161),(12629,1,10,221),(12630,1,10,222),(12631,1,10,229),(12632,1,10,241),(12633,1,10,242),(12634,1,10,243),(12635,1,10,262),(12636,1,10,281),(12638,1,10,331),(12639,1,10,341),(12640,1,10,342),(12641,1,10,343),(12642,1,10,344),(12643,1,10,531),(12645,1,10,1001),(12646,1,10,1002),(12647,1,10,1003),(12648,1,10,1004),(12649,1,10,1005),(12650,1,10,1101),(12651,1,10,1181),(12652,1,10,1182),(12653,1,10,1201),(12654,1,10,1202),(12655,1,10,1231),(12656,1,10,2401),(12657,1,10,2501),(12658,1,10,2503),(12659,1,10,2515),(12660,1,10,20001),(12662,1,10,23001),(12664,1,11,11),(12665,1,11,21),(12666,1,11,31),(12667,1,11,41),(12668,1,11,61),(12669,1,11,71),(12670,1,11,72),(12671,1,11,74),(12672,1,11,75),(12673,1,11,78),(12674,1,11,79),(12675,1,11,81),(12676,1,11,91),(12679,1,11,101),(12680,1,11,111),(12681,1,11,121),(12682,1,11,151),(12683,1,11,161),(12685,1,11,221),(12686,1,11,222),(12687,1,11,229),(12688,1,11,241),(12689,1,11,242),(12690,1,11,243),(12691,1,11,262),(12692,1,11,281),(12694,1,11,331),(12695,1,11,341),(12696,1,11,342),(12697,1,11,343),(12698,1,11,344),(12699,1,11,531),(12701,1,11,1001),(12702,1,11,1002),(12703,1,11,1003),(12704,1,11,1004),(12705,1,11,1005),(12706,1,11,1101),(12707,1,11,1181),(12708,1,11,1182),(12709,1,11,1201),(12710,1,11,1202),(12711,1,11,1231),(12712,1,11,2401),(12713,1,11,2501),(12714,1,11,2503),(12715,1,11,2515),(12716,1,11,20001),(12718,1,11,23001),(40113,1,12,11),(40107,1,12,12),(40108,1,12,13),(40109,1,12,14),(40110,1,12,15),(40112,1,12,16),(40114,1,12,19),(36400,1,12,21),(36394,1,12,22),(36395,1,12,24),(36396,1,12,25),(36397,1,12,26),(36399,1,12,27),(36401,1,12,28),(36402,1,12,29),(36376,1,12,31),(36369,1,12,32),(36370,1,12,33),(36373,1,12,34),(36371,1,12,35),(36375,1,12,38),(36377,1,12,39),(36390,1,12,41),(36380,1,12,42),(36382,1,12,44),(36384,1,12,45),(40147,1,12,61),(40144,1,12,62),(40146,1,12,64),(40148,1,12,67),(40149,1,12,68),(40150,1,12,69),(40151,1,12,70),(36317,1,12,71),(36312,1,12,72),(36314,1,12,74),(36318,1,12,75),(36316,1,12,76),(36320,1,12,78),(36321,1,12,79),(40077,1,12,81),(40071,1,12,82),(40072,1,12,84),(40073,1,12,85),(40074,1,12,86),(40075,1,12,87),(40076,1,12,88),(40078,1,12,89),(36495,1,12,91),(36492,1,12,92),(36494,1,12,93),(36496,1,12,94),(38351,1,12,95),(36139,1,12,101),(36135,1,12,102),(36136,1,12,104),(36137,1,12,105),(36138,1,12,106),(36140,1,12,109),(40055,1,12,111),(40046,1,12,112),(40048,1,12,113),(40050,1,12,114),(40052,1,12,115),(40054,1,12,116),(40056,1,12,117),(40227,1,12,121),(40224,1,12,122),(40226,1,12,125),(40228,1,12,126),(40229,1,12,130),(36388,1,12,141),(36387,1,12,142),(36389,1,12,144),(36391,1,12,145),(36364,1,12,151),(36361,1,12,152),(36363,1,12,153),(36365,1,12,154),(36123,1,12,161),(36116,1,12,162),(36118,1,12,163),(36120,1,12,164),(36122,1,12,165),(36124,1,12,167),(37866,1,12,171),(37861,1,12,172),(37863,1,12,173),(37865,1,12,174),(37867,1,12,178),(36302,1,12,221),(36299,1,12,222),(36301,1,12,223),(36303,1,12,229),(36304,1,12,237),(36305,1,12,238),(36306,1,12,239),(36111,1,12,241),(36110,1,12,242),(36112,1,12,243),(40270,1,12,251),(40251,1,12,252),(40253,1,12,253),(40254,1,12,254),(40256,1,12,255),(40258,1,12,256),(40230,1,12,262),(40236,1,12,281),(40233,1,12,282),(40235,1,12,283),(40237,1,12,286),(40060,1,12,301),(40059,1,12,304),(40061,1,12,305),(36106,1,12,331),(36105,1,12,332),(36107,1,12,333),(40259,1,12,341),(40260,1,12,342),(40261,1,12,343),(40262,1,12,344),(40268,1,12,351),(40265,1,12,352),(40267,1,12,353),(40269,1,12,354),(40271,1,12,358),(36132,1,12,431),(40211,1,12,511),(40204,1,12,512),(40206,1,12,513),(40208,1,12,514),(40210,1,12,517),(40212,1,12,519),(23700,1,12,520),(40172,1,12,521),(40167,1,12,522),(40169,1,12,524),(40171,1,12,525),(40173,1,12,527),(40220,1,12,531),(40215,1,12,532),(40216,1,12,533),(40219,1,12,534),(40217,1,12,535),(40221,1,12,538),(36357,1,12,561),(36354,1,12,562),(36356,1,12,563),(36358,1,12,564),(36286,1,12,601),(36285,1,12,602),(36287,1,12,609),(25481,1,12,610),(40275,1,12,611),(40274,1,12,612),(40276,1,12,613),(40042,1,12,651),(40041,1,12,652),(40043,1,12,653),(40180,1,12,661),(40179,1,12,662),(40181,1,12,663),(36551,1,12,691),(36550,1,12,692),(36552,1,12,693),(40083,1,12,701),(40082,1,12,702),(40084,1,12,703),(36474,1,12,711),(36473,1,12,712),(36475,1,12,713),(40193,1,12,750),(40192,1,12,751),(40194,1,12,752),(40103,1,12,771),(40092,1,12,772),(40094,1,12,773),(40096,1,12,775),(40098,1,12,776),(40100,1,12,777),(40102,1,12,778),(40104,1,12,779),(36461,1,12,1001),(36460,1,12,1002),(36462,1,12,1003),(36464,1,12,1004),(36465,1,12,1005),(29959,1,12,1008),(36469,1,12,1011),(36468,1,12,1012),(36470,1,12,1013),(29963,1,12,1014),(29964,1,12,1015),(23747,1,12,1016),(36145,1,12,1101),(36143,1,12,1102),(36144,1,12,1104),(36146,1,12,1109),(36485,1,12,1121),(36478,1,12,1122),(36480,1,12,1123),(36482,1,12,1124),(36484,1,12,1125),(36486,1,12,1126),(40117,1,12,1181),(40131,1,12,1182),(40120,1,12,1183),(40121,1,12,1184),(40123,1,12,1185),(40125,1,12,1186),(40127,1,12,1187),(40130,1,12,1188),(40128,1,12,1189),(40132,1,12,1191),(38071,1,12,1201),(38072,1,12,1202),(40140,1,12,1231),(40135,1,12,1232),(40136,1,12,1233),(40138,1,12,1234),(40139,1,12,1235),(40141,1,12,1236),(38069,1,12,1251),(40115,1,12,1321),(40116,1,12,1322),(40079,1,12,1421),(36157,1,12,1521),(36158,1,12,1522),(40031,1,12,2401),(40030,1,12,2402),(40032,1,12,2403),(40036,1,12,2411),(40035,1,12,2412),(40037,1,12,2413),(40038,1,12,2414),(40088,1,12,2501),(40087,1,12,2503),(40089,1,12,2515),(36058,1,12,2610),(36218,1,12,2801),(36219,1,12,2802),(39219,1,12,3201),(36322,1,12,3301),(37478,1,12,4001),(37477,1,12,4002),(37479,1,12,4003),(37487,1,12,4021),(37482,1,12,4022),(37483,1,12,4023),(37485,1,12,4025),(37486,1,12,4028),(37488,1,12,4029),(37489,1,12,4031),(37490,1,12,4032),(30024,1,12,4033),(39489,1,12,10001),(39484,1,12,10002),(39486,1,12,10003),(39488,1,12,10005),(39490,1,12,10008),(40163,1,12,20001),(40154,1,12,20002),(40156,1,12,20003),(40160,1,12,20004),(40162,1,12,20005),(40164,1,12,20006),(40158,1,12,20007),(40067,1,12,23001),(40064,1,12,23002),(40066,1,12,23003),(40068,1,12,23004),(38670,1,12,40001),(38669,1,12,40002),(38671,1,12,40003),(40247,1,12,50151),(40248,1,12,50152),(40249,1,12,50153),(36556,1,12,50331),(36555,1,12,50332),(36557,1,12,50333),(40016,1,12,50401),(40024,1,12,50411),(40019,1,12,50412),(40021,1,12,50414),(40023,1,12,50415),(40025,1,12,50418),(40026,1,12,50420),(40027,1,12,50430),(40015,1,12,50440),(38079,1,12,51001),(38078,1,12,51002),(38080,1,12,51003),(38084,1,12,51004),(38083,1,12,51005),(38085,1,12,51006),(40183,1,12,55001),(40184,1,12,55002),(40245,1,12,56001),(40240,1,12,56002),(40242,1,12,56003),(40244,1,12,56004),(40246,1,12,56006),(36281,1,12,57001),(36279,1,12,57002),(36280,1,12,57003),(36282,1,12,57004),(40188,1,12,58000),(40187,1,12,58001),(40189,1,12,58002),(40174,1,12,59001),(40175,1,12,59002),(40176,1,12,59003),(40200,1,12,63001),(40197,1,12,63002),(40199,1,12,63003),(40201,1,12,63004),(39114,1,12,64001),(36403,1,12,67001),(36263,1,12,68001),(36262,1,12,68002),(36264,1,12,68004),(38646,1,12,101051),(38651,1,12,101060),(38649,1,12,101061),(38650,1,12,101062),(38652,1,12,101068),(30090,1,12,101331),(30091,1,12,101332),(30092,1,12,101333),(36600,1,12,101410),(36599,1,12,101411),(36601,1,12,101412),(25876,1,12,101701),(25877,1,12,101702),(36096,1,12,243001),(36095,1,12,243002),(36097,1,12,243003),(36101,1,12,243011),(36100,1,12,243012),(36102,1,12,243013),(30077,1,12,436150),(30078,1,12,436151),(30079,1,12,436152),(36410,1,12,941601),(36406,1,12,941602),(36407,1,12,941603),(36408,1,12,941604),(36409,1,12,941605),(36411,1,12,941606),(36538,1,12,1100001),(30084,1,12,10117001),(30085,1,12,10117002),(30086,1,12,10117003),(30087,1,12,50000001),(30088,1,12,50000002),(30089,1,12,50000003),(12776,1,13,11),(12777,1,13,21),(12778,1,13,31),(12779,1,13,41),(12780,1,13,61),(12781,1,13,71),(12782,1,13,72),(12783,1,13,74),(12784,1,13,75),(12785,1,13,78),(12786,1,13,79),(12787,1,13,81),(12788,1,13,91),(12791,1,13,101),(12792,1,13,111),(12793,1,13,121),(12794,1,13,151),(12795,1,13,161),(12797,1,13,221),(12798,1,13,222),(12799,1,13,229),(12800,1,13,241),(12801,1,13,242),(12802,1,13,243),(12803,1,13,262),(12804,1,13,281),(12806,1,13,331),(12807,1,13,341),(12808,1,13,342),(12809,1,13,343),(12810,1,13,344),(12811,1,13,531),(12813,1,13,1001),(12814,1,13,1002),(12815,1,13,1003),(12816,1,13,1004),(12817,1,13,1005),(12818,1,13,1101),(12819,1,13,1181),(12820,1,13,1182),(12821,1,13,1201),(12822,1,13,1202),(12823,1,13,1231),(12824,1,13,2401),(12825,1,13,2501),(12826,1,13,2503),(12827,1,13,2515),(12828,1,13,20001),(12830,1,13,23001),(12832,1,14,11),(12833,1,14,21),(12834,1,14,31),(12835,1,14,41),(12836,1,14,61),(12837,1,14,71),(12838,1,14,72),(12839,1,14,74),(12840,1,14,75),(12841,1,14,78),(12842,1,14,79),(12843,1,14,81),(12844,1,14,91),(12847,1,14,101),(12848,1,14,111),(12849,1,14,121),(12850,1,14,151),(12851,1,14,161),(12853,1,14,221),(12854,1,14,222),(12855,1,14,229),(12856,1,14,241),(12857,1,14,242),(12858,1,14,243),(12859,1,14,262),(12860,1,14,281),(12862,1,14,331),(12863,1,14,341),(12864,1,14,342),(12865,1,14,343),(12866,1,14,344),(12867,1,14,531),(12869,1,14,1001),(12870,1,14,1002),(12871,1,14,1003),(12872,1,14,1004),(12873,1,14,1005),(12874,1,14,1101),(12875,1,14,1181),(12876,1,14,1182),(12877,1,14,1201),(12878,1,14,1202),(12879,1,14,1231),(12880,1,14,2401),(12881,1,14,2501),(12882,1,14,2503),(12883,1,14,2515),(12884,1,14,20001),(12886,1,14,23001),(12944,1,16,11),(12945,1,16,21),(12946,1,16,31),(13056,1,16,41),(13057,1,16,42),(13058,1,16,44),(13059,1,16,45),(12948,1,16,61),(12949,1,16,71),(12950,1,16,72),(12951,1,16,74),(12952,1,16,75),(12953,1,16,78),(12954,1,16,79),(12955,1,16,81),(12956,1,16,91),(12959,1,16,101),(12960,1,16,111),(12961,1,16,121),(13060,1,16,141),(13061,1,16,142),(13062,1,16,144),(12962,1,16,151),(12963,1,16,161),(12965,1,16,221),(12966,1,16,222),(12967,1,16,229),(12968,1,16,241),(12969,1,16,242),(12970,1,16,243),(13128,1,16,251),(13064,1,16,262),(12972,1,16,281),(12974,1,16,331),(12975,1,16,341),(12976,1,16,342),(12977,1,16,343),(12978,1,16,344),(12979,1,16,531),(12981,1,16,1001),(12982,1,16,1002),(12983,1,16,1003),(12984,1,16,1004),(12985,1,16,1005),(12986,1,16,1101),(12987,1,16,1181),(12988,1,16,1182),(12989,1,16,1201),(12990,1,16,1202),(12991,1,16,1231),(12992,1,16,2401),(12993,1,16,2501),(12994,1,16,2503),(12995,1,16,2515),(12996,1,16,20001),(12998,1,16,23001),(13000,1,17,11),(13001,1,17,21),(13002,1,17,31),(13065,1,17,41),(13066,1,17,42),(13067,1,17,44),(13068,1,17,45),(13004,1,17,61),(13005,1,17,71),(13006,1,17,72),(13007,1,17,74),(13008,1,17,75),(13009,1,17,78),(13010,1,17,79),(13011,1,17,81),(13012,1,17,91),(13015,1,17,101),(13016,1,17,111),(13017,1,17,121),(13069,1,17,141),(13070,1,17,142),(13071,1,17,144),(13018,1,17,151),(13019,1,17,161),(13021,1,17,221),(13022,1,17,222),(13023,1,17,229),(13024,1,17,241),(13025,1,17,242),(13026,1,17,243),(13028,1,17,281),(13030,1,17,331),(13031,1,17,341),(13032,1,17,342),(13033,1,17,343),(13034,1,17,344),(13035,1,17,531),(13037,1,17,1001),(13038,1,17,1002),(13039,1,17,1003),(13040,1,17,1004),(13041,1,17,1005),(13042,1,17,1101),(13043,1,17,1181),(13044,1,17,1182),(13045,1,17,1201),(13046,1,17,1202),(13047,1,17,1231),(13048,1,17,2401),(13049,1,17,2501),(13050,1,17,2503),(13051,1,17,2515),(13052,1,17,20001),(13054,1,17,23001),(14504,1,18,11),(14505,1,18,21),(14506,1,18,31),(14507,1,18,41),(14508,1,18,61),(14509,1,18,71),(14510,1,18,78),(14511,1,18,81),(14512,1,18,91),(14514,1,18,101),(14515,1,18,111),(14516,1,18,121),(14517,1,18,151),(14518,1,18,161),(14519,1,18,221),(14520,1,18,241),(14521,1,18,262),(14522,1,18,281),(14524,1,18,331),(14525,1,18,332),(14526,1,18,333),(14527,1,18,341),(14528,1,18,342),(14529,1,18,343),(14530,1,18,344),(14531,1,18,531),(14532,1,18,701),(14533,1,18,771),(14535,1,18,1001),(14536,1,18,1004),(14537,1,18,1101),(14538,1,18,1181),(14539,1,18,1182),(14540,1,18,1201),(14541,1,18,1231),(14542,1,18,2401),(14543,1,18,2501),(14544,1,18,2503),(14545,1,18,2515),(14546,1,18,20001),(14549,1,18,59001),(15242,1,19,21),(15243,1,19,31),(15244,1,19,41),(15245,1,19,61),(15246,1,19,71),(15247,1,19,78),(15248,1,19,81),(15249,1,19,101),(15250,1,19,121),(15251,1,19,151),(15252,1,19,161),(15253,1,19,221),(15254,1,19,241),(15255,1,19,262),(15256,1,19,281),(15258,1,19,331),(15259,1,19,332),(15260,1,19,341),(15261,1,19,342),(15262,1,19,343),(15263,1,19,344),(15264,1,19,531),(15265,1,19,701),(15266,1,19,771),(15268,1,19,777),(15269,1,19,1001),(15270,1,19,1004),(15271,1,19,1101),(15272,1,19,1121),(15273,1,19,1181),(15274,1,19,1182),(15275,1,19,1201),(15276,1,19,1231),(15277,1,19,2401),(15278,1,19,2501),(15279,1,19,20001),(15282,1,19,59001),(15283,1,19,63001),(22910,1,22,701),(23925,1,29,21),(23926,1,29,31),(23927,1,29,41),(23928,1,29,61),(23929,1,29,151),(23930,1,29,161),(23931,1,29,241),(23940,1,29,251),(23932,1,29,301),(23933,1,29,304),(23939,1,29,342),(23941,1,29,358),(23935,1,29,701),(23936,1,29,1001),(23937,1,29,1004),(23938,1,29,1201),(36560,1,29,101051),(36559,1,29,101060),(36558,1,29,101062),(30467,1,31,31),(30468,1,31,41),(30469,1,31,151),(30470,1,31,161),(30471,1,31,241),(30472,1,31,1201),(30473,1,31,40001),(30474,1,32,31),(30475,1,32,41),(30476,1,32,151),(30477,1,32,161),(30478,1,32,241),(30479,1,32,1201),(30480,1,32,40001),(30481,1,33,31),(30482,1,33,41),(30483,1,33,151),(30484,1,33,161),(30485,1,33,241),(30486,1,33,1201),(30487,1,33,40001),(30488,1,34,31),(30489,1,34,41),(30490,1,34,151),(30491,1,34,161),(30492,1,34,241),(30493,1,34,1201),(30494,1,34,40001),(30495,1,35,31),(30496,1,35,41),(30497,1,35,151),(30498,1,35,161),(30499,1,35,241),(30500,1,35,1201),(30501,1,35,40001),(30502,1,36,31),(30503,1,36,41),(30504,1,36,151),(30505,1,36,161),(30506,1,36,241),(30507,1,36,1201),(30508,1,36,40001),(30509,1,37,31),(30510,1,37,41),(30511,1,37,151),(30512,1,37,161),(30513,1,37,241),(30514,1,37,1201),(30515,1,37,40001),(30516,1,38,31),(30517,1,38,41),(30518,1,38,151),(30519,1,38,161),(30520,1,38,241),(30521,1,38,1201),(30522,1,38,40001),(30787,1,39,31),(30788,1,39,41),(30789,1,39,151),(30790,1,39,161),(30791,1,39,241),(30792,1,39,1201),(30793,1,39,40001);

--
-- Table structure for table `llx_usergroup`
--

CREATE TABLE `llx_usergroup` (
  `rowid` int(11) NOT NULL AUTO_INCREMENT,
  `nom` varchar(255) NOT NULL,
  `entity` int(11) NOT NULL DEFAULT 1,
  `fk_parent` int(11) DEFAULT NULL,
  `datec` datetime DEFAULT NULL,
  `tms` timestamp NOT NULL DEFAULT current_timestamp() ON UPDATE current_timestamp(),
  `color` varchar(6) DEFAULT NULL,
  `note` text DEFAULT NULL,
  `model_pdf` varchar(255) DEFAULT NULL,
  PRIMARY KEY (`rowid`),
  UNIQUE KEY `uk_usergroup_name` (`nom`,`entity`),
  KEY `idx_usergroup_fk_parent` (`fk_parent`),
  CONSTRAINT `fk_usergroup_parent` FOREIGN KEY (`fk_parent`) REFERENCES `llx_usergroup` (`rowid`)
) ENGINE=InnoDB AUTO_INCREMENT=6 DEFAULT CHARSET=utf8mb3 COLLATE=utf8mb3_unicode_ci;

--
-- Dumping data for table `llx_usergroup`
--

INSERT INTO `llx_usergroup` (`rowid`, `nom`, `entity`, `fk_parent`, `datec`, `tms`, `color`, `note`, `model_pdf`) VALUES (1,'Sale representatives',1,NULL,'2015-01-16 20:48:08','2017-10-03 09:44:44',NULL,'All sales representative users',NULL),(2,'Management',1,NULL,'2017-10-03 11:46:25','2017-10-03 09:46:25',NULL,'',NULL),(3,'Scientists',1,NULL,'2017-10-03 11:46:46','2017-10-03 09:46:46',NULL,'',NULL),(4,'Commercial',1,NULL,'2017-10-05 21:30:13','2017-10-05 19:30:13',NULL,'',NULL);

--
-- Table structure for table `llx_usergroup_extrafields`
--

CREATE TABLE `llx_usergroup_extrafields` (
  `rowid` int(11) NOT NULL AUTO_INCREMENT,
  `tms` timestamp NOT NULL DEFAULT current_timestamp() ON UPDATE current_timestamp(),
  `fk_object` int(11) NOT NULL,
  `import_key` varchar(14) DEFAULT NULL,
  PRIMARY KEY (`rowid`),
  UNIQUE KEY `uk_usergroup_extrafields` (`fk_object`)
) ENGINE=InnoDB DEFAULT CHARSET=utf8mb3 COLLATE=utf8mb3_unicode_ci;

--
-- Dumping data for table `llx_usergroup_extrafields`
--


--
-- Table structure for table `llx_usergroup_rights`
--

CREATE TABLE `llx_usergroup_rights` (
  `rowid` int(11) NOT NULL AUTO_INCREMENT,
  `entity` int(11) NOT NULL DEFAULT 1,
  `fk_usergroup` int(11) NOT NULL,
  `fk_id` int(11) NOT NULL,
  PRIMARY KEY (`rowid`),
  UNIQUE KEY `uk_usergroup_rights` (`entity`,`fk_usergroup`,`fk_id`),
  KEY `fk_usergroup_rights_fk_usergroup` (`fk_usergroup`),
  CONSTRAINT `fk_usergroup_rights_fk_usergroup` FOREIGN KEY (`fk_usergroup`) REFERENCES `llx_usergroup` (`rowid`)
) ENGINE=InnoDB AUTO_INCREMENT=200 DEFAULT CHARSET=utf8mb3 COLLATE=utf8mb3_unicode_ci;

--
-- Dumping data for table `llx_usergroup_rights`
--

INSERT INTO `llx_usergroup_rights` (`rowid`, `entity`, `fk_usergroup`, `fk_id`) VALUES (1,1,1,2401),(2,1,1,2402),(3,1,1,2403),(4,1,1,2411),(5,1,1,2412),(6,1,1,2413),(78,1,2,11),(79,1,2,12),(80,1,2,13),(81,1,2,14),(82,1,2,15),(83,1,2,16),(84,1,2,19),(144,1,2,21),(145,1,2,22),(146,1,2,24),(147,1,2,25),(148,1,2,26),(149,1,2,27),(150,1,2,28),(133,1,2,31),(134,1,2,32),(135,1,2,34),(136,1,2,38),(137,1,2,41),(138,1,2,42),(139,1,2,44),(140,1,2,45),(86,1,2,61),(87,1,2,62),(88,1,2,64),(89,1,2,67),(90,1,2,68),(7,1,2,71),(8,1,2,72),(9,1,2,74),(10,1,2,75),(11,1,2,76),(12,1,2,78),(13,1,2,79),(32,1,2,81),(33,1,2,82),(34,1,2,84),(35,1,2,86),(36,1,2,87),(37,1,2,88),(38,1,2,89),(173,1,2,91),(174,1,2,92),(175,1,2,93),(176,1,2,94),(66,1,2,101),(67,1,2,102),(68,1,2,104),(69,1,2,105),(70,1,2,106),(71,1,2,109),(21,1,2,111),(22,1,2,112),(23,1,2,113),(24,1,2,114),(25,1,2,115),(26,1,2,116),(27,1,2,117),(164,1,2,121),(165,1,2,122),(166,1,2,125),(167,1,2,126),(141,1,2,141),(142,1,2,142),(143,1,2,144),(129,1,2,151),(130,1,2,152),(131,1,2,153),(132,1,2,154),(44,1,2,161),(45,1,2,162),(46,1,2,163),(47,1,2,164),(48,1,2,165),(49,1,2,167),(120,1,2,221),(121,1,2,222),(122,1,2,223),(123,1,2,229),(124,1,2,237),(125,1,2,238),(126,1,2,239),(29,1,2,241),(30,1,2,242),(31,1,2,243),(182,1,2,251),(183,1,2,252),(184,1,2,253),(185,1,2,254),(186,1,2,255),(187,1,2,256),(168,1,2,262),(169,1,2,281),(170,1,2,282),(171,1,2,283),(172,1,2,286),(197,1,2,331),(198,1,2,332),(199,1,2,333),(188,1,2,341),(189,1,2,342),(190,1,2,343),(191,1,2,344),(192,1,2,351),(193,1,2,352),(194,1,2,353),(195,1,2,354),(196,1,2,358),(151,1,2,531),(152,1,2,532),(153,1,2,534),(154,1,2,538),(60,1,2,701),(61,1,2,702),(62,1,2,703),(177,1,2,1001),(178,1,2,1002),(179,1,2,1003),(180,1,2,1004),(181,1,2,1005),(72,1,2,1101),(73,1,2,1102),(74,1,2,1104),(75,1,2,1109),(91,1,2,1181),(92,1,2,1182),(93,1,2,1183),(94,1,2,1184),(95,1,2,1185),(96,1,2,1186),(97,1,2,1187),(98,1,2,1188),(99,1,2,1189),(76,1,2,1201),(77,1,2,1202),(100,1,2,1231),(101,1,2,1232),(102,1,2,1233),(103,1,2,1234),(104,1,2,1235),(105,1,2,1236),(113,1,2,1251),(85,1,2,1321),(39,1,2,1421),(14,1,2,2401),(15,1,2,2402),(16,1,2,2403),(17,1,2,2411),(18,1,2,2412),(19,1,2,2413),(20,1,2,2414),(63,1,2,2501),(64,1,2,2503),(65,1,2,2515),(114,1,2,20001),(115,1,2,20002),(116,1,2,20003),(117,1,2,20004),(118,1,2,20005),(119,1,2,20006),(50,1,2,23001),(51,1,2,23002),(52,1,2,23003),(53,1,2,23004),(127,1,2,55001),(128,1,2,55002);

--
-- Table structure for table `llx_usergroup_user`
--

CREATE TABLE `llx_usergroup_user` (
  `rowid` int(11) NOT NULL AUTO_INCREMENT,
  `entity` int(11) NOT NULL DEFAULT 1,
  `fk_user` int(11) NOT NULL,
  `fk_usergroup` int(11) NOT NULL,
  PRIMARY KEY (`rowid`),
  UNIQUE KEY `uk_usergroup_user` (`entity`,`fk_user`,`fk_usergroup`),
  KEY `fk_usergroup_user_fk_user` (`fk_user`),
  KEY `fk_usergroup_user_fk_usergroup` (`fk_usergroup`),
  CONSTRAINT `fk_usergroup_user_fk_user` FOREIGN KEY (`fk_user`) REFERENCES `llx_user` (`rowid`),
  CONSTRAINT `fk_usergroup_user_fk_usergroup` FOREIGN KEY (`fk_usergroup`) REFERENCES `llx_usergroup` (`rowid`)
) ENGINE=InnoDB AUTO_INCREMENT=15 DEFAULT CHARSET=utf8mb3 COLLATE=utf8mb3_unicode_ci;

--
-- Dumping data for table `llx_usergroup_user`
--

INSERT INTO `llx_usergroup_user` (`rowid`, `entity`, `fk_user`, `fk_usergroup`) VALUES (2,1,1,3),(12,1,2,4),(14,1,3,2),(3,1,3,3),(4,1,11,2),(5,1,13,4),(6,1,16,1),(7,1,17,1),(11,1,18,1);

--
-- Table structure for table `llx_webhook_history`
--

CREATE TABLE `llx_webhook_history` (
  `rowid` int(11) NOT NULL AUTO_INCREMENT,
  `trigger_data` text NOT NULL,
  `fk_target` int(11) NOT NULL,
  `url` varchar(255) DEFAULT NULL,
  `note_private` text DEFAULT NULL,
  `date_creation` datetime NOT NULL,
  `tms` timestamp NULL DEFAULT current_timestamp() ON UPDATE current_timestamp(),
  `fk_user_creat` int(11) NOT NULL,
  `import_key` varchar(14) DEFAULT NULL,
  `status` int(11) NOT NULL DEFAULT 1,
  `trigger_code` varchar(128) NOT NULL DEFAULT 'UNKOWN',
  `error_message` text DEFAULT NULL,
  PRIMARY KEY (`rowid`)
) ENGINE=InnoDB DEFAULT CHARSET=utf8mb4 COLLATE=utf8mb4_unicode_ci;

--
-- Dumping data for table `llx_webhook_history`
--


--
-- Table structure for table `llx_webhook_target`
--

CREATE TABLE `llx_webhook_target` (
  `rowid` int(11) NOT NULL AUTO_INCREMENT,
  `ref` varchar(128) NOT NULL,
  `label` varchar(255) DEFAULT NULL,
  `type` int(11) NOT NULL DEFAULT 0,
  `description` text DEFAULT NULL,
  `note_public` text DEFAULT NULL,
  `note_private` text DEFAULT NULL,
  `date_creation` datetime NOT NULL,
  `tms` timestamp NOT NULL DEFAULT current_timestamp() ON UPDATE current_timestamp(),
  `fk_user_creat` int(11) NOT NULL,
  `fk_user_modif` int(11) DEFAULT NULL,
  `import_key` varchar(14) DEFAULT NULL,
  `status` int(11) NOT NULL DEFAULT 0,
  `url` varchar(255) NOT NULL,
  `connection_method` varchar(255) DEFAULT NULL,
  `connection_data` varchar(255) DEFAULT NULL,
  `trigger_codes` text DEFAULT NULL,
  `trigger_stack` text DEFAULT NULL,
  `entity` int(11) NOT NULL DEFAULT 1,
  PRIMARY KEY (`rowid`),
  KEY `idx_webhook_target_rowid` (`rowid`),
  KEY `idx_webhook_target_ref` (`ref`),
  KEY `llx_webhook_target_fk_user_creat` (`fk_user_creat`),
  KEY `idx_webhook_target_status` (`status`)
) ENGINE=InnoDB AUTO_INCREMENT=17 DEFAULT CHARSET=utf8mb3 COLLATE=utf8mb3_unicode_ci;

--
-- Dumping data for table `llx_webhook_target`
--

INSERT INTO `llx_webhook_target` (`rowid`, `ref`, `label`, `type`, `description`, `note_public`, `note_private`, `date_creation`, `tms`, `fk_user_creat`, `fk_user_modif`, `import_key`, `status`, `url`, `connection_method`, `connection_data`, `trigger_codes`, `trigger_stack`, `entity`) VALUES (16,'16','dd',0,'',NULL,NULL,'2023-02-19 22:05:14','2023-02-20 01:05:14',12,12,NULL,1,'ddd',NULL,NULL,'fdfd,gdfgfd,KNOWLEDGERECORD_DELETE,PARTNERSHIP_CREATE',NULL,1);

--
-- Table structure for table `llx_website`
--

CREATE TABLE `llx_website` (
  `rowid` int(11) NOT NULL AUTO_INCREMENT,
  `entity` int(11) NOT NULL DEFAULT 1,
  `ref` varchar(128) DEFAULT NULL,
  `description` varchar(255) DEFAULT NULL,
  `status` int(11) DEFAULT NULL,
  `fk_default_home` int(11) DEFAULT NULL,
  `virtualhost` varchar(255) DEFAULT NULL,
  `date_creation` datetime DEFAULT NULL,
  `date_modification` datetime DEFAULT NULL,
  `tms` timestamp NOT NULL DEFAULT current_timestamp() ON UPDATE current_timestamp(),
  `fk_user_creat` int(11) DEFAULT NULL,
  `fk_user_modif` int(11) DEFAULT NULL,
  `import_key` varchar(14) DEFAULT NULL,
  `maincolor` varchar(16) DEFAULT NULL,
  `maincolorbis` varchar(16) DEFAULT NULL,
  `use_manifest` int(11) DEFAULT NULL,
  `lang` varchar(8) DEFAULT NULL,
  `otherlang` varchar(255) DEFAULT NULL,
  `position` int(11) DEFAULT 0,
  `lastaccess` datetime DEFAULT NULL,
  `pageviews_month` bigint(20) unsigned DEFAULT 0,
  `pageviews_total` bigint(20) unsigned DEFAULT 0,
  `pageviews_previous_month` bigint(20) unsigned DEFAULT 0,
  `name_template` varchar(255) DEFAULT NULL,
  `lastpageid` int(11) DEFAULT 0,
  `paymentframemode` int(11) DEFAULT 0,
  PRIMARY KEY (`rowid`),
  UNIQUE KEY `uk_website_ref` (`ref`,`entity`)
) ENGINE=InnoDB AUTO_INCREMENT=48 DEFAULT CHARSET=utf8mb3 COLLATE=utf8mb3_unicode_ci;

--
-- Dumping data for table `llx_website`
--

INSERT INTO `llx_website` (`rowid`, `entity`, `ref`, `description`, `status`, `fk_default_home`, `virtualhost`, `date_creation`, `date_modification`, `tms`, `fk_user_creat`, `fk_user_modif`, `import_key`, `maincolor`, `maincolorbis`, `use_manifest`, `lang`, `otherlang`, `position`, `lastaccess`, `pageviews_month`, `pageviews_total`, `pageviews_previous_month`, `name_template`, `lastpageid`, `paymentframemode`) VALUES (12,1,'mytestwebsite','',1,92,NULL,'2024-06-20 11:33:08',NULL,'2025-06-25 17:10:19',12,12,NULL,NULL,NULL,0,'en','fr',0,'2025-06-25 17:10:19',158,158,147,NULL,92,0),(13,1,'aaa','',1,93,'','2024-12-29 19:47:22',NULL,'2025-05-16 08:23:01',12,NULL,NULL,NULL,NULL,NULL,'en','',0,'2025-05-16 08:23:01',10,10,8,'website_template-restaurant',93,0),(14,1,'bbb','',1,94,'','2024-12-29 19:49:56',NULL,'2025-03-27 10:15:22',12,NULL,NULL,NULL,NULL,NULL,'en','',0,'2025-03-27 10:15:22',33,33,32,'website_template-noimg',94,0),(35,1,'ccc','',1,222,NULL,'2024-12-31 13:35:29',NULL,'2025-04-16 22:23:24',12,12,NULL,NULL,NULL,0,'en','',0,'2025-04-16 22:23:24',16,16,8,'website_template-corporate',225,0),(37,1,'marketplace','Welcome to the Marketplace of MyBigCompany Company',1,115,NULL,'2024-12-31 14:03:08',NULL,'2025-04-16 22:22:16',12,NULL,NULL,NULL,NULL,NULL,'en','fr,de,it,es',0,'2025-04-16 22:22:16',26,26,25,'website_template-dolistore',115,0),(38,1,'test','',1,173,'','2025-03-27 09:56:27',NULL,'2025-05-06 10:40:51',12,NULL,NULL,NULL,NULL,NULL,'en','fr,de,it,es',0,'2025-05-06 10:40:51',5,5,3,'website_template-dolistore',169,0),(39,1,'test2','',1,211,'','2025-03-27 10:01:42',NULL,'2025-05-06 11:45:37',12,NULL,NULL,NULL,NULL,NULL,'en','',0,'2025-05-06 11:45:37',25,25,18,'website_asso02-20250326175312-V22',211,0),(40,1,'test3','',1,236,'','2025-05-06 12:41:51',NULL,'2025-05-16 08:23:05',12,NULL,NULL,NULL,NULL,NULL,'en','en,fr,de,it,es',0,'2025-05-16 08:23:05',63,63,0,'website_asso3-20250505174005-V22',236,0),(41,1,'test4','',1,258,NULL,'2025-05-16 10:23:12',NULL,'2025-05-16 10:10:11',12,12,NULL,NULL,NULL,0,'en','en,fr',0,'2025-05-16 10:10:11',22,22,0,'website_template-association_exp',267,0),(42,1,'test5','',1,280,'','2025-05-16 12:09:58',NULL,'2025-06-02 17:28:47',12,NULL,NULL,NULL,NULL,NULL,'en','en,fr,de,it,es',0,'2025-06-02 17:28:47',1,1,0,'website_template-association_exp',289,0),(43,1,'test6','',1,302,NULL,'2025-06-02 17:36:35',NULL,'2025-06-02 19:14:24',12,12,NULL,NULL,NULL,0,'en','en,fr,de,it,es',0,'2025-06-02 19:14:24',1,1,0,'website_template-association_exp',310,0),(44,1,'test7','',1,NULL,'','2025-06-16 19:46:50',NULL,'2025-06-16 19:47:14',12,NULL,NULL,NULL,NULL,NULL,'fr','',0,NULL,0,0,0,NULL,0,0),(46,1,'ddd','',1,NULL,'','2025-06-16 19:53:34',NULL,'2025-06-16 17:53:34',12,NULL,NULL,NULL,NULL,NULL,'fr','',0,NULL,0,0,0,NULL,0,0),(47,1,'eee','',1,NULL,'','2025-06-16 19:57:47',NULL,'2025-06-16 17:57:47',12,NULL,NULL,NULL,NULL,NULL,'fr','',0,NULL,0,0,0,NULL,0,0);

--
-- Table structure for table `llx_website_extrafields`
--

CREATE TABLE `llx_website_extrafields` (
  `rowid` int(11) NOT NULL AUTO_INCREMENT,
  `tms` timestamp NOT NULL DEFAULT current_timestamp() ON UPDATE current_timestamp(),
  `fk_object` int(11) NOT NULL,
  `import_key` varchar(14) DEFAULT NULL,
  PRIMARY KEY (`rowid`),
  KEY `idx_website_extrafields` (`fk_object`)
) ENGINE=InnoDB DEFAULT CHARSET=utf8mb3 COLLATE=utf8mb3_unicode_ci;

--
-- Dumping data for table `llx_website_extrafields`
--


--
-- Table structure for table `llx_website_page`
--

CREATE TABLE `llx_website_page` (
  `rowid` int(11) NOT NULL AUTO_INCREMENT,
  `fk_website` int(11) NOT NULL,
  `pageurl` varchar(255) DEFAULT NULL,
  `aliasalt` varchar(255) DEFAULT NULL,
  `title` varchar(255) DEFAULT NULL,
  `description` varchar(255) DEFAULT NULL,
  `keywords` varchar(255) DEFAULT NULL,
  `metarobots` varchar(128) DEFAULT NULL,
  `content` mediumtext DEFAULT NULL,
  `status` int(11) DEFAULT 1,
  `date_creation` datetime DEFAULT NULL,
  `date_modification` datetime DEFAULT NULL,
  `tms` timestamp NOT NULL DEFAULT current_timestamp() ON UPDATE current_timestamp(),
  `fk_user_creat` int(11) DEFAULT NULL,
  `fk_user_modif` int(11) DEFAULT NULL,
  `type_container` varchar(16) NOT NULL DEFAULT 'page',
  `lang` varchar(6) DEFAULT NULL,
  `fk_page` int(11) DEFAULT NULL,
  `grabbed_from` varchar(255) DEFAULT NULL,
  `htmlheader` mediumtext DEFAULT NULL,
  `import_key` varchar(14) DEFAULT NULL,
  `image` varchar(255) DEFAULT NULL,
  `author_alias` varchar(64) DEFAULT NULL,
  `allowed_in_frames` int(11) DEFAULT 0,
  `object_type` varchar(255) DEFAULT NULL,
  `fk_object` varchar(255) DEFAULT NULL,
  `keep_history` int(11) DEFAULT 5,
  PRIMARY KEY (`rowid`),
  UNIQUE KEY `uk_website_page_url` (`fk_website`,`pageurl`),
  CONSTRAINT `fk_website_page_website` FOREIGN KEY (`fk_website`) REFERENCES `llx_website` (`rowid`)
) ENGINE=InnoDB AUTO_INCREMENT=315 DEFAULT CHARSET=utf8mb3 COLLATE=utf8mb3_unicode_ci;

--
-- Dumping data for table `llx_website_page`
--


--
-- Table structure for table `llx_workstation_workstation`
--

CREATE TABLE `llx_workstation_workstation` (
  `rowid` int(11) NOT NULL AUTO_INCREMENT,
  `ref` varchar(128) NOT NULL DEFAULT '(PROV)',
  `label` varchar(255) DEFAULT NULL,
  `type` varchar(7) DEFAULT NULL,
  `note_public` text DEFAULT NULL,
  `entity` int(11) DEFAULT 1,
  `note_private` text DEFAULT NULL,
  `date_creation` datetime NOT NULL,
  `tms` timestamp NOT NULL DEFAULT current_timestamp() ON UPDATE current_timestamp(),
  `fk_user_creat` int(11) NOT NULL,
  `fk_user_modif` int(11) DEFAULT NULL,
  `import_key` varchar(14) DEFAULT NULL,
  `status` smallint(6) NOT NULL,
  `nb_operators_required` int(11) DEFAULT NULL,
  `thm_operator_estimated` double DEFAULT NULL,
  `thm_machine_estimated` double DEFAULT NULL,
  PRIMARY KEY (`rowid`),
  KEY `idx_workstation_workstation_rowid` (`rowid`),
  KEY `idx_workstation_workstation_ref` (`ref`),
  KEY `fk_workstation_workstation_fk_user_creat` (`fk_user_creat`),
  KEY `idx_workstation_workstation_status` (`status`),
  CONSTRAINT `fk_workstation_workstation_fk_user_creat` FOREIGN KEY (`fk_user_creat`) REFERENCES `llx_user` (`rowid`)
) ENGINE=InnoDB AUTO_INCREMENT=4 DEFAULT CHARSET=utf8mb3 COLLATE=utf8mb3_unicode_ci;

--
-- Dumping data for table `llx_workstation_workstation`
--

INSERT INTO `llx_workstation_workstation` (`rowid`, `ref`, `label`, `type`, `note_public`, `entity`, `note_private`, `date_creation`, `tms`, `fk_user_creat`, `fk_user_modif`, `import_key`, `status`, `nb_operators_required`, `thm_operator_estimated`, `thm_machine_estimated`) VALUES (1,'WKSTATION-0001','Workshop 1','HUMAN',NULL,1,NULL,'2023-08-13 15:45:44','2024-12-13 16:37:18',12,12,NULL,0,NULL,10,22),(2,'WKSTATION-0002','Workshop 2','HUMAN',NULL,1,NULL,'2023-08-13 15:46:02','2024-12-13 16:37:11',12,12,NULL,1,2,11,12),(3,'WKSTATION-0003','Workshop 3','BOTH',NULL,1,NULL,'2023-08-13 15:46:34','2023-08-13 15:46:34',12,NULL,NULL,1,3,NULL,NULL);

--
-- Table structure for table `llx_workstation_workstation_extrafields`
--

CREATE TABLE `llx_workstation_workstation_extrafields` (
  `rowid` int(11) NOT NULL AUTO_INCREMENT,
  `tms` timestamp NULL DEFAULT current_timestamp() ON UPDATE current_timestamp(),
  `fk_object` int(11) NOT NULL,
  `import_key` varchar(14) DEFAULT NULL,
  PRIMARY KEY (`rowid`),
  KEY `idx_workstation_workstation_extrafields` (`fk_object`)
) ENGINE=InnoDB DEFAULT CHARSET=utf8mb4 COLLATE=utf8mb4_unicode_ci;

--
-- Dumping data for table `llx_workstation_workstation_extrafields`
--


--
-- Table structure for table `llx_workstation_workstation_resource`
--

CREATE TABLE `llx_workstation_workstation_resource` (
  `rowid` int(11) NOT NULL AUTO_INCREMENT,
  `tms` timestamp NOT NULL DEFAULT current_timestamp() ON UPDATE current_timestamp(),
  `fk_resource` int(11) DEFAULT NULL,
  `fk_workstation` int(11) DEFAULT NULL,
  PRIMARY KEY (`rowid`)
) ENGINE=InnoDB AUTO_INCREMENT=3 DEFAULT CHARSET=utf8mb3 COLLATE=utf8mb3_unicode_ci;

--
-- Dumping data for table `llx_workstation_workstation_resource`
--

INSERT INTO `llx_workstation_workstation_resource` (`rowid`, `tms`, `fk_resource`, `fk_workstation`) VALUES (1,'2023-08-13 15:46:34',1,3),(2,'2023-08-13 15:46:34',4,3);

--
-- Table structure for table `llx_workstation_workstation_usergroup`
--

CREATE TABLE `llx_workstation_workstation_usergroup` (
  `rowid` int(11) NOT NULL AUTO_INCREMENT,
  `tms` timestamp NOT NULL DEFAULT current_timestamp() ON UPDATE current_timestamp(),
  `fk_usergroup` int(11) DEFAULT NULL,
  `fk_workstation` int(11) DEFAULT NULL,
  PRIMARY KEY (`rowid`)
) ENGINE=InnoDB DEFAULT CHARSET=utf8mb3 COLLATE=utf8mb3_unicode_ci;

--
-- Dumping data for table `llx_workstation_workstation_usergroup`
--


--
-- Table structure for table `llx_zapier_hook`
--

CREATE TABLE `llx_zapier_hook` (
  `rowid` int(11) NOT NULL AUTO_INCREMENT,
  `entity` int(11) NOT NULL DEFAULT 1,
  `url` varchar(255) DEFAULT NULL,
  `event` varchar(255) DEFAULT NULL,
  `module` varchar(128) DEFAULT NULL,
  `action` varchar(128) DEFAULT NULL,
  `status` int(11) DEFAULT NULL,
  `date_creation` datetime NOT NULL,
  `fk_user` int(11) NOT NULL,
  `tms` timestamp NOT NULL DEFAULT current_timestamp() ON UPDATE current_timestamp(),
  `import_key` varchar(14) DEFAULT NULL,
  PRIMARY KEY (`rowid`)
) ENGINE=InnoDB DEFAULT CHARSET=utf8mb3 COLLATE=utf8mb3_unicode_ci;

--
-- Dumping data for table `llx_zapier_hook`
--



