-- Table structure for table `llx_mailing_advtarget`
--

CREATE TABLE `llx_mailing_advtarget` (
  `rowid` int(11) NOT NULL AUTO_INCREMENT,
  `name` varchar(200) NOT NULL,
  `entity` int(11) NOT NULL DEFAULT 1,
  `filtervalue` text DEFAULT NULL,
  `fk_user_author` int(11) NOT NULL,
  `datec` datetime NOT NULL,
  `fk_user_mod` int(11) NOT NULL,
  `tms` timestamp NOT NULL DEFAULT current_timestamp() ON UPDATE current_timestamp(),
  `fk_element` int(11) NOT NULL,
  `type_element` varchar(180) NOT NULL,
  PRIMARY KEY (`rowid`),
  UNIQUE KEY `uk_advtargetemailing_name` (`name`)
) ENGINE=InnoDB DEFAULT CHARSET=utf8mb3 COLLATE=utf8mb3_unicode_ci;

--
-- Dumping data for table `llx_mailing_advtarget`
--


--
-- Table structure for table `llx_mailing_cibles`
--

CREATE TABLE `llx_mailing_cibles` (
  `rowid` int(11) NOT NULL AUTO_INCREMENT,
  `fk_mailing` int(11) NOT NULL,
  `fk_contact` int(11) NOT NULL,
  `lastname` varchar(160) DEFAULT NULL,
  `firstname` varchar(160) DEFAULT NULL,
  `email` varchar(160) NOT NULL,
  `other` varchar(255) DEFAULT NULL,
  `tag` varchar(64) DEFAULT NULL,
  `statut` smallint(6) NOT NULL DEFAULT 0,
  `source_url` varchar(255) DEFAULT NULL,
  `source_id` int(11) DEFAULT NULL,
  `source_type` varchar(32) DEFAULT NULL,
  `date_envoi` datetime DEFAULT NULL,
  `error_text` varchar(255) DEFAULT NULL,
  `tms` timestamp NOT NULL DEFAULT current_timestamp() ON UPDATE current_timestamp(),
  PRIMARY KEY (`rowid`),
  UNIQUE KEY `uk_mailing_cibles` (`fk_mailing`,`email`),
  KEY `idx_mailing_cibles_email` (`email`),
  KEY `idx_mailing_cibles_tag` (`tag`)
) ENGINE=InnoDB AUTO_INCREMENT=64 DEFAULT CHARSET=utf8mb3 COLLATE=utf8mb3_unicode_ci;

--
-- Dumping data for table `llx_mailing_cibles`
--

INSERT INTO `llx_mailing_cibles` VALUES
(1,1,0,'Dupont','Alain','toto@aa.com','Date fin=10/07/2011',NULL,0,'0',NULL,NULL,NULL,NULL,'2019-11-28 11:52:54'),
(2,2,0,'Swiss customer supplier','','abademail@aa.com','',NULL,0,'0',NULL,NULL,NULL,NULL,'2019-11-28 11:52:54'),
(3,2,0,'Smith Vick','','vsmith@email.com','',NULL,0,'0',NULL,NULL,NULL,NULL,'2019-11-28 11:52:54'),
(4,3,0,'Swiss customer supplier','','abademail@aa.com','',NULL,1,'0',NULL,NULL,'2017-01-29 21:36:40',NULL,'2019-11-28 11:52:54'),
(5,3,0,'Smith Vick','','vsmith@email.com','',NULL,1,'0',NULL,NULL,'2017-01-29 21:36:40',NULL,'2019-11-28 11:52:54'),
(7,3,0,'Name 2','Firstname 2','emailtest2@example.com','','522b79aedf231576db576d246d82a0d7',1,'',NULL,'file','2017-01-29 21:36:40',NULL,'2019-11-28 11:52:54'),
(8,3,0,'Name 3','Firstname 3','emailtest3@example.com','','f3e74e96a64068093af469b6826a75bf',1,'',NULL,'file','2017-01-29 21:36:40',NULL,'2019-11-28 11:52:54'),
(9,3,0,'Name 4','Firstname 4','emailtest4@example.com','','fdacf67090698e0216f5c9a449e7404a',2,'',NULL,'file','2017-01-29 21:36:40',NULL,'2019-11-28 11:52:54'),
(10,3,0,'Name 5','Firstname 5','emailtest5@example.com','','38b4e4895bf5e7f9969c9ad9bbcd0dce',3,'',NULL,'file','2017-01-29 21:36:40',NULL,'2019-11-28 11:52:54'),
(11,3,0,'Name 1','Firstname 1','emailtest1@example.com','','b2543a771e2a10c694fc6437859e29ae',1,'',NULL,'file','2017-01-29 21:36:40',NULL,'2019-11-28 11:52:54'),
(12,3,0,'Do','John','johndoe@example.com','','bdb70b6835ca053b113e7ac53c83efbe',-1,'',NULL,'file','2017-01-29 21:36:40','Invalid email','2019-11-28 11:52:54'),
(13,3,0,'Smith,Alan','','alan.smith@example.com','','326b9fb6d83f58b7ce5ca28a51022c83',2,'',NULL,'file','2017-01-29 21:36:40',NULL,'2019-11-28 11:52:54'),
(15,3,0,'Bowl','Kathy','kathy.bowl@example.com','','0848d51a04ad29adf28de7d6efe63091',2,'',NULL,'file','2017-01-29 21:36:40',NULL,'2019-11-28 11:52:54'),
(16,3,0,'Ducanseen','Herbert','herbert@example.com','','0585f4366c7b0c8bab592acb7256a409',1,'',NULL,'file','2017-01-29 21:36:40',NULL,'2019-11-28 11:52:54'),
(17,3,0,'Djay','Djay','djay@example.com','','fad171648dcd8449d6e2f8246724f153',1,'',NULL,'file','2017-01-29 21:36:40',NULL,'2019-11-28 11:52:54'),
(18,3,0,'','','alice.bigo@example.com','','86b03b13caec209e9a9d96979b7154b8',1,'',NULL,'file','2017-01-29 21:36:40',NULL,'2019-11-28 11:52:54'),
(19,3,0,'','','bob.markus@example.com','','06df0b2b930718949a5afee280f04e6b',1,'',NULL,'file','2017-01-29 21:36:40',NULL,'2019-11-28 11:52:54'),
(20,3,0,'Customer 1','','mycustomer1@example.com','','cac0a5a38fa9e67ed63d0753e08cd919',1,'',NULL,'file','2017-01-29 21:36:40',NULL,'2019-11-28 11:52:54'),
(21,3,0,'Customer 2','','mycustomer2@example.com','','19b631ee27e7036684675f2db35c54f0',0,'',NULL,'file',NULL,NULL,'2019-11-28 11:52:54'),
(22,3,0,'Customer 3','','mycustomer3@example.com','','bfd49e2db7c511e2d5bde30eda7db07a',0,'',NULL,'file',NULL,NULL,'2019-11-28 11:52:54'),
(23,3,0,'Customer 4','','mycustomer4@example.com','','de4640d0684c62dd83ffc27ff20d5938',0,'',NULL,'file',NULL,NULL,'2019-11-28 11:52:54'),
(24,3,0,'Customer 5','','mycustomer5@example.com','','2eb5786291928fd23ca0354ac261ec9b',0,'',NULL,'file',NULL,NULL,'2019-11-28 11:52:54'),
(25,3,0,'Customer 6','','mycustomer6@example.com','','c50c85b7f3370232c1d1335e17f953ca',0,'',NULL,'file',NULL,NULL,'2019-11-28 11:52:54'),
(26,3,0,'Prospect 1','','myprospect1@example.com','','553b1f7417f7c96290cdec5ca4c560f7',0,'',NULL,'file',NULL,NULL,'2019-11-28 11:52:54'),
(27,3,0,'Prospect 2','','myprospect2@example.com','','de45e526168546315ff4fedb54e63102',0,'',NULL,'file',NULL,NULL,'2019-11-28 11:52:54'),
(28,3,0,'Prospect 3','','myprospect3@example.com','','466d946e7c46881334f4abe427d382fa',0,'',NULL,'file',NULL,NULL,'2019-11-28 11:52:54'),
(29,3,0,'Prospect 4','','myprospect4@example.com','','619d1ec47318842971db7fa266b6d74a',0,'',NULL,'file',NULL,NULL,'2019-11-28 11:52:54'),
(30,3,0,'Prospect 5','','myprospect5@example.com','','e301713dcbf58d33ef1ae540dee58ad7',0,'',NULL,'file',NULL,NULL,'2019-11-28 11:52:54'),
(31,3,0,'Prospect 6','','myprospect6@example.com','','26fcbd0c641a535bfc14a80a867a61f2',0,'',NULL,'file',NULL,NULL,'2019-11-28 11:52:54'),
(32,5,0,'Swiss customer supplier','','abademail@aa.com','','0e7d20e3c9b1612a75eab5d12da84060',0,'0',NULL,'',NULL,NULL,'2019-11-28 11:52:54'),
(33,5,0,'Smith Vick','','vsmith@email.com','','cab14f12668ccb2c92843969819c6c6e',0,'0',NULL,'',NULL,NULL,'2019-11-28 11:52:54'),
(34,5,0,'Name 2','Firstname 2','emailtest2@example.com','','1b6adeceaac7e2b9c399c877f8b1a616',0,'',NULL,'file',NULL,NULL,'2019-11-28 11:52:54'),
(35,5,0,'Name 3','Firstname 3','emailtest3@example.com','','c9f6f80ba118c378aef4974e17b01a07',0,'',NULL,'file',NULL,NULL,'2019-11-28 11:52:54'),
(36,5,0,'Name 4','Firstname 4','emailtest4@example.com','','75a3051301db736a2bb7722de7b4ece1',0,'',NULL,'file',NULL,NULL,'2019-11-28 11:52:54'),
(37,5,0,'Name 5','Firstname 5','emailtest5@example.com','','a9e292e70ec11ed58718c9f5da58f870',0,'',NULL,'file',NULL,NULL,'2019-11-28 11:52:54'),
(38,5,0,'Name 1','Firstname 1','emailtest1@example.com','','0243e796981c9e82cc23d8a6a5a23570',0,'',NULL,'file',NULL,NULL,'2019-11-28 11:52:54'),
(39,5,0,'Do','John','johndoe@example.com','','7db6219748fbad348b1aa89f2014d529',0,'',NULL,'file',NULL,NULL,'2019-11-28 11:52:54'),
(40,5,0,'Smith,Alan','','alan.smith@example.com','','5006f91f3bd97918460b6dc3edf4cd7f',0,'',NULL,'file',NULL,NULL,'2019-11-28 11:52:54'),
(41,5,0,'Bowl','Kathy','kathy.bowl@example.com','','377ac5b241f2d5bf421a7162c60bf7b6',0,'',NULL,'file',NULL,NULL,'2019-11-28 11:52:54'),
(42,5,0,'Ducanseen','Herbert','herbert@example.com','','10e1b891a249ee8046f1686a0a44d773',0,'',NULL,'file',NULL,NULL,'2019-11-28 11:52:54'),
(43,5,0,'Djay','Djay','djay@example.com','','6cf76a2b74874caa6b8eced78f63bca1',0,'',NULL,'file',NULL,NULL,'2019-11-28 11:52:54'),
(44,5,0,'','','alice.bigo@example.com','','61651804afc02887a3934ab042285044',0,'',NULL,'file',NULL,NULL,'2019-11-28 11:52:54'),
(45,5,0,'','','bob.markus@example.com','','b6d3e934e4bc92d194b43041260564da',0,'',NULL,'file',NULL,NULL,'2019-11-28 11:52:54'),
(46,5,0,'Customer 1','','mycustomer1@example.com','','fa9ade908a5a420e7dc64e62d1d9eb65',0,'',NULL,'file',NULL,NULL,'2019-11-28 11:52:54'),
(47,5,0,'Customer 2','','mycustomer2@example.com','','5d502923487f0f4226ab9f5f71102857',0,'',NULL,'file',NULL,NULL,'2019-11-28 11:52:54'),
(48,5,0,'Customer 3','','mycustomer3@example.com','','0b7da54f9969554eee95684069173f23',0,'',NULL,'file',NULL,NULL,'2019-11-28 11:52:54'),
(49,5,0,'Customer 4','','mycustomer4@example.com','','b073cf47a6af4740c76620ab4442033c',0,'',NULL,'file',NULL,NULL,'2019-11-28 11:52:54'),
(50,5,0,'Customer 5','','mycustomer5@example.com','','468b7404027e91edf437c3980619c8f6',0,'',NULL,'file',NULL,NULL,'2019-11-28 11:52:54'),
(51,5,0,'Customer 6','','mycustomer6@example.com','','cb196086497f64cd23dd68aed2bf5cc8',0,'',NULL,'file',NULL,NULL,'2019-11-28 11:52:54'),
(52,5,0,'Prospect 1','','myprospect1@example.com','','9854ed6528267f30c8c22c24384b31ae',0,'',NULL,'file',NULL,NULL,'2019-11-28 11:52:54'),
(53,5,0,'Prospect 2','','myprospect2@example.com','','b37ed581bbc51b6d9a334e1626b5fe22',0,'',NULL,'file',NULL,NULL,'2019-11-28 11:52:54'),
(54,5,0,'Prospect 3','','myprospect3@example.com','','8bedd7821877a72841efae36691f7765',0,'',NULL,'file',NULL,NULL,'2019-11-28 11:52:54'),
(55,5,0,'Prospect 4','','myprospect4@example.com','','518353a5cfb1a628ada10874ac4e0098',0,'',NULL,'file',NULL,NULL,'2019-11-28 11:52:54'),
(56,5,0,'Prospect 5','','myprospect5@example.com','','de392a2999e262fec63c9de4a3fe7613',0,'',NULL,'file',NULL,NULL,'2019-11-28 11:52:54'),
(57,5,0,'Prospect 6','','myprospect6@example.com','','56256cc297c4870c514819cdb4e6b95c',0,'',NULL,'file',NULL,NULL,'2019-11-28 11:52:54'),
(58,5,0,'Prospect 7','','myprospect7@example.com','','d32512607d4e74d6f71d031538128721',0,'',NULL,'file',NULL,NULL,'2019-11-28 11:52:54'),
(59,5,0,'Prospect 8','','myprospect8@example.com','','427eeb75492ede5355996a8df998f9de',0,'',NULL,'file',NULL,NULL,'2019-11-28 11:52:54'),
(60,6,0,'john','doe','johndoe@email.com','Login=john;Title=;End date=07/17/2014;Company=','10698de566dfbdd73c1f4bd2d956065e',2,'<a href=\"/dolibarr_17.0/htdocs/adherents/card.php?rowid=3\"><span class=\"fas fa-user infobox-adherent\" style=\"\"></span></a>',3,'member','2023-02-25 00:02:21',NULL,'2023-02-25 03:07:58'),
(61,6,0,'Curie','Pierre','pcurie@example.com','Login=pcurie;Title=;End date=07/17/2020;Company=','64d38bce8a23b98e81ccd4893182be20',1,'<a href=\"/dolibarr_17.0/htdocs/adherents/card.php?rowid=2\"><span class=\"fas fa-user infobox-adherent\" style=\"\"></span></a>',2,'member','2023-02-25 00:02:21',NULL,'2023-02-25 03:02:21'),
(62,6,0,'smith','smith','smith@email.com','Login=Smith;Title=;End date=07/17/2018;Company=','238dfc11f26e1dffccb4a6e014826b5f',1,'<a href=\"/dolibarr_17.0/htdocs/adherents/card.php?rowid=4\"><span class=\"fas fa-user infobox-adherent\" style=\"\"></span></a>',4,'member','2023-02-25 00:02:21',NULL,'2023-02-25 03:02:21'),
(63,6,0,'Smith','Vick','vsmith@email.com','Login=vsmith;Title=;End date=07/09/2014;Company=NLTechno','e8995334c1769f60f93baca38efd0ed7',2,'<a href=\"/dolibarr_17.0/htdocs/adherents/card.php?rowid=1\"><span class=\"fas fa-user infobox-adherent\" style=\"\"></span></a>',1,'member','2023-02-25 00:02:21',NULL,'2023-02-25 03:07:50');

--
-- Table structure for table `llx_mailing_unsubscribe`
--

CREATE TABLE `llx_mailing_unsubscribe` (
  `rowid` int(11) NOT NULL AUTO_INCREMENT,
  `entity` int(11) NOT NULL DEFAULT 1,
  `email` varchar(255) DEFAULT NULL,
  `unsubscribegroup` varchar(128) DEFAULT '',
  `ip` varchar(128) DEFAULT NULL,
  `date_creat` datetime DEFAULT NULL,
  `tms` timestamp NOT NULL DEFAULT current_timestamp() ON UPDATE current_timestamp(),
  PRIMARY KEY (`rowid`),
  UNIQUE KEY `uk_mailing_unsubscribe` (`email`,`entity`,`unsubscribegroup`)
) ENGINE=InnoDB AUTO_INCREMENT=2 DEFAULT CHARSET=utf8mb3 COLLATE=utf8mb3_unicode_ci;

--
-- Dumping data for table `llx_mailing_unsubscribe`
--

INSERT INTO `llx_mailing_unsubscribe` VALUES
(1,1,'aaa@it.com','',NULL,'2022-12-28 00:56:09','2022-12-28 00:56:09');

--
-- Table structure for table `llx_menu`
--

CREATE TABLE `llx_menu` (
  `rowid` int(11) NOT NULL AUTO_INCREMENT,
  `menu_handler` varchar(16) NOT NULL,
  `entity` int(11) NOT NULL DEFAULT 1,
  `module` varchar(255) DEFAULT NULL,
  `type` varchar(4) NOT NULL,
  `mainmenu` varchar(100) NOT NULL,
  `fk_menu` int(11) NOT NULL,
  `fk_leftmenu` varchar(100) DEFAULT NULL,
  `fk_mainmenu` varchar(100) DEFAULT NULL,
  `position` int(11) NOT NULL,
  `url` varchar(255) NOT NULL,
  `target` varchar(100) DEFAULT NULL,
  `titre` varchar(255) NOT NULL,
  `prefix` varchar(255) DEFAULT NULL,
  `langs` varchar(100) DEFAULT NULL,
  `level` smallint(6) DEFAULT NULL,
  `leftmenu` varchar(100) DEFAULT NULL,
  `perms` text DEFAULT NULL,
  `enabled` text DEFAULT NULL,
  `usertype` int(11) NOT NULL DEFAULT 0,
  `tms` timestamp NOT NULL DEFAULT current_timestamp() ON UPDATE current_timestamp(),
  PRIMARY KEY (`rowid`),
  UNIQUE KEY `idx_menu_uk_menu` (`menu_handler`,`fk_menu`,`position`,`url`,`entity`),
  KEY `idx_menu_menuhandler_type` (`menu_handler`,`type`)
) ENGINE=InnoDB AUTO_INCREMENT=168001 DEFAULT CHARSET=utf8mb3 COLLATE=utf8mb3_unicode_ci;

--
-- Dumping data for table `llx_menu`
--

INSERT INTO `llx_menu` VALUES
(103094,'all',2,'agenda','top','agenda',0,NULL,NULL,100,'/comm/action/index.php','','Agenda',NULL,'agenda',NULL,NULL,'$user->rights->agenda->myactions->read','$conf->agenda->enabled',2,'2015-03-13 15:29:19'),
(103095,'all',2,'agenda','left','agenda',103094,NULL,NULL,100,'/comm/action/index.php?mainmenu=agenda&amp;leftmenu=agenda','','Actions',NULL,'agenda',NULL,NULL,'$user->rights->agenda->myactions->read','$conf->agenda->enabled',2,'2015-03-13 15:29:19'),
(103096,'all',2,'agenda','left','agenda',103095,NULL,NULL,101,'/comm/action/card.php?mainmenu=agenda&amp;leftmenu=agenda&amp;action=create','','NewAction',NULL,'commercial',NULL,NULL,'($user->rights->agenda->myactions->create||$user->rights->agenda->allactions->create)','$conf->agenda->enabled',2,'2015-03-13 15:29:19'),
(103097,'all',2,'agenda','left','agenda',103095,NULL,NULL,102,'/comm/action/index.php?mainmenu=agenda&amp;leftmenu=agenda','','Calendar',NULL,'agenda',NULL,NULL,'$user->rights->agenda->myactions->read','$conf->agenda->enabled',2,'2015-03-13 15:29:19'),
(103098,'all',2,'agenda','left','agenda',103097,NULL,NULL,103,'/comm/action/index.php?mainmenu=agenda&amp;leftmenu=agenda&amp;status=todo&amp;filter=mine','','MenuToDoMyActions',NULL,'agenda',NULL,NULL,'$user->rights->agenda->myactions->read','$conf->agenda->enabled',2,'2015-03-13 15:29:19'),
(103099,'all',2,'agenda','left','agenda',103097,NULL,NULL,104,'/comm/action/index.php?mainmenu=agenda&amp;leftmenu=agenda&amp;status=done&amp;filter=mine','','MenuDoneMyActions',NULL,'agenda',NULL,NULL,'$user->rights->agenda->myactions->read','$conf->agenda->enabled',2,'2015-03-13 15:29:19'),
(103100,'all',2,'agenda','left','agenda',103097,NULL,NULL,105,'/comm/action/index.php?mainmenu=agenda&amp;leftmenu=agenda&amp;status=todo','','MenuToDoActions',NULL,'agenda',NULL,NULL,'$user->rights->agenda->allactions->read','$user->rights->agenda->allactions->read',2,'2015-03-13 15:29:19'),
(103101,'all',2,'agenda','left','agenda',103097,NULL,NULL,106,'/comm/action/index.php?mainmenu=agenda&amp;leftmenu=agenda&amp;status=done','','MenuDoneActions',NULL,'agenda',NULL,NULL,'$user->rights->agenda->allactions->read','$user->rights->agenda->allactions->read',2,'2015-03-13 15:29:19'),
(103102,'all',2,'agenda','left','agenda',103095,NULL,NULL,112,'/comm/action/listactions.php?mainmenu=agenda&amp;leftmenu=agenda','','List',NULL,'agenda',NULL,NULL,'$user->rights->agenda->myactions->read','$conf->agenda->enabled',2,'2015-03-13 15:29:19'),
(103103,'all',2,'agenda','left','agenda',103102,NULL,NULL,113,'/comm/action/listactions.php?mainmenu=agenda&amp;leftmenu=agenda&amp;status=todo&amp;filter=mine','','MenuToDoMyActions',NULL,'agenda',NULL,NULL,'$user->rights->agenda->myactions->read','$conf->agenda->enabled',2,'2015-03-13 15:29:19'),
(103104,'all',2,'agenda','left','agenda',103102,NULL,NULL,114,'/comm/action/listactions.php?mainmenu=agenda&amp;leftmenu=agenda&amp;status=done&amp;filter=mine','','MenuDoneMyActions',NULL,'agenda',NULL,NULL,'$user->rights->agenda->myactions->read','$conf->agenda->enabled',2,'2015-03-13 15:29:19'),
(103105,'all',2,'agenda','left','agenda',103102,NULL,NULL,115,'/comm/action/listactions.php?mainmenu=agenda&amp;leftmenu=agenda&amp;status=todo','','MenuToDoActions',NULL,'agenda',NULL,NULL,'$user->rights->agenda->allactions->read','$user->rights->agenda->allactions->read',2,'2015-03-13 15:29:19'),
(103106,'all',2,'agenda','left','agenda',103102,NULL,NULL,116,'/comm/action/listactions.php?mainmenu=agenda&amp;leftmenu=agenda&amp;status=done','','MenuDoneActions',NULL,'agenda',NULL,NULL,'$user->rights->agenda->allactions->read','$user->rights->agenda->allactions->read',2,'2015-03-13 15:29:19'),
(103107,'all',2,'agenda','left','agenda',103095,NULL,NULL,120,'/comm/action/rapport/index.php?mainmenu=agenda&amp;leftmenu=agenda','','Reportings',NULL,'agenda',NULL,NULL,'$user->rights->agenda->allactions->read','$conf->agenda->enabled',2,'2015-03-13 15:29:19'),
(103134,'all',2,'opensurvey','top','opensurvey',0,NULL,NULL,200,'/opensurvey/index.php','','Surveys',NULL,'opensurvey',NULL,NULL,'$user->rights->opensurvey->survey->read','$conf->opensurvey->enabled',0,'2015-03-13 20:33:42'),
(103135,'all',2,'opensurvey','left','opensurvey',-1,NULL,'opensurvey',200,'/opensurvey/index.php?mainmenu=opensurvey&leftmenu=opensurvey','','Survey',NULL,'opensurvey@opensurvey',NULL,'opensurvey','','$conf->opensurvey->enabled',0,'2015-03-13 20:33:42'),
(103136,'all',2,'opensurvey','left','opensurvey',-1,'opensurvey','opensurvey',210,'/opensurvey/public/index.php','_blank','NewSurvey',NULL,'opensurvey@opensurvey',NULL,'opensurvey_new','','$conf->opensurvey->enabled',0,'2015-03-13 20:33:42'),
(103137,'all',2,'opensurvey','left','opensurvey',-1,'opensurvey','opensurvey',220,'/opensurvey/list.php','','List',NULL,'opensurvey@opensurvey',NULL,'opensurvey_list','','$conf->opensurvey->enabled',0,'2015-03-13 20:33:42'),
(161088,'auguria',1,'','top','home',0,NULL,NULL,10,'/index.php?mainmenu=home&amp;leftmenu=','','Home',NULL,'',-1,'','','1',2,'2017-08-30 15:14:30'),
(161089,'auguria',1,'societe|fournisseur','top','companies',0,NULL,NULL,20,'/societe/index.php?mainmenu=companies&amp;leftmenu=','','ThirdParties',NULL,'companies',-1,'','$user->rights->societe->lire || $user->rights->societe->contact->lire','( ! empty($conf->societe->enabled) && (empty($conf->global->SOCIETE_DISABLE_PROSPECTS) || empty($conf->global->SOCIETE_DISABLE_CUSTOMERS))) || ! empty($conf->fournisseur->enabled)',2,'2017-08-30 15:14:30'),
(161090,'auguria',1,'product|service','top','products',0,NULL,NULL,30,'/product/index.php?mainmenu=products&amp;leftmenu=','','Products/Services',NULL,'products',-1,'','$user->rights->produit->lire||$user->rights->service->lire','$conf->product->enabled || $conf->service->enabled',0,'2017-08-30 15:14:30'),
(161092,'auguria',1,'propal|commande|fournisseur|contrat|ficheinter','top','commercial',0,NULL,NULL,40,'/comm/index.php?mainmenu=commercial&amp;leftmenu=','','Commercial',NULL,'commercial',-1,'','$user->rights->societe->lire || $user->rights->societe->contact->lire','$conf->propal->enabled || $conf->commande->enabled || $conf->supplier_order->enabled || $conf->contrat->enabled || $conf->ficheinter->enabled',2,'2017-08-30 15:14:30'),
(161093,'auguria',1,'comptabilite|accounting|facture|don|tax|salaries|loan','top','accountancy',0,NULL,NULL,50,'/compta/index.php?mainmenu=accountancy&amp;leftmenu=','','MenuFinancial',NULL,'compta',-1,'','$user->rights->compta->resultat->lire || $user->rights->accounting->plancompte->lire || $user->rights->facture->lire|| $user->rights->don->lire || $user->rights->tax->charges->lire || $user->rights->salaries->read || $user->rights->loan->read','$conf->comptabilite->enabled || $conf->accounting->enabled || $conf->facture->enabled || $conf->don->enabled  || $conf->tax->enabled || $conf->salaries->enabled || $conf->supplier_invoice->enabled || $conf->loan->enabled',2,'2017-08-30 15:14:30'),
(161094,'auguria',1,'projet','top','project',0,NULL,NULL,70,'/projet/index.php?mainmenu=project&amp;leftmenu=','','Projects',NULL,'projects',-1,'','$user->rights->projet->lire','$conf->projet->enabled',2,'2017-08-30 15:14:30'),
(161095,'auguria',1,'mailing|export|import|opensurvey|resource','top','tools',0,NULL,NULL,90,'/core/tools.php?mainmenu=tools&amp;leftmenu=','','Tools',NULL,'other',-1,'','$user->rights->mailing->lire || $user->rights->export->lire || $user->rights->import->run || $user->rights->opensurvey->read || $user->rights->resource->read','$conf->mailing->enabled || $conf->export->enabled || $conf->import->enabled || $conf->opensurvey->enabled || $conf->resource->enabled',2,'2017-08-30 15:14:30'),
(161101,'auguria',1,'banque|prelevement','top','bank',0,NULL,NULL,60,'/compta/bank/index.php?mainmenu=bank&amp;leftmenu=bank','','MenuBankCash',NULL,'banks',-1,'','$user->rights->banque->lire || $user->rights->prelevement->bons->lire','$conf->banque->enabled || $conf->prelevement->enabled',0,'2017-08-30 15:14:30'),
(161102,'auguria',1,'hrm|holiday|deplacement|expensereport','top','hrm',0,NULL,NULL,80,'/hrm/index.php?mainmenu=hrm&amp;leftmenu=','','HRM',NULL,'holiday',-1,'','$user->rights->hrm->employee->read || $user->rights->holiday->write || $user->rights->deplacement->lire || $user->rights->expensereport->lire','$conf->hrm->enabled || $conf->holiday->enabled || $conf->deplacement->enabled || $conf->expensereport->enabled',0,'2017-08-30 15:14:30'),
(161177,'auguria',1,'','left','home',161088,NULL,NULL,0,'/index.php','','MyDashboard',NULL,'',0,'','','1',2,'2017-08-30 15:14:30'),
(161187,'auguria',1,'','left','home',161088,NULL,NULL,1,'/admin/index.php?leftmenu=setup','','Setup',NULL,'admin',0,'setup','','$user->admin',2,'2017-08-30 15:14:30'),
(161188,'auguria',1,'','left','home',161187,NULL,NULL,1,'/admin/company.php?leftmenu=setup','','MenuCompanySetup',NULL,'admin',1,'','','$leftmenu==\"setup\"',2,'2017-08-30 15:14:30'),
(161189,'auguria',1,'','left','home',161187,NULL,NULL,4,'/admin/ihm.php?leftmenu=setup','','GUISetup',NULL,'admin',1,'','','$leftmenu==\"setup\"',2,'2017-08-30 15:14:30'),
(161190,'auguria',1,'','left','home',161187,NULL,NULL,2,'/admin/modules.php?leftmenu=setup','','Modules',NULL,'admin',1,'','','$leftmenu==\"setup\"',2,'2017-08-30 15:14:30'),
(161191,'auguria',1,'','left','home',161187,NULL,NULL,6,'/admin/boxes.php?leftmenu=setup','','Boxes',NULL,'admin',1,'','','$leftmenu==\"setup\"',2,'2017-08-30 15:14:30'),
(161192,'auguria',1,'','left','home',161187,NULL,NULL,3,'/admin/menus.php?leftmenu=setup','','Menus',NULL,'admin',1,'','','$leftmenu==\'setup\'',2,'2017-09-06 08:29:47'),
(161193,'auguria',1,'','left','home',161187,NULL,NULL,7,'/admin/delais.php?leftmenu=setup','','Alerts',NULL,'admin',1,'','','$leftmenu==\"setup\"',2,'2017-08-30 15:14:30'),
(161194,'auguria',1,'','left','home',161187,NULL,NULL,10,'/admin/pdf.php?leftmenu=setup','','PDF',NULL,'admin',1,'','','$leftmenu==\"setup\"',2,'2017-08-30 15:14:30'),
(161195,'auguria',1,'','left','home',161187,NULL,NULL,8,'/admin/security_other.php?leftmenu=setup','','Security',NULL,'admin',1,'','','$leftmenu==\'setup\'',2,'2017-09-06 08:29:36'),
(161196,'auguria',1,'','left','home',161187,NULL,NULL,11,'/admin/mails.php?leftmenu=setup','','Emails',NULL,'admin',1,'','','$leftmenu==\"setup\"',2,'2017-08-30 15:14:30'),
(161197,'auguria',1,'','left','home',161187,NULL,NULL,9,'/admin/limits.php?leftmenu=setup','','MenuLimits',NULL,'admin',1,'','','$leftmenu==\"setup\"',2,'2017-08-30 15:14:30'),
(161198,'auguria',1,'','left','home',161187,NULL,NULL,13,'/admin/dict.php?leftmenu=setup','','Dictionary',NULL,'admin',1,'','','$leftmenu==\"setup\"',2,'2017-08-30 15:14:30'),
(161199,'auguria',1,'','left','home',161187,NULL,NULL,14,'/admin/const.php?leftmenu=setup','','OtherSetup',NULL,'admin',1,'','','$leftmenu==\"setup\"',2,'2017-08-30 15:14:30'),
(161200,'auguria',1,'','left','home',161187,NULL,NULL,12,'/admin/sms.php?leftmenu=setup','','SMS',NULL,'admin',1,'','','$leftmenu==\"setup\"',2,'2017-08-30 15:14:30'),
(161201,'auguria',1,'','left','home',161187,NULL,NULL,4,'/admin/translation.php?leftmenu=setup','','Translation',NULL,'admin',1,'','','$leftmenu==\"setup\"',2,'2017-08-30 15:14:30'),
(161288,'auguria',1,'','left','home',161387,NULL,NULL,0,'/admin/system/dolibarr.php?leftmenu=admintools','','InfoDolibarr',NULL,'admin',1,'','','$leftmenu==\"admintools\"',2,'2017-08-30 15:14:30'),
(161289,'auguria',1,'','left','home',161288,NULL,NULL,2,'/admin/system/modules.php?leftmenu=admintools','','Modules',NULL,'admin',2,'','','$leftmenu==\"admintools\"',2,'2017-08-30 15:14:30'),
(161290,'auguria',1,'','left','home',161288,NULL,NULL,3,'/admin/triggers.php?leftmenu=admintools','','Triggers',NULL,'admin',2,'','','$leftmenu==\"admintools\"',2,'2017-08-30 15:14:30'),
(161291,'auguria',1,'','left','home',161288,NULL,NULL,4,'/admin/system/filecheck.php?leftmenu=admintools','','FileCheck',NULL,'admin',2,'','','$leftmenu==\"admintools\"',2,'2017-08-30 15:14:30'),
(161292,'auguria',1,'','left','home',161387,NULL,NULL,1,'/admin/system/browser.php?leftmenu=admintools','','InfoBrowser',NULL,'admin',1,'','','$leftmenu==\"admintools\"',2,'2017-08-30 15:14:30'),
(161293,'auguria',1,'','left','home',161387,NULL,NULL,2,'/admin/system/os.php?leftmenu=admintools','','InfoOS',NULL,'admin',1,'','','$leftmenu==\"admintools\"',2,'2017-08-30 15:14:30'),
(161294,'auguria',1,'','left','home',161387,NULL,NULL,3,'/admin/system/web.php?leftmenu=admintools','','InfoWebServer',NULL,'admin',1,'','','$leftmenu==\"admintools\"',2,'2017-08-30 15:14:30'),
(161295,'auguria',1,'','left','home',161387,NULL,NULL,4,'/admin/system/phpinfo.php?leftmenu=admintools','','InfoPHP',NULL,'admin',1,'','','$leftmenu==\"admintools\"',2,'2017-08-30 15:14:30'),
(161297,'auguria',1,'','left','home',161387,NULL,NULL,5,'/admin/system/database.php?leftmenu=admintools','','InfoDatabase',NULL,'admin',1,'','','$leftmenu==\"admintools\"',2,'2017-08-30 15:14:30'),
(161387,'auguria',1,'','left','home',161088,NULL,NULL,2,'/admin/tools/index.php?leftmenu=admintools','','AdminTools',NULL,'admin',0,'admintools','','$user->admin',2,'2017-08-30 15:14:30'),
(161388,'auguria',1,'','left','home',161387,NULL,NULL,6,'/admin/tools/dolibarr_export.php?leftmenu=admintools','','Backup',NULL,'admin',1,'','','$leftmenu==\"admintools\"',2,'2017-08-30 15:14:30'),
(161389,'auguria',1,'','left','home',161387,NULL,NULL,7,'/admin/tools/dolibarr_import.php?leftmenu=admintools','','Restore',NULL,'admin',1,'','','$leftmenu==\"admintools\"',2,'2017-08-30 15:14:30'),
(161392,'auguria',1,'','left','home',161387,NULL,NULL,8,'/admin/tools/update.php?leftmenu=admintools','','MenuUpgrade',NULL,'admin',1,'','','$leftmenu==\"admintools\"',2,'2017-08-30 15:14:30'),
(161393,'auguria',1,'','left','home',161387,NULL,NULL,9,'/admin/tools/eaccelerator.php?leftmenu=admintools','','EAccelerator',NULL,'admin',1,'','','$leftmenu==\"admintools\" && function_exists(\"eaccelerator_info\")',2,'2017-08-30 15:14:30'),
(161394,'auguria',1,'','left','home',161387,NULL,NULL,10,'/admin/tools/listevents.php?leftmenu=admintools','','Audit',NULL,'admin',1,'','','$leftmenu==\"admintools\"',2,'2017-08-30 15:14:30'),
(161395,'auguria',1,'','left','home',161387,NULL,NULL,11,'/admin/tools/listsessions.php?leftmenu=admintools','','Sessions',NULL,'admin',1,'','','$leftmenu==\"admintools\"',2,'2017-08-30 15:14:30'),
(161396,'auguria',1,'','left','home',161387,NULL,NULL,12,'/admin/tools/purge.php?leftmenu=admintools','','Purge',NULL,'admin',1,'','','$leftmenu==\"admintools\"',2,'2017-08-30 15:14:30'),
(161398,'auguria',1,'','left','home',161387,NULL,NULL,14,'/admin/system/about.php?leftmenu=admintools','','ExternalResources',NULL,'admin',1,'','','$leftmenu==\"admintools\"',2,'2017-08-30 15:14:30'),
(161407,'auguria',1,'','left','home',161387,NULL,NULL,15,'/product/admin/product_tools.php?mainmenu=home&amp;leftmenu=admintools','','ProductVatMassChange',NULL,'products',1,'','','$leftmenu==\"admintools\"',2,'2017-08-30 15:14:30'),
(161487,'auguria',1,'','left','home',161088,NULL,NULL,4,'/user/home.php?leftmenu=users','','MenuUsersAndGroups',NULL,'users',0,'users','','1',2,'2017-08-30 15:14:30'),
(161488,'auguria',1,'','left','home',161487,NULL,NULL,0,'/user/index.php?leftmenu=users','','Users',NULL,'users',1,'','$user->rights->user->user->lire || $user->admin','$leftmenu==\"users\"',2,'2017-08-30 15:14:30'),
(161489,'auguria',1,'','left','home',161488,NULL,NULL,0,'/user/card.php?leftmenu=users&amp;action=create','','NewUser',NULL,'users',2,'','($user->rights->user->user->creer || $user->admin) && !(! empty($conf->multicompany->enabled) && $conf->entity > 1 && $conf->global->MULTICOMPANY_TRANSVERSE_MODE)','$leftmenu==\"users\"',2,'2017-08-30 15:14:30'),
(161490,'auguria',1,'','left','home',161487,NULL,NULL,1,'/user/group/index.php?leftmenu=users','','Groups',NULL,'users',1,'','(($conf->global->MAIN_USE_ADVANCED_PERMS?$user->rights->user->group_advance->read:$user->rights->user->user->lire) || $user->admin) && !(! empty($conf->multicompany->enabled) && $conf->entity > 1 && $conf->global->MULTICOMPANY_TRANSVERSE_MODE)','$leftmenu==\"users\"',2,'2017-08-30 15:14:30'),
(161491,'auguria',1,'','left','home',161490,NULL,NULL,0,'/user/group/card.php?leftmenu=users&amp;action=create','','NewGroup',NULL,'users',2,'','(($conf->global->MAIN_USE_ADVANCED_PERMS?$user->rights->user->group_advance->write:$user->rights->user->user->creer) || $user->admin) && !(! empty($conf->multicompany->enabled) && $conf->entity > 1 && $conf->global->MULTICOMPANY_TRANSVERSE_MODE)','$leftmenu==\"users\"',2,'2017-08-30 15:14:30'),
(161587,'auguria',1,'','left','companies',161089,NULL,NULL,0,'/societe/index.php?leftmenu=thirdparties','','ThirdParty',NULL,'companies',0,'thirdparties','$user->rights->societe->lire','$conf->societe->enabled',2,'2017-08-30 15:14:30'),
(161588,'auguria',1,'','left','companies',161587,NULL,NULL,0,'/societe/card.php?action=create','','MenuNewThirdParty',NULL,'companies',1,'','$user->rights->societe->lire','$conf->societe->enabled',2,'2017-08-30 15:14:30'),
(161589,'auguria',1,'','left','companies',161587,NULL,NULL,0,'/societe/list.php?action=create','','List',NULL,'companies',1,'','$user->rights->societe->lire','$conf->societe->enabled',2,'2017-08-30 15:14:30'),
(161590,'auguria',1,'','left','companies',161587,NULL,NULL,5,'/societe/list.php?type=f&leftmenu=suppliers','','ListSuppliersShort',NULL,'suppliers',1,'','$user->rights->societe->lire && $user->rights->fournisseur->lire','$conf->societe->enabled && $conf->fournisseur->enabled',2,'2017-08-30 15:14:30'),
(161591,'auguria',1,'','left','companies',161590,NULL,NULL,0,'/societe/card.php?leftmenu=supplier&amp;action=create&amp;type=f','','NewSupplier',NULL,'suppliers',2,'','$user->rights->societe->creer','$conf->societe->enabled && $conf->fournisseur->enabled',2,'2017-08-30 15:14:30'),
(161593,'auguria',1,'','left','companies',161587,NULL,NULL,3,'/societe/list.php?type=p&leftmenu=prospects','','ListProspectsShort',NULL,'companies',1,'','$user->rights->societe->lire','$conf->societe->enabled',2,'2017-08-30 15:14:30'),
(161594,'auguria',1,'','left','companies',161593,NULL,NULL,0,'/societe/card.php?leftmenu=prospects&amp;action=create&amp;type=p','','MenuNewProspect',NULL,'companies',2,'','$user->rights->societe->creer','$conf->societe->enabled',2,'2017-08-30 15:14:30'),
(161596,'auguria',1,'','left','companies',161587,NULL,NULL,4,'/societe/list.php?type=c&leftmenu=customers','','ListCustomersShort',NULL,'companies',1,'','$user->rights->societe->lire','$conf->societe->enabled',2,'2017-08-30 15:14:30'),
(161597,'auguria',1,'','left','companies',161596,NULL,NULL,0,'/societe/card.php?leftmenu=customers&amp;action=create&amp;type=c','','MenuNewCustomer',NULL,'companies',2,'','$user->rights->societe->creer','$conf->societe->enabled',2,'2017-08-30 15:14:30'),
(161687,'auguria',1,'','left','companies',161089,NULL,NULL,1,'/contact/list.php?leftmenu=contacts','','ContactsAddresses',NULL,'companies',0,'contacts','$user->rights->societe->lire','$conf->societe->enabled',2,'2017-08-30 15:14:30'),
(161688,'auguria',1,'','left','companies',161687,NULL,NULL,0,'/contact/card.php?leftmenu=contacts&amp;action=create','','NewContactAddress',NULL,'companies',1,'','$user->rights->societe->creer','$conf->societe->enabled',2,'2017-08-30 15:14:30'),
(161689,'auguria',1,'','left','companies',161687,NULL,NULL,1,'/contact/list.php?leftmenu=contacts','','List',NULL,'companies',1,'','$user->rights->societe->lire','$conf->societe->enabled',2,'2017-08-30 15:14:30'),
(161691,'auguria',1,'','left','companies',161689,NULL,NULL,1,'/contact/list.php?leftmenu=contacts&amp;type=p','','ThirdPartyProspects',NULL,'companies',2,'','$user->rights->societe->contact->lire','$conf->societe->enabled',2,'2017-08-30 15:14:30'),
(161692,'auguria',1,'','left','companies',161689,NULL,NULL,2,'/contact/list.php?leftmenu=contacts&amp;type=c','','ThirdPartyCustomers',NULL,'companies',2,'','$user->rights->societe->contact->lire','$conf->societe->enabled',2,'2017-08-30 15:14:30'),
(161693,'auguria',1,'','left','companies',161689,NULL,NULL,3,'/contact/list.php?leftmenu=contacts&amp;type=f','','ThirdPartySuppliers',NULL,'companies',2,'','$user->rights->societe->contact->lire','$conf->societe->enabled && $conf->fournisseur->enabled',2,'2017-08-30 15:14:30'),
(161694,'auguria',1,'','left','companies',161689,NULL,NULL,4,'/contact/list.php?leftmenu=contacts&amp;type=o','','Others',NULL,'companies',2,'','$user->rights->societe->contact->lire','$conf->societe->enabled',2,'2017-08-30 15:14:30'),
(161737,'auguria',1,'','left','companies',161089,NULL,NULL,3,'/categories/index.php?leftmenu=cat&amp;type=1','','SuppliersCategoriesShort',NULL,'categories',0,'cat','$user->rights->categorie->lire','$conf->societe->enabled && $conf->categorie->enabled',2,'2017-08-30 15:14:30'),
(161738,'auguria',1,'','left','companies',161737,NULL,NULL,0,'/categories/card.php?action=create&amp;type=1','','NewCategory',NULL,'categories',1,'','$user->rights->categorie->creer','$conf->societe->enabled && $conf->categorie->enabled',2,'2017-08-30 15:14:30'),
(161747,'auguria',1,'','left','companies',161089,NULL,NULL,4,'/categories/index.php?leftmenu=cat&amp;type=2','','CustomersProspectsCategoriesShort',NULL,'categories',0,'cat','$user->rights->categorie->lire','$conf->fournisseur->enabled && $conf->categorie->enabled',2,'2017-08-30 15:14:30'),
(161748,'auguria',1,'','left','companies',161747,NULL,NULL,0,'/categories/card.php?action=create&amp;type=2','','NewCategory',NULL,'categories',1,'','$user->rights->categorie->creer','$conf->fournisseur->enabled && $conf->categorie->enabled',2,'2017-08-30 15:14:30'),
(161757,'auguria',1,'','left','companies',161089,NULL,NULL,3,'/categories/index.php?leftmenu=cat&amp;type=4','','ContactCategoriesShort',NULL,'categories',0,'cat','$user->rights->categorie->lire','$conf->societe->enabled && $conf->categorie->enabled',2,'2017-08-30 15:14:30'),
(161758,'auguria',1,'','left','companies',161757,NULL,NULL,0,'/categories/card.php?action=create&amp;type=4','','NewCategory',NULL,'categories',1,'','$user->rights->categorie->creer','$conf->societe->enabled && $conf->categorie->enabled',2,'2017-08-30 15:14:30'),
(162187,'auguria',1,'','left','commercial',161092,NULL,NULL,4,'/comm/propal/index.php?leftmenu=propals','','Prop',NULL,'propal',0,'propals','$user->rights->propale->lire','$conf->propal->enabled',2,'2017-08-30 15:14:30'),
(162188,'auguria',1,'','left','commercial',162187,NULL,NULL,0,'/comm/propal/card.php?action=create&amp;leftmenu=propals','','NewPropal',NULL,'propal',1,'','$user->rights->propale->creer','$conf->propal->enabled',2,'2017-08-30 15:14:30'),
(162189,'auguria',1,'','left','commercial',162187,NULL,NULL,1,'/comm/propal/list.php?leftmenu=propals','','List',NULL,'propal',1,'','$user->rights->propale->lire','$conf->propal->enabled',2,'2017-08-30 15:14:30'),
(162190,'auguria',1,'','left','commercial',162189,NULL,NULL,2,'/comm/propal/list.php?leftmenu=propals&amp;search_status=0','','PropalsDraft',NULL,'propal',1,'','$user->rights->propale->lire','$conf->propal->enabled && $leftmenu==\"propals\"',2,'2017-08-30 15:14:30'),
(162191,'auguria',1,'','left','commercial',162189,NULL,NULL,3,'/comm/propal/list.php?leftmenu=propals&amp;search_status=1','','PropalsOpened',NULL,'propal',1,'','$user->rights->propale->lire','$conf->propal->enabled && $leftmenu==\"propals\"',2,'2017-08-30 15:14:30'),
(162192,'auguria',1,'','left','commercial',162189,NULL,NULL,4,'/comm/propal/list.php?leftmenu=propals&amp;search_status=2','','PropalStatusSigned',NULL,'propal',1,'','$user->rights->propale->lire','$conf->propal->enabled && $leftmenu==\"propals\"',2,'2017-08-30 15:14:30'),
(162193,'auguria',1,'','left','commercial',162189,NULL,NULL,5,'/comm/propal/list.php?leftmenu=propals&amp;search_status=3','','PropalStatusNotSigned',NULL,'propal',1,'','$user->rights->propale->lire','$conf->propal->enabled && $leftmenu==\"propals\"',2,'2017-08-30 15:14:30'),
(162194,'auguria',1,'','left','commercial',162189,NULL,NULL,6,'/comm/propal/list.php?leftmenu=propals&amp;search_status=4','','PropalStatusBilled',NULL,'propal',1,'','$user->rights->propale->lire','$conf->propal->enabled && $leftmenu==\"propals\"',2,'2017-08-30 15:14:30'),
(162197,'auguria',1,'','left','commercial',162187,NULL,NULL,4,'/comm/propal/stats/index.php?leftmenu=propals','','Statistics',NULL,'propal',1,'','$user->rights->propale->lire','$conf->propal->enabled',2,'2017-08-30 15:14:30'),
(162287,'auguria',1,'','left','commercial',161092,NULL,NULL,5,'/commande/index.php?leftmenu=orders','','CustomersOrders',NULL,'orders',0,'orders','$user->rights->commande->lire','$conf->commande->enabled',2,'2017-08-30 15:14:30'),
(162288,'auguria',1,'','left','commercial',162287,NULL,NULL,0,'/commande/card.php?action=create&amp;leftmenu=orders','','NewOrder',NULL,'orders',1,'','$user->rights->commande->creer','$conf->commande->enabled',2,'2017-08-30 15:14:30'),
(162289,'auguria',1,'','left','commercial',162287,NULL,NULL,1,'/commande/list.php?leftmenu=orders','','List',NULL,'orders',1,'','$user->rights->commande->lire','$conf->commande->enabled',2,'2017-08-30 15:14:30'),
(162290,'auguria',1,'','left','commercial',162289,NULL,NULL,2,'/commande/list.php?leftmenu=orders&amp;search_status=0','','StatusOrderDraftShort',NULL,'orders',1,'','$user->rights->commande->lire','$conf->commande->enabled && $leftmenu==\"orders\"',2,'2017-08-30 15:14:30'),
(162291,'auguria',1,'','left','commercial',162289,NULL,NULL,3,'/commande/list.php?leftmenu=orders&amp;search_status=1','','StatusOrderValidated',NULL,'orders',1,'','$user->rights->commande->lire','$conf->commande->enabled && $leftmenu==\"orders\"',2,'2017-08-30 15:14:30'),
(162292,'auguria',1,'','left','commercial',162289,NULL,NULL,4,'/commande/list.php?leftmenu=orders&amp;search_status=2','','StatusOrderOnProcessShort',NULL,'orders',1,'','$user->rights->commande->lire','$conf->commande->enabled && $leftmenu==\"orders\"',2,'2017-08-30 15:14:30'),
(162293,'auguria',1,'','left','commercial',162289,NULL,NULL,5,'/commande/list.php?leftmenu=orders&amp;search_status=3','','StatusOrderToBill',NULL,'orders',1,'','$user->rights->commande->lire','$conf->commande->enabled && $leftmenu==\"orders\"',2,'2017-08-30 15:14:30'),
(162294,'auguria',1,'','left','commercial',162289,NULL,NULL,6,'/commande/list.php?leftmenu=orders&amp;search_status=4','','StatusOrderProcessed',NULL,'orders',1,'','$user->rights->commande->lire','$conf->commande->enabled && $leftmenu==\"orders\"',2,'2017-08-30 15:14:30'),
(162295,'auguria',1,'','left','commercial',162289,NULL,NULL,7,'/commande/list.php?leftmenu=orders&amp;search_status=-1','','StatusOrderCanceledShort',NULL,'orders',1,'','$user->rights->commande->lire','$conf->commande->enabled && $leftmenu==\"orders\"',2,'2017-08-30 15:14:30'),
(162296,'auguria',1,'','left','commercial',162287,NULL,NULL,4,'/commande/stats/index.php?leftmenu=orders','','Statistics',NULL,'orders',1,'','$user->rights->commande->lire','$conf->commande->enabled',2,'2017-08-30 15:14:30'),
(162387,'auguria',1,'','left','commercial',161090,NULL,NULL,6,'/expedition/index.php?leftmenu=sendings','','Shipments',NULL,'sendings',0,'sendings','$user->rights->expedition->lire','$conf->expedition->enabled',2,'2017-08-30 15:14:30'),
(162388,'auguria',1,'','left','commercial',162387,NULL,NULL,0,'/expedition/card.php?action=create2&leftmenu=sendings','','NewSending',NULL,'sendings',1,'','$user->rights->expedition->creer','$conf->expedition->enabled && $leftmenu==\"sendings\"',2,'2017-08-30 15:14:30'),
(162389,'auguria',1,'','left','commercial',162387,NULL,NULL,1,'/expedition/list.php?leftmenu=sendings','','List',NULL,'sendings',1,'','$user->rights->expedition->lire','$conf->expedition->enabled && $leftmenu==\"sendings\"',2,'2017-08-30 15:14:30'),
(162390,'auguria',1,'','left','commercial',162387,NULL,NULL,2,'/expedition/stats/index.php?leftmenu=sendings','','Statistics',NULL,'sendings',1,'','$user->rights->expedition->lire','$conf->expedition->enabled && $leftmenu==\"sendings\"',2,'2017-08-30 15:14:30'),
(162487,'auguria',1,'','left','commercial',161092,NULL,NULL,7,'/contrat/index.php?leftmenu=contracts','','Contracts',NULL,'contracts',0,'contracts','$user->rights->contrat->lire','$conf->contrat->enabled',2,'2017-08-30 15:14:30'),
(162488,'auguria',1,'','left','commercial',162487,NULL,NULL,0,'/contrat/card.php?&action=create&amp;leftmenu=contracts','','NewContract',NULL,'contracts',1,'','$user->rights->contrat->creer','$conf->contrat->enabled',2,'2017-08-30 15:14:30'),
(162489,'auguria',1,'','left','commercial',162487,NULL,NULL,1,'/contrat/list.php?leftmenu=contracts','','List',NULL,'contracts',1,'','$user->rights->contrat->lire','$conf->contrat->enabled',2,'2017-08-30 15:14:30'),
(162490,'auguria',1,'','left','commercial',162487,NULL,NULL,2,'/contrat/services.php?leftmenu=contracts','','MenuServices',NULL,'contracts',1,'','$user->rights->contrat->lire','$conf->contrat->enabled',2,'2017-08-30 15:14:30'),
(162491,'auguria',1,'','left','commercial',162490,NULL,NULL,0,'/contrat/services.php?leftmenu=contracts&amp;mode=0','','MenuInactiveServices',NULL,'contracts',2,'','$user->rights->contrat->lire','$conf->contrat->enabled && $leftmenu==\"contracts\"',2,'2017-08-30 15:14:30'),
(162492,'auguria',1,'','left','commercial',162490,NULL,NULL,1,'/contrat/services.php?leftmenu=contracts&amp;mode=4','','MenuRunningServices',NULL,'contracts',2,'','$user->rights->contrat->lire','$conf->contrat->enabled && $leftmenu==\"contracts\"',2,'2017-08-30 15:14:30'),
(162493,'auguria',1,'','left','commercial',162490,NULL,NULL,2,'/contrat/services.php?leftmenu=contracts&amp;mode=4&amp;filter=expired','','MenuExpiredServices',NULL,'contracts',2,'','$user->rights->contrat->lire','$conf->contrat->enabled && $leftmenu==\"contracts\"',2,'2017-08-30 15:14:30'),
(162494,'auguria',1,'','left','commercial',162490,NULL,NULL,3,'/contrat/services.php?leftmenu=contracts&amp;mode=5','','MenuClosedServices',NULL,'contracts',2,'','$user->rights->contrat->lire','$conf->contrat->enabled && $leftmenu==\"contracts\"',2,'2017-08-30 15:14:30'),
(162587,'auguria',1,'','left','commercial',161092,NULL,NULL,8,'/fichinter/list.php?leftmenu=ficheinter','','Interventions',NULL,'interventions',0,'ficheinter','$user->rights->ficheinter->lire','$conf->ficheinter->enabled',2,'2017-08-30 15:14:30'),
(162588,'auguria',1,'','left','commercial',162587,NULL,NULL,0,'/fichinter/card.php?action=create&amp;leftmenu=ficheinter','','NewIntervention',NULL,'interventions',1,'','$user->rights->ficheinter->creer','$conf->ficheinter->enabled',2,'2017-08-30 15:14:30'),
(162589,'auguria',1,'','left','commercial',162587,NULL,NULL,1,'/fichinter/list.php?leftmenu=ficheinter','','List',NULL,'interventions',1,'','$user->rights->ficheinter->lire','$conf->ficheinter->enabled',2,'2017-08-30 15:14:30'),
(162590,'auguria',1,'','left','commercial',162587,NULL,NULL,2,'/fichinter/stats/index.php?leftmenu=ficheinter','','Statistics',NULL,'interventions',1,'','$user->rights->ficheinter->lire','$conf->ficheinter->enabled',2,'2017-08-30 15:14:30'),
(162687,'auguria',1,'','left','accountancy',161093,NULL,NULL,3,'/fourn/facture/list.php?leftmenu=suppliers_bills','','BillsSuppliers',NULL,'bills',0,'suppliers_bills','$user->rights->fournisseur->facture->lire','$conf->supplier_invoice->enabled',2,'2023-02-27 16:28:21'),
(162688,'auguria',1,'','left','accountancy',162687,NULL,NULL,0,'/fourn/facture/card.php?action=create&amp;leftmenu=suppliers_bills','','NewBill',NULL,'bills',1,'','$user->rights->fournisseur->facture->creer','$conf->supplier_invoice->enabled',2,'2017-08-30 15:14:30'),
(162689,'auguria',1,'','left','accountancy',162687,NULL,NULL,1,'/fourn/facture/list.php?leftmenu=suppliers_bills','','List',NULL,'bills',1,'','$user->rights->fournisseur->facture->lire','$conf->supplier_invoice->enabled',2,'2017-08-30 15:14:30'),
(162690,'auguria',1,'','left','accountancy',162687,NULL,NULL,2,'/fourn/facture/paiement.php?leftmenu=suppliers_bills','','Payments',NULL,'bills',1,'','$user->rights->fournisseur->facture->lire','$conf->supplier_invoice->enabled',2,'2017-08-30 15:14:30'),
(162691,'auguria',1,'','left','accountancy',162687,NULL,NULL,8,'/compta/facture/stats/index.php?leftmenu=customers_bills&mode=supplier','','Statistics',NULL,'bills',1,'','$user->rights->fournisseur->facture->lire','$conf->supplier_invoice->enabled',2,'2017-08-30 15:14:30'),
(162692,'auguria',1,'','left','accountancy',162690,NULL,NULL,1,'/fourn/facture/rapport.php?leftmenu=suppliers_bills','','Reporting',NULL,'bills',2,'','$user->rights->fournisseur->facture->lire','$conf->supplier_invoice->enabled',2,'2017-08-30 15:14:30'),
(162787,'auguria',1,'','left','accountancy',161093,NULL,NULL,3,'/compta/facture/list.php?leftmenu=customers_bills','','BillsCustomers',NULL,'bills',0,'customer_bills','$user->rights->facture->lire','$conf->facture->enabled',2,'2017-08-30 15:14:30'),
(162788,'auguria',1,'','left','accountancy',162787,NULL,NULL,3,'/compta/facture/card.php?action=create&amp;leftmenu=customers_bills','','NewBill',NULL,'bills',1,'','$user->rights->facture->creer','$conf->facture->enabled',2,'2017-08-30 15:14:30'),
(162789,'auguria',1,'','left','accountancy',162787,NULL,NULL,5,'/compta/facture/fiche-rec.php?leftmenu=customers_bills','','ListOfTemplates',NULL,'bills',1,'','$user->rights->facture->lire','$conf->facture->enabled',2,'2017-08-30 15:14:30'),
(162791,'auguria',1,'','left','accountancy',162787,NULL,NULL,6,'/compta/paiement/list.php?leftmenu=customers_bills','','Payments',NULL,'bills',1,'','$user->rights->facture->lire','$conf->facture->enabled',2,'2017-08-30 15:14:30'),
(162792,'auguria',1,'','left','accountancy',162787,NULL,NULL,4,'/compta/facture/list.php?leftmenu=customers_bills','','List',NULL,'bills',1,'','$user->rights->facture->lire','$conf->facture->enabled',2,'2017-08-30 15:14:30'),
(162797,'auguria',1,'','left','accountancy',162791,NULL,NULL,1,'/compta/paiement/rapport.php?leftmenu=customers_bills','','Reportings',NULL,'bills',2,'','$user->rights->facture->lire','$conf->facture->enabled',2,'2017-08-30 15:14:30'),
(162798,'auguria',1,'','left','accountancy',161101,NULL,NULL,9,'/compta/paiement/cheque/index.php?leftmenu=checks&amp;mainmenu=bank','','MenuChequeDeposits',NULL,'bills',0,'checks','$user->rights->banque->lire','empty($conf->global->BANK_DISABLE_CHECK_DEPOSIT) && ! empty($conf->banque->enabled) && (! empty($conf->facture->enabled) || ! empty($conf->global->MAIN_MENU_CHEQUE_DEPOSIT_ON))',2,'2017-08-30 15:14:30'),
(162799,'auguria',1,'','left','accountancy',162798,NULL,NULL,0,'/compta/paiement/cheque/card.php?leftmenu=checks&amp;action=new','','NewCheckDeposit',NULL,'compta',1,'','$user->rights->banque->lire','empty($conf->global->BANK_DISABLE_CHECK_DEPOSIT) && ! empty($conf->banque->enabled) && (! empty($conf->facture->enabled) || ! empty($conf->global->MAIN_MENU_CHEQUE_DEPOSIT_ON))',2,'2017-08-30 15:14:30'),
(162800,'auguria',1,'','left','accountancy',162798,NULL,NULL,1,'/compta/paiement/cheque/list.php?leftmenu=checks','','List',NULL,'bills',1,'','$user->rights->banque->lire','empty($conf->global->BANK_DISABLE_CHECK_DEPOSIT) && ! empty($conf->banque->enabled) && (! empty($conf->facture->enabled) || ! empty($conf->global->MAIN_MENU_CHEQUE_DEPOSIT_ON))',2,'2017-08-30 15:14:30'),
(162801,'auguria',1,'','left','accountancy',162787,NULL,NULL,8,'/compta/facture/stats/index.php?leftmenu=customers_bills','','Statistics',NULL,'bills',1,'','$user->rights->facture->lire','$conf->facture->enabled',2,'2017-08-30 15:14:30'),
(162807,'auguria',1,'','left','accountancy',162792,NULL,NULL,1,'/compta/facture/list.php?leftmenu=customers_bills&amp;search_status=0','','BillShortStatusDraft',NULL,'bills',2,'','$user->rights->facture->lire','$conf->facture->enabled',2,'2017-08-30 15:14:30'),
(162808,'auguria',1,'','left','accountancy',162792,NULL,NULL,2,'/compta/facture/list.php?leftmenu=customers_bills&amp;search_status=1','','BillShortStatusNotPaid',NULL,'bills',2,'','$user->rights->facture->lire','$conf->facture->enabled',2,'2017-08-30 15:14:30'),
(162809,'auguria',1,'','left','accountancy',162792,NULL,NULL,3,'/compta/facture/list.php?leftmenu=customers_bills&amp;search_status=2','','BillShortStatusPaid',NULL,'bills',2,'','$user->rights->facture->lire','$conf->facture->enabled',2,'2017-08-30 15:14:30'),
(162810,'auguria',1,'','left','accountancy',162792,NULL,NULL,4,'/compta/facture/list.php?leftmenu=customers_bills&amp;search_status=3','','BillShortStatusCanceled',NULL,'bills',2,'','$user->rights->facture->lire','$conf->facture->enabled',2,'2017-08-30 15:14:30'),
(162987,'auguria',1,'','left','accountancy',161093,NULL,NULL,3,'/commande/list.php?leftmenu=orders&amp;search_status=3','','MenuOrdersToBill',NULL,'orders',0,'orders','$user->rights->commande->lire','$conf->commande->enabled',0,'2017-08-30 15:14:30'),
(163087,'auguria',1,'','left','accountancy',161093,NULL,NULL,4,'/don/index.php?leftmenu=donations&amp;mainmenu=accountancy','','Donations',NULL,'donations',0,'donations','$user->rights->don->lire','$conf->don->enabled',2,'2017-08-30 15:14:30'),
(163088,'auguria',1,'','left','accountancy',163087,NULL,NULL,0,'/don/card.php?leftmenu=donations&amp;mainmenu=accountancy&amp;action=create','','NewDonation',NULL,'donations',1,'','$user->rights->don->creer','$conf->don->enabled && $leftmenu==\"donations\"',2,'2017-08-30 15:14:30'),
(163089,'auguria',1,'','left','accountancy',163087,NULL,NULL,1,'/don/list.php?leftmenu=donations&amp;mainmenu=accountancy','','List',NULL,'donations',1,'','$user->rights->don->lire','$conf->don->enabled && $leftmenu==\"donations\"',2,'2017-08-30 15:14:30'),
(163187,'auguria',1,'','left','accountancy',161102,NULL,NULL,5,'/compta/deplacement/index.php?leftmenu=tripsandexpenses','','TripsAndExpenses',NULL,'trips',0,'tripsandexpenses','$user->rights->deplacement->lire','$conf->deplacement->enabled',0,'2017-08-30 15:14:30'),
(163188,'auguria',1,'','left','accountancy',163187,NULL,NULL,1,'/compta/deplacement/card.php?action=create&amp;leftmenu=tripsandexpenses','','New',NULL,'trips',1,'','$user->rights->deplacement->creer','$conf->deplacement->enabled',0,'2017-08-30 15:14:30'),
(163189,'auguria',1,'','left','accountancy',163187,NULL,NULL,2,'/compta/deplacement/list.php?leftmenu=tripsandexpenses','','List',NULL,'trips',1,'','$user->rights->deplacement->lire','$conf->deplacement->enabled',0,'2017-08-30 15:14:30'),
(163190,'auguria',1,'','left','accountancy',163187,NULL,NULL,2,'/compta/deplacement/stats/index.php?leftmenu=tripsandexpenses','','Statistics',NULL,'trips',1,'','$user->rights->deplacement->lire','$conf->deplacement->enabled',0,'2017-08-30 15:14:30'),
(163287,'auguria',1,'','left','accountancy',161093,NULL,NULL,6,'/compta/charges/index.php?leftmenu=tax&amp;mainmenu=accountancy','','MenuSpecialExpenses',NULL,'compta',0,'tax','(! empty($conf->tax->enabled) && $user->rights->tax->charges->lire) || (! empty($conf->salaries->enabled) && $user->rights->salaries->read)','$conf->tax->enabled || $conf->salaries->enabled',0,'2017-08-30 15:14:30'),
(163297,'auguria',1,'','left','accountancy',163287,NULL,NULL,1,'/compta/salaries/index.php?leftmenu=tax_salary&amp;mainmenu=accountancy','','Salaries',NULL,'salaries',1,'tax_sal','$user->rights->salaries->payment->read','$conf->salaries->enabled',0,'2017-08-30 15:14:30'),
(163298,'auguria',1,'','left','accountancy',163297,NULL,NULL,2,'/compta/salaries/card.php?leftmenu=tax_salary&amp;action=create','','NewPayment',NULL,'companies',2,'','$user->rights->salaries->payment->write','$conf->salaries->enabled && $leftmenu==\"tax_salary\"',0,'2017-08-30 15:14:30'),
(163299,'auguria',1,'','left','accountancy',163297,NULL,NULL,3,'/compta/salaries/index.php?leftmenu=tax_salary','','Payments',NULL,'companies',2,'','$user->rights->salaries->payment->read','$conf->salaries->enabled && $leftmenu==\"tax_salary\"',0,'2017-08-30 15:14:30'),
(163307,'auguria',1,'','left','accountancy',163287,NULL,NULL,1,'/loan/index.php?leftmenu=tax_loan&amp;mainmenu=accountancy','','Loans',NULL,'loan',1,'tax_loan','$user->rights->loan->read','$conf->loan->enabled',0,'2017-08-30 15:14:30'),
(163308,'auguria',1,'','left','accountancy',163307,NULL,NULL,2,'/loan/card.php?leftmenu=tax_loan&amp;action=create','','NewLoan',NULL,'loan',2,'','$user->rights->loan->write','$conf->loan->enabled && $leftmenu==\"tax_loan\"',0,'2017-08-30 15:14:30'),
(163310,'auguria',1,'','left','accountancy',163307,NULL,NULL,4,'/loan/calc.php?leftmenu=tax_loan','','Calculator',NULL,'companies',2,'','$user->rights->loan->calc','$conf->loan->enabled && $leftmenu==\"tax_loan\" && ! empty($conf->global->LOAN_SHOW_CALCULATOR)',0,'2017-08-30 15:14:30'),
(163337,'auguria',1,'','left','accountancy',163287,NULL,NULL,1,'/compta/sociales/index.php?leftmenu=tax_social','','SocialContributions',NULL,'',1,'tax_social','$user->rights->tax->charges->lire','$conf->tax->enabled',0,'2017-08-30 15:14:30'),
(163338,'auguria',1,'','left','accountancy',163337,NULL,NULL,2,'/compta/sociales/card.php?leftmenu=tax_social&amp;action=create','','MenuNewSocialContribution',NULL,'',2,'','$user->rights->tax->charges->creer','$conf->tax->enabled && $leftmenu==\"tax_social\"',0,'2017-08-30 15:14:30'),
(163339,'auguria',1,'','left','accountancy',163337,NULL,NULL,3,'/compta/sociales/payments.php?leftmenu=tax_social&amp;mainmenu=accountancy&amp;mode=sconly','','Payments',NULL,'',2,'','$user->rights->tax->charges->lire','$conf->tax->enabled && $leftmenu==\"tax_social\"',0,'2017-08-30 15:14:30'),
(163387,'auguria',1,'','left','accountancy',163287,NULL,NULL,7,'/compta/tva/index.php?leftmenu=tax_vat&amp;mainmenu=accountancy','','VAT',NULL,'companies',1,'tax_vat','$user->rights->tax->charges->lire','$conf->tax->enabled && empty($conf->global->TAX_DISABLE_VAT_MENUS)',0,'2017-08-30 15:14:30'),
(163388,'auguria',1,'','left','accountancy',163387,NULL,NULL,0,'/compta/tva/card.php?leftmenu=tax_vat&amp;action=create','','New',NULL,'companies',2,'','$user->rights->tax->charges->creer','$conf->tax->enabled && empty($conf->global->TAX_DISABLE_VAT_MENUS) && $leftmenu==\"tax_vat\"',0,'2017-08-30 15:14:30'),
(163389,'auguria',1,'','left','accountancy',163387,NULL,NULL,1,'/compta/tva/reglement.php?leftmenu=tax_vat','','List',NULL,'companies',2,'','$user->rights->tax->charges->lire','$conf->tax->enabled && empty($conf->global->TAX_DISABLE_VAT_MENUS) && $leftmenu==\"tax_vat\"',0,'2017-08-30 15:14:30'),
(163390,'auguria',1,'','left','accountancy',163387,NULL,NULL,2,'/compta/tva/clients.php?leftmenu=tax_vat','','ReportByCustomers',NULL,'companies',2,'','$user->rights->tax->charges->lire','$conf->tax->enabled && empty($conf->global->TAX_DISABLE_VAT_MENUS) && $leftmenu==\"tax_vat\"',0,'2017-08-30 15:14:30'),
(163391,'auguria',1,'','left','accountancy',163387,NULL,NULL,3,'/compta/tva/quadri_detail.php?leftmenu=tax_vat','','ReportByQuarter',NULL,'companies',2,'','$user->rights->tax->charges->lire','$conf->tax->enabled && empty($conf->global->TAX_DISABLE_VAT_MENUS) && $leftmenu==\"tax_vat\"',0,'2017-08-30 15:14:30'),
(163487,'auguria',1,'','left','accountancy',161093,NULL,NULL,7,'/accountancy/index.php?leftmenu=accountancy','','MenuAccountancy',NULL,'accountancy',0,'accounting','! empty($conf->accounting->enabled) || $user->rights->accounting->bind->write || $user->rights->accounting->bind->write || $user->rights->compta->resultat->lire','$conf->accounting->enabled',0,'2017-08-30 15:14:30'),
(163488,'auguria',1,'','left','accountancy',163487,NULL,NULL,2,'/accountancy/customer/index.php?leftmenu=dispatch_customer','','CustomersVentilation',NULL,'accountancy',1,'dispatch_customer','$user->rights->accounting->bind->write','$conf->accounting->enabled',0,'2017-08-30 15:14:30'),
(163489,'auguria',1,'','left','accountancy',163488,NULL,NULL,3,'/accountancy/customer/list.php','','ToDispatch',NULL,'accountancy',2,'','$user->rights->accounting->bind->write','$conf->accounting->enabled && $leftmenu==\"dispatch_customer\"',0,'2017-08-30 15:14:30'),
(163490,'auguria',1,'','left','accountancy',163488,NULL,NULL,4,'/accountancy/customer/lines.php','','Dispatched',NULL,'accountancy',2,'','$user->rights->accounting->bind->write','$conf->accounting->enabled && $leftmenu==\"dispatch_customer\"',0,'2017-08-30 15:14:30'),
(163497,'auguria',1,'','left','accountancy',163487,NULL,NULL,5,'/accountancy/supplier/index.php?leftmenu=dispatch_supplier','','SuppliersVentilation',NULL,'accountancy',1,'ventil_supplier','$user->rights->accounting->bind->write','$conf->accounting->enabled && $conf->fournisseur->enabled',0,'2017-08-30 15:14:30'),
(163498,'auguria',1,'','left','accountancy',163497,NULL,NULL,6,'/accountancy/supplier/list.php','','ToDispatch',NULL,'accountancy',2,'','$user->rights->accounting->bind->write','$conf->accounting->enabled && $conf->fournisseur->enabled && $leftmenu==\"dispatch_supplier\"',0,'2017-08-30 15:14:30'),
(163499,'auguria',1,'','left','accountancy',163497,NULL,NULL,7,'/accountancy/supplier/lines.php','','Dispatched',NULL,'accountancy',2,'','$user->rights->accounting->bind->write','$conf->accounting->enabled && $conf->fournisseur->enabled && $leftmenu==\"dispatch_supplier\"',0,'2017-08-30 15:14:30'),
(163507,'auguria',1,'','left','accountancy',163487,NULL,NULL,5,'/accountancy/expensereport/index.php?leftmenu=dispatch_expensereport','','ExpenseReportsVentilation',NULL,'accountancy',1,'ventil_expensereport','$user->rights->accounting->bind->write','$conf->accounting->enabled && $conf->expensereport->enabled',0,'2017-08-30 15:14:30'),
(163508,'auguria',1,'','left','accountancy',163507,NULL,NULL,6,'/accountancy/expensereport/list.php','','ToDispatch',NULL,'accountancy',2,'','$user->rights->accounting->bind->write','$conf->accounting->enabled && $conf->expensereport->enabled && $leftmenu==\"dispatch_expensereport\"',0,'2017-08-30 15:14:30'),
(163509,'auguria',1,'','left','accountancy',163507,NULL,NULL,7,'/accountancy/expensereport/lines.php','','Dispatched',NULL,'accountancy',2,'','$user->rights->accounting->bind->write','$conf->accounting->enabled && $conf->expensereport->enabled && $leftmenu==\"dispatch_expensereport\"',0,'2017-08-30 15:14:30'),
(163517,'auguria',1,'','left','accountancy',163487,NULL,NULL,15,'/accountancy/bookkeeping/list.php','','Bookkeeping',NULL,'accountancy',1,'bookkeeping','$user->rights->accounting->mouvements->lire','$conf->accounting->enabled',0,'2017-08-30 15:14:30'),
(163522,'auguria',1,'','left','accountancy',163487,NULL,NULL,16,'/accountancy/bookkeeping/balance.php','','AccountBalance',NULL,'accountancy',1,'balance','$user->rights->accounting->mouvements->lire','$conf->accounting->enabled',0,'2017-08-30 15:14:30'),
(163527,'auguria',1,'','left','accountancy',163487,NULL,NULL,17,'/accountancy/report/result.php?mainmenu=accountancy&leftmenu=accountancy','','Reportings',NULL,'main',1,'report','$user->rights->compta->resultat->lire || $user->rights->accounting->comptarapport->lire','$conf->accounting->enabled',0,'2017-08-30 15:14:30'),
(163528,'auguria',1,'','left','accountancy',163527,NULL,NULL,19,'/compta/resultat/index.php?mainmenu=accountancy&leftmenu=accountancy','','ReportInOut',NULL,'main',2,'','$user->rights->compta->resultat->lire || $user->rights->accounting->comptarapport->lire','$conf->accounting->enabled && $leftmenu==\"accountancy\"',0,'2017-08-30 15:14:30'),
(163529,'auguria',1,'','left','accountancy',163528,NULL,NULL,18,'/accountancy/report/result.php?mainmenu=accountancy&leftmenu=accountancy','','ByAccounts',NULL,'main',3,'','$user->rights->compta->resultat->lire || $user->rights->accounting->comptarapport->lire','$conf->accounting->enabled && $leftmenu==\"accountancy\"',0,'2017-08-30 15:14:30'),
(163530,'auguria',1,'','left','accountancy',163528,NULL,NULL,20,'/compta/resultat/clientfourn.php?mainmenu=accountancy&leftmenu=accountancy','','ByCompanies',NULL,'main',3,'','$user->rights->compta->resultat->lire || $user->rights->accounting->comptarapport->lire','$conf->accounting->enabled && $leftmenu==\"accountancy\"',0,'2017-08-30 15:14:30'),
(163531,'auguria',1,'','left','accountancy',163527,NULL,NULL,21,'/compta/stats/index.php?mainmenu=accountancy&leftmenu=accountancy','','ReportTurnover',NULL,'main',2,'','$user->rights->compta->resultat->lire || $user->rights->accounting->comptarapport->lire','$conf->accounting->enabled && $leftmenu==\"accountancy\"',0,'2017-08-30 15:14:30'),
(163532,'auguria',1,'','left','accountancy',163531,NULL,NULL,22,'/compta/stats/casoc.php?mainmenu=accountancy&leftmenu=accountancy','','ByCompanies',NULL,'main',3,'','$user->rights->compta->resultat->lire || $user->rights->accounting->comptarapport->lire','$conf->accounting->enabled && $leftmenu==\"accountancy\"',0,'2017-08-30 15:14:30'),
(163533,'auguria',1,'','left','accountancy',163531,NULL,NULL,23,'/compta/stats/cabyuser.php?mainmenu=accountancy&leftmenu=accountancy','','ByUsers',NULL,'main',3,'','$user->rights->compta->resultat->lire || $user->rights->accounting->comptarapport->lire','$conf->accounting->enabled && $leftmenu==\"accountancy\"',0,'2017-08-30 15:14:30'),
(163534,'auguria',1,'','left','accountancy',163531,NULL,NULL,24,'/compta/stats/cabyprodserv.php?mainmenu=accountancy&leftmenu=accountancy','','ByProductsAndServices',NULL,'main',3,'','$user->rights->compta->resultat->lire || $user->rights->accounting->comptarapport->lire','$conf->accounting->enabled && $leftmenu==\"accountancy\"',0,'2017-08-30 15:14:30'),
(163537,'auguria',1,'','left','accountancy',163538,NULL,NULL,80,'/accountancy/admin/fiscalyear.php?mainmenu=accountancy&leftmenu=accountancy_admin','','FiscalPeriod',NULL,'admin',1,'accountancy_admin_period','','$conf->accounting->enabled && $leftmenu==\"accountancy_admin\" && $conf->global->MAIN_FEATURES_LEVEL > 0',2,'2017-08-30 15:14:30'),
(163538,'auguria',1,'','left','accountancy',163487,NULL,NULL,1,'/accountancy/index.php?mainmenu=accountancy&leftmenu=accountancy_admin','','Setup',NULL,'accountancy',1,'accountancy_admin','$user->rights->accounting->chartofaccount','$conf->accounting->enabled',0,'2017-08-30 15:14:30'),
(163541,'auguria',1,'','left','accountancy',163538,NULL,NULL,10,'/accountancy/admin/journals_list.php?id=35&mainmenu=accountancy&leftmenu=accountancy_admin','','AccountingJournals',NULL,'accountancy',2,'accountancy_admin_journal','$user->rights->accounting->chartofaccount','$conf->accounting->enabled && $leftmenu==\"accountancy_admin\"',0,'2017-08-30 15:14:30'),
(163542,'auguria',1,'','left','accountancy',163538,NULL,NULL,20,'/accountancy/admin/account.php?mainmenu=accountancy&leftmenu=accountancy_admin','','Pcg_version',NULL,'accountancy',2,'accountancy_admin_chartmodel','$user->rights->accounting->chartofaccount','$conf->accounting->enabled && $leftmenu==\"accountancy_admin\"',0,'2017-08-30 15:14:30'),
(163543,'auguria',1,'','left','accountancy',163538,NULL,NULL,30,'/accountancy/admin/account.php?mainmenu=accountancy&leftmenu=accountancy_admin','','Chartofaccounts',NULL,'accountancy',2,'accountancy_admin_chart','$user->rights->accounting->chartofaccount','$conf->accounting->enabled && $leftmenu==\"accountancy_admin\"',0,'2017-08-30 15:14:30'),
(163544,'auguria',1,'','left','accountancy',163538,NULL,NULL,40,'/accountancy/admin/categories_list.php?id=32&mainmenu=accountancy&leftmenu=accountancy_admin','','AccountingCategory',NULL,'accountancy',2,'accountancy_admin_chart_group','$user->rights->accounting->chartofaccount','$conf->accounting->enabled && $leftmenu==\"accountancy_admin\"',0,'2017-08-30 15:14:30'),
(163545,'auguria',1,'','left','accountancy',163538,NULL,NULL,50,'/accountancy/admin/defaultaccounts.php?mainmenu=accountancy&leftmenu=accountancy_admin','','MenuDefaultAccounts',NULL,'accountancy',2,'accountancy_admin_default','$user->rights->accounting->chartofaccount','$conf->accounting->enabled && $leftmenu==\"accountancy_admin\"',0,'2017-08-30 15:14:30'),
(163546,'auguria',1,'','left','accountancy',163538,NULL,NULL,60,'/admin/dict.php?id=10&from=accountancy&search_country_id=__MYCOUNTRYID__&mainmenu=accountancy&leftmenu=accountancy_admin','','MenuVatAccounts',NULL,'accountancy',2,'accountancy_admin_vat','$user->rights->accounting->chartofaccount','$conf->accounting->enabled && $leftmenu==\"accountancy_admin\"',0,'2017-08-30 15:14:30'),
(163547,'auguria',1,'','left','accountancy',163538,NULL,NULL,70,'/admin/dict.php?id=7&from=accountancy&search_country_id=__MYCOUNTRYID__&mainmenu=accountancy&leftmenu=accountancy_admin','','MenuTaxAccounts',NULL,'accountancy',2,'accountancy_admin_tax','$user->rights->accounting->chartofaccount','$conf->accounting->enabled && $leftmenu==\"accountancy_admin\"',0,'2017-08-30 15:14:30'),
(163548,'auguria',1,'','left','accountancy',163538,NULL,NULL,80,'/admin/dict.php?id=17&from=accountancy&mainmenu=accountancy&leftmenu=accountancy_admin','','MenuExpenseReportAccounts',NULL,'accountancy',2,'accountancy_admin_expensereport','$user->rights->accounting->chartofaccount','$conf->accounting->enabled && $conf->expensereport->enabled && $leftmenu==\"accountancy_admin\"',0,'2017-08-30 15:14:30'),
(163549,'auguria',1,'','left','accountancy',163538,NULL,NULL,90,'/accountancy/admin/productaccount.php?mainmenu=accountancy&leftmenu=accountancy_admin','','MenuProductsAccounts',NULL,'accountancy',2,'accountancy_admin_product','$user->rights->accounting->chartofaccount','$conf->accounting->enabled && $leftmenu==\"accountancy_admin\"',0,'2017-08-30 15:14:30'),
(163587,'auguria',1,'','left','accountancy',161101,NULL,NULL,9,'/compta/prelevement/index.php?leftmenu=withdraw&amp;mainmenu=bank','','StandingOrders',NULL,'withdrawals',0,'withdraw','$user->rights->prelevement->bons->lire','$conf->prelevement->enabled',2,'2017-08-30 15:14:30'),
(163589,'auguria',1,'','left','accountancy',163587,NULL,NULL,0,'/compta/prelevement/create.php?leftmenu=withdraw','','NewStandingOrder',NULL,'withdrawals',1,'','$user->rights->prelevement->bons->lire','$conf->prelevement->enabled && $leftmenu==\"withdraw\"',2,'2017-08-30 15:14:30'),
(163590,'auguria',1,'','left','accountancy',163587,NULL,NULL,2,'/compta/prelevement/bons.php?leftmenu=withdraw','','WithdrawalsReceipts',NULL,'withdrawals',1,'','$user->rights->prelevement->bons->lire','$conf->prelevement->enabled && $leftmenu==\"withdraw\"',2,'2017-08-30 15:14:30'),
(163591,'auguria',1,'','left','accountancy',163587,NULL,NULL,3,'/compta/prelevement/list.php?leftmenu=withdraw','','WithdrawalsLines',NULL,'withdrawals',1,'','$user->rights->prelevement->bons->lire','$conf->prelevement->enabled && $leftmenu==\"withdraw\"',2,'2017-08-30 15:14:30'),
(163593,'auguria',1,'','left','accountancy',163587,NULL,NULL,5,'/compta/prelevement/rejets.php?leftmenu=withdraw','','Rejects',NULL,'withdrawals',1,'','$user->rights->prelevement->bons->lire','$conf->prelevement->enabled && $leftmenu==\"withdraw\"',2,'2017-08-30 15:14:30'),
(163594,'auguria',1,'','left','accountancy',163587,NULL,NULL,6,'/compta/prelevement/stats.php?leftmenu=withdraw','','Statistics',NULL,'withdrawals',1,'','$user->rights->prelevement->bons->lire','$conf->prelevement->enabled && $leftmenu==\"withdraw\"',2,'2017-08-30 15:14:30'),
(163687,'auguria',1,'','left','accountancy',161101,NULL,NULL,1,'/compta/bank/index.php?leftmenu=bank&amp;mainmenu=bank','','MenuBankCash',NULL,'banks',0,'bank','$user->rights->banque->lire','$conf->banque->enabled',0,'2017-08-30 15:14:30'),
(163688,'auguria',1,'','left','accountancy',163687,NULL,NULL,0,'/compta/bank/card.php?action=create&amp;leftmenu=bank','','MenuNewFinancialAccount',NULL,'banks',1,'','$user->rights->banque->configurer','$conf->banque->enabled && ($leftmenu==\"bank\" || $leftmenu==\"checks\" || $leftmenu==\"withdraw\")',0,'2017-08-30 15:14:30'),
(163690,'auguria',1,'','left','accountancy',163687,NULL,NULL,2,'/compta/bank/bankentries.php?leftmenu=bank','','ListTransactions',NULL,'banks',1,'','$user->rights->banque->lire','$conf->banque->enabled && ($leftmenu==\"bank\" || $leftmenu==\"checks\" || $leftmenu==\"withdraw\")',0,'2017-08-30 15:14:30'),
(163691,'auguria',1,'','left','accountancy',163687,NULL,NULL,3,'/compta/bank/budget.php?leftmenu=bank','','ListTransactionsByCategory',NULL,'banks',1,'','$user->rights->banque->lire','$conf->banque->enabled && ($leftmenu==\"bank\" || $leftmenu==\"checks\" || $leftmenu==\"withdraw\")',0,'2017-08-30 15:14:30'),
(163693,'auguria',1,'','left','accountancy',163687,NULL,NULL,5,'/compta/bank/transfer.php?leftmenu=bank','','BankTransfers',NULL,'banks',1,'','$user->rights->banque->transfer','$conf->banque->enabled && ($leftmenu==\"bank\" || $leftmenu==\"checks\" || $leftmenu==\"withdraw\")',0,'2017-08-30 15:14:30'),
(163737,'auguria',1,'','left','accountancy',161101,NULL,NULL,4,'/categories/index.php?leftmenu=bank&amp;type=5','','Categories',NULL,'categories',0,'cat','$user->rights->categorie->lire','$conf->categorie->enabled',2,'2017-08-30 15:14:30'),
(163738,'auguria',1,'','left','accountancy',163737,NULL,NULL,0,'/categories/card.php?leftmenu=bank&amp;action=create&amp;type=5','','NewCategory',NULL,'categories',1,'','$user->rights->categorie->creer','$conf->categorie->enabled',2,'2017-08-30 15:14:30'),
(163787,'auguria',1,'','left','accountancy',161093,NULL,NULL,11,'/compta/resultat/index.php?leftmenu=ca&amp;mainmenu=accountancy','','Reportings',NULL,'main',0,'ca','$user->rights->compta->resultat->lire || $user->rights->accounting->comptarapport->lire','$conf->comptabilite->enabled',0,'2017-08-30 15:14:30'),
(163792,'auguria',1,'','left','accountancy',163487,NULL,NULL,1,'','','Journalization',NULL,'main',1,'','$user->rights->accounting->comptarapport->lire','$conf->accounting->enabled',0,'2017-08-30 15:14:30'),
(163793,'auguria',1,'','left','accountancy',163792,NULL,NULL,4,'/accountancy/journal/sellsjournal.php?mainmenu=accountancy&leftmenu=accountancy_journal&id_journal=1','','SellsJournal',NULL,'main',2,'','$user->rights->compta->resultat->lire || $user->rights->accounting->comptarapport->lire','$conf->accounting->enabled',0,'2017-08-30 15:14:30'),
(163794,'auguria',1,'','left','accountancy',163792,NULL,NULL,1,'/accountancy/journal/bankjournal.php?mainmenu=accountancy&leftmenu=accountancy_journal&id_journal=3','','BankJournal',NULL,'main',2,'','$user->rights->compta->resultat->lire || $user->rights->accounting->comptarapport->lire','$conf->accounting->enabled',0,'2017-08-30 15:14:30'),
(163795,'auguria',1,'','left','accountancy',163792,NULL,NULL,2,'/accountancy/journal/expensereportsjournal.php?mainmenu=accountancy&leftmenu=accountancy_journal&id_journal=6','','ExpenseReportJournal',NULL,'main',2,'','$user->rights->compta->resultat->lire || $user->rights->accounting->comptarapport->lire','$conf->accounting->enabled',0,'2017-08-30 15:14:30'),
(163796,'auguria',1,'','left','accountancy',163792,NULL,NULL,3,'/accountancy/journal/purchasesjournal.php?mainmenu=accountancy&leftmenu=accountancy_journal&id_journal=2','','PurchasesJournal',NULL,'main',2,'','$user->rights->compta->resultat->lire || $user->rights->accounting->comptarapport->lire','$conf->accounting->enabled',0,'2017-08-30 15:14:30'),
(163798,'auguria',1,'','left','accountancy',163787,NULL,NULL,0,'/compta/resultat/index.php?leftmenu=ca','','ReportInOut',NULL,'main',1,'','$user->rights->compta->resultat->lire || $user->rights->accounting->comptarapport->lire','$conf->comptabilite->enabled && $leftmenu==\"ca\"',0,'2017-08-30 15:14:30'),
(163799,'auguria',1,'','left','accountancy',163788,NULL,NULL,0,'/compta/resultat/clientfourn.php?leftmenu=ca','','ByCompanies',NULL,'main',2,'','$user->rights->compta->resultat->lire || $user->rights->accounting->comptarapport->lire','$conf->comptabilite->enabled && $leftmenu==\"ca\"',0,'2017-08-30 15:14:30'),
(163800,'auguria',1,'','left','accountancy',163787,NULL,NULL,1,'/compta/stats/index.php?leftmenu=ca','','ReportTurnover',NULL,'main',1,'','$user->rights->compta->resultat->lire || $user->rights->accounting->comptarapport->lire','$conf->comptabilite->enabled && $leftmenu==\"ca\"',0,'2017-08-30 15:14:30'),
(163801,'auguria',1,'','left','accountancy',163790,NULL,NULL,0,'/compta/stats/casoc.php?leftmenu=ca','','ByCompanies',NULL,'main',2,'','$user->rights->compta->resultat->lire || $user->rights->accounting->comptarapport->lire','$conf->comptabilite->enabled && $leftmenu==\"ca\"',0,'2017-08-30 15:14:30'),
(163802,'auguria',1,'','left','accountancy',163790,NULL,NULL,1,'/compta/stats/cabyuser.php?leftmenu=ca','','ByUsers',NULL,'main',2,'','$user->rights->compta->resultat->lire || $user->rights->accounting->comptarapport->lire','$conf->comptabilite->enabled && $leftmenu==\"ca\"',0,'2017-08-30 15:14:30'),
(163803,'auguria',1,'','left','accountancy',163790,NULL,NULL,1,'/compta/stats/cabyprodserv.php?leftmenu=ca','','ByProductsAndServices',NULL,'main',2,'','$user->rights->compta->resultat->lire || $user->rights->accounting->comptarapport->lire','$conf->comptabilite->enabled && $leftmenu==\"ca\"',0,'2017-08-30 15:14:30'),
(163887,'auguria',1,'','left','products',161090,NULL,NULL,0,'/product/index.php?leftmenu=product&amp;type=0','','Products',NULL,'products',0,'product','$user->rights->produit->lire','$conf->product->enabled',2,'2017-08-30 15:14:30'),
(163888,'auguria',1,'','left','products',163887,NULL,NULL,0,'/product/card.php?leftmenu=product&amp;action=create&amp;type=0','','NewProduct',NULL,'products',1,'','$user->rights->produit->creer','$conf->product->enabled',2,'2017-08-30 15:14:30'),
(163889,'auguria',1,'','left','products',163887,NULL,NULL,1,'/product/list.php?leftmenu=product&amp;type=0','','List',NULL,'products',1,'','$user->rights->produit->lire','$conf->product->enabled',2,'2017-08-30 15:14:30'),
(163890,'auguria',1,'','left','products',163887,NULL,NULL,4,'/product/reassort.php?type=0','','Stocks',NULL,'products',1,'','$user->rights->produit->lire && $user->rights->stock->lire','$conf->product->enabled',2,'2017-08-30 15:14:30'),
(163891,'auguria',1,'','left','products',163887,NULL,NULL,7,'/product/stats/card.php?id=all&amp;leftmenu=stats&amp;type=0','','Statistics',NULL,'main',1,'','$user->rights->produit->lire','$conf->propal->enabled',2,'2017-08-30 15:14:30'),
(163892,'auguria',1,'','left','products',163887,NULL,NULL,5,'/product/reassortlot.php?type=0','','StocksByLotSerial',NULL,'products',1,'','$user->rights->produit->lire && $user->rights->stock->lire','$conf->productbatch->enabled',2,'2017-08-30 15:14:30'),
(163893,'auguria',1,'','left','products',163887,NULL,NULL,6,'/product/stock/productlot_list.php','','LotSerial',NULL,'products',1,'','$user->rights->produit->lire && $user->rights->stock->lire','$conf->productbatch->enabled',2,'2017-08-30 15:14:30'),
(163987,'auguria',1,'','left','products',161090,NULL,NULL,1,'/product/index.php?leftmenu=service&amp;type=1','','Services',NULL,'products',0,'service','$user->rights->service->lire','$conf->service->enabled',2,'2017-08-30 15:14:30'),
(163988,'auguria',1,'','left','products',163987,NULL,NULL,0,'/product/card.php?leftmenu=service&amp;action=create&amp;type=1','','NewService',NULL,'products',1,'','$user->rights->service->creer','$conf->service->enabled',2,'2017-08-30 15:14:30'),
(163989,'auguria',1,'','left','products',163987,NULL,NULL,1,'/product/list.php?leftmenu=service&amp;type=1','','List',NULL,'products',1,'','$user->rights->service->lire','$conf->service->enabled',2,'2017-08-30 15:14:30'),
(163990,'auguria',1,'','left','products',163987,NULL,NULL,5,'/product/stats/card.php?id=all&amp;leftmenu=stats&amp;type=1','','Statistics',NULL,'main',1,'','$user->rights->service->lire','$conf->propal->enabled',2,'2017-08-30 15:14:30'),
(164187,'auguria',1,'','left','products',161090,NULL,NULL,3,'/product/stock/index.php?leftmenu=stock','','Stock',NULL,'stocks',0,'stock','$user->rights->stock->lire','$conf->stock->enabled',2,'2017-08-30 15:14:30'),
(164188,'auguria',1,'','left','products',164187,NULL,NULL,0,'/product/stock/card.php?action=create','','MenuNewWarehouse',NULL,'stocks',1,'','$user->rights->stock->creer','$conf->stock->enabled',2,'2017-08-30 15:14:30'),
(164189,'auguria',1,'','left','products',164187,NULL,NULL,1,'/product/stock/list.php','','List',NULL,'stocks',1,'','$user->rights->stock->lire','$conf->stock->enabled',2,'2017-08-30 15:14:30'),
(164191,'auguria',1,'','left','products',164187,NULL,NULL,3,'/product/stock/mouvement.php','','Movements',NULL,'stocks',1,'','$user->rights->stock->mouvement->lire','$conf->stock->enabled',2,'2017-08-30 15:14:30'),
(164192,'auguria',1,'','left','products',164187,NULL,NULL,4,'/product/stock/replenish.php','','Replenishments',NULL,'stocks',1,'','$user->rights->stock->mouvement->creer && $user->rights->fournisseur->lire','$conf->stock->enabled && $conf->supplier_order->enabled',2,'2017-08-30 15:14:30'),
(164193,'auguria',1,'','left','products',164187,NULL,NULL,5,'/product/stock/massstockmove.php','','MassStockTransferShort',NULL,'stocks',1,'','$user->rights->stock->mouvement->creer','$conf->stock->enabled',2,'2017-08-30 15:14:30'),
(164287,'auguria',1,'','left','products',161090,NULL,NULL,4,'/categories/index.php?leftmenu=cat&amp;type=0','','Categories',NULL,'categories',0,'cat','$user->rights->categorie->lire','$conf->categorie->enabled',2,'2017-08-30 15:14:30'),
(164288,'auguria',1,'','left','products',164287,NULL,NULL,0,'/categories/card.php?action=create&amp;type=0','','NewCategory',NULL,'categories',1,'','$user->rights->categorie->creer','$conf->categorie->enabled',2,'2017-08-30 15:14:30'),
(164487,'auguria',1,'','left','project',161094,NULL,NULL,3,'/projet/activity/perweek.php?leftmenu=projects','','NewTimeSpent',NULL,'projects',0,'','$user->rights->projet->lire','$conf->projet->enabled && $conf->global->PROJECT_USE_TASKS',2,'2017-08-30 15:14:30'),
(164687,'auguria',1,'','left','project',161094,NULL,NULL,0,'/projet/index.php?leftmenu=projects','','Projects',NULL,'projects',0,'projects','$user->rights->projet->lire','$conf->projet->enabled',2,'2017-08-30 15:14:30'),
(164688,'auguria',1,'','left','project',164687,NULL,NULL,1,'/projet/card.php?leftmenu=projects&amp;action=create','','NewProject',NULL,'projects',1,'','$user->rights->projet->creer','$conf->projet->enabled',2,'2017-08-30 15:14:30'),
(164689,'auguria',1,'','left','project',164687,NULL,NULL,2,'/projet/list.php?leftmenu=projects','','List',NULL,'projects',1,'','$user->rights->projet->lire','$conf->projet->enabled',2,'2017-08-30 15:14:30'),
(164690,'auguria',1,'','left','project',164687,NULL,NULL,3,'/projet/stats/index.php?leftmenu=projects','','Statistics',NULL,'projects',1,'','$user->rights->projet->lire','$conf->projet->enabled',2,'2017-08-30 15:14:30'),
(164787,'auguria',1,'','left','project',161094,NULL,NULL,0,'/projet/activity/index.php?leftmenu=projects','','Activities',NULL,'projects',0,'','$user->rights->projet->lire','$conf->projet->enabled && $conf->global->PROJECT_USE_TASKS',2,'2017-08-30 15:14:30'),
(164788,'auguria',1,'','left','project',164787,NULL,NULL,1,'/projet/tasks.php?leftmenu=projects&amp;action=create','','NewTask',NULL,'projects',1,'','$user->rights->projet->creer','$conf->projet->enabled && $conf->global->PROJECT_USE_TASKS',2,'2017-08-30 15:14:30'),
(164789,'auguria',1,'','left','project',164787,NULL,NULL,2,'/projet/tasks/list.php?leftmenu=projects','','List',NULL,'projects',1,'','$user->rights->projet->lire','$conf->projet->enabled && $conf->global->PROJECT_USE_TASKS',2,'2017-08-30 15:14:30'),
(164791,'auguria',1,'','left','project',164787,NULL,NULL,4,'/projet/tasks/stats/index.php?leftmenu=projects','','Statistics',NULL,'projects',1,'','$user->rights->projet->lire','$conf->projet->enabled && $conf->global->PROJECT_USE_TASKS',2,'2017-08-30 15:14:30'),
(164891,'auguria',1,'','left','project',161094,NULL,NULL,4,'/categories/index.php?leftmenu=cat&amp;type=6','','Categories',NULL,'categories',0,'cat','$user->rights->categorie->lire','$conf->categorie->enabled',2,'2017-08-30 15:14:30'),
(164892,'auguria',1,'','left','project',164891,NULL,NULL,0,'/categories/card.php?action=create&amp;type=6','','NewCategory',NULL,'categories',1,'','$user->rights->categorie->creer','$conf->categorie->enabled',2,'2017-08-30 15:14:30'),
(164987,'auguria',1,'','left','tools',161095,NULL,NULL,0,'/comm/mailing/index.php?leftmenu=mailing','','EMailings',NULL,'mails',0,'mailing','$user->rights->mailing->lire','$conf->mailing->enabled',0,'2017-08-30 15:14:30'),
(164988,'auguria',1,'','left','tools',164987,NULL,NULL,0,'/comm/mailing/card.php?leftmenu=mailing&amp;action=create','','NewMailing',NULL,'mails',1,'','$user->rights->mailing->creer','$conf->mailing->enabled',0,'2017-08-30 15:14:30'),
(164989,'auguria',1,'','left','tools',164987,NULL,NULL,1,'/comm/mailing/list.php?leftmenu=mailing','','List',NULL,'mails',1,'','$user->rights->mailing->lire','$conf->mailing->enabled',0,'2017-08-30 15:14:30'),
(165187,'auguria',1,'','left','tools',161095,NULL,NULL,2,'/exports/index.php?leftmenu=export','','FormatedExport',NULL,'exports',0,'export','$user->rights->export->lire','$conf->export->enabled',2,'2017-08-30 15:14:30'),
(165188,'auguria',1,'','left','tools',165187,NULL,NULL,0,'/exports/export.php?leftmenu=export','','NewExport',NULL,'exports',1,'','$user->rights->export->creer','$conf->export->enabled',2,'2017-08-30 15:14:30'),
(165217,'auguria',1,'','left','tools',161095,NULL,NULL,2,'/imports/index.php?leftmenu=import','','FormatedImport',NULL,'exports',0,'import','$user->rights->import->run','$conf->import->enabled',2,'2017-08-30 15:14:30'),
(165218,'auguria',1,'','left','tools',165217,NULL,NULL,0,'/imports/import.php?leftmenu=import','','NewImport',NULL,'exports',1,'','$user->rights->import->run','$conf->import->enabled',2,'2017-08-30 15:14:30'),
(165287,'auguria',1,'','left','members',161100,NULL,NULL,0,'/adherents/index.php?leftmenu=members&amp;mainmenu=members','','Members',NULL,'members',0,'members','$user->rights->adherent->lire','$conf->adherent->enabled',2,'2017-08-30 15:14:30'),
(165288,'auguria',1,'','left','members',165287,NULL,NULL,0,'/adherents/card.php?leftmenu=members&amp;action=create','','NewMember',NULL,'members',1,'','$user->rights->adherent->creer','$conf->adherent->enabled',2,'2017-08-30 15:14:30'),
(165289,'auguria',1,'','left','members',165287,NULL,NULL,1,'/adherents/list.php','','List',NULL,'members',1,'','$user->rights->adherent->lire','$conf->adherent->enabled',2,'2017-08-30 15:14:30'),
(165290,'auguria',1,'','left','members',165289,NULL,NULL,2,'/adherents/list.php?leftmenu=members&amp;statut=-1','','MenuMembersToValidate',NULL,'members',2,'','$user->rights->adherent->lire','$conf->adherent->enabled',2,'2017-08-30 15:14:30'),
(165291,'auguria',1,'','left','members',165289,NULL,NULL,3,'/adherents/list.php?leftmenu=members&amp;statut=1','','MenuMembersValidated',NULL,'members',2,'','$user->rights->adherent->lire','$conf->adherent->enabled',2,'2017-08-30 15:14:30'),
(165292,'auguria',1,'','left','members',165289,NULL,NULL,4,'/adherents/list.php?leftmenu=members&amp;statut=1&amp;filter=outofdate','','MenuMembersNotUpToDate',NULL,'members',2,'','$user->rights->adherent->lire','$conf->adherent->enabled',2,'2017-08-30 15:14:30'),
(165293,'auguria',1,'','left','members',165289,NULL,NULL,5,'/adherents/list.php?leftmenu=members&amp;statut=1&amp;filter=uptodate','','MenuMembersUpToDate',NULL,'members',2,'','$user->rights->adherent->lire','$conf->adherent->enabled',2,'2017-08-30 15:14:30'),
(165294,'auguria',1,'','left','members',165289,NULL,NULL,6,'/adherents/list.php?leftmenu=members&amp;statut=0','','MenuMembersResiliated',NULL,'members',2,'','$user->rights->adherent->lire','$conf->adherent->enabled',2,'2017-08-30 15:14:30'),
(165295,'auguria',1,'','left','members',165287,NULL,NULL,7,'/adherents/stats/geo.php?leftmenu=members&amp;mode=memberbycountry','','MenuMembersStats',NULL,'members',1,'','$user->rights->adherent->lire','$conf->adherent->enabled',2,'2017-08-30 15:14:30'),
(165387,'auguria',1,'','left','members',161100,NULL,NULL,1,'/adherents/index.php?leftmenu=members&amp;mainmenu=members','','Subscriptions',NULL,'compta',0,'','$user->rights->adherent->cotisation->lire','$conf->adherent->enabled',2,'2017-08-30 15:14:30'),
(165388,'auguria',1,'','left','members',165387,NULL,NULL,0,'/adherents/list.php?statut=-1&amp;leftmenu=accountancy&amp;mainmenu=members','','NewSubscription',NULL,'compta',1,'','$user->rights->adherent->cotisation->creer','$conf->adherent->enabled',2,'2017-08-30 15:14:30'),
(165389,'auguria',1,'','left','members',165387,NULL,NULL,1,'/adherents/subscription/list.php?leftmenu=members','','List',NULL,'compta',1,'','$user->rights->adherent->cotisation->lire','$conf->adherent->enabled',2,'2017-08-30 15:14:30'),
(165390,'auguria',1,'','left','members',165387,NULL,NULL,7,'/adherents/stats/index.php?leftmenu=members','','MenuMembersStats',NULL,'members',1,'','$user->rights->adherent->lire','$conf->adherent->enabled',2,'2017-08-30 15:14:30'),
(165589,'auguria',1,'','left','members',165287,NULL,NULL,9,'/adherents/htpasswd.php?leftmenu=export','','Filehtpasswd',NULL,'members',1,'','$user->rights->adherent->export','! empty($conf->global->MEMBER_LINK_TO_HTPASSWDFILE) && $conf->adherent->enabled',2,'2017-08-30 15:14:30'),
(165590,'auguria',1,'','left','members',165287,NULL,NULL,10,'/adherents/cartes/carte.php?leftmenu=export','','MembersCards',NULL,'members',1,'','$user->rights->adherent->export','$conf->adherent->enabled',2,'2017-08-30 15:14:30'),
(165687,'auguria',1,'','left','hrm',161102,NULL,NULL,1,'/user/index.php?leftmenu=hrm&mode=employee','','Employees',NULL,'hrm',0,'hrm','$user->rights->hrm->employee->read','$conf->hrm->enabled',0,'2017-08-30 15:14:30'),
(165688,'auguria',1,'','left','hrm',165687,NULL,NULL,1,'/user/card.php?action=create&employee=1','','NewEmployee',NULL,'hrm',1,'','$user->rights->hrm->employee->write','$conf->hrm->enabled',0,'2017-08-30 15:14:30'),
(165689,'auguria',1,'','left','hrm',165687,NULL,NULL,2,'/user/index.php?$leftmenu=hrm&mode=employee&contextpage=employeelist','','List',NULL,'hrm',1,'','$user->rights->hrm->employee->read','$conf->hrm->enabled',0,'2017-08-30 15:14:30'),
(165787,'auguria',1,'','left','members',161100,NULL,NULL,5,'/adherents/type.php?leftmenu=setup&amp;mainmenu=members','','MembersTypes',NULL,'members',0,'setup','$user->rights->adherent->configurer','$conf->adherent->enabled',2,'2017-08-30 15:14:30'),
(165788,'auguria',1,'','left','members',165787,NULL,NULL,0,'/adherents/type.php?leftmenu=setup&amp;mainmenu=members&amp;action=create','','New',NULL,'members',1,'','$user->rights->adherent->configurer','$conf->adherent->enabled',2,'2017-08-30 15:14:30'),
(165789,'auguria',1,'','left','members',165787,NULL,NULL,1,'/adherents/type.php?leftmenu=setup&amp;mainmenu=members','','List',NULL,'members',1,'','$user->rights->adherent->configurer','$conf->adherent->enabled',2,'2017-08-30 15:14:30'),
(166087,'auguria',1,'','left','hrm',161102,NULL,NULL,1,'/holiday/list.php?&leftmenu=hrm','','CPTitreMenu',NULL,'holiday',0,'hrm','$user->rights->holiday->read','$conf->holiday->enabled',0,'2017-08-30 15:14:30'),
(166088,'auguria',1,'','left','hrm',166087,NULL,NULL,1,'/holiday/card.php?&action=request','','MenuAddCP',NULL,'holiday',1,'','$user->rights->holiday->write','$conf->holiday->enabled',0,'2017-08-30 15:14:30'),
(166089,'auguria',1,'','left','hrm',166087,NULL,NULL,1,'/holiday/list.php?&leftmenu=hrm','','List',NULL,'holiday',1,'','$user->rights->holiday->read','$conf->holiday->enabled',0,'2017-08-30 15:14:30'),
(166090,'auguria',1,'','left','hrm',166089,NULL,NULL,1,'/holiday/list.php?select_statut=2&leftmenu=hrm','','ListToApprove',NULL,'trips',2,'','$user->rights->holiday->read','$conf->holiday->enabled',0,'2017-08-30 15:14:30'),
(166091,'auguria',1,'','left','hrm',166087,NULL,NULL,2,'/holiday/define_holiday.php?&action=request','','MenuConfCP',NULL,'holiday',1,'','$user->rights->holiday->define_holiday','$conf->holiday->enabled',0,'2017-08-30 15:14:30'),
(166092,'auguria',1,'','left','hrm',166087,NULL,NULL,3,'/holiday/view_log.php?&action=request','','MenuLogCP',NULL,'holiday',1,'','$user->rights->holiday->define_holiday','$conf->holiday->enabled',0,'2017-08-30 15:14:30'),
(166187,'auguria',1,'','left','commercial',161092,NULL,NULL,6,'/fourn/commande/index.php?leftmenu=orders_suppliers','','SuppliersOrders',NULL,'orders',0,'orders_suppliers','$user->rights->fournisseur->commande->lire','$conf->supplier_order->enabled',2,'2017-08-30 15:14:30'),
(166188,'auguria',1,'','left','commercial',166187,NULL,NULL,0,'/fourn/commande/card.php?action=create&amp;leftmenu=orders_suppliers','','NewOrder',NULL,'orders',1,'','$user->rights->fournisseur->commande->creer','$conf->supplier_order->enabled',2,'2017-08-30 15:14:30'),
(166189,'auguria',1,'','left','commercial',166187,NULL,NULL,1,'/fourn/commande/list.php?leftmenu=orders_suppliers&amp;search_status=0','','List',NULL,'orders',1,'','$user->rights->fournisseur->commande->lire','$conf->supplier_order->enabled',2,'2017-08-30 15:14:30'),
(166195,'auguria',1,'','left','commercial',166187,NULL,NULL,7,'/commande/stats/index.php?leftmenu=orders_suppliers&amp;mode=supplier','','Statistics',NULL,'orders',1,'','$user->rights->fournisseur->commande->lire','$conf->supplier_order->enabled',2,'2017-08-30 15:14:30'),
(166287,'auguria',1,'','left','members',161100,NULL,NULL,3,'/categories/index.php?leftmenu=cat&amp;type=3','','MembersCategoriesShort',NULL,'categories',0,'cat','$user->rights->categorie->lire','$conf->adherent->enabled && $conf->categorie->enabled',2,'2017-08-30 15:14:30'),
(166288,'auguria',1,'','left','members',166287,NULL,NULL,0,'/categories/card.php?action=create&amp;type=3','','NewCategory',NULL,'categories',1,'','$user->rights->categorie->creer','$conf->adherent->enabled && $conf->categorie->enabled',2,'2017-08-30 15:14:30'),
(166387,'auguria',1,'','left','hrm',161102,NULL,NULL,5,'/expensereport/index.php?leftmenu=expensereport','','TripsAndExpenses',NULL,'trips',0,'expensereport','$user->rights->expensereport->lire','$conf->expensereport->enabled',0,'2017-08-30 15:14:30'),
(166388,'auguria',1,'','left','hrm',166387,NULL,NULL,1,'/expensereport/card.php?action=create&amp;leftmenu=expensereport','','New',NULL,'trips',1,'','$user->rights->expensereport->creer','$conf->expensereport->enabled',0,'2017-08-30 15:14:30'),
(166389,'auguria',1,'','left','hrm',166387,NULL,NULL,2,'/expensereport/list.php?leftmenu=expensereport','','List',NULL,'trips',1,'','$user->rights->expensereport->lire','$conf->expensereport->enabled',0,'2017-08-30 15:14:30'),
(166390,'auguria',1,'','left','hrm',166389,NULL,NULL,2,'/expensereport/list.php?search_status=2&amp;leftmenu=expensereport','','ListToApprove',NULL,'trips',2,'','$user->rights->expensereport->approve','$conf->expensereport->enabled',0,'2017-08-30 15:14:30'),
(166391,'auguria',1,'','left','hrm',166387,NULL,NULL,2,'/expensereport/stats/index.php?leftmenu=expensereport','','Statistics',NULL,'trips',1,'','$user->rights->expensereport->lire','$conf->expensereport->enabled',0,'2017-08-30 15:14:30'),
(167182,'all',1,'knowledgemanagement','left','ticket',-1,NULL,'ticket',101,'/knowledgemanagement/knowledgerecord_list.php','','MenuKnowledgeRecord','<span class=\"fas fa-ticket-alt infobox-contrat rotate90 paddingright pictofixedwidth em092\" style=\"\"></span>','knowledgemanagement',NULL,'knowledgemanagement_knowledgerecord','$user->rights->knowledgemanagement->knowledgerecord->read','$conf->knowledgemanagement->enabled',2,'2022-02-07 13:39:27'),
(167183,'all',1,'knowledgemanagement','left','ticket',-1,'knowledgemanagement_knowledgerecord','ticket',111,'/knowledgemanagement/knowledgerecord_list.php','','ListKnowledgeRecord','','knowledgemanagement',NULL,'knowledgemanagement_list','$user->rights->knowledgemanagement->knowledgerecord->read','$conf->knowledgemanagement->enabled',2,'2022-02-07 13:39:27'),
(167184,'all',1,'knowledgemanagement','left','ticket',-1,'knowledgemanagement_knowledgerecord','ticket',110,'/knowledgemanagement/knowledgerecord_card.php?action=create','','NewKnowledgeRecord','','knowledgemanagement',NULL,'knowledgemanagement_new','$user->rights->knowledgemanagement->knowledgerecord->write','$conf->knowledgemanagement->enabled',2,'2022-02-07 13:39:27'),
(167185,'all',1,'knowledgemanagement','left','ticket',-1,'knowledgemanagement_knowledgerecord','ticket',112,'/categories/index.php?type=13','','Categories','','knowledgemanagement',NULL,NULL,'$user->rights->knowledgemanagement->knowledgerecord->read','$conf->knowledgemanagement->enabled',0,'2022-02-07 13:39:27'),
(167530,'all',1,'modulebuilder','left','tools',-1,NULL,'tools',100,'/modulebuilder/index.php?mainmenu=tools&amp;leftmenu=devtools','_modulebuilder','ModuleBuilder','<span class=\"fas fa-bug paddingright pictofixedwidth\" style=\"\"></span>','modulebuilder',NULL,'devtools_modulebuilder','$user->hasRight(\"modulebuilder\", \"run\")','isModEnabled(\"modulebuilder\")',0,'2023-02-09 17:37:02'),
(167533,'all',1,'aaa','top','aaa',0,NULL,NULL,1001,'/aaa/aaaindex.php','','ModuleAaaName','<span class=\"fa fa-generic paddingright pictofixedwidth valignmiddle\" style=\"\"></span>','aaa@aaa',NULL,NULL,'1','isModEnabled(\"aaa\")',2,'2023-02-09 17:38:11'),
(167534,'all',1,'aaa','left','aaa',-1,NULL,'aaa',1102,'/aaa/aao_list.php','','List Aao','','aaa@aaa',NULL,'aaa_aao','1','$conf->aaa->enabled',2,'2023-02-09 17:38:11'),
(167535,'all',1,'aaa','left','aaa',-1,'aaa_aao','aaa',1103,'/aaa/aao_card.php?action=create','','New Aao','','aaa@aaa',NULL,'aaa_aao','1','$conf->aaa->enabled',2,'2023-02-09 17:38:11'),
(167670,'all',1,'workstation','left','mrp',-1,NULL,'mrp',1101,'','','Workstations','<span class=\"fas fa-pallet  em088 paddingright pictofixedwidth\" style=\" color: #a69944;\"></span>','mrp',NULL,'workstation_workstation','$user->rights->workstation->workstation->read','$conf->workstation->enabled',2,'2023-08-13 15:40:21'),
(167671,'all',1,'workstation','left','mrp',-1,'workstation_workstation','mrp',1102,'/workstation/workstation_card.php?action=create','','WorkstationCreate','','mrp',NULL,'workstation_workstation_left_create','$user->rights->workstation->workstation->write','$conf->workstation->enabled',2,'2023-08-13 15:40:21'),
(167672,'all',1,'workstation','left','mrp',-1,'workstation_workstation','mrp',1104,'/workstation/workstation_list.php','','List','','mrp',NULL,'workstation_workstation_left_list','$user->rights->workstation->workstation->read','$conf->workstation->enabled',2,'2023-08-13 15:40:21'),
(167673,'all',1,'eventorganization','left','project',-1,NULL,'project',1001,'','','EventOrganizationMenuLeft','<span class=\"fas fa-project-diagram  em088 infobox-project paddingright pictofixedwidth\" style=\"\"></span>','eventorganization',NULL,'eventorganization','$user->rights->eventorganization->read','$conf->eventorganization->enabled',2,'2023-08-13 15:40:29'),
(167674,'all',1,'eventorganization','left','project',-1,'eventorganization','project',1002,'/projet/list.php?search_usage_event_organization=1&search_status=99&mainmenu=project&contextpage=organizedevents','','List','','eventorganization@eventorganization',NULL,NULL,'$user->rights->eventorganization->read','$conf->eventorganization->enabled',2,'2023-08-13 15:40:29'),
(167675,'all',1,'eventorganization','left','project',-1,'eventorganization','project',1003,'/projet/card.php?leftmenu=projects&action=create&usage_organize_event=1&usage_opportunity=0','','New','','eventorganization@eventorganization',NULL,NULL,'$user->rights->eventorganization->write','$conf->eventorganization->enabled',2,'2023-08-13 15:40:29'),
(167676,'all',1,'eventorganization','left','project',-1,NULL,'project',1004,'','','ConferenceOrBooth','<span class=\"fas fa-chalkboard-teacher  em088 infobox-project paddingright pictofixedwidth\" style=\"\"></span>','eventorganization',NULL,'eventorganizationconforbooth','$user->rights->eventorganization->read','$conf->eventorganization->enabled',2,'2023-08-13 15:40:29'),
(167677,'all',1,'eventorganization','left','project',-1,'eventorganizationconforbooth','project',1005,'/eventorganization/conferenceorbooth_list.php?mainmenu=project','','List','','eventorganization',NULL,NULL,'$user->rights->eventorganization->read','$conf->eventorganization->enabled',2,'2023-08-13 15:40:29'),
(167678,'all',1,'eventorganization','left','project',-1,'eventorganizationconforbooth','project',1006,'/eventorganization/conferenceorbooth_card.php?leftmenu=projects&action=create','','New','','eventorganization',NULL,NULL,'$user->rights->eventorganization->write','$conf->eventorganization->enabled',2,'2023-08-13 15:40:29'),
(167695,'all',1,'partnership','left','companies',-1,NULL,'companies',1101,'/partnership/partnership_list.php','','Partnership','<span class=\"fas fa-handshake  em080 paddingright pictofixedwidth\" style=\" color: #6c6aa8;\"></span>','partnership',NULL,'partnership','$user->rights->partnership->read','$conf->partnership->enabled',2,'2023-08-15 10:35:26'),
(167696,'all',1,'partnership','left','companies',-1,'partnership','companies',1102,'/partnership/partnership_card.php?action=create','','NewPartnership','','partnership',NULL,'partnership_new','$user->rights->partnership->write','$conf->partnership->enabled',2,'2023-08-15 10:35:26'),
(167697,'all',1,'partnership','left','companies',-1,'partnership','companies',1103,'/partnership/partnership_list.php','','ListOfPartnerships','','partnership',NULL,'partnership_list','$user->rights->partnership->read','$conf->partnership->enabled',2,'2023-08-15 10:35:26'),
(167952,'all',1,'agenda','top','agenda',0,NULL,NULL,86,'/comm/action/index.php','','TMenuAgenda','<span class=\"fas fa-calendar-alt infobox-action pictofixedwidth\" style=\"\"></span>','agenda',NULL,NULL,'$user->hasRight(\"agenda\", \"myactions\", \"read\") || $user->hasRight(\"resource\", \"read\")','isModEnabled(\"agenda\") || isModEnabled(\"resource\")',2,'2025-01-06 15:48:18'),
(167953,'all',1,'agenda','left','agenda',167952,NULL,NULL,100,'/comm/action/index.php?mainmenu=agenda&amp;leftmenu=agenda','','Actions','<span class=\"fas fa-calendar-alt infobox-action paddingright pictofixedwidth\" style=\"\"></span>','agenda',NULL,NULL,'$user->hasRight(\"agenda\", \"myactions\", \"read\")','isModEnabled(\"agenda\")',2,'2025-01-06 15:48:18'),
(167954,'all',1,'agenda','left','agenda',167953,NULL,NULL,101,'/comm/action/card.php?mainmenu=agenda&amp;leftmenu=agenda&amp;action=create','','NewAction','','commercial',NULL,NULL,'($user->hasRight(\"agenda\", \"myactions\", \"create\") || $user->hasRight(\"agenda\", \"allactions\", \"create\"))','isModEnabled(\"agenda\")',2,'2025-01-06 15:48:18'),
(167955,'all',1,'agenda','left','agenda',167953,NULL,NULL,140,'/comm/action/index.php?mainmenu=agenda&amp;leftmenu=agenda','','Calendar','','agenda',NULL,NULL,'$user->hasRight(\"agenda\", \"myactions\", \"read\")','isModEnabled(\"agenda\")',2,'2025-01-06 15:48:19'),
(167956,'all',1,'agenda','left','agenda',167955,NULL,NULL,141,'/comm/action/index.php?mainmenu=agenda&amp;leftmenu=agenda&amp;status=todo&amp;filter=mine','','MenuToDoMyActions','','agenda',NULL,NULL,'$user->hasRight(\"agenda\", \"myactions\", \"read\")','isModEnabled(\"agenda\")',2,'2025-01-06 15:48:19'),
(167957,'all',1,'agenda','left','agenda',167955,NULL,NULL,142,'/comm/action/index.php?mainmenu=agenda&amp;leftmenu=agenda&amp;status=done&amp;filter=mine','','MenuDoneMyActions','','agenda',NULL,NULL,'$user->hasRight(\"agenda\", \"myactions\", \"read\")','isModEnabled(\"agenda\")',2,'2025-01-06 15:48:19'),
(167958,'all',1,'agenda','left','agenda',167955,NULL,NULL,143,'/comm/action/index.php?mainmenu=agenda&amp;leftmenu=agenda&amp;status=todo&amp;filtert=-1','','MenuToDoActions','','agenda',NULL,NULL,'$user->hasRight(\"agenda\", \"allactions\", \"read\")','isModEnabled(\"agenda\")',2,'2025-01-06 15:48:19'),
(167959,'all',1,'agenda','left','agenda',167955,NULL,NULL,144,'/comm/action/index.php?mainmenu=agenda&amp;leftmenu=agenda&amp;status=done&amp;filtert=-1','','MenuDoneActions','','agenda',NULL,NULL,'$user->hasRight(\"agenda\", \"allactions\", \"read\")','isModEnabled(\"agenda\")',2,'2025-01-06 15:48:19'),
(167960,'all',1,'agenda','left','agenda',167953,NULL,NULL,110,'/comm/action/list.php?mode=show_list&amp;mainmenu=agenda&amp;leftmenu=agenda','','List','','agenda',NULL,NULL,'$user->hasRight(\"agenda\", \"myactions\", \"read\")','isModEnabled(\"agenda\")',2,'2025-01-06 15:48:19'),
(167961,'all',1,'agenda','left','agenda',167960,NULL,NULL,111,'/comm/action/list.php?mode=show_list&amp;mainmenu=agenda&amp;leftmenu=agenda&amp;status=todo&amp;filter=mine','','MenuToDoMyActions','','agenda',NULL,NULL,'$user->hasRight(\"agenda\", \"myactions\", \"read\")','isModEnabled(\"agenda\")',2,'2025-01-06 15:48:19'),
(167962,'all',1,'agenda','left','agenda',167960,NULL,NULL,112,'/comm/action/list.php?mode=show_list&amp;mainmenu=agenda&amp;leftmenu=agenda&amp;status=done&amp;filter=mine','','MenuDoneMyActions','','agenda',NULL,NULL,'$user->hasRight(\"agenda\", \"myactions\", \"read\")','isModEnabled(\"agenda\")',2,'2025-01-06 15:48:19'),
(167963,'all',1,'agenda','left','agenda',167960,NULL,NULL,113,'/comm/action/list.php?mode=show_list&amp;mainmenu=agenda&amp;leftmenu=agenda&amp;status=todo&amp;filtert=-1','','MenuToDoActions','','agenda',NULL,NULL,'$user->hasRight(\"agenda\", \"allactions\", \"read\")','isModEnabled(\"agenda\")',2,'2025-01-06 15:48:19'),
(167964,'all',1,'agenda','left','agenda',167960,NULL,NULL,114,'/comm/action/list.php?mode=show_list&amp;mainmenu=agenda&amp;leftmenu=agenda&amp;status=done&amp;filtert=-1','','MenuDoneActions','','agenda',NULL,NULL,'$user->hasRight(\"agenda\", \"allactions\", \"read\")','isModEnabled(\"agenda\")',2,'2025-01-06 15:48:19'),
(167965,'all',1,'agenda','left','agenda',167953,NULL,NULL,160,'/comm/action/rapport/index.php?mainmenu=agenda&amp;leftmenu=agenda','','Reportings','','agenda',NULL,NULL,'$user->hasRight(\"agenda\", \"allactions\", \"read\")','isModEnabled(\"agenda\")',2,'2025-01-06 15:48:19'),
(167966,'all',1,'agenda','left','agenda',167953,NULL,NULL,170,'/categories/index.php?mainmenu=agenda&amp;leftmenu=agenda&type=10','','Categories','','agenda',NULL,NULL,'$user->hasRight(\"agenda\", \"allactions\", \"read\")','isModEnabled(\"category\")',2,'2025-01-06 15:48:19'),
(167967,'all',1,'barcode','left','tools',-1,NULL,'tools',200,'/barcode/printsheet.php?mainmenu=tools&leftmenu=barcodeprint','','BarCodePrintsheet','<span class=\"fas fa-barcode paddingright pictofixedwidth\" style=\"\"></span>','products',NULL,'barcodeprint','$user->hasRight(\"barcode\", \"read\")','isModEnabled(\"barcode\")',0,'2025-01-06 15:48:19'),
(167968,'all',1,'barcode','left','home',-1,'admintools','home',300,'/barcode/codeinit.php?mainmenu=home&leftmenu=admintools','','MassBarcodeInit','','products',NULL,NULL,'$user->admin','isModEnabled(\"barcode\") && preg_match(\'/^(admintools|all)/\',$leftmenu)',0,'2025-01-06 15:48:19'),
(167969,'all',1,'cron','left','home',-1,'admintools','home',500,'/cron/list.php?leftmenu=admintools','','CronList','','cron',NULL,NULL,'$user->rights->cron->read','$conf->cron->enabled && preg_match(\'/^(admintools|all)/\', $leftmenu)',2,'2025-01-06 15:48:19'),
(167970,'all',1,'blockedlog','left','tools',-1,NULL,'tools',200,'/blockedlog/admin/blockedlog_list.php?mainmenu=tools&leftmenu=blockedlogbrowser','','BrowseBlockedLog','<span class=\"fas fa-cogs  em080 paddingright pictofixedwidth\" style=\" color: #999;\"></span>','blockedlog',NULL,'blockedlogbrowser','$user->hasRight(\"blockedlog\", \"read\")','isModEnabled(\"blockedlog\")',2,'2025-01-06 15:48:19'),
(167971,'all',1,'ecm','top','ecm',0,NULL,NULL,82,'/ecm/index.php','','MenuECM','<span class=\"fas fa-folder-open pictofixedwidth\" style=\"\"></span>','ecm',NULL,NULL,'$user->rights->ecm->read || $user->rights->ecm->upload || $user->rights->ecm->setup','isModEnabled(\"ecm\")',2,'2025-01-06 15:48:19'),
(167972,'all',1,'ecm','left','ecm',-1,NULL,'ecm',101,'/ecm/index.php?mainmenu=ecm&leftmenu=ecm','','ECMArea','<span class=\"fas fa-folder-open paddingright pictofixedwidth\" style=\"\"></span>','ecm',NULL,'ecm','$user->rights->ecm->read || $user->rights->ecm->upload','$user->rights->ecm->read || $user->rights->ecm->upload',2,'2025-01-06 15:48:19'),
(167973,'all',1,'ecm','left','ecm',-1,'ecm','ecm',102,'/ecm/index.php?action=file_manager&mainmenu=ecm&leftmenu=ecm','','ECMSectionsManual','','ecm',NULL,'ecm_manual','$user->rights->ecm->read || $user->rights->ecm->upload','$user->rights->ecm->read || $user->rights->ecm->upload',2,'2025-01-06 15:48:19'),
(167974,'all',1,'ecm','left','ecm',-1,'ecm','ecm',103,'/ecm/index_auto.php?action=file_manager&mainmenu=ecm&leftmenu=ecm','','ECMSectionsAuto','','ecm',NULL,NULL,'$user->rights->ecm->read || $user->rights->ecm->upload','($user->rights->ecm->read || $user->rights->ecm->upload) && !getDolGlobalInt(\"ECM_AUTO_TREE_HIDEN\")',2,'2025-01-06 15:48:19'),
(167975,'all',1,'ecm','left','ecm',-1,'ecm','ecm',104,'/ecm/index_medias.php?action=file_manager&mainmenu=ecm&leftmenu=ecm','','ECMSectionsMedias','','ecm',NULL,NULL,'$user->rights->ecm->read || $user->rights->ecm->upload','($user->rights->ecm->read || $user->rights->ecm->upload) && getDolGlobalInt(\"MAIN_FEATURES_LEVEL\") == 2',2,'2025-01-06 15:48:19'),
(167976,'all',1,'margins','left','billing',-1,NULL,'billing',100,'/margin/index.php','','Margins','<span class=\"fas fa-calculator infobox-bank_account paddingright pictofixedwidth\" style=\"\"></span>','margins',NULL,'margins','$user->rights->margins->liretous','isModEnabled(\"margin\")',2,'2025-01-06 15:48:20'),
(167977,'all',1,'opensurvey','left','tools',-1,NULL,'tools',200,'/opensurvey/list.php?mainmenu=tools&leftmenu=opensurvey','','Survey','<span class=\"fas fa-check-double infobox-adherent paddingright pictofixedwidth\" style=\"\"></span>','opensurvey',NULL,'opensurvey','$user->hasRight(\"opensurvey\", \"read\")','isModEnabled(\"opensurvey\")',0,'2025-01-06 15:48:20'),
(167978,'all',1,'opensurvey','left','tools',-1,'opensurvey','tools',210,'/opensurvey/wizard/index.php','','NewSurvey','','opensurvey',NULL,'opensurvey_new','$user->hasRight(\"opensurvey\", \"write\")','isModEnabled(\"opensurvey\")',0,'2025-01-06 15:48:20'),
(167979,'all',1,'opensurvey','left','tools',-1,'opensurvey','tools',220,'/opensurvey/list.php','','List','','opensurvey',NULL,'opensurvey_list','$user->hasRight(\"opensurvey\", \"read\")','isModEnabled(\"opensurvey\")',0,'2025-01-06 15:48:20'),
(167980,'all',1,'printing','left','home',-1,'admintools','home',300,'/printing/index.php?mainmenu=home&leftmenu=admintools','','MenuDirectPrinting','','printing',NULL,NULL,'$user->rights->printing->read','$conf->printing->enabled && preg_match(\'/^(admintools|all)/\', $leftmenu)',0,'2025-01-06 15:48:20'),
(167981,'all',1,'recruitment','left','hrm',-1,NULL,'hrm',1001,'/recruitment/index.php','','Recruitment','<span class=\"fas fa-id-card-alt infobox-adherent paddingright pictofixedwidth\" style=\"\"></span>','recruitment',NULL,'recruitmentjobposition','$user->hasRight(\"recruitment\", \"recruitmentjobposition\", \"read\")','$conf->recruitment->enabled',2,'2025-01-06 15:48:20'),
(167982,'all',1,'recruitment','left','hrm',-1,'recruitmentjobposition','hrm',1002,'/recruitment/recruitmentjobposition_card.php?action=create','','NewPositionToBeFilled','','recruitment',NULL,'recruitment_recruitmentjobposition_new','$user->rights->recruitment->recruitmentjobposition->write','$conf->recruitment->enabled',2,'2025-01-06 15:48:20'),
(167983,'all',1,'recruitment','left','hrm',-1,'recruitmentjobposition','hrm',1003,'/recruitment/recruitmentjobposition_list.php','','ListOfPositionsToBeFilled','','recruitment',NULL,'recruitment_recruitmentjobposition_list','$user->hasRight(\"recruitment\", \"recruitmentjobposition\", \"read\")','$conf->recruitment->enabled',2,'2025-01-06 15:48:20'),
(167984,'all',1,'recruitment','left','hrm',-1,'recruitmentjobposition','hrm',1004,'/recruitment/recruitmentcandidature_card.php?action=create','','NewCandidature','','recruitment',NULL,'recruitment_recruitmentcandidature_new','$user->rights->recruitment->recruitmentjobposition->write','$conf->recruitment->enabled',2,'2025-01-06 15:48:20'),
(167985,'all',1,'recruitment','left','hrm',-1,'recruitmentjobposition','hrm',1005,'/recruitment/recruitmentcandidature_list.php','','ListOfCandidatures','','recruitment',NULL,'recruitment_recruitmentcandidature_list','$user->hasRight(\"recruitment\", \"recruitmentjobposition\", \"read\")','$conf->recruitment->enabled',2,'2025-01-06 15:48:20'),
(167986,'all',1,'resource','left','agenda',-1,NULL,'agenda',100,'/resource/list.php','','MenuResourceIndex','<span class=\"fas fa-laptop-house  em092 infobox-action paddingright pictofixedwidth em92\" style=\"\"></span>','resource',NULL,'resource','$user->rights->resource->read','1',0,'2025-01-06 15:48:20'),
(167987,'all',1,'resource','left','agenda',-1,'resource','agenda',101,'/resource/card.php?action=create','','MenuResourceAdd','','resource',NULL,'resource_add','$user->rights->resource->write','1',0,'2025-01-06 15:48:20'),
(167988,'all',1,'resource','left','agenda',-1,'resource','agenda',102,'/resource/list.php','','List','','resource',NULL,'resource_list','$user->rights->resource->read','1',0,'2025-01-06 15:48:20'),
(167989,'all',1,'stripe','left','bank',-1,NULL,'bank',100,'','','StripeAccount','<span class=\"fab fa-stripe-s infobox-bank_account paddingright pictofixedwidth\" style=\"\"></span>','stripe',NULL,'stripe','$user->rights->banque->lire','isModEnabled(\"stripe\") && isModenabled(\"banque\")',0,'2025-01-06 15:48:20'),
(167990,'all',1,'stripe','left','bank',-1,'stripe','bank',102,'/stripe/charge.php','','StripeChargeList','','stripe',NULL,NULL,'$user->rights->banque->lire','isModEnabled(\"stripe\") && isModenabled(\"banque\") && getDolGlobalInt(\"MAIN_FEATURES_LEVEL\") >= 1',0,'2025-01-06 15:48:20'),
(167991,'all',1,'stripe','left','bank',-1,'stripe','bank',102,'/stripe/transaction.php','','StripeTransactionList','','stripe',NULL,NULL,'$user->rights->banque->lire','isModEnabled(\"stripe\") && isModenabled(\"banque\") && getDolGlobalInt(\"MAIN_FEATURES_LEVEL\") >= 2',0,'2025-01-06 15:48:20'),
(167992,'all',1,'stripe','left','bank',-1,'stripe','bank',103,'/stripe/payout.php','','StripePayoutList','','stripe',NULL,NULL,'$user->rights->banque->lire','isModEnabled(\"stripe\") && isModenabled(\"banque\")',0,'2025-01-06 15:48:20'),
(167993,'all',1,'ticket','left','ticket',-1,NULL,'ticket',101,'/ticket/index.php','','Ticket','<span class=\"fas fa-ticket-alt infobox-contrat paddingright pictofixedwidth em092\" style=\"\"></span>','ticket',NULL,'ticket','$user->hasRight(\"ticket\",\"read\")','isModEnabled(\"ticket\")',2,'2025-01-06 15:48:21'),
(167994,'all',1,'ticket','left','ticket',-1,'ticket','ticket',102,'/ticket/card.php?action=create&mode=init','','NewTicket','','ticket',NULL,NULL,'$user->rights->ticket->write','isModEnabled(\"ticket\")',2,'2025-01-06 15:48:21'),
(167995,'all',1,'ticket','left','ticket',-1,'ticket','ticket',103,'/ticket/list.php?search_fk_status=non_closed','','List','','ticket',NULL,'ticketlist','$user->hasRight(\"ticket\",\"read\")','isModEnabled(\"ticket\")',2,'2025-01-06 15:48:21'),
(167996,'all',1,'ticket','left','ticket',-1,'ticket','ticket',105,'/ticket/list.php?mode=mine&search_fk_status=non_closed','','MenuTicketMyAssign','','ticket',NULL,'ticketmy','$user->hasRight(\"ticket\",\"read\")','isModEnabled(\"ticket\")',0,'2025-01-06 15:48:21'),
(167997,'all',1,'ticket','left','ticket',-1,'ticket','ticket',107,'/ticket/stats/index.php','','Statistics','','ticket',NULL,NULL,'$user->hasRight(\"ticket\",\"read\")','isModEnabled(\"ticket\")',0,'2025-01-06 15:48:21'),
(167998,'all',1,'ticket','left','ticket',-1,'ticket','ticket',107,'/categories/index.php?type=12','','Categories','','ticket',NULL,NULL,'$user->hasRight(\"ticket\",\"read\")','isModEnabled(\"ticket\") && isModEnabled(\"categorie\")',0,'2025-01-06 15:48:21'),
(167999,'all',1,'takepos','top','takepos',0,NULL,NULL,1001,'/takepos/index.php','takepos','PointOfSaleShort','<span class=\"fas fa-cash-register infobox-bank_account pictofixedwidth\" style=\"\"></span>','cashdesk',NULL,NULL,'$user->hasRight(\"takepos\", \"run\")','isModEnabled(\"takepos\")',2,'2025-01-06 15:48:21'),
(168000,'all',1,'website','top','website',0,NULL,NULL,100,'/website/index.php','','WebSites','<span class=\"fas fa-globe-americas pictofixedwidth em092\" style=\" color: #304;\"></span>','website',NULL,NULL,'$user->rights->website->read','$conf->website->enabled',2,'2025-01-06 15:48:21');

--
-- Table structure for table `llx_mrp_mo`
--

CREATE TABLE `llx_mrp_mo` (
  `rowid` int(11) NOT NULL AUTO_INCREMENT,
  `ref` varchar(128) NOT NULL DEFAULT '(PROV)',
  `entity` int(11) NOT NULL DEFAULT 1,
  `label` varchar(255) DEFAULT NULL,
  `qty` double NOT NULL,
  `fk_warehouse` int(11) DEFAULT NULL,
  `fk_soc` int(11) DEFAULT NULL,
  `note_public` text DEFAULT NULL,
  `note_private` text DEFAULT NULL,
  `date_creation` datetime NOT NULL,
  `tms` timestamp NOT NULL DEFAULT current_timestamp() ON UPDATE current_timestamp(),
  `fk_user_creat` int(11) NOT NULL,
  `fk_user_modif` int(11) DEFAULT NULL,
  `import_key` varchar(14) DEFAULT NULL,
  `model_pdf` varchar(255) DEFAULT NULL,
  `status` int(11) NOT NULL,
  `fk_product` int(11) NOT NULL,
  `date_start_planned` datetime DEFAULT NULL,
  `date_end_planned` datetime DEFAULT NULL,
  `fk_bom` int(11) DEFAULT NULL,
  `fk_project` int(11) DEFAULT NULL,
  `date_valid` datetime DEFAULT NULL,
  `fk_user_valid` int(11) DEFAULT NULL,
  `last_main_doc` varchar(255) DEFAULT NULL,
  `mrptype` int(11) DEFAULT 0,
  `fk_parent_line` int(11) DEFAULT NULL,
  PRIMARY KEY (`rowid`),
  KEY `idx_mrp_mo_ref` (`ref`),
  KEY `idx_mrp_mo_entity` (`entity`),
  KEY `idx_mrp_mo_fk_soc` (`fk_soc`),
  KEY `fk_mrp_mo_fk_user_creat` (`fk_user_creat`),
  KEY `idx_mrp_mo_status` (`status`),
  KEY `idx_mrp_mo_fk_product` (`fk_product`),
  KEY `idx_mrp_mo_date_start_planned` (`date_start_planned`),
  KEY `idx_mrp_mo_date_end_planned` (`date_end_planned`),
  KEY `idx_mrp_mo_fk_bom` (`fk_bom`),
  KEY `idx_mrp_mo_fk_project` (`fk_project`),
  CONSTRAINT `fk_mrp_mo_fk_user_creat` FOREIGN KEY (`fk_user_creat`) REFERENCES `llx_user` (`rowid`)
) ENGINE=InnoDB AUTO_INCREMENT=30 DEFAULT CHARSET=utf8mb3 COLLATE=utf8mb3_unicode_ci;

--
-- Dumping data for table `llx_mrp_mo`
--

INSERT INTO `llx_mrp_mo` VALUES
(5,'MO1912-0002',1,'Build 2 apple pies for CIO birthday',3,2,10,NULL,NULL,'2019-12-20 16:42:08','2020-01-13 11:29:30',12,12,NULL,NULL,3,4,NULL,NULL,6,7,'2019-12-20 20:32:09',12,NULL,0,NULL),
(8,'MO1912-0001',1,NULL,1,NULL,NULL,NULL,NULL,'2019-12-20 17:01:21','2019-12-20 13:25:47',12,NULL,NULL,NULL,1,3,NULL,NULL,6,NULL,'2019-12-20 17:25:47',12,NULL,0,NULL),
(14,'MO2001-0003',1,NULL,10,NULL,NULL,NULL,'Production very dangerous','2020-01-02 23:46:54','2020-01-06 02:48:22',12,12,NULL,NULL,2,4,NULL,NULL,6,NULL,'2020-01-02 23:57:42',12,NULL,0,NULL),
(18,'MO2001-0004',1,NULL,2,2,NULL,NULL,NULL,'2020-01-03 13:34:34','2020-01-03 10:10:41',12,12,NULL,NULL,1,4,NULL,NULL,6,NULL,'2020-01-03 14:10:41',12,NULL,0,NULL),
(22,'(PROV22)',1,'label',1,NULL,26,NULL,NULL,'2020-01-08 19:42:15','2023-01-17 12:47:53',12,NULL,NULL,NULL,0,4,'2020-01-08 16:41:00','2020-01-08 17:41:00',6,4,NULL,NULL,NULL,0,NULL),
(23,'(PROV23)',1,NULL,1,NULL,26,NULL,NULL,'2020-01-08 19:45:04','2022-12-26 11:20:09',12,NULL,NULL,NULL,0,4,'2020-01-08 16:42:00','2020-01-08 17:42:00',6,4,NULL,NULL,NULL,0,NULL),
(24,'MO2001-0006',1,NULL,1,NULL,26,NULL,NULL,'2020-01-08 19:46:41','2020-01-13 11:13:19',12,NULL,NULL,NULL,2,4,NULL,NULL,6,6,'2020-01-13 15:11:54',12,NULL,0,NULL),
(26,'(PROV26)',1,NULL,1,NULL,NULL,NULL,NULL,'2020-01-08 19:49:22','2020-01-08 15:49:22',12,NULL,NULL,NULL,0,4,NULL,NULL,6,NULL,NULL,NULL,NULL,0,NULL),
(27,'(PROV27)',1,NULL,1,NULL,NULL,NULL,NULL,'2020-01-08 19:49:50','2020-01-08 15:49:50',12,NULL,NULL,NULL,0,4,NULL,NULL,6,NULL,NULL,NULL,NULL,0,NULL),
(28,'MO2001-0005',1,NULL,1,NULL,NULL,NULL,NULL,'2020-01-08 20:09:40','2020-01-08 16:21:22',12,NULL,NULL,NULL,2,4,NULL,NULL,6,NULL,'2020-01-08 20:12:55',12,NULL,0,NULL),
(29,'(PROV29)',1,NULL,3,NULL,NULL,NULL,NULL,'2020-01-08 21:00:55','2020-01-08 17:00:55',12,NULL,NULL,NULL,0,4,NULL,NULL,NULL,NULL,NULL,NULL,NULL,0,NULL);

--
-- Table structure for table `llx_mrp_mo_extrafields`
--

CREATE TABLE `llx_mrp_mo_extrafields` (
  `rowid` int(11) NOT NULL AUTO_INCREMENT,
  `tms` timestamp NOT NULL DEFAULT current_timestamp() ON UPDATE current_timestamp(),
  `fk_object` int(11) NOT NULL,
  `import_key` varchar(14) DEFAULT NULL,
  PRIMARY KEY (`rowid`),
  UNIQUE KEY `uk_mrp_mo_fk_object` (`fk_object`)
) ENGINE=InnoDB DEFAULT CHARSET=utf8mb3 COLLATE=utf8mb3_unicode_ci;

--
-- Dumping data for table `llx_mrp_mo_extrafields`
--


--
-- Table structure for table `llx_mrp_production`
--

CREATE TABLE `llx_mrp_production` (
  `rowid` int(11) NOT NULL AUTO_INCREMENT,
  `fk_mo` int(11) NOT NULL,
  `origin_id` int(11) DEFAULT NULL,
  `origin_type` varchar(10) DEFAULT NULL,
  `position` int(11) NOT NULL DEFAULT 0,
  `fk_product` int(11) NOT NULL,
  `fk_warehouse` int(11) DEFAULT NULL,
  `qty` double NOT NULL DEFAULT 1,
  `batch` varchar(128) DEFAULT NULL,
  `role` varchar(10) DEFAULT NULL,
  `fk_mrp_production` int(11) DEFAULT NULL,
  `fk_stock_movement` int(11) DEFAULT NULL,
  `date_creation` datetime NOT NULL,
  `tms` timestamp NOT NULL DEFAULT current_timestamp() ON UPDATE current_timestamp(),
  `fk_user_creat` int(11) NOT NULL,
  `fk_user_modif` int(11) DEFAULT NULL,
  `import_key` varchar(14) DEFAULT NULL,
  `qty_frozen` smallint(6) DEFAULT 0,
  `disable_stock_change` smallint(6) DEFAULT 0,
  `fk_default_workstation` int(11) DEFAULT NULL,
  `fk_unit` int(11) DEFAULT NULL,
  PRIMARY KEY (`rowid`),
  KEY `fk_mrp_production_product` (`fk_product`),
  KEY `fk_mrp_production_stock_movement` (`fk_stock_movement`),
  KEY `idx_mrp_production_fk_mo` (`fk_mo`),
  CONSTRAINT `fk_mrp_production_mo` FOREIGN KEY (`fk_mo`) REFERENCES `llx_mrp_mo` (`rowid`),
  CONSTRAINT `fk_mrp_production_product` FOREIGN KEY (`fk_product`) REFERENCES `llx_product` (`rowid`),
  CONSTRAINT `fk_mrp_production_stock_movement` FOREIGN KEY (`fk_stock_movement`) REFERENCES `llx_stock_mouvement` (`rowid`)
) ENGINE=InnoDB AUTO_INCREMENT=215 DEFAULT CHARSET=utf8mb3 COLLATE=utf8mb3_unicode_ci;

--
-- Dumping data for table `llx_mrp_production`
--

INSERT INTO `llx_mrp_production` VALUES
(13,8,NULL,NULL,1,3,NULL,1,NULL,'toproduce',NULL,NULL,'2019-12-20 17:01:21','2024-06-20 09:34:39',12,NULL,NULL,NULL,0,NULL,NULL),
(14,8,NULL,NULL,0,25,NULL,4,NULL,'toconsume',NULL,NULL,'2019-12-20 17:01:21','2019-12-20 13:01:21',12,NULL,NULL,0,0,NULL,NULL),
(15,8,NULL,NULL,0,3,NULL,1,NULL,'toconsume',NULL,NULL,'2019-12-20 17:01:21','2019-12-20 13:01:21',12,NULL,NULL,0,1,NULL,NULL),
(49,5,NULL,NULL,1,4,NULL,3,NULL,'toproduce',NULL,NULL,'2019-12-20 20:32:00','2024-06-20 09:34:39',12,NULL,NULL,NULL,0,NULL,NULL),
(50,5,NULL,NULL,0,25,NULL,12,NULL,'toconsume',NULL,NULL,'2019-12-20 20:32:00','2019-12-20 16:32:00',12,NULL,NULL,0,0,NULL,NULL),
(51,5,NULL,NULL,0,3,NULL,3,NULL,'toconsume',NULL,NULL,'2019-12-20 20:32:00','2019-12-20 16:32:00',12,NULL,NULL,0,1,NULL,NULL),
(52,14,NULL,NULL,1,4,NULL,10,NULL,'toproduce',NULL,NULL,'2020-01-02 23:46:54','2024-06-20 09:34:39',12,NULL,NULL,NULL,0,NULL,NULL),
(53,14,NULL,NULL,0,25,NULL,40,NULL,'toconsume',NULL,NULL,'2020-01-02 23:46:54','2020-01-02 19:46:54',12,NULL,NULL,0,0,NULL,NULL),
(54,14,NULL,NULL,0,3,NULL,10,NULL,'toconsume',NULL,NULL,'2020-01-02 23:46:54','2020-01-02 19:46:54',12,NULL,NULL,0,1,NULL,NULL),
(68,18,NULL,NULL,1,4,NULL,2,NULL,'toproduce',NULL,NULL,'2020-01-03 14:10:33','2024-06-20 09:34:39',12,NULL,NULL,NULL,0,NULL,NULL),
(69,18,NULL,NULL,1,25,NULL,8,NULL,'toconsume',NULL,NULL,'2020-01-03 14:10:33','2020-01-03 10:10:33',12,NULL,NULL,0,0,NULL,NULL),
(70,18,NULL,NULL,3,3,NULL,2,NULL,'toconsume',NULL,NULL,'2020-01-03 14:10:33','2020-01-03 10:10:33',12,NULL,NULL,0,1,NULL,NULL),
(71,18,NULL,NULL,2,2,NULL,1,NULL,'toconsume',NULL,NULL,'2020-01-03 14:10:33','2020-01-03 10:10:33',12,NULL,NULL,1,0,NULL,NULL),
(93,5,NULL,NULL,0,25,1,12,'','consumed',50,23,'2020-01-06 05:44:30','2024-06-20 09:34:39',12,NULL,NULL,NULL,0,NULL,NULL),
(95,5,NULL,NULL,0,4,2,3,'','produced',49,24,'2020-01-06 05:44:30','2024-06-20 09:34:39',12,NULL,NULL,NULL,0,NULL,NULL),
(96,5,NULL,NULL,0,25,1,2,'','consumed',50,25,'2020-01-06 05:54:05','2024-06-20 09:34:39',12,NULL,NULL,NULL,0,NULL,NULL),
(97,5,NULL,NULL,0,3,NULL,2,'','consumed',51,NULL,'2020-01-06 05:54:05','2024-06-20 09:34:39',12,NULL,NULL,NULL,0,NULL,NULL),
(98,5,NULL,NULL,0,4,2,3,'','produced',49,26,'2020-01-06 05:54:05','2024-06-20 09:34:39',12,NULL,NULL,NULL,0,NULL,NULL),
(99,14,NULL,NULL,0,25,1,1,'','consumed',53,27,'2020-01-06 06:44:49','2024-06-20 09:34:39',12,NULL,NULL,NULL,0,NULL,NULL),
(100,14,NULL,NULL,0,3,NULL,10,'','consumed',54,NULL,'2020-01-06 06:44:49','2024-06-20 09:34:39',12,NULL,NULL,NULL,0,NULL,NULL),
(101,14,NULL,NULL,0,4,1,1,'','produced',52,28,'2020-01-06 06:44:49','2024-06-20 09:34:39',12,NULL,NULL,NULL,0,NULL,NULL),
(102,14,NULL,NULL,0,25,1,1,'','consumed',53,29,'2020-01-06 06:46:03','2024-06-20 09:34:39',12,NULL,NULL,NULL,0,NULL,NULL),
(103,14,NULL,NULL,0,3,NULL,1,'','consumed',54,NULL,'2020-01-06 06:46:03','2024-06-20 09:34:39',12,NULL,NULL,NULL,0,NULL,NULL),
(104,14,NULL,NULL,0,4,1,1,'','produced',52,30,'2020-01-06 06:46:03','2024-06-20 09:34:39',12,NULL,NULL,NULL,0,NULL,NULL),
(105,14,NULL,NULL,0,25,1,1,'','consumed',53,31,'2020-01-06 06:48:22','2024-06-20 09:34:39',12,NULL,NULL,NULL,0,NULL,NULL),
(106,14,NULL,NULL,0,3,NULL,1,'','consumed',54,NULL,'2020-01-06 06:48:22','2024-06-20 09:34:39',12,NULL,NULL,NULL,0,NULL,NULL),
(107,14,NULL,NULL,0,4,1,1,'','produced',52,32,'2020-01-06 06:48:22','2024-06-20 09:34:39',12,NULL,NULL,NULL,0,NULL,NULL),
(108,14,NULL,NULL,0,25,1,1,'','consumed',53,33,'2020-01-06 06:50:05','2024-06-20 09:34:39',12,NULL,NULL,NULL,0,NULL,NULL),
(109,14,NULL,NULL,0,3,NULL,1,'','consumed',54,NULL,'2020-01-06 06:50:05','2024-06-20 09:34:39',12,NULL,NULL,NULL,0,NULL,NULL),
(110,14,NULL,NULL,0,4,1,1,'','produced',52,34,'2020-01-06 06:50:05','2024-06-20 09:34:39',12,NULL,NULL,NULL,0,NULL,NULL),
(111,5,NULL,NULL,0,25,1,2,'','consumed',50,35,'2020-01-07 20:25:02','2024-06-20 09:34:39',12,NULL,NULL,NULL,0,NULL,NULL),
(112,5,NULL,NULL,0,3,NULL,1,'','consumed',51,NULL,'2020-01-07 20:25:02','2024-06-20 09:34:39',12,NULL,NULL,NULL,0,NULL,NULL),
(113,5,NULL,NULL,0,4,2,1,'','produced',49,36,'2020-01-07 20:25:02','2024-06-20 09:34:39',12,NULL,NULL,NULL,0,NULL,NULL),
(132,5,NULL,NULL,0,25,1,1,'','consumed',50,46,'2020-01-07 21:53:58','2024-06-20 09:34:39',12,NULL,NULL,NULL,0,NULL,NULL),
(135,5,NULL,NULL,0,25,1,1,'','consumed',50,48,'2020-01-07 21:54:12','2024-06-20 09:34:39',12,NULL,NULL,NULL,0,NULL,NULL),
(140,5,NULL,NULL,0,25,1,1,'','consumed',50,51,'2020-01-07 22:00:55','2024-06-20 09:34:39',12,NULL,NULL,NULL,0,NULL,NULL),
(142,5,NULL,NULL,0,4,1,1,'','produced',49,52,'2020-01-07 22:00:55','2024-06-20 09:34:39',12,NULL,NULL,NULL,0,NULL,NULL),
(143,14,NULL,NULL,0,25,1,1,'','consumed',53,53,'2020-01-07 22:39:52','2024-06-20 09:34:39',12,NULL,NULL,NULL,0,NULL,NULL),
(144,14,NULL,NULL,0,3,NULL,1,'','consumed',54,NULL,'2020-01-07 22:39:52','2024-06-20 09:34:39',12,NULL,NULL,NULL,0,NULL,NULL),
(145,14,NULL,NULL,0,4,1,2,'','produced',52,54,'2020-01-07 22:39:52','2024-06-20 09:34:39',12,NULL,NULL,NULL,0,NULL,NULL),
(146,14,NULL,NULL,0,25,1,2,'','consumed',53,55,'2020-01-07 23:09:04','2024-06-20 09:34:39',12,NULL,NULL,NULL,0,NULL,NULL),
(148,14,NULL,NULL,0,4,1,4,'','produced',52,56,'2020-01-07 23:09:04','2024-06-20 09:34:39',12,NULL,NULL,NULL,0,NULL,NULL),
(149,5,NULL,NULL,0,25,1,1,'','consumed',50,57,'2020-01-07 23:50:40','2024-06-20 09:34:39',12,NULL,NULL,NULL,0,NULL,NULL),
(152,5,NULL,NULL,0,25,1,1,'','consumed',50,59,'2020-01-07 23:51:27','2024-06-20 09:34:39',12,NULL,NULL,NULL,0,NULL,NULL),
(161,5,NULL,NULL,0,25,1,1,'','consumed',50,63,'2020-01-08 00:29:24','2024-06-20 09:34:39',12,NULL,NULL,NULL,0,NULL,NULL),
(167,5,NULL,NULL,0,25,1,1,'','consumed',50,66,'2020-01-08 01:09:15','2024-06-20 09:34:39',12,NULL,NULL,NULL,0,NULL,NULL),
(170,5,NULL,NULL,0,25,1,1,'','consumed',50,68,'2020-01-08 01:15:02','2024-06-20 09:34:39',12,NULL,NULL,NULL,0,NULL,NULL),
(171,5,NULL,NULL,0,25,1,1.1,'','consumed',50,69,'2020-01-08 01:17:16','2024-06-20 09:34:39',12,NULL,NULL,NULL,0,NULL,NULL),
(172,22,NULL,NULL,1,4,NULL,1,NULL,'toproduce',NULL,NULL,'2020-01-08 19:42:15','2024-06-20 09:34:39',12,NULL,NULL,NULL,0,NULL,NULL),
(173,22,NULL,NULL,1,25,NULL,4,NULL,'toconsume',NULL,NULL,'2020-01-08 19:42:15','2020-01-08 15:42:15',12,NULL,NULL,0,0,NULL,NULL),
(174,22,NULL,NULL,3,3,NULL,1,NULL,'toconsume',NULL,NULL,'2020-01-08 19:42:15','2020-01-08 15:42:15',12,NULL,NULL,0,1,NULL,NULL),
(175,22,NULL,NULL,2,2,NULL,1,NULL,'toconsume',NULL,NULL,'2020-01-08 19:42:15','2020-01-08 15:42:15',12,NULL,NULL,1,0,NULL,NULL),
(176,22,NULL,NULL,0,1,NULL,3,NULL,'toconsume',NULL,NULL,'2020-01-08 19:42:15','2020-01-08 15:42:15',12,NULL,NULL,0,0,NULL,NULL),
(177,23,NULL,NULL,1,4,NULL,1,NULL,'toproduce',NULL,NULL,'2020-01-08 19:45:04','2024-06-20 09:34:39',12,NULL,NULL,NULL,0,NULL,NULL),
(178,23,NULL,NULL,1,25,NULL,4,NULL,'toconsume',NULL,NULL,'2020-01-08 19:45:04','2020-01-08 15:45:04',12,NULL,NULL,0,0,NULL,NULL),
(179,23,NULL,NULL,3,3,NULL,1,NULL,'toconsume',NULL,NULL,'2020-01-08 19:45:04','2020-01-08 15:45:04',12,NULL,NULL,0,1,NULL,NULL),
(180,23,NULL,NULL,2,2,NULL,1,NULL,'toconsume',NULL,NULL,'2020-01-08 19:45:04','2020-01-08 15:45:04',12,NULL,NULL,1,0,NULL,NULL),
(181,23,NULL,NULL,0,1,NULL,3,NULL,'toconsume',NULL,NULL,'2020-01-08 19:45:04','2020-01-08 15:45:04',12,NULL,NULL,0,0,NULL,NULL),
(182,24,NULL,NULL,1,4,NULL,1,NULL,'toproduce',NULL,NULL,'2020-01-08 19:46:41','2024-06-20 09:34:39',12,NULL,NULL,NULL,0,NULL,NULL),
(183,24,NULL,NULL,1,25,NULL,4,NULL,'toconsume',NULL,NULL,'2020-01-08 19:46:41','2020-01-08 15:46:41',12,NULL,NULL,0,0,NULL,NULL),
(184,24,NULL,NULL,3,3,NULL,1,NULL,'toconsume',NULL,NULL,'2020-01-08 19:46:41','2020-01-08 15:46:41',12,NULL,NULL,0,1,NULL,NULL),
(185,24,NULL,NULL,2,2,NULL,1,NULL,'toconsume',NULL,NULL,'2020-01-08 19:46:41','2020-01-08 15:46:41',12,NULL,NULL,1,0,NULL,NULL),
(186,24,NULL,NULL,0,1,NULL,3,NULL,'toconsume',NULL,NULL,'2020-01-08 19:46:41','2020-01-08 15:46:41',12,NULL,NULL,0,0,NULL,NULL),
(192,26,NULL,NULL,1,4,NULL,1,NULL,'toproduce',NULL,NULL,'2020-01-08 19:49:22','2024-06-20 09:34:39',12,NULL,NULL,NULL,0,NULL,NULL),
(193,26,NULL,NULL,1,25,NULL,4,NULL,'toconsume',NULL,NULL,'2020-01-08 19:49:22','2020-01-08 15:49:22',12,NULL,NULL,0,0,NULL,NULL),
(194,26,NULL,NULL,3,3,NULL,1,NULL,'toconsume',NULL,NULL,'2020-01-08 19:49:22','2020-01-08 15:49:22',12,NULL,NULL,0,1,NULL,NULL),
(195,26,NULL,NULL,2,2,NULL,1,NULL,'toconsume',NULL,NULL,'2020-01-08 19:49:22','2020-01-08 15:49:22',12,NULL,NULL,1,0,NULL,NULL),
(196,26,NULL,NULL,0,1,NULL,3,NULL,'toconsume',NULL,NULL,'2020-01-08 19:49:22','2020-01-08 15:49:22',12,NULL,NULL,0,0,NULL,NULL),
(197,27,NULL,NULL,1,4,NULL,1,NULL,'toproduce',NULL,NULL,'2020-01-08 19:49:50','2024-06-20 09:34:39',12,NULL,NULL,NULL,0,NULL,NULL),
(198,27,NULL,NULL,1,25,NULL,4,NULL,'toconsume',NULL,NULL,'2020-01-08 19:49:50','2020-01-08 15:49:50',12,NULL,NULL,0,0,NULL,NULL),
(199,27,NULL,NULL,3,3,NULL,1,NULL,'toconsume',NULL,NULL,'2020-01-08 19:49:50','2020-01-08 15:49:50',12,NULL,NULL,0,1,NULL,NULL),
(200,27,NULL,NULL,2,2,NULL,1,NULL,'toconsume',NULL,NULL,'2020-01-08 19:49:50','2020-01-08 15:49:50',12,NULL,NULL,1,0,NULL,NULL),
(201,27,NULL,NULL,0,1,NULL,3,NULL,'toconsume',NULL,NULL,'2020-01-08 19:49:50','2020-01-08 15:49:50',12,NULL,NULL,0,0,NULL,NULL),
(202,28,NULL,NULL,1,4,NULL,1,NULL,'toproduce',NULL,NULL,'2020-01-08 20:09:40','2024-06-20 09:34:39',12,NULL,NULL,NULL,0,NULL,NULL),
(203,28,NULL,NULL,1,25,NULL,4,NULL,'toconsume',NULL,NULL,'2020-01-08 20:09:40','2020-01-08 16:09:40',12,NULL,NULL,0,0,NULL,NULL),
(204,28,NULL,NULL,3,3,NULL,1,NULL,'toconsume',NULL,NULL,'2020-01-08 20:09:40','2020-01-08 16:09:40',12,NULL,NULL,0,1,NULL,NULL),
(205,28,NULL,NULL,2,2,NULL,1,NULL,'toconsume',NULL,NULL,'2020-01-08 20:09:40','2020-01-08 16:09:40',12,NULL,NULL,1,0,NULL,NULL),
(206,28,NULL,NULL,0,1,NULL,3,NULL,'toconsume',NULL,NULL,'2020-01-08 20:09:40','2020-01-08 16:09:40',12,NULL,NULL,0,0,NULL,NULL),
(207,28,NULL,NULL,0,25,1,1,'','consumed',203,70,'2020-01-08 20:21:22','2024-06-20 09:34:39',12,NULL,NULL,NULL,0,NULL,NULL),
(210,28,NULL,NULL,0,1,1,1.1,'000000','consumed',206,73,'2020-01-08 20:41:18','2024-06-20 09:34:39',12,NULL,NULL,NULL,0,NULL,NULL),
(211,28,NULL,NULL,0,4,1,1.2,'aaa','produced',202,74,'2020-01-08 20:41:19','2024-06-20 09:34:39',12,NULL,NULL,NULL,0,NULL,NULL),
(212,24,NULL,NULL,0,25,1,1,'','consumed',183,75,'2020-01-13 15:13:19','2024-06-20 09:34:39',12,NULL,NULL,NULL,0,NULL,NULL),
(213,24,NULL,NULL,0,1,1,0.1,'000000','consumed',186,76,'2020-01-13 15:14:15','2024-06-20 09:34:39',12,NULL,NULL,NULL,0,NULL,NULL),
(214,22,NULL,'free',0,1,NULL,1,NULL,'toconsume',NULL,NULL,'2022-12-26 11:49:33','2024-06-20 09:34:39',12,NULL,NULL,NULL,0,NULL,NULL);

--
-- Table structure for table `llx_mrp_production_extrafields`
--

CREATE TABLE `llx_mrp_production_extrafields` (
  `rowid` int(11) NOT NULL AUTO_INCREMENT,
  `tms` timestamp NOT NULL DEFAULT current_timestamp() ON UPDATE current_timestamp(),
  `fk_object` int(11) NOT NULL,
  `import_key` varchar(14) DEFAULT NULL,
  PRIMARY KEY (`rowid`),
  UNIQUE KEY `uk_mrp_production_fk_object` (`fk_object`)
) ENGINE=InnoDB DEFAULT CHARSET=utf8mb3 COLLATE=utf8mb3_unicode_ci;

--
-- Dumping data for table `llx_mrp_production_extrafields`
--


--
-- Table structure for table `llx_multicurrency`
--

CREATE TABLE `llx_multicurrency` (
  `rowid` int(11) NOT NULL AUTO_INCREMENT,
  `date_create` datetime DEFAULT NULL,
  `code` varchar(255) DEFAULT NULL,
  `name` varchar(255) DEFAULT NULL,
  `entity` int(11) DEFAULT 1,
  `fk_user` int(11) DEFAULT NULL,
  `tms` timestamp NULL DEFAULT current_timestamp() ON UPDATE current_timestamp(),
  PRIMARY KEY (`rowid`)
) ENGINE=InnoDB AUTO_INCREMENT=4 DEFAULT CHARSET=utf8mb3 COLLATE=utf8mb3_unicode_ci;

--
-- Dumping data for table `llx_multicurrency`
--

INSERT INTO `llx_multicurrency` VALUES
(1,'2017-02-15 21:17:16','EUR','Euros (€)',1,12,'2025-01-06 15:48:16'),
(2,'2020-01-01 19:20:09','USD','US Dollars ($)',1,12,'2025-01-06 15:48:16'),
(3,'2022-12-31 11:35:01','AED','United Arab Emirates Dirham (AED)',1,12,'2025-01-06 15:48:16');

--
-- Table structure for table `llx_multicurrency_rate`
--

CREATE TABLE `llx_multicurrency_rate` (
  `rowid` int(11) NOT NULL AUTO_INCREMENT,
  `date_sync` datetime DEFAULT NULL,
  `rate` double NOT NULL DEFAULT 0,
  `fk_multicurrency` int(11) NOT NULL,
  `entity` int(11) DEFAULT 1,
  `rate_indirect` double DEFAULT 0,
  `tms` timestamp NULL DEFAULT current_timestamp() ON UPDATE current_timestamp(),
  PRIMARY KEY (`rowid`)
) ENGINE=InnoDB AUTO_INCREMENT=5 DEFAULT CHARSET=utf8mb3 COLLATE=utf8mb3_unicode_ci;

--
-- Dumping data for table `llx_multicurrency_rate`
--

INSERT INTO `llx_multicurrency_rate` VALUES
(1,'2017-02-15 21:17:16',1,1,1,0,'2025-01-06 15:48:16'),
(2,'2020-01-01 19:20:09',1.2,2,1,0,'2025-01-06 15:48:16'),
(3,'2022-12-31 11:35:01',1.2,3,1,0,'2025-01-06 15:48:16'),
(4,'2022-12-31 00:00:00',1.3,2,1,0,'2025-01-06 15:48:16');

--
-- Table structure for table `llx_notify`
--

CREATE TABLE `llx_notify` (
  `rowid` int(11) NOT NULL AUTO_INCREMENT,
  `tms` timestamp NOT NULL DEFAULT current_timestamp() ON UPDATE current_timestamp(),
  `daten` datetime DEFAULT NULL,
  `fk_action` int(11) NOT NULL,
  `fk_soc` int(11) DEFAULT NULL,
  `fk_contact` int(11) DEFAULT NULL,
  `fk_user` int(11) DEFAULT NULL,
  `objet_type` varchar(24) NOT NULL,
  `objet_id` int(11) NOT NULL,
  `email` varchar(255) DEFAULT NULL,
  `type` varchar(16) DEFAULT 'email',
  `type_target` varchar(16) DEFAULT NULL,
  PRIMARY KEY (`rowid`)
) ENGINE=InnoDB DEFAULT CHARSET=utf8mb3 COLLATE=utf8mb3_unicode_ci;

--
-- Dumping data for table `llx_notify`
--


--
-- Table structure for table `llx_notify_def`
--

CREATE TABLE `llx_notify_def` (
  `rowid` int(11) NOT NULL AUTO_INCREMENT,
  `tms` timestamp NOT NULL DEFAULT current_timestamp() ON UPDATE current_timestamp(),
  `datec` date DEFAULT NULL,
  `fk_action` int(11) NOT NULL,
  `fk_soc` int(11) DEFAULT NULL,
  `fk_contact` int(11) DEFAULT NULL,
  `fk_user` int(11) DEFAULT NULL,
  `type` varchar(16) DEFAULT 'email',
  `email` varchar(255) DEFAULT NULL,
  `threshold` double(24,8) DEFAULT NULL,
  `context` varchar(128) DEFAULT NULL,
  `entity` int(11) DEFAULT 1,
  PRIMARY KEY (`rowid`)
) ENGINE=InnoDB DEFAULT CHARSET=utf8mb3 COLLATE=utf8mb3_unicode_ci;

--
-- Dumping data for table `llx_notify_def`
--


--
-- Table structure for table `llx_notify_def_object`
--

CREATE TABLE `llx_notify_def_object` (
  `id` int(11) NOT NULL AUTO_INCREMENT,
  `entity` int(11) NOT NULL DEFAULT 1,
  `objet_type` varchar(16) DEFAULT NULL,
  `objet_id` int(11) NOT NULL,
  `type_notif` varchar(16) DEFAULT 'browser',
  `date_notif` datetime DEFAULT NULL,
  `user_id` int(11) DEFAULT NULL,
  `moreparam` varchar(255) DEFAULT NULL,
  PRIMARY KEY (`id`)
) ENGINE=InnoDB DEFAULT CHARSET=utf8mb3 COLLATE=utf8mb3_unicode_ci;

--
-- Dumping data for table `llx_notify_def_object`
--


--
-- Table structure for table `llx_oauth_state`
--

CREATE TABLE `llx_oauth_state` (
  `rowid` int(11) NOT NULL AUTO_INCREMENT,
  `service` varchar(36) DEFAULT NULL,
  `state` varchar(128) DEFAULT NULL,
  `fk_user` int(11) DEFAULT NULL,
  `fk_adherent` int(11) DEFAULT NULL,
  `entity` int(11) DEFAULT NULL,
  PRIMARY KEY (`rowid`)
) ENGINE=InnoDB DEFAULT CHARSET=utf8mb3 COLLATE=utf8mb3_unicode_ci;

--
-- Dumping data for table `llx_oauth_state`
--


--
-- Table structure for table `llx_oauth_token`
--

CREATE TABLE `llx_oauth_token` (
  `rowid` int(11) NOT NULL AUTO_INCREMENT,
  `service` varchar(36) DEFAULT NULL,
  `token` text DEFAULT NULL,
  `fk_soc` int(11) DEFAULT NULL,
  `fk_user` int(11) DEFAULT NULL,
  `fk_adherent` int(11) DEFAULT NULL,
  `entity` int(11) DEFAULT NULL,
  `tokenstring` text DEFAULT NULL,
  `state` text DEFAULT NULL,
  `restricted_ips` varchar(200) DEFAULT NULL,
  `datec` datetime DEFAULT NULL,
  `tms` timestamp NOT NULL DEFAULT current_timestamp() ON UPDATE current_timestamp(),
  PRIMARY KEY (`rowid`)
) ENGINE=InnoDB AUTO_INCREMENT=30 DEFAULT CHARSET=utf8mb3 COLLATE=utf8mb3_unicode_ci;

--
-- Dumping data for table `llx_oauth_token`
--


--
-- Table structure for table `llx_object_lang`
--

CREATE TABLE `llx_object_lang` (
  `rowid` int(11) NOT NULL AUTO_INCREMENT,
  `fk_object` int(11) NOT NULL DEFAULT 0,
  `type_object` varchar(32) NOT NULL,
  `property` varchar(32) NOT NULL,
  `lang` varchar(5) NOT NULL DEFAULT '0',
  `value` text DEFAULT NULL,
  `import_key` varchar(14) DEFAULT NULL,
  PRIMARY KEY (`rowid`),
  UNIQUE KEY `uk_object_lang` (`fk_object`,`type_object`,`property`,`lang`)
) ENGINE=InnoDB DEFAULT CHARSET=utf8mb3 COLLATE=utf8mb3_unicode_ci;

--
-- Dumping data for table `llx_object_lang`
--


--
-- Table structure for table `llx_onlinesignature`
--

CREATE TABLE `llx_onlinesignature` (
  `rowid` int(11) NOT NULL AUTO_INCREMENT,
  `entity` int(11) NOT NULL DEFAULT 1,
  `object_type` varchar(32) NOT NULL,
  `object_id` int(11) NOT NULL,
  `datec` datetime NOT NULL,
  `tms` timestamp NOT NULL DEFAULT current_timestamp() ON UPDATE current_timestamp(),
  `name` varchar(255) NOT NULL,
  `ip` varchar(128) DEFAULT NULL,
  `pathoffile` varchar(255) DEFAULT NULL,
  PRIMARY KEY (`rowid`)
) ENGINE=InnoDB DEFAULT CHARSET=utf8mb3 COLLATE=utf8mb3_unicode_ci;

--
-- Dumping data for table `llx_onlinesignature`
--


--
-- Table structure for table `llx_opensurvey_comments`
--

CREATE TABLE `llx_opensurvey_comments` (
  `id_comment` int(10) unsigned NOT NULL AUTO_INCREMENT,
  `id_sondage` char(16) NOT NULL,
  `comment` text NOT NULL,
  `usercomment` text DEFAULT NULL,
  `ip` varchar(250) DEFAULT NULL,
  `date_creation` datetime DEFAULT NULL,
  PRIMARY KEY (`id_comment`),
  KEY `idx_id_comment` (`id_comment`),
  KEY `idx_id_sondage` (`id_sondage`)
) ENGINE=InnoDB AUTO_INCREMENT=31 DEFAULT CHARSET=utf8mb3 COLLATE=utf8mb3_unicode_ci;

--
-- Dumping data for table `llx_opensurvey_comments`
--

INSERT INTO `llx_opensurvey_comments` VALUES
(2,'434dio8rxfljs3p1','aaa','aaa',NULL,NULL),
(5,'434dio8rxfljs3p1','aaa','aaa',NULL,NULL),
(6,'434dio8rxfljs3p1','gfh','jj',NULL,NULL),
(11,'434dio8rxfljs3p1','fsdf','fdsf',NULL,NULL),
(12,'3imby4hf7joiilsu','fsdf','aa',NULL,NULL),
(16,'3imby4hf7joiilsu','gdfg','gfdg',NULL,NULL),
(17,'3imby4hf7joiilsu','gfdgd','gdfgd',NULL,NULL),
(18,'om4e7azfiurnjtqe','fds','fdsf',NULL,NULL),
(26,'qgsfrgb922rqzocy','gfdg','gfdg',NULL,NULL),
(27,'qgsfrgb922rqzocy','gfdg','gfd',NULL,NULL),
(30,'ckanvbe7kt3rdb3h','hfgh','fdfds',NULL,NULL);

--
-- Table structure for table `llx_opensurvey_formquestions`
--

CREATE TABLE `llx_opensurvey_formquestions` (
  `rowid` int(11) NOT NULL AUTO_INCREMENT,
  `id_sondage` varchar(16) DEFAULT NULL,
  `question` text DEFAULT NULL,
  `available_answers` text DEFAULT NULL,
  PRIMARY KEY (`rowid`)
) ENGINE=InnoDB DEFAULT CHARSET=utf8mb3 COLLATE=utf8mb3_unicode_ci;

--
-- Dumping data for table `llx_opensurvey_formquestions`
--


--
-- Table structure for table `llx_opensurvey_sondage`
--

CREATE TABLE `llx_opensurvey_sondage` (
  `id_sondage` varchar(16) NOT NULL,
  `commentaires` text DEFAULT NULL,
  `mail_admin` varchar(128) DEFAULT NULL,
  `nom_admin` varchar(64) DEFAULT NULL,
  `fk_user_creat` int(11) NOT NULL,
  `titre` text NOT NULL,
  `date_fin` datetime DEFAULT NULL,
  `status` int(11) DEFAULT 1,
  `format` varchar(2) NOT NULL,
  `mailsonde` tinyint(4) NOT NULL DEFAULT 0,
  `tms` timestamp NOT NULL DEFAULT current_timestamp() ON UPDATE current_timestamp(),
  `entity` int(11) NOT NULL DEFAULT 1,
  `allow_comments` tinyint(4) NOT NULL DEFAULT 1,
  `allow_spy` tinyint(4) NOT NULL DEFAULT 1,
  `sujet` text DEFAULT NULL,
  PRIMARY KEY (`id_sondage`),
  KEY `idx_date_fin` (`date_fin`)
) ENGINE=InnoDB DEFAULT CHARSET=utf8mb3 COLLATE=utf8mb3_unicode_ci;

--
-- Dumping data for table `llx_opensurvey_sondage`
--

INSERT INTO `llx_opensurvey_sondage` VALUES
('m4467s2mtk6khmxc','What is your prefered date for a brunch','myemail@aaa.com','fdfds',0,'Date of next brunch','2015-03-07 00:00:00',2,'D',1,'2023-08-15 12:17:28',1,1,1,',1483473600'),
('tim1dye8x5eeetxu','Please vote for the candidate you want to have for our new president this year.',NULL,NULL,12,'Election of new president','2017-02-26 04:00:00',1,'A',0,'2023-08-15 12:17:28',1,1,0,'Alan Candide@foragainst,Alex Candor@foragainst');

--
-- Table structure for table `llx_opensurvey_user_formanswers`
--

CREATE TABLE `llx_opensurvey_user_formanswers` (
  `fk_user_survey` int(11) NOT NULL,
  `fk_question` int(11) NOT NULL,
  `reponses` text DEFAULT NULL
) ENGINE=InnoDB DEFAULT CHARSET=utf8mb3 COLLATE=utf8mb3_unicode_ci;

--
-- Dumping data for table `llx_opensurvey_user_formanswers`
--


--
-- Table structure for table `llx_opensurvey_user_studs`
--

CREATE TABLE `llx_opensurvey_user_studs` (
  `id_users` int(11) NOT NULL AUTO_INCREMENT,
  `nom` varchar(64) NOT NULL,
  `id_sondage` varchar(16) NOT NULL,
  `reponses` varchar(200) NOT NULL,
  `ip` varchar(250) DEFAULT NULL,
  `date_creation` datetime DEFAULT NULL,
  PRIMARY KEY (`id_users`),
  KEY `idx_id_users` (`id_users`),
  KEY `idx_nom` (`nom`),
  KEY `idx_id_sondage` (`id_sondage`),
  KEY `idx_opensurvey_user_studs_id_users` (`id_users`),
  KEY `idx_opensurvey_user_studs_nom` (`nom`),
  KEY `idx_opensurvey_user_studs_id_sondage` (`id_sondage`)
) ENGINE=InnoDB AUTO_INCREMENT=31 DEFAULT CHARSET=utf8mb3 COLLATE=utf8mb3_unicode_ci;

--
-- Dumping data for table `llx_opensurvey_user_studs`
--

INSERT INTO `llx_opensurvey_user_studs` VALUES
(1,'gfdgdf','om4e7azfiurnjtqe','01',NULL,NULL),
(2,'aa','3imby4hf7joiilsu','210',NULL,NULL),
(3,'fsdf','z2qcqjh5pm1q4p99','0110',NULL,NULL),
(5,'hfghf','z2qcqjh5pm1q4p99','1110',NULL,NULL),
(6,'qqqq','ah9xvaqu1ajjrqse','000111',NULL,NULL),
(7,'hjgh','ah9xvaqu1ajjrqse','000010',NULL,NULL),
(8,'bcvb','qgsfrgb922rqzocy','011000',NULL,NULL),
(9,'gdfg','ah9xvaqu1ajjrqse','001000',NULL,NULL),
(10,'ggg','ah9xvaqu1ajjrqse','000100',NULL,NULL),
(11,'gfdgd','ah9xvaqu1ajjrqse','001000',NULL,NULL),
(12,'hhhh','ah9xvaqu1ajjrqse','010000',NULL,NULL),
(13,'iii','ah9xvaqu1ajjrqse','000100',NULL,NULL),
(14,'kkk','ah9xvaqu1ajjrqse','001000',NULL,NULL),
(15,'lllll','ah9xvaqu1ajjrqse','000001',NULL,NULL),
(16,'kk','ah9xvaqu1ajjrqse','000001',NULL,NULL),
(17,'gggg','ah9xvaqu1ajjrqse','001000',NULL,NULL),
(18,'mmmm','ah9xvaqu1ajjrqse','000000',NULL,NULL),
(19,'jkjkj','ah9xvaqu1ajjrqse','000001',NULL,NULL),
(20,'azerty','8mcdnf2hgcntfibe','012',NULL,NULL),
(21,'hfghfg','8mcdnf2hgcntfibe','012',NULL,NULL),
(22,'fd','ckanvbe7kt3rdb3h','10',NULL,NULL),
(25,'John Doe','m4467s2mtk6khmxc','1',NULL,NULL),
(26,'Martial Bill','m4467s2mtk6khmxc','01',NULL,NULL),
(27,'Marissa Campbell','m4467s2mtk6khmxc','11',NULL,NULL),
(28,'Leonard Cast','m4467s2mtk6khmxc','01',NULL,NULL),
(29,'John Doe','tim1dye8x5eeetxu','01',NULL,NULL),
(30,'Eldy','tim1dye8x5eeetxu','11',NULL,NULL);

--
-- Table structure for table `llx_overwrite_trans`
--

CREATE TABLE `llx_overwrite_trans` (
  `rowid` int(11) NOT NULL AUTO_INCREMENT,
  `entity` int(11) NOT NULL DEFAULT 1,
  `lang` varchar(5) DEFAULT NULL,
  `transkey` varchar(128) DEFAULT NULL,
  `transvalue` text DEFAULT NULL,
  PRIMARY KEY (`rowid`),
  UNIQUE KEY `uk_overwrite_trans` (`entity`,`lang`,`transkey`)
) ENGINE=InnoDB DEFAULT CHARSET=utf8mb3 COLLATE=utf8mb3_unicode_ci;

--
-- Dumping data for table `llx_overwrite_trans`
--


--
-- Table structure for table `llx_paiement`
--

CREATE TABLE `llx_paiement` (
  `rowid` int(11) NOT NULL AUTO_INCREMENT,
  `ref` varchar(30) NOT NULL DEFAULT '',
  `ref_ext` varchar(255) DEFAULT NULL,
  `entity` int(11) NOT NULL DEFAULT 1,
  `datec` datetime DEFAULT NULL,
  `tms` timestamp NOT NULL DEFAULT current_timestamp() ON UPDATE current_timestamp(),
  `datep` datetime DEFAULT NULL,
  `amount` double(24,8) DEFAULT NULL,
  `fk_paiement` int(11) NOT NULL,
  `num_paiement` varchar(50) DEFAULT NULL,
  `note` text DEFAULT NULL,
  `fk_bank` int(11) NOT NULL DEFAULT 0,
  `fk_user_creat` int(11) DEFAULT NULL,
  `fk_user_modif` int(11) DEFAULT NULL,
  `statut` smallint(6) NOT NULL DEFAULT 0,
  `fk_export_compta` int(11) NOT NULL DEFAULT 0,
  `pos_change` double(24,8) DEFAULT 0.00000000,
  `multicurrency_amount` double(24,8) DEFAULT 0.00000000,
  `ext_payment_id` varchar(255) DEFAULT NULL,
  `ext_payment_site` varchar(128) DEFAULT NULL,
  PRIMARY KEY (`rowid`)
) ENGINE=InnoDB AUTO_INCREMENT=48 DEFAULT CHARSET=utf8mb3 COLLATE=utf8mb3_unicode_ci;

--
-- Dumping data for table `llx_paiement`
--

INSERT INTO `llx_paiement` VALUES
(3,'3',NULL,1,'2013-07-18 20:50:47','2025-01-06 15:48:05','2024-07-08 12:00:00',10.00000000,4,'','',6,1,NULL,0,0,0.00000000,0.00000000,NULL,NULL),
(5,'5',NULL,1,'2013-08-01 03:34:11','2025-01-06 15:48:05','2024-08-01 03:34:11',5.63000000,6,'','Payment Invoice FA1108-0003',8,1,NULL,0,0,0.00000000,0.00000000,NULL,NULL),
(6,'6',NULL,1,'2013-08-06 20:33:54','2025-01-06 15:48:05','2024-08-06 20:33:53',5.98000000,4,'','Payment Invoice FA1108-0004',13,1,NULL,0,0,0.00000000,0.00000000,NULL,NULL),
(8,'8',NULL,1,'2013-08-08 02:53:40','2025-01-06 15:48:05','2024-08-08 12:00:00',26.10000000,4,'','',14,1,NULL,0,0,0.00000000,0.00000000,NULL,NULL),
(9,'9',NULL,1,'2013-08-08 02:55:58','2025-01-06 15:48:05','2024-08-08 12:00:00',26.96000000,1,'','',15,1,NULL,0,0,0.00000000,0.00000000,NULL,NULL),
(17,'17',NULL,1,'2014-12-09 15:28:44','2025-01-06 15:48:05','2024-12-09 12:00:00',2.00000000,4,'','',16,1,NULL,0,0,0.00000000,0.00000000,NULL,NULL),
(18,'18',NULL,1,'2014-12-09 15:28:53','2025-01-06 15:48:05','2024-12-09 12:00:00',-2.00000000,4,'','',17,1,NULL,0,0,0.00000000,0.00000000,NULL,NULL),
(19,'19',NULL,1,'2014-12-09 17:35:55','2025-01-06 15:48:05','2024-12-09 12:00:00',-2.00000000,4,'','',18,1,NULL,0,0,0.00000000,0.00000000,NULL,NULL),
(20,'20',NULL,1,'2014-12-09 17:37:02','2025-01-06 15:48:05','2024-12-09 12:00:00',2.00000000,4,'','',19,1,NULL,0,0,0.00000000,0.00000000,NULL,NULL),
(21,'21',NULL,1,'2014-12-09 18:35:07','2025-01-06 15:48:05','2024-12-09 12:00:00',-2.00000000,4,'','',20,1,NULL,0,0,0.00000000,0.00000000,NULL,NULL),
(23,'23',NULL,1,'2014-12-12 18:54:33','2025-01-06 15:48:05','2024-12-12 12:00:00',1.00000000,1,'','',21,1,NULL,0,0,0.00000000,0.00000000,NULL,NULL),
(24,'24',NULL,1,'2015-03-06 16:48:16','2024-06-20 09:34:35','2024-03-06 00:00:00',20.00000000,4,'','Adhésion/cotisation 2016',22,1,NULL,0,0,0.00000000,0.00000000,NULL,NULL),
(25,'25',NULL,1,'2015-03-20 14:30:11','2024-06-20 09:34:35','2024-03-20 00:00:00',10.00000000,2,'','Adhésion/cotisation 2011',23,1,NULL,0,0,0.00000000,0.00000000,NULL,NULL),
(26,'26',NULL,1,'2016-03-02 19:57:58','2025-01-06 15:48:05','2024-07-09 12:00:00',605.00000000,2,'','',24,1,NULL,0,0,0.00000000,0.00000000,NULL,NULL),
(29,'29',NULL,1,'2016-03-02 20:01:39','2024-06-20 09:34:35','2024-03-19 12:00:00',500.00000000,4,'','',26,1,NULL,0,0,0.00000000,0.00000000,NULL,NULL),
(30,'30',NULL,1,'2016-03-02 20:02:06','2024-06-20 09:34:35','2024-03-21 12:00:00',400.00000000,2,'','',27,1,NULL,0,0,0.00000000,0.00000000,NULL,NULL),
(32,'32',NULL,1,'2016-03-03 19:22:32','2025-01-06 15:48:05','2024-10-03 12:00:00',-400.00000000,4,'','',28,1,NULL,0,0,0.00000000,0.00000000,NULL,NULL),
(33,'33',NULL,1,'2016-03-03 19:23:16','2024-06-20 09:34:35','2024-03-10 12:00:00',-300.00000000,4,'','',29,1,NULL,0,0,0.00000000,0.00000000,NULL,NULL),
(34,'PAY1603-0001',NULL,1,'2017-02-06 08:10:24','2024-06-20 09:34:25','2024-03-22 12:00:00',150.00000000,7,'','',33,12,NULL,0,0,0.00000000,150.00000000,NULL,NULL),
(35,'PAY1603-0002',NULL,1,'2017-02-06 08:10:50','2024-06-20 09:34:25','2024-03-25 12:00:00',140.00000000,3,'','',34,12,NULL,0,0,0.00000000,140.00000000,NULL,NULL),
(36,'PAY1702-0003',NULL,1,'2017-02-21 16:07:43','2024-06-20 09:34:25','2024-02-21 12:00:00',50.00000000,3,'T170201','',37,12,NULL,0,0,0.00000000,50.00000000,NULL,NULL),
(38,'PAY1803-0004',NULL,1,'2018-03-16 13:59:31','2024-06-20 09:34:25','2024-03-16 12:00:00',10.00000000,7,'','',39,12,NULL,0,0,0.00000000,10.00000000,NULL,NULL),
(39,'PAY1801-0005',NULL,1,'2019-10-04 10:28:14','2024-06-20 09:34:25','2024-01-19 12:00:00',5.63000000,4,'','',41,12,NULL,0,0,0.00000000,5.63000000,NULL,NULL),
(40,'PAY2001-0006',NULL,1,'2020-01-16 02:36:48','2024-06-20 09:34:25','2024-01-16 12:00:00',20.50000000,2,'','',50,12,NULL,0,0,0.00000000,20.50000000,NULL,NULL),
(41,'PAY2001-0007',NULL,1,'2020-01-21 10:23:17','2024-06-20 09:34:25','2024-01-21 00:00:00',50.00000000,7,'','Subscription 2017',53,12,NULL,0,0,0.00000000,50.00000000,NULL,NULL),
(42,'PAY2001-0008',NULL,1,'2020-01-21 10:23:28','2024-06-20 09:34:25','2024-01-21 00:00:00',50.00000000,7,'','Subscription 2018',54,12,NULL,0,0,0.00000000,50.00000000,NULL,NULL),
(43,'PAY2001-0009',NULL,1,'2020-01-21 10:23:49','2024-06-20 09:34:25','2024-01-21 00:00:00',50.00000000,6,'','Subscription 2019',55,12,NULL,0,0,0.00000000,50.00000000,NULL,NULL),
(45,'PAY2212-0010','',1,'2023-02-06 09:18:07','2025-01-06 15:48:05','2024-12-11 08:00:00',1.00000000,3,'','',57,12,NULL,0,0,0.00000000,1.00000000,NULL,NULL),
(47,'PAY2403-0011','',1,'2024-06-21 10:52:47','2024-06-21 10:52:47','2024-03-02 11:00:00',30.00000000,3,'','',62,12,NULL,0,0,0.00000000,30.00000000,NULL,NULL);

--
-- Table structure for table `llx_paiement_facture`
--

CREATE TABLE `llx_paiement_facture` (
  `rowid` int(11) NOT NULL AUTO_INCREMENT,
  `fk_paiement` int(11) DEFAULT NULL,
  `fk_facture` int(11) DEFAULT NULL,
  `amount` double(24,8) DEFAULT NULL,
  `multicurrency_amount` double(24,8) DEFAULT 0.00000000,
  `multicurrency_code` varchar(3) DEFAULT NULL,
  `multicurrency_tx` double(24,8) DEFAULT 1.00000000,
  PRIMARY KEY (`rowid`),
  UNIQUE KEY `uk_paiement_facture` (`fk_paiement`,`fk_facture`),
  KEY `idx_paiement_facture_fk_facture` (`fk_facture`),
  KEY `idx_paiement_facture_fk_paiement` (`fk_paiement`),
  CONSTRAINT `fk_paiement_facture_fk_facture` FOREIGN KEY (`fk_facture`) REFERENCES `llx_facture` (`rowid`),
  CONSTRAINT `fk_paiement_facture_fk_paiement` FOREIGN KEY (`fk_paiement`) REFERENCES `llx_paiement` (`rowid`)
) ENGINE=InnoDB AUTO_INCREMENT=52 DEFAULT CHARSET=utf8mb3 COLLATE=utf8mb3_unicode_ci;

--
-- Dumping data for table `llx_paiement_facture`
--

INSERT INTO `llx_paiement_facture` VALUES
(3,3,2,10.00000000,0.00000000,NULL,1.00000000),
(5,5,5,5.63000000,0.00000000,NULL,1.00000000),
(6,6,6,5.98000000,0.00000000,NULL,1.00000000),
(9,8,2,16.10000000,0.00000000,NULL,1.00000000),
(10,8,8,10.00000000,0.00000000,NULL,1.00000000),
(11,9,3,15.00000000,0.00000000,NULL,1.00000000),
(12,9,9,11.96000000,0.00000000,NULL,1.00000000),
(24,20,9,1.00000000,0.00000000,NULL,1.00000000),
(31,26,32,600.00000000,0.00000000,NULL,1.00000000),
(36,29,32,500.00000000,0.00000000,NULL,1.00000000),
(37,30,32,400.00000000,0.00000000,NULL,1.00000000),
(38,34,211,150.00000000,150.00000000,NULL,1.00000000),
(39,35,211,140.00000000,140.00000000,NULL,1.00000000),
(40,36,211,50.00000000,50.00000000,NULL,1.00000000),
(42,38,149,10.00000000,10.00000000,NULL,1.00000000),
(43,39,150,5.63000000,5.63000000,NULL,1.00000000),
(44,40,224,20.50000000,20.50000000,NULL,1.00000000),
(45,41,229,50.00000000,50.00000000,NULL,1.00000000),
(46,42,230,50.00000000,50.00000000,NULL,1.00000000),
(47,43,231,50.00000000,50.00000000,NULL,1.00000000),
(49,45,148,1.00000000,1.00000000,NULL,1.00000000),
(51,47,238,30.00000000,30.00000000,'EUR',1.00000000);

--
-- Table structure for table `llx_paiementcharge`
--

CREATE TABLE `llx_paiementcharge` (
  `rowid` int(11) NOT NULL AUTO_INCREMENT,
  `fk_charge` int(11) DEFAULT NULL,
  `datec` datetime DEFAULT NULL,
  `tms` timestamp NOT NULL DEFAULT current_timestamp() ON UPDATE current_timestamp(),
  `datep` datetime DEFAULT NULL,
  `amount` double(24,8) DEFAULT NULL,
  `fk_typepaiement` int(11) NOT NULL,
  `num_paiement` varchar(50) DEFAULT NULL,
  `note` text DEFAULT NULL,
  `fk_bank` int(11) NOT NULL,
  `fk_user_creat` int(11) DEFAULT NULL,
  `fk_user_modif` int(11) DEFAULT NULL,
  PRIMARY KEY (`rowid`),
  KEY `idx_paiementcharge_fk_charge` (`fk_charge`)
) ENGINE=InnoDB AUTO_INCREMENT=8 DEFAULT CHARSET=utf8mb3 COLLATE=utf8mb3_unicode_ci;

--
-- Dumping data for table `llx_paiementcharge`
--

INSERT INTO `llx_paiementcharge` VALUES
(4,4,'2013-08-05 23:11:37','2013-08-05 21:11:37','2013-08-05 12:00:00',10.00000000,2,'','',12,1,NULL),
(6,6,'2019-12-26 01:48:30','2019-12-25 21:48:30','2019-12-25 12:00:00',5.00000000,2,'','',43,12,NULL),
(7,6,'2019-12-26 01:48:46','2019-12-25 21:48:46','2019-12-25 12:00:00',5.00000000,4,'','',44,12,NULL);

--
-- Table structure for table `llx_paiementfourn`
--

CREATE TABLE `llx_paiementfourn` (
  `rowid` int(11) NOT NULL AUTO_INCREMENT,
  `ref` varchar(30) DEFAULT NULL,
  `entity` int(11) DEFAULT NULL,
  `tms` timestamp NOT NULL DEFAULT current_timestamp() ON UPDATE current_timestamp(),
  `datec` datetime DEFAULT NULL,
  `datep` datetime DEFAULT NULL,
  `amount` double(24,8) DEFAULT NULL,
  `fk_user_author` int(11) DEFAULT NULL,
  `fk_user_modif` int(11) DEFAULT NULL,
  `fk_paiement` int(11) NOT NULL,
  `num_paiement` varchar(50) DEFAULT NULL,
  `note` text DEFAULT NULL,
  `fk_bank` int(11) NOT NULL,
  `statut` smallint(6) NOT NULL DEFAULT 0,
  `multicurrency_amount` double(24,8) DEFAULT 0.00000000,
  `model_pdf` varchar(255) DEFAULT NULL,
  PRIMARY KEY (`rowid`)
) ENGINE=InnoDB AUTO_INCREMENT=5 DEFAULT CHARSET=utf8mb3 COLLATE=utf8mb3_unicode_ci;

--
-- Dumping data for table `llx_paiementfourn`
--

INSERT INTO `llx_paiementfourn` VALUES
(1,'1',1,'2018-01-19 11:17:47','2018-01-22 18:56:34','2018-01-22 12:00:00',900.00000000,12,NULL,4,'','',30,0,0.00000000,NULL),
(2,'SPAY1702-0001',1,'2017-02-01 15:02:45','2017-02-01 19:02:44','2017-02-01 12:00:00',200.00000000,12,NULL,4,'','',32,0,200.00000000,NULL),
(4,'SPAY2001-0002',1,'2020-01-01 16:28:49','2020-01-01 20:28:49','2020-01-01 12:00:00',-304.69000000,12,NULL,2,'','',47,0,-304.69000000,NULL);

--
-- Table structure for table `llx_paiementfourn_facturefourn`
--

CREATE TABLE `llx_paiementfourn_facturefourn` (
  `rowid` int(11) NOT NULL AUTO_INCREMENT,
  `fk_paiementfourn` int(11) DEFAULT NULL,
  `fk_facturefourn` int(11) DEFAULT NULL,
  `amount` double DEFAULT 0,
  `multicurrency_amount` double(24,8) DEFAULT 0.00000000,
  `multicurrency_code` varchar(3) DEFAULT NULL,
  `multicurrency_tx` double(24,8) DEFAULT 1.00000000,
  PRIMARY KEY (`rowid`),
  UNIQUE KEY `uk_paiementfourn_facturefourn` (`fk_paiementfourn`,`fk_facturefourn`),
  KEY `idx_paiementfourn_facturefourn_fk_facture` (`fk_facturefourn`),
  KEY `idx_paiementfourn_facturefourn_fk_paiement` (`fk_paiementfourn`)
) ENGINE=InnoDB AUTO_INCREMENT=5 DEFAULT CHARSET=utf8mb3 COLLATE=utf8mb3_unicode_ci;

--
-- Dumping data for table `llx_paiementfourn_facturefourn`
--

INSERT INTO `llx_paiementfourn_facturefourn` VALUES
(1,1,16,900,0.00000000,NULL,1.00000000),
(2,2,20,200,200.00000000,NULL,1.00000000),
(4,4,27,-304.69,-304.69000000,NULL,1.00000000);

--
-- Table structure for table `llx_partnership`
--

CREATE TABLE `llx_partnership` (
  `rowid` int(11) NOT NULL AUTO_INCREMENT,
  `ref` varchar(128) NOT NULL DEFAULT '(PROV)',
  `status` smallint(6) NOT NULL DEFAULT 0,
  `fk_soc` int(11) DEFAULT NULL,
  `fk_member` int(11) DEFAULT NULL,
  `email_partnership` varchar(64) DEFAULT NULL,
  `date_partnership_start` date NOT NULL,
  `date_partnership_end` date DEFAULT NULL,
  `entity` int(11) NOT NULL DEFAULT 1,
  `reason_decline_or_cancel` text DEFAULT NULL,
  `date_creation` datetime NOT NULL,
  `fk_user_creat` int(11) DEFAULT NULL,
  `tms` timestamp NOT NULL DEFAULT current_timestamp() ON UPDATE current_timestamp(),
  `fk_user_modif` int(11) DEFAULT NULL,
  `note_private` text DEFAULT NULL,
  `note_public` text DEFAULT NULL,
  `last_main_doc` varchar(255) DEFAULT NULL,
  `count_last_url_check_error` int(11) DEFAULT 0,
  `import_key` varchar(14) DEFAULT NULL,
  `model_pdf` varchar(255) DEFAULT NULL,
  `last_check_backlink` datetime DEFAULT NULL,
  `fk_type` int(11) NOT NULL DEFAULT 0,
  `url_to_check` varchar(255) DEFAULT NULL,
  `ip` varchar(250) DEFAULT NULL,
  PRIMARY KEY (`rowid`),
  UNIQUE KEY `uk_partnership_ref` (`ref`,`entity`),
  UNIQUE KEY `uk_fk_type_fk_soc` (`fk_type`,`fk_soc`,`date_partnership_start`),
  UNIQUE KEY `uk_fk_type_fk_member` (`fk_type`,`fk_member`,`date_partnership_start`),
  KEY `idx_partnership_rowid` (`rowid`),
  KEY `idx_partnership_ref` (`ref`),
  KEY `idx_partnership_fk_soc` (`fk_soc`),
  KEY `llx_partnership_fk_user_creat` (`fk_user_creat`),
  KEY `idx_partnership_status` (`status`),
  KEY `idx_partnership_fk_member` (`fk_member`),
  KEY `idx_partnership_entity` (`entity`),
  CONSTRAINT `llx_partnership_fk_user_creat` FOREIGN KEY (`fk_user_creat`) REFERENCES `llx_user` (`rowid`)
) ENGINE=InnoDB AUTO_INCREMENT=2 DEFAULT CHARSET=utf8mb3 COLLATE=utf8mb3_unicode_ci;

--
-- Dumping data for table `llx_partnership`
--

INSERT INTO `llx_partnership` VALUES
(1,'PSHIP2302-0001',2,26,NULL,NULL,'2023-02-15','2023-03-01',1,NULL,'2023-02-15 08:19:48',12,'2023-02-26 00:09:00',12,NULL,NULL,NULL,NULL,NULL,NULL,NULL,1,'mmmmhh',NULL);

--
-- Table structure for table `llx_partnership_extrafields`
--

CREATE TABLE `llx_partnership_extrafields` (
  `rowid` int(11) NOT NULL AUTO_INCREMENT,
  `tms` timestamp NOT NULL DEFAULT current_timestamp() ON UPDATE current_timestamp(),
  `fk_object` int(11) NOT NULL,
  `import_key` varchar(14) DEFAULT NULL,
  `fdsf` varchar(255) DEFAULT NULL,
  PRIMARY KEY (`rowid`),
  UNIQUE KEY `uk_partnership_extrafields` (`fk_object`),
  KEY `idx_partnership_fk_object` (`fk_object`)
) ENGINE=InnoDB AUTO_INCREMENT=14 DEFAULT CHARSET=utf8mb3 COLLATE=utf8mb3_unicode_ci;

--
-- Dumping data for table `llx_partnership_extrafields`
--

INSERT INTO `llx_partnership_extrafields` VALUES
(13,'2023-08-15 10:35:57',1,NULL,'hhh');

--
-- Table structure for table `llx_payment_donation`
--

CREATE TABLE `llx_payment_donation` (
  `rowid` int(11) NOT NULL AUTO_INCREMENT,
  `fk_donation` int(11) DEFAULT NULL,
  `datec` datetime DEFAULT NULL,
  `tms` timestamp NOT NULL DEFAULT current_timestamp() ON UPDATE current_timestamp(),
  `datep` datetime DEFAULT NULL,
  `amount` double(24,8) DEFAULT NULL,
  `fk_typepayment` int(11) NOT NULL,
  `num_payment` varchar(50) DEFAULT NULL,
  `note` text DEFAULT NULL,
  `ext_payment_id` varchar(255) DEFAULT NULL,
  `ext_payment_site` varchar(128) DEFAULT NULL,
  `fk_bank` int(11) NOT NULL,
  `fk_user_creat` int(11) DEFAULT NULL,
  `fk_user_modif` int(11) DEFAULT NULL,
  PRIMARY KEY (`rowid`)
) ENGINE=InnoDB AUTO_INCREMENT=2 DEFAULT CHARSET=utf8mb3 COLLATE=utf8mb3_unicode_ci;

--
-- Dumping data for table `llx_payment_donation`
--

INSERT INTO `llx_payment_donation` VALUES
(1,3,'2017-09-06 20:08:36','2017-09-06 16:08:36','2017-09-06 12:00:00',10.00000000,4,'','',NULL,NULL,38,12,NULL);

--
-- Table structure for table `llx_payment_expensereport`
--

CREATE TABLE `llx_payment_expensereport` (
  `rowid` int(11) NOT NULL AUTO_INCREMENT,
  `fk_expensereport` int(11) DEFAULT NULL,
  `datec` datetime DEFAULT NULL,
  `tms` timestamp NOT NULL DEFAULT current_timestamp() ON UPDATE current_timestamp(),
  `datep` datetime DEFAULT NULL,
  `amount` double(24,8) DEFAULT NULL,
  `fk_typepayment` int(11) NOT NULL,
  `num_payment` varchar(50) DEFAULT NULL,
  `note` text DEFAULT NULL,
  `fk_bank` int(11) NOT NULL,
  `fk_user_creat` int(11) DEFAULT NULL,
  `fk_user_modif` int(11) DEFAULT NULL,
  PRIMARY KEY (`rowid`)
) ENGINE=InnoDB AUTO_INCREMENT=3 DEFAULT CHARSET=utf8mb3 COLLATE=utf8mb3_unicode_ci;

--
-- Dumping data for table `llx_payment_expensereport`
--

INSERT INTO `llx_payment_expensereport` VALUES
(1,1,'2017-02-16 02:13:13','2017-02-15 22:13:13','2017-02-16 12:00:00',5.00000000,7,'','',0,12,NULL),
(2,1,'2017-02-16 02:22:09','2017-02-15 22:22:09','2017-02-16 12:00:00',1.00000000,7,'','',36,12,NULL);

--
-- Table structure for table `llx_payment_loan`
--

CREATE TABLE `llx_payment_loan` (
  `rowid` int(11) NOT NULL AUTO_INCREMENT,
  `fk_loan` int(11) DEFAULT NULL,
  `datec` datetime DEFAULT NULL,
  `tms` timestamp NOT NULL DEFAULT current_timestamp() ON UPDATE current_timestamp(),
  `datep` datetime DEFAULT NULL,
  `amount_capital` double(24,8) DEFAULT NULL,
  `amount_insurance` double(24,8) DEFAULT NULL,
  `amount_interest` double(24,8) DEFAULT NULL,
  `fk_typepayment` int(11) NOT NULL,
  `num_payment` varchar(50) DEFAULT NULL,
  `note_private` text DEFAULT NULL,
  `note_public` text DEFAULT NULL,
  `fk_bank` int(11) NOT NULL,
  `fk_user_creat` int(11) DEFAULT NULL,
  `fk_user_modif` int(11) DEFAULT NULL,
  PRIMARY KEY (`rowid`)
) ENGINE=InnoDB AUTO_INCREMENT=4 DEFAULT CHARSET=utf8mb3 COLLATE=utf8mb3_unicode_ci;

--
-- Dumping data for table `llx_payment_loan`
--

INSERT INTO `llx_payment_loan` VALUES
(1,3,'2023-02-16 07:59:23','2023-02-16 10:59:23','2023-02-16 12:00:00',1.00000000,2.00000000,3.00000000,2,'0','','',58,12,NULL),
(2,3,'2023-02-16 08:19:44','2023-02-16 11:19:44','2023-02-16 12:00:00',2.00000000,2.00000000,2.00000000,6,'0','','',59,12,NULL),
(3,3,'2023-02-16 08:20:12','2023-02-16 11:20:12','2023-02-16 12:00:00',2.00000000,2.00000000,2.00000000,2,'0','','',61,12,NULL);

--
-- Table structure for table `llx_payment_salary`
--

CREATE TABLE `llx_payment_salary` (
  `rowid` int(11) NOT NULL AUTO_INCREMENT,
  `ref` varchar(30) DEFAULT NULL,
  `tms` timestamp NOT NULL DEFAULT current_timestamp() ON UPDATE current_timestamp(),
  `datec` datetime DEFAULT NULL,
  `fk_user` int(11) DEFAULT NULL,
  `datep` datetime DEFAULT NULL,
  `datev` date DEFAULT NULL,
  `salary` double(24,8) DEFAULT NULL,
  `amount` double(24,8) DEFAULT NULL,
  `fk_projet` int(11) DEFAULT NULL,
  `fk_typepayment` int(11) NOT NULL,
  `num_payment` varchar(50) DEFAULT NULL,
  `label` varchar(255) DEFAULT NULL,
  `datesp` date DEFAULT NULL,
  `dateep` date DEFAULT NULL,
  `entity` int(11) NOT NULL DEFAULT 1,
  `note` text DEFAULT NULL,
  `fk_bank` int(11) DEFAULT NULL,
  `fk_user_author` int(11) DEFAULT NULL,
  `fk_user_modif` int(11) DEFAULT NULL,
  `fk_salary` int(11) DEFAULT NULL,
  PRIMARY KEY (`rowid`),
  KEY `idx_payment_salary_ref` (`num_payment`),
  KEY `idx_payment_salary_user` (`fk_user`,`entity`),
  KEY `idx_payment_salary_datep` (`datep`),
  KEY `idx_payment_salary_datesp` (`datesp`),
  KEY `idx_payment_salary_dateep` (`dateep`),
  CONSTRAINT `fk_payment_salary_user` FOREIGN KEY (`fk_user`) REFERENCES `llx_user` (`rowid`)
) ENGINE=InnoDB AUTO_INCREMENT=5 DEFAULT CHARSET=utf8mb3 COLLATE=utf8mb3_unicode_ci;

--
-- Dumping data for table `llx_payment_salary`
--

INSERT INTO `llx_payment_salary` VALUES
(1,'1','2021-04-15 10:22:55','2019-10-08 13:18:50',19,'2019-10-08 00:00:00','2019-10-08',2700.00000000,1000.00000000,0,2,'','Salary payment','2019-09-01','2019-09-30',1,NULL,42,12,NULL,1),
(4,NULL,'2023-01-06 15:36:21','2023-01-06 12:36:21',NULL,'2023-01-06 00:00:00',NULL,NULL,100.00000000,NULL,6,'',NULL,NULL,NULL,1,'',56,12,NULL,4);

--
-- Table structure for table `llx_payment_various`
--

CREATE TABLE `llx_payment_various` (
  `rowid` int(11) NOT NULL AUTO_INCREMENT,
  `ref` varchar(30) DEFAULT NULL,
  `tms` timestamp NOT NULL DEFAULT current_timestamp() ON UPDATE current_timestamp(),
  `datec` datetime DEFAULT NULL,
  `datep` date DEFAULT NULL,
  `datev` date DEFAULT NULL,
  `sens` smallint(6) NOT NULL DEFAULT 0,
  `amount` double(24,8) NOT NULL DEFAULT 0.00000000,
  `fk_typepayment` int(11) NOT NULL,
  `num_payment` varchar(50) DEFAULT NULL,
  `label` varchar(255) DEFAULT NULL,
  `accountancy_code` varchar(32) DEFAULT NULL,
  `fk_projet` int(11) DEFAULT NULL,
  `entity` int(11) NOT NULL DEFAULT 1,
  `note` text DEFAULT NULL,
  `fk_bank` int(11) DEFAULT NULL,
  `fk_user_author` int(11) DEFAULT NULL,
  `fk_user_modif` int(11) DEFAULT NULL,
  `subledger_account` varchar(32) DEFAULT NULL,
  PRIMARY KEY (`rowid`)
) ENGINE=InnoDB AUTO_INCREMENT=5 DEFAULT CHARSET=utf8mb3 COLLATE=utf8mb3_unicode_ci;

--
-- Dumping data for table `llx_payment_various`
--

INSERT INTO `llx_payment_various` VALUES
(2,NULL,'2019-12-25 22:14:38','2017-07-14 18:46:19','2017-07-14','2017-07-14',0,123.00000000,4,'','Miscellaneous payment','518',4,1,NULL,48,12,NULL,NULL),
(4,NULL,'2020-01-10 00:42:47','2020-01-10 04:42:47','2020-01-10','2020-01-10',0,10.00000000,0,'','Miscellaneous payment','105',0,1,'',49,12,0,'556');

--
-- Table structure for table `llx_payment_vat`
--

CREATE TABLE `llx_payment_vat` (
  `rowid` int(11) NOT NULL AUTO_INCREMENT,
  `fk_tva` int(11) DEFAULT NULL,
  `datec` datetime DEFAULT NULL,
  `tms` timestamp NOT NULL DEFAULT current_timestamp() ON UPDATE current_timestamp(),
  `datep` datetime DEFAULT NULL,
  `amount` double(24,8) DEFAULT 0.00000000,
  `fk_typepaiement` int(11) NOT NULL,
  `num_paiement` varchar(50) DEFAULT NULL,
  `note` text DEFAULT NULL,
  `fk_bank` int(11) NOT NULL,
  `fk_user_creat` int(11) DEFAULT NULL,
  `fk_user_modif` int(11) DEFAULT NULL,
  PRIMARY KEY (`rowid`)
) ENGINE=InnoDB DEFAULT CHARSET=utf8mb3 COLLATE=utf8mb3_unicode_ci;

--
-- Dumping data for table `llx_payment_vat`
--


--
-- Table structure for table `llx_paymentexpensereport_expensereport`
--

CREATE TABLE `llx_paymentexpensereport_expensereport` (
  `rowid` int(11) NOT NULL AUTO_INCREMENT,
  `fk_payment` int(11) DEFAULT NULL,
  `fk_expensereport` int(11) DEFAULT NULL,
  `amount` double(24,8) DEFAULT 0.00000000,
  `multicurrency_code` varchar(3) DEFAULT NULL,
  `multicurrency_tx` double(24,8) DEFAULT 1.00000000,
  `multicurrency_amount` double(24,8) DEFAULT 0.00000000,
  PRIMARY KEY (`rowid`)
) ENGINE=InnoDB DEFAULT CHARSET=utf8mb3 COLLATE=utf8mb3_unicode_ci;

--
-- Dumping data for table `llx_paymentexpensereport_expensereport`
--


--
-- Table structure for table `llx_pos_cash_fence`
--

CREATE TABLE `llx_pos_cash_fence` (
  `rowid` int(11) NOT NULL AUTO_INCREMENT,
  `entity` int(11) NOT NULL DEFAULT 1,
  `ref` varchar(64) DEFAULT NULL,
  `label` varchar(255) DEFAULT NULL,
  `opening` double(24,8) DEFAULT 0.00000000,
  `cash` double(24,8) DEFAULT 0.00000000,
  `card` double(24,8) DEFAULT 0.00000000,
  `cheque` double(24,8) DEFAULT 0.00000000,
  `status` int(11) DEFAULT NULL,
  `date_creation` datetime NOT NULL,
  `date_valid` datetime DEFAULT NULL,
  `day_close` int(11) DEFAULT NULL,
  `month_close` int(11) DEFAULT NULL,
  `year_close` int(11) DEFAULT NULL,
  `posmodule` varchar(30) DEFAULT NULL,
  `posnumber` varchar(30) DEFAULT NULL,
  `fk_user_creat` int(11) DEFAULT NULL,
  `fk_user_valid` int(11) DEFAULT NULL,
  `tms` timestamp NOT NULL DEFAULT current_timestamp() ON UPDATE current_timestamp(),
  `import_key` varchar(14) DEFAULT NULL,
  PRIMARY KEY (`rowid`)
) ENGINE=InnoDB AUTO_INCREMENT=2 DEFAULT CHARSET=utf8mb3 COLLATE=utf8mb3_unicode_ci;

--
-- Dumping data for table `llx_pos_cash_fence`
--

INSERT INTO `llx_pos_cash_fence` VALUES
(1,1,'1',NULL,-324.29000000,400.00000000,0.00000000,0.00000000,1,'2019-12-22 23:01:02','2019-12-22 23:01:48',NULL,11,2019,'takepos','1',NULL,12,'2019-12-22 19:01:48',NULL);

--
-- Table structure for table `llx_pos_cash_fence_extrafields`
--

CREATE TABLE `llx_pos_cash_fence_extrafields` (
  `rowid` int(11) NOT NULL AUTO_INCREMENT,
  `tms` timestamp NULL DEFAULT current_timestamp() ON UPDATE current_timestamp(),
  `fk_object` int(11) NOT NULL,
  `import_key` varchar(14) DEFAULT NULL,
  PRIMARY KEY (`rowid`),
  UNIQUE KEY `uk_pos_cash_fence_extrafields` (`fk_object`)
) ENGINE=InnoDB DEFAULT CHARSET=utf8mb3 COLLATE=utf8mb3_unicode_ci;

--
-- Dumping data for table `llx_pos_cash_fence_extrafields`
--


--
-- Table structure for table `llx_prelevement`
--

CREATE TABLE `llx_prelevement` (
  `rowid` int(11) NOT NULL AUTO_INCREMENT,
  `fk_facture` int(11) DEFAULT NULL,
  `fk_prelevement_lignes` int(11) NOT NULL,
  `fk_facture_fourn` int(11) DEFAULT NULL,
  `fk_salary` int(11) DEFAULT NULL,
  PRIMARY KEY (`rowid`),
  KEY `idx_prelevement_fk_prelevement_lignes` (`fk_prelevement_lignes`),
  CONSTRAINT `fk_prelevement_fk_prelevement_lignes` FOREIGN KEY (`fk_prelevement_lignes`) REFERENCES `llx_prelevement_lignes` (`rowid`)
) ENGINE=InnoDB AUTO_INCREMENT=2 DEFAULT CHARSET=utf8mb3 COLLATE=utf8mb3_unicode_ci;

--
-- Dumping data for table `llx_prelevement`
--

INSERT INTO `llx_prelevement` VALUES
(1,211,1,NULL,NULL);

--
-- Table structure for table `llx_prelevement_bons`
--

CREATE TABLE `llx_prelevement_bons` (
  `rowid` int(11) NOT NULL AUTO_INCREMENT,
  `ref` varchar(12) DEFAULT NULL,
  `entity` int(11) NOT NULL DEFAULT 1,
  `datec` datetime DEFAULT NULL,
  `amount` double(24,8) DEFAULT NULL,
  `statut` smallint(6) DEFAULT 0,
  `credite` smallint(6) DEFAULT 0,
  `note` text DEFAULT NULL,
  `date_trans` datetime DEFAULT NULL,
  `method_trans` smallint(6) DEFAULT NULL,
  `fk_user_trans` int(11) DEFAULT NULL,
  `date_credit` datetime DEFAULT NULL,
  `fk_user_credit` int(11) DEFAULT NULL,
  `type` varchar(16) DEFAULT 'debit-order',
  `fk_bank_account` int(11) DEFAULT NULL,
  PRIMARY KEY (`rowid`),
  UNIQUE KEY `uk_prelevement_bons_ref` (`ref`,`entity`)
) ENGINE=InnoDB AUTO_INCREMENT=2 DEFAULT CHARSET=utf8mb3 COLLATE=utf8mb3_unicode_ci;

--
-- Dumping data for table `llx_prelevement_bons`
--

INSERT INTO `llx_prelevement_bons` VALUES
(1,'T170201',1,'2017-02-21 15:53:46',50.00000000,2,0,NULL,'2017-02-21 12:00:00',0,12,'2017-02-21 12:00:00',12,'debit-order',NULL);

--
-- Table structure for table `llx_prelevement_demande`
--

CREATE TABLE `llx_prelevement_demande` (
  `rowid` int(11) NOT NULL AUTO_INCREMENT,
  `fk_facture` int(11) DEFAULT NULL,
  `amount` double(24,8) DEFAULT NULL,
  `date_demande` datetime NOT NULL,
  `traite` smallint(6) DEFAULT 0,
  `date_traite` datetime DEFAULT NULL,
  `fk_prelevement_bons` int(11) DEFAULT NULL,
  `fk_user_demande` int(11) NOT NULL,
  `fk_societe_rib` int(11) DEFAULT NULL,
  `code_banque` varchar(128) DEFAULT NULL,
  `code_guichet` varchar(6) DEFAULT NULL,
  `number` varchar(255) DEFAULT NULL,
  `cle_rib` varchar(5) DEFAULT NULL,
  `entity` int(11) DEFAULT NULL,
  `sourcetype` varchar(32) DEFAULT NULL,
  `ext_payment_id` varchar(255) DEFAULT NULL,
  `ext_payment_site` varchar(128) DEFAULT NULL,
  `fk_facture_fourn` int(11) DEFAULT NULL,
  `fk_salary` int(11) DEFAULT NULL,
  `type` varchar(12) DEFAULT '',
  PRIMARY KEY (`rowid`),
  KEY `idx_prelevement_demande_fk_facture` (`fk_facture`),
  KEY `idx_prelevement_demande_fk_facture_fourn` (`fk_facture_fourn`),
  KEY `idx_prelevement_demande_ext_payment_id` (`ext_payment_id`)
) ENGINE=InnoDB AUTO_INCREMENT=13 DEFAULT CHARSET=utf8mb3 COLLATE=utf8mb3_unicode_ci;

--
-- Dumping data for table `llx_prelevement_demande`
--

INSERT INTO `llx_prelevement_demande` VALUES
(1,211,50.00000000,'2017-02-06 08:11:17',1,'2017-02-21 15:53:46',1,12,NULL,'','','','',NULL,NULL,NULL,NULL,NULL,NULL,'ban'),
(2,5,NULL,'2020-01-01 14:35:21',0,NULL,NULL,0,NULL,NULL,NULL,NULL,NULL,1,'member','pi_1Fw4XtGr4FnPvt5gmHCi23hC','StripeTest',NULL,NULL,''),
(3,6,NULL,'2020-01-01 14:50:42',0,NULL,NULL,0,NULL,NULL,NULL,NULL,NULL,1,'member','pi_1Fw4mkGr4FnPvt5gaMAjhU23','StripeTest',NULL,NULL,''),
(4,7,NULL,'2020-01-01 14:59:09',0,NULL,NULL,0,NULL,NULL,NULL,NULL,NULL,1,'member','pi_1Fw4uvGr4FnPvt5gPJHfyUQt','StripeTest',NULL,NULL,''),
(5,8,NULL,'2020-01-01 15:08:10',0,NULL,NULL,0,NULL,NULL,NULL,NULL,NULL,1,'member','pi_1Fw53eGr4FnPvt5gY0i3EWWR','StripeTest',NULL,NULL,''),
(6,9,NULL,'2020-01-01 15:27:14',0,NULL,NULL,0,NULL,NULL,NULL,NULL,NULL,1,'member','pi_1Fw5M6Gr4FnPvt5gyICZxNY7','StripeTest',NULL,NULL,''),
(7,10,NULL,'2020-01-01 15:36:11',0,NULL,NULL,0,NULL,NULL,NULL,NULL,NULL,1,'member','pi_1Fw5UlGr4FnPvt5gdsfT25YK','StripeTest',NULL,NULL,''),
(8,11,NULL,'2020-01-01 15:44:14',0,NULL,NULL,0,NULL,NULL,NULL,NULL,NULL,1,'member','pi_1Fw5cYGr4FnPvt5ggY1HBL2m','StripeTest',NULL,NULL,''),
(9,12,NULL,'2020-01-01 16:52:06',0,NULL,NULL,0,NULL,NULL,NULL,NULL,NULL,1,'member','pi_1Fw6gDGr4FnPvt5gjuuxU6K3','StripeTest',NULL,NULL,''),
(10,55,4.84000000,'2023-02-04 12:42:38',0,NULL,NULL,12,NULL,'','','','',1,'facture',NULL,NULL,NULL,NULL,'ban'),
(11,235,0.50000000,'2023-02-27 11:40:22',0,NULL,NULL,12,NULL,'','','','',1,'facture',NULL,NULL,NULL,NULL,'ban'),
(12,238,20.00000000,'2023-03-08 06:40:57',0,NULL,NULL,12,NULL,'','','','',1,'facture',NULL,NULL,NULL,NULL,'ban');

--
-- Table structure for table `llx_prelevement_lignes`
--

CREATE TABLE `llx_prelevement_lignes` (
  `rowid` int(11) NOT NULL AUTO_INCREMENT,
  `fk_prelevement_bons` int(11) DEFAULT NULL,
  `fk_soc` int(11) NOT NULL,
  `statut` smallint(6) DEFAULT 0,
  `client_nom` varchar(255) DEFAULT NULL,
  `amount` double(24,8) DEFAULT NULL,
  `code_banque` varchar(128) DEFAULT NULL,
  `code_guichet` varchar(6) DEFAULT NULL,
  `number` varchar(255) DEFAULT NULL,
  `cle_rib` varchar(5) DEFAULT NULL,
  `note` text DEFAULT NULL,
  `fk_user` int(11) DEFAULT NULL,
  `tms` timestamp NOT NULL DEFAULT current_timestamp() ON UPDATE current_timestamp(),
  PRIMARY KEY (`rowid`),
  KEY `idx_prelevement_lignes_fk_prelevement_bons` (`fk_prelevement_bons`),
  CONSTRAINT `fk_prelevement_lignes_fk_prelevement_bons` FOREIGN KEY (`fk_prelevement_bons`) REFERENCES `llx_prelevement_bons` (`rowid`)
) ENGINE=InnoDB AUTO_INCREMENT=2 DEFAULT CHARSET=utf8mb3 COLLATE=utf8mb3_unicode_ci;

--
-- Dumping data for table `llx_prelevement_lignes`
--

INSERT INTO `llx_prelevement_lignes` VALUES
(1,1,19,2,'Magic Food Store',50.00000000,'','','','',NULL,NULL,'2024-01-03 16:32:41');

--
-- Table structure for table `llx_prelevement_rejet`
--

CREATE TABLE `llx_prelevement_rejet` (
  `rowid` int(11) NOT NULL AUTO_INCREMENT,
  `fk_prelevement_lignes` int(11) DEFAULT NULL,
  `date_rejet` datetime DEFAULT NULL,
  `motif` int(11) DEFAULT NULL,
  `date_creation` datetime DEFAULT NULL,
  `fk_user_creation` int(11) DEFAULT NULL,
  `note` text DEFAULT NULL,
  `afacturer` tinyint(4) DEFAULT 0,
  `fk_facture` int(11) DEFAULT NULL,
  PRIMARY KEY (`rowid`)
) ENGINE=InnoDB DEFAULT CHARSET=utf8mb3 COLLATE=utf8mb3_unicode_ci;

--
-- Dumping data for table `llx_prelevement_rejet`
--


--
-- Table structure for table `llx_printing`
--

CREATE TABLE `llx_printing` (
  `rowid` int(11) NOT NULL AUTO_INCREMENT,
  `tms` timestamp NOT NULL DEFAULT current_timestamp() ON UPDATE current_timestamp(),
  `datec` datetime DEFAULT NULL,
  `printer_name` text NOT NULL,
  `printer_location` text NOT NULL,
  `printer_id` varchar(255) NOT NULL,
  `copy` int(11) NOT NULL DEFAULT 1,
  `module` varchar(16) NOT NULL,
  `driver` varchar(16) NOT NULL,
  `userid` int(11) DEFAULT NULL,
  PRIMARY KEY (`rowid`)
) ENGINE=InnoDB DEFAULT CHARSET=utf8mb3 COLLATE=utf8mb3_unicode_ci;

--
-- Dumping data for table `llx_printing`
--


--
-- Table structure for table `llx_product`
--

CREATE TABLE `llx_product` (
  `rowid` int(11) NOT NULL AUTO_INCREMENT,
  `datec` datetime DEFAULT NULL,
  `tms` timestamp NOT NULL DEFAULT current_timestamp() ON UPDATE current_timestamp(),
  `virtual` tinyint(4) NOT NULL DEFAULT 0,
  `fk_parent` int(11) DEFAULT 0,
  `ref` varchar(128) NOT NULL,
  `entity` int(11) NOT NULL DEFAULT 1,
  `ref_ext` varchar(128) DEFAULT NULL,
  `label` varchar(255) NOT NULL,
  `description` text DEFAULT NULL,
  `note` text DEFAULT NULL,
  `customcode` varchar(32) DEFAULT NULL,
  `fk_country` int(11) DEFAULT NULL,
  `price` double(24,8) DEFAULT 0.00000000,
  `price_ttc` double(24,8) DEFAULT 0.00000000,
  `price_min` double(24,8) DEFAULT 0.00000000,
  `price_min_ttc` double(24,8) DEFAULT 0.00000000,
  `price_base_type` varchar(3) DEFAULT 'HT',
  `price_label` varchar(255) DEFAULT NULL,
  `tva_tx` double(6,3) DEFAULT NULL,
  `recuperableonly` int(11) NOT NULL DEFAULT 0,
  `localtax1_tx` double(6,3) DEFAULT 0.000,
  `localtax1_type` varchar(10) NOT NULL DEFAULT '0',
  `localtax2_tx` double(6,3) DEFAULT 0.000,
  `localtax2_type` varchar(10) NOT NULL DEFAULT '0',
  `fk_user_author` int(11) DEFAULT NULL,
  `fk_user_modif` int(11) DEFAULT NULL,
  `tosell` tinyint(4) DEFAULT 1,
  `tobuy` tinyint(4) DEFAULT 1,
  `tobatch` tinyint(4) NOT NULL DEFAULT 0,
  `sell_or_eat_by_mandatory` tinyint(4) NOT NULL DEFAULT 0,
  `fk_product_type` int(11) DEFAULT 0,
  `duration` varchar(6) DEFAULT NULL,
  `seuil_stock_alerte` float DEFAULT NULL,
  `url` varchar(255) DEFAULT NULL,
  `barcode` varchar(255) DEFAULT NULL,
  `fk_barcode_type` int(11) DEFAULT NULL,
  `accountancy_code_sell` varchar(32) DEFAULT NULL,
  `accountancy_code_sell_intra` varchar(32) DEFAULT NULL,
  `accountancy_code_sell_export` varchar(32) DEFAULT NULL,
  `accountancy_code_buy` varchar(32) DEFAULT NULL,
  `accountancy_code_buy_intra` varchar(32) DEFAULT NULL,
  `accountancy_code_buy_export` varchar(32) DEFAULT NULL,
  `partnumber` varchar(32) DEFAULT NULL,
  `weight` float DEFAULT NULL,
  `weight_units` tinyint(4) DEFAULT NULL,
  `length` float DEFAULT NULL,
  `length_units` tinyint(4) DEFAULT NULL,
  `surface` float DEFAULT NULL,
  `surface_units` tinyint(4) DEFAULT NULL,
  `volume` float DEFAULT NULL,
  `volume_units` tinyint(4) DEFAULT NULL,
  `stock` double DEFAULT NULL,
  `pmp` double(24,8) NOT NULL DEFAULT 0.00000000,
  `fifo` double(24,8) DEFAULT NULL,
  `lifo` double(24,8) DEFAULT NULL,
  `canvas` varchar(32) DEFAULT 'default@product',
  `finished` tinyint(4) DEFAULT NULL,
  `hidden` tinyint(4) DEFAULT 0,
  `import_key` varchar(14) DEFAULT NULL,
  `desiredstock` float DEFAULT NULL,
  `fk_price_expression` int(11) DEFAULT NULL,
  `fk_unit` int(11) DEFAULT NULL,
  `cost_price` double(24,8) DEFAULT NULL,
  `default_vat_code` varchar(10) DEFAULT NULL,
  `price_autogen` smallint(6) DEFAULT 0,
  `note_public` text DEFAULT NULL,
  `model_pdf` varchar(255) DEFAULT '',
  `width` float DEFAULT NULL,
  `width_units` tinyint(4) DEFAULT NULL,
  `height` float DEFAULT NULL,
  `height_units` tinyint(4) DEFAULT NULL,
  `fk_default_warehouse` int(11) DEFAULT NULL,
  `fk_project` int(11) DEFAULT NULL,
  `net_measure` float DEFAULT NULL,
  `net_measure_units` tinyint(4) DEFAULT NULL,
  `fk_state` int(11) DEFAULT NULL,
  `batch_mask` varchar(32) DEFAULT NULL,
  `lifetime` int(11) DEFAULT NULL,
  `qc_frequency` int(11) DEFAULT NULL,
  `mandatory_period` tinyint(4) DEFAULT 0,
  `fk_default_bom` int(11) DEFAULT NULL,
  `fk_default_workstation` int(11) DEFAULT NULL,
  `stockable_product` int(11) NOT NULL DEFAULT 1,
  `last_main_doc` varchar(255) DEFAULT NULL,
  PRIMARY KEY (`rowid`),
  UNIQUE KEY `uk_product_ref` (`ref`,`entity`),
  UNIQUE KEY `uk_product_barcode` (`barcode`,`fk_barcode_type`,`entity`),
  KEY `idx_product_label` (`label`),
  KEY `idx_product_barcode` (`barcode`),
  KEY `idx_product_import_key` (`import_key`),
  KEY `idx_product_fk_country` (`fk_country`),
  KEY `idx_product_fk_user_author` (`fk_user_author`),
  KEY `idx_product_fk_barcode_type` (`fk_barcode_type`),
  KEY `fk_product_fk_unit` (`fk_unit`),
  KEY `idx_product_seuil_stock_alerte` (`seuil_stock_alerte`),
  KEY `fk_product_default_warehouse` (`fk_default_warehouse`),
  KEY `idx_product_fk_project` (`fk_project`),
  KEY `fk_product_finished` (`finished`),
  KEY `idx_product_entity_fk_product_type` (`entity`,`fk_product_type`),
  CONSTRAINT `fk_product_barcode_type` FOREIGN KEY (`fk_barcode_type`) REFERENCES `llx_c_barcode_type` (`rowid`),
  CONSTRAINT `fk_product_finished` FOREIGN KEY (`finished`) REFERENCES `llx_c_product_nature` (`code`),
  CONSTRAINT `fk_product_fk_country` FOREIGN KEY (`fk_country`) REFERENCES `llx_c_country` (`rowid`),
  CONSTRAINT `fk_product_fk_unit` FOREIGN KEY (`fk_unit`) REFERENCES `llx_c_units` (`rowid`)
) ENGINE=InnoDB AUTO_INCREMENT=35 DEFAULT CHARSET=utf8mb3 COLLATE=utf8mb3_unicode_ci;

--
-- Dumping data for table `llx_product`
--

INSERT INTO `llx_product` VALUES
(1,'2012-07-08 14:33:17','2023-01-24 10:28:30',0,0,'PINKDRESS',1,NULL,'Pink dress','A beatifull pink dress','','',NULL,9.00000000,10.12500000,0.00000000,0.00000000,'HT',NULL,12.500,0,0.000,'0',0.000,'0',1,12,1,1,1,0,0,'',NULL,NULL,'123456789066',2,'','701','','','','',NULL,670,-3,NULL,0,NULL,0,NULL,0,2.8,0.00000000,NULL,NULL,NULL,1,0,NULL,NULL,NULL,NULL,NULL,NULL,0,NULL,'',NULL,0,NULL,0,NULL,NULL,NULL,NULL,NULL,'',NULL,NULL,0,NULL,NULL,1,NULL),
(2,'2012-07-09 00:30:01','2019-11-28 15:09:50',0,0,'PEARPIE',1,NULL,'Pear Pie','','','',NULL,10.00000000,12.00000000,8.33333000,10.00000000,'TTC',NULL,20.000,0,0.000,'0',0.000,'0',1,12,1,1,0,0,0,'',NULL,NULL,'123456789077',2,'','','','',NULL,NULL,NULL,NULL,0,NULL,0,NULL,0,NULL,0,998,0.00000000,NULL,NULL,NULL,1,0,NULL,NULL,NULL,NULL,NULL,NULL,0,NULL,'',NULL,NULL,NULL,NULL,NULL,NULL,NULL,NULL,NULL,NULL,NULL,NULL,0,NULL,NULL,1,NULL),
(3,'2012-07-09 00:30:25','2018-01-16 16:40:03',0,0,'CAKECONTRIB',1,NULL,'Cake making contribution','','','',NULL,0.00000000,0.00000000,0.00000000,0.00000000,'HT',NULL,12.500,0,0.000,'0',0.000,'0',1,NULL,1,1,0,0,1,'1m',NULL,NULL,'123456789088',2,'701CAKEM',NULL,NULL,'601CAKEM',NULL,NULL,NULL,NULL,NULL,NULL,NULL,NULL,NULL,NULL,NULL,NULL,0.00000000,NULL,NULL,NULL,0,0,NULL,NULL,NULL,NULL,NULL,NULL,0,NULL,'',NULL,NULL,NULL,NULL,NULL,NULL,NULL,NULL,NULL,NULL,NULL,NULL,0,NULL,NULL,1,NULL),
(4,'2012-07-10 14:44:06','2021-04-15 11:40:18',0,0,'APPLEPIE',1,NULL,'Apple Pie','Nice Bio Apple Pie.<br />\r\n&nbsp;','','',NULL,9.00000000,9.00000000,6.00000000,6.00000000,'HT',NULL,0.000,0,9.000,'1',9.000,'1',1,12,1,1,1,0,0,'',NULL,NULL,'123456789034',2,'701','','','601',NULL,NULL,NULL,500,-3,NULL,0,NULL,0,NULL,0,1021.2,10.00000000,NULL,NULL,NULL,1,0,NULL,NULL,NULL,NULL,NULL,'CGST+SGST',0,NULL,'',NULL,NULL,NULL,NULL,NULL,NULL,NULL,NULL,NULL,NULL,NULL,NULL,0,NULL,NULL,1,NULL),
(5,'2013-07-20 23:11:38','2022-12-16 10:00:14',0,0,'DOLIDROID',1,NULL,'DoliDroid, Android app for Dolibarr','<strong><span style=\"font-family:roboto,uilanguagefont,arial,sans-serif; font-size:14px\">DoliDroid is the Android front-end client for Dolibarr ERP &amp; CRM web software.</span><br />\r\n<span style=\"font-family:roboto,uilanguagefont,arial,sans-serif; font-size:14px\">This application is not a standalone program. It is a front end to use a online hosted Dolibarr ERP &amp; CRM software (an Open-source web software to manage your business).</span></strong>\r\n<p><u>The advantage of DoliDroid are :</u><br />\r\n- DoliDroid is not a duplicate code of Dolibarr, but a front-end of a Dolibarr web installation, so all your online existing features are supported by this application. This is also true for external modules features.<br />\r\n- Upgrading Dolibarr will not break DoliDroid.<br />\r\n- DoliDroid use embedded image resources to reduce bandwidth usage.<br />\r\n- DoliDroid use internal cache for pages that should not change (like menu page)<br />\r\n- Connections parameters are saved. No need to enter them each time you use DoliDroid.<br />\r\n- Integration with your phone or other applications (Clicking on PDF open PDF reader, clicking onto email or phone launch your email application or launch Android dialer, ...)</p>\r\n\r\n<p><span style=\"color:#DAA520\"><strong>WARNING !&nbsp;</strong></span></p>\r\n\r\n<p>This application need Android 4.0+ and a hosted Dolibarr ERP &amp; CRM version 3.5 or newer accessible by internet<br />\r\n(For example, when hosted on any SaaS solution like DoliCloud -&nbsp;<a href=\"https://www.google.com/url?q=https://www.google.com/url?q%3Dhttp://www.dolicloud.com%26sa%3DD%26usg%3DAFQjCNGdd9htz4JDciiMtScpBwK83qIRkw&amp;sa=D&amp;usg=AFQjCNGMpCbxNnU5BiK59e368K5AR0l_pg\" style=\"text-decoration: none; color: rgb(51, 105, 30); cursor: pointer;\" target=\"_blank\">http://www.dolicloud.com</a>).</p>','','',NULL,10.00000000,10.00000000,0.00000000,0.00000000,'HT',NULL,0.000,0,9.000,'1',9.000,'1',1,12,1,1,0,0,0,'',NULL,'https://play.google.com/store/apps/details?id=com.nltechno.dolidroidpro','123456789023',2,'701','','','601','','',NULL,NULL,0,NULL,0,NULL,0,NULL,0,NULL,0.00000000,NULL,NULL,'',NULL,0,NULL,NULL,NULL,NULL,NULL,'CGST+SGST',0,NULL,'',NULL,0,NULL,0,NULL,NULL,NULL,NULL,NULL,'',NULL,NULL,0,NULL,NULL,1,NULL),
(10,'2011-12-31 00:00:00','2017-02-16 00:12:09',0,0,'COMP-XP4523',1,NULL,'Computer XP4523','A powerfull computer XP4523&nbsp;','This product is imported.<br />\r\nWarning: Delay to get it are not reliable.','USXP765',11,100.00000000,110.00000000,0.00000000,0.00000000,'HT',NULL,10.000,0,0.000,'0',0.000,'0',NULL,12,1,1,1,0,0,'',150,NULL,'123456789055',2,'701OLDC',NULL,NULL,'601OLDC',NULL,NULL,NULL,1.7,0,NULL,0,NULL,0,NULL,0,110,0.00000000,NULL,NULL,NULL,NULL,0,'20110729232310',200,NULL,NULL,NULL,NULL,0,NULL,'',NULL,NULL,NULL,NULL,NULL,NULL,NULL,NULL,NULL,NULL,NULL,NULL,0,NULL,NULL,1,NULL),
(11,'2015-01-13 20:24:42','2019-10-08 17:21:07',0,0,'ROLLUPABC',1,NULL,'Rollup Dolibarr','A nice rollup','','',NULL,0.00000000,0.00000000,0.00000000,0.00000000,'HT',NULL,0.000,0,0.000,'0',0.000,'0',1,12,1,1,0,0,0,'',NULL,NULL,'123456789044',2,'','','','',NULL,NULL,NULL,95,-3,NULL,0,2.34,-4,NULL,0,-1,0.00000000,NULL,NULL,'',1,0,NULL,NULL,NULL,NULL,12.00000000,NULL,0,NULL,'',NULL,8,NULL,8,NULL,NULL,NULL,NULL,NULL,NULL,NULL,NULL,0,NULL,NULL,1,NULL),
(12,'2018-07-30 17:31:29','2023-08-13 15:51:26',0,0,'DOLICLOUD',1,NULL,'Service SaaS Hébergement Dolibarr ERP CRM','Service SaaS d&#39;h&eacute;bergement de la solution Dolibarr ERP CRM','','',NULL,9.00000000,9.00000000,9.00000000,9.00000000,'HT',NULL,0.000,0,0.000,'0',0.000,'0',12,12,1,1,0,0,1,'s',NULL,'http://www.dolicloud.com','123456789013',2,'','','','','','',NULL,NULL,NULL,NULL,NULL,NULL,NULL,NULL,NULL,NULL,0.00000000,NULL,NULL,'',NULL,0,NULL,NULL,NULL,NULL,8.50000000,NULL,0,NULL,'',NULL,NULL,NULL,NULL,NULL,NULL,NULL,NULL,NULL,'',NULL,NULL,0,NULL,3,1,NULL),
(13,'2017-02-16 03:49:00','2017-02-15 23:49:27',0,0,'COMP-XP4548',1,NULL,'Computer XP4523','A powerfull computer XP4523&nbsp;','This product is imported.<br />\r\nWarning: Delay to get it are not reliable.','USXP765',11,100.00000000,110.00000000,0.00000000,0.00000000,'HT',NULL,10.000,0,0.000,'0',0.000,'0',12,12,1,1,1,0,0,'',150,NULL,NULL,2,'',NULL,NULL,'',NULL,NULL,NULL,1.7,0,NULL,0,NULL,0,NULL,0,NULL,0.00000000,NULL,NULL,'',NULL,0,NULL,200,NULL,NULL,NULL,NULL,0,NULL,'',NULL,NULL,NULL,NULL,NULL,NULL,NULL,NULL,NULL,NULL,NULL,NULL,0,NULL,NULL,1,NULL),
(23,'2019-10-07 00:00:00','2019-11-28 13:51:35',0,0,'PREF123456',1,NULL,'Product name in default language','Product description in default language','a private note (free text)','customs code',1,100.00000000,110.00000000,100.00000000,110.00000000,'HT',NULL,10.000,0,0.000,'0',0.000,'0',12,NULL,0,1,0,0,0,NULL,NULL,NULL,NULL,NULL,NULL,NULL,NULL,NULL,NULL,NULL,NULL,NULL,-3,1,-1,4,-4,5,-3,NULL,0.00000000,NULL,NULL,NULL,0,0,'20191007122224',NULL,NULL,NULL,NULL,NULL,0,'a public note (free text)','',2,-1,3,-1,NULL,NULL,NULL,NULL,NULL,NULL,NULL,NULL,0,NULL,NULL,1,NULL),
(24,'2019-11-28 16:33:35','2019-11-28 15:02:01',0,0,'POS-CARROT',1,NULL,'Carrot','','','',NULL,0.83333000,1.00000000,0.00000000,0.00000000,'TTC',NULL,20.000,0,0.000,'0',0.000,'0',12,12,1,1,0,0,0,'',NULL,NULL,NULL,2,'','','','',NULL,NULL,NULL,1,0,NULL,0,NULL,0,NULL,0,NULL,0.00000000,NULL,NULL,'',NULL,0,NULL,NULL,NULL,NULL,NULL,NULL,0,NULL,'',NULL,NULL,NULL,NULL,NULL,NULL,NULL,NULL,NULL,NULL,NULL,NULL,0,NULL,NULL,1,NULL),
(25,'2019-11-28 16:37:36','2020-01-13 11:13:19',0,0,'POS-APPLE',1,NULL,'Apple','','','',NULL,1.25000000,1.50000000,0.00000000,0.00000000,'TTC',NULL,20.000,0,0.000,'0',0.000,'0',12,12,1,1,0,0,0,'',NULL,NULL,NULL,2,'','','','',NULL,NULL,NULL,1,0,NULL,0,NULL,0,NULL,0,15.599999999999994,0.00000000,NULL,NULL,'',NULL,0,NULL,NULL,NULL,NULL,NULL,NULL,0,NULL,'',NULL,NULL,NULL,NULL,NULL,NULL,NULL,NULL,NULL,NULL,NULL,NULL,0,NULL,NULL,1,NULL),
(26,'2019-11-28 16:38:44','2019-11-28 12:38:44',0,0,'POS-KIWI',1,NULL,'Kiwi','','','',NULL,1.08333000,1.30000000,0.00000000,0.00000000,'TTC',NULL,20.000,0,0.000,'0',0.000,'0',12,12,1,1,0,0,0,'',NULL,NULL,NULL,2,'','','','',NULL,NULL,NULL,1,0,NULL,0,NULL,0,NULL,0,NULL,0.00000000,NULL,NULL,'',NULL,0,NULL,NULL,NULL,NULL,NULL,NULL,0,NULL,'',NULL,NULL,NULL,NULL,NULL,NULL,NULL,NULL,NULL,NULL,NULL,NULL,0,NULL,NULL,1,NULL),
(27,'2019-11-28 16:39:21','2019-11-28 14:57:44',0,0,'POS-PEACH',1,NULL,'Peach','','','',NULL,1.08333000,1.30000000,0.00000000,0.00000000,'TTC',NULL,20.000,0,0.000,'0',0.000,'0',12,12,1,1,0,0,0,'',NULL,NULL,NULL,2,'','','','',NULL,NULL,NULL,NULL,NULL,NULL,NULL,NULL,NULL,NULL,NULL,NULL,0.00000000,NULL,NULL,'',0,0,NULL,NULL,NULL,NULL,NULL,NULL,0,NULL,'',NULL,NULL,NULL,NULL,NULL,NULL,NULL,NULL,NULL,NULL,NULL,NULL,0,NULL,NULL,1,NULL),
(28,'2019-11-28 16:39:58','2019-11-28 12:39:58',0,0,'POS-ORANGE',1,NULL,'Orange','','','',NULL,2.00000000,2.40000000,0.00000000,0.00000000,'HT',NULL,20.000,0,0.000,'0',0.000,'0',12,12,1,1,0,0,0,'',NULL,NULL,NULL,2,'','','','',NULL,NULL,NULL,1,0,NULL,0,NULL,0,NULL,0,NULL,0.00000000,NULL,NULL,'',NULL,0,NULL,NULL,NULL,NULL,NULL,NULL,0,NULL,'',NULL,NULL,NULL,NULL,NULL,NULL,NULL,NULL,NULL,NULL,NULL,NULL,0,NULL,NULL,1,NULL),
(29,'2019-11-28 17:03:14','2019-11-28 13:03:14',0,0,'POS-Eggs',1,NULL,'Eggs','','','',NULL,1.66667000,2.00000000,0.00000000,0.00000000,'TTC',NULL,20.000,0,0.000,'0',0.000,'0',12,12,1,1,0,0,0,'',NULL,NULL,NULL,2,'','','','',NULL,NULL,NULL,NULL,0,NULL,0,NULL,0,NULL,0,NULL,0.00000000,NULL,NULL,'',NULL,0,NULL,NULL,NULL,NULL,NULL,NULL,0,NULL,'',NULL,NULL,NULL,NULL,NULL,NULL,NULL,NULL,NULL,NULL,NULL,NULL,0,NULL,NULL,1,NULL),
(30,'2019-11-28 17:09:14','2019-11-28 13:09:14',0,0,'POS-Chips',1,NULL,'Chips','','','',NULL,0.41667000,0.50000000,0.00000000,0.00000000,'TTC',NULL,20.000,0,0.000,'0',0.000,'0',12,12,1,1,0,0,0,'',NULL,NULL,NULL,2,'','','','',NULL,NULL,NULL,30,-3,NULL,0,NULL,0,NULL,0,NULL,0.00000000,NULL,NULL,'',NULL,0,NULL,NULL,NULL,NULL,NULL,NULL,0,NULL,'',NULL,NULL,NULL,NULL,NULL,NULL,NULL,NULL,NULL,NULL,NULL,NULL,0,NULL,NULL,1,NULL),
(31,'2021-04-15 08:38:02','2021-04-15 11:38:02',0,0,'PRODSER',1,NULL,'Product NFC - Unique','','','',NULL,0.00000000,0.00000000,0.00000000,0.00000000,'HT',NULL,19.600,0,0.000,'0',0.000,'0',12,12,1,1,2,0,0,'',0,NULL,NULL,2,'','','','','','',NULL,NULL,0,NULL,0,NULL,0,NULL,0,NULL,0.00000000,NULL,NULL,'',NULL,0,NULL,0,NULL,NULL,NULL,NULL,0,NULL,'',NULL,0,NULL,0,NULL,NULL,NULL,NULL,NULL,NULL,NULL,NULL,0,NULL,NULL,1,NULL),
(32,'2022-12-30 10:44:06','2022-12-30 13:55:46',0,0,'aaa',1,NULL,'aaa','','','',NULL,0.00000000,0.00000000,0.00000000,0.00000000,'HT',NULL,20.000,0,0.000,'0',0.000,'0',12,12,1,1,0,0,0,'',0,NULL,NULL,2,'','','','','','',NULL,NULL,0,NULL,0,NULL,0,NULL,0,NULL,0.00000000,NULL,NULL,'aaa@bbb',NULL,0,NULL,0,NULL,NULL,NULL,NULL,0,NULL,'',NULL,0,NULL,0,NULL,NULL,NULL,NULL,NULL,'',NULL,NULL,0,NULL,NULL,1,NULL),
(33,'2023-01-03 11:07:52','2023-01-03 14:07:52',0,0,'aaa_XL_BLUE',1,NULL,'aaa Size XL Blue','<strong>Size:</strong> Size XL<br><strong>Color:</strong> Blue','','',NULL,0.00000000,0.00000000,0.00000000,0.00000000,'HT',NULL,20.000,0,0.000,'0',0.000,'0',12,12,1,1,0,0,0,'',0,NULL,NULL,2,'','','','','','',NULL,NULL,0,NULL,0,NULL,0,NULL,0,NULL,0.00000000,NULL,NULL,'aaa@bbb',NULL,0,NULL,0,NULL,NULL,NULL,NULL,0,NULL,'',NULL,0,NULL,0,NULL,NULL,NULL,NULL,NULL,'',NULL,NULL,0,NULL,NULL,1,NULL),
(34,'2023-01-03 11:15:51','2023-01-16 19:42:03',0,0,'aaa_L_RED',1,NULL,'aaa Size L Red','(discussion, voting, 1+7 CHs, cooperates with HCS 5100Plus series can achieve 8 CHs simultaneous audio, charcoal gray, excl. battery)','','',NULL,0.00000000,0.00000000,0.00000000,0.00000000,'HT',NULL,20.000,0,0.000,'0',0.000,'0',12,12,1,1,0,0,0,'',0,NULL,NULL,2,'','','','','','',NULL,NULL,0,NULL,0,NULL,0,NULL,0,NULL,0.00000000,NULL,NULL,'aaa@bbb',NULL,0,NULL,0,NULL,NULL,NULL,NULL,0,NULL,'',NULL,0,NULL,0,NULL,NULL,NULL,NULL,NULL,'',NULL,NULL,0,NULL,NULL,1,NULL);

--
-- Table structure for table `llx_product_association`
--

CREATE TABLE `llx_product_association` (
  `rowid` int(11) NOT NULL AUTO_INCREMENT,
  `fk_product_pere` int(11) NOT NULL DEFAULT 0,
  `fk_product_fils` int(11) NOT NULL DEFAULT 0,
  `qty` double DEFAULT NULL,
  `incdec` int(11) DEFAULT 1,
  `rang` int(11) DEFAULT 0,
  `import_key` varchar(14) DEFAULT NULL,
  PRIMARY KEY (`rowid`),
  UNIQUE KEY `uk_product_association` (`fk_product_pere`,`fk_product_fils`),
  KEY `idx_product_association` (`fk_product_fils`),
  KEY `idx_product_association_fils` (`fk_product_fils`)
) ENGINE=InnoDB AUTO_INCREMENT=5 DEFAULT CHARSET=utf8mb3 COLLATE=utf8mb3_unicode_ci;

--
-- Dumping data for table `llx_product_association`
--

INSERT INTO `llx_product_association` VALUES
(2,5,1,1,1,0,NULL),
(3,4,3,5,1,0,NULL),
(4,4,1,2,1,0,NULL);

--
-- Table structure for table `llx_product_attribute`
--

CREATE TABLE `llx_product_attribute` (
  `rowid` int(11) NOT NULL AUTO_INCREMENT,
  `ref` varchar(255) NOT NULL,
  `ref_ext` varchar(255) DEFAULT NULL,
  `label` varchar(255) NOT NULL,
  `position` int(11) NOT NULL DEFAULT 0,
  `entity` int(11) NOT NULL DEFAULT 1,
  PRIMARY KEY (`rowid`),
  UNIQUE KEY `uk_product_attribute_ref` (`ref`),
  UNIQUE KEY `unique_ref` (`ref`)
) ENGINE=InnoDB AUTO_INCREMENT=3 DEFAULT CHARSET=utf8mb3 COLLATE=utf8mb3_unicode_ci;

--
-- Dumping data for table `llx_product_attribute`
--

INSERT INTO `llx_product_attribute` VALUES
(1,'COL',NULL,'Color',2,1),
(2,'SIZE',NULL,'Size',1,1);

--
-- Table structure for table `llx_product_attribute_combination`
--

CREATE TABLE `llx_product_attribute_combination` (
  `rowid` int(11) NOT NULL AUTO_INCREMENT,
  `fk_product_parent` int(11) NOT NULL,
  `fk_product_child` int(11) NOT NULL,
  `variation_price` float NOT NULL,
  `variation_price_percentage` int(11) DEFAULT NULL,
  `variation_weight` float NOT NULL,
  `variation_ref_ext` varchar(255) DEFAULT NULL,
  `entity` int(11) NOT NULL DEFAULT 1,
  PRIMARY KEY (`rowid`),
  KEY `idx_product_att_com_product_parent` (`fk_product_parent`),
  KEY `idx_product_att_com_product_child` (`fk_product_child`)
) ENGINE=InnoDB AUTO_INCREMENT=3 DEFAULT CHARSET=utf8mb3 COLLATE=utf8mb3_unicode_ci;

--
-- Dumping data for table `llx_product_attribute_combination`
--

INSERT INTO `llx_product_attribute_combination` VALUES
(1,32,33,0,0,0,'',1),
(2,32,34,0,0,0,'',1);

--
-- Table structure for table `llx_product_attribute_combination2val`
--

CREATE TABLE `llx_product_attribute_combination2val` (
  `rowid` int(11) NOT NULL AUTO_INCREMENT,
  `fk_prod_combination` int(11) NOT NULL,
  `fk_prod_attr` int(11) NOT NULL,
  `fk_prod_attr_val` int(11) NOT NULL,
  PRIMARY KEY (`rowid`),
  KEY `idx_product_att_com2v_prod_combination` (`fk_prod_combination`),
  KEY `idx_product_att_com2v_prod_attr` (`fk_prod_attr`),
  KEY `idx_product_att_com2v_prod_attr_val` (`fk_prod_attr_val`)
) ENGINE=InnoDB AUTO_INCREMENT=5 DEFAULT CHARSET=utf8mb3 COLLATE=utf8mb3_unicode_ci;

--
-- Dumping data for table `llx_product_attribute_combination2val`
--

INSERT INTO `llx_product_attribute_combination2val` VALUES
(1,1,2,4),
(2,1,1,1),
(3,2,2,3),
(4,2,1,2);

--
-- Table structure for table `llx_product_attribute_combination_price_level`
--

CREATE TABLE `llx_product_attribute_combination_price_level` (
  `rowid` int(11) NOT NULL AUTO_INCREMENT,
  `fk_product_attribute_combination` int(11) NOT NULL DEFAULT 1,
  `fk_price_level` int(11) NOT NULL DEFAULT 1,
  `variation_price` double(24,8) NOT NULL,
  `variation_price_percentage` int(11) DEFAULT NULL,
  PRIMARY KEY (`rowid`),
  UNIQUE KEY `uk_prod_att_comb_price_level` (`fk_product_attribute_combination`,`fk_price_level`)
) ENGINE=InnoDB AUTO_INCREMENT=59 DEFAULT CHARSET=utf8mb3 COLLATE=utf8mb3_unicode_ci;

--
-- Dumping data for table `llx_product_attribute_combination_price_level`
--

INSERT INTO `llx_product_attribute_combination_price_level` VALUES
(16,0,1,0.00000000,0),
(17,0,2,0.00000000,0),
(18,0,3,0.00000000,0),
(19,0,4,0.00000000,0),
(20,0,5,0.00000000,0),
(44,101,1,0.00000000,0),
(45,101,2,0.00000000,0),
(46,101,3,0.00000000,0),
(47,101,4,0.00000000,0),
(48,101,5,0.00000000,0),
(49,102,1,0.00000000,0),
(50,102,2,0.00000000,0),
(51,102,3,0.00000000,0),
(52,102,4,0.00000000,0),
(53,102,5,0.00000000,0),
(54,103,1,0.00000000,0),
(55,103,2,0.00000000,0),
(56,103,3,0.00000000,0),
(57,103,4,0.00000000,0),
(58,103,5,0.00000000,0);

--
-- Table structure for table `llx_product_attribute_extrafields`
--

CREATE TABLE `llx_product_attribute_extrafields` (
  `rowid` int(11) NOT NULL AUTO_INCREMENT,
  `tms` timestamp NULL DEFAULT current_timestamp() ON UPDATE current_timestamp(),
  `fk_object` int(11) NOT NULL,
  `import_key` varchar(14) DEFAULT NULL,
  PRIMARY KEY (`rowid`),
  KEY `idx_product_attribute_extrafields` (`fk_object`)
) ENGINE=InnoDB DEFAULT CHARSET=utf8mb3 COLLATE=utf8mb3_unicode_ci;

--
-- Dumping data for table `llx_product_attribute_extrafields`
--


--
-- Table structure for table `llx_product_attribute_value`
--

CREATE TABLE `llx_product_attribute_value` (
  `rowid` int(11) NOT NULL AUTO_INCREMENT,
  `fk_product_attribute` int(11) NOT NULL,
  `ref` varchar(180) NOT NULL,
  `value` varchar(255) NOT NULL,
  `entity` int(11) NOT NULL DEFAULT 1,
  `position` int(11) NOT NULL DEFAULT 0,
  PRIMARY KEY (`rowid`),
  UNIQUE KEY `uk_product_attribute_value` (`fk_product_attribute`,`ref`)
) ENGINE=InnoDB AUTO_INCREMENT=6 DEFAULT CHARSET=utf8mb3 COLLATE=utf8mb3_unicode_ci;

--
-- Dumping data for table `llx_product_attribute_value`
--

INSERT INTO `llx_product_attribute_value` VALUES
(1,1,'BLUE','Blue',1,0),
(2,1,'RED','Red',1,0),
(3,2,'L','Size L',1,1),
(4,2,'XL','Size XL',1,2),
(5,2,'S','Size S',1,3);

--
-- Table structure for table `llx_product_attribute_value_extrafields`
--

CREATE TABLE `llx_product_attribute_value_extrafields` (
  `rowid` int(11) NOT NULL AUTO_INCREMENT,
  `tms` timestamp NULL DEFAULT current_timestamp() ON UPDATE current_timestamp(),
  `fk_object` int(11) NOT NULL,
  `import_key` varchar(14) DEFAULT NULL,
  PRIMARY KEY (`rowid`),
  KEY `idx_product_attribute_value_extrafields` (`fk_object`)
) ENGINE=InnoDB DEFAULT CHARSET=utf8mb3 COLLATE=utf8mb3_unicode_ci;

--
-- Dumping data for table `llx_product_attribute_value_extrafields`
--


--
-- Table structure for table `llx_product_batch`
--

CREATE TABLE `llx_product_batch` (
  `rowid` int(11) NOT NULL AUTO_INCREMENT,
  `tms` timestamp NOT NULL DEFAULT current_timestamp() ON UPDATE current_timestamp(),
  `fk_product_stock` int(11) NOT NULL,
  `eatby` datetime DEFAULT NULL,
  `sellby` datetime DEFAULT NULL,
  `batch` varchar(30) DEFAULT NULL,
  `qty` double NOT NULL DEFAULT 0,
  `import_key` varchar(14) DEFAULT NULL,
  PRIMARY KEY (`rowid`),
  UNIQUE KEY `uk_product_batch` (`fk_product_stock`,`batch`),
  KEY `idx_fk_product_stock` (`fk_product_stock`),
  KEY `idx_batch` (`batch`),
  CONSTRAINT `fk_product_batch_fk_product_stock` FOREIGN KEY (`fk_product_stock`) REFERENCES `llx_product_stock` (`rowid`)
) ENGINE=InnoDB AUTO_INCREMENT=10 DEFAULT CHARSET=utf8mb3 COLLATE=utf8mb3_unicode_ci;

--
-- Dumping data for table `llx_product_batch`
--

INSERT INTO `llx_product_batch` VALUES
(1,'2018-07-30 13:40:39',8,NULL,NULL,'5599887766452',15,NULL),
(2,'2018-07-30 13:40:12',8,NULL,NULL,'4494487766452',60,NULL),
(3,'2017-02-16 00:12:09',9,NULL,NULL,'5599887766452',35,NULL),
(4,'2020-01-08 15:40:27',4,NULL,NULL,'000000',12,NULL),
(5,'2020-01-08 15:40:27',3,NULL,NULL,'000000',1007,NULL),
(6,'2020-01-13 11:14:15',5,NULL,NULL,'000000',0.8,NULL),
(7,'2020-01-08 16:41:18',4,NULL,NULL,'aaa',1.2,NULL),
(8,'2020-01-18 19:17:03',5,NULL,NULL,'string',2,NULL),
(9,'2021-04-15 11:40:18',11,NULL,NULL,'Lot 2021-02',1,NULL);

--
-- Table structure for table `llx_product_customer_price`
--

CREATE TABLE `llx_product_customer_price` (
  `rowid` int(11) NOT NULL AUTO_INCREMENT,
  `entity` int(11) NOT NULL DEFAULT 1,
  `datec` datetime DEFAULT NULL,
  `tms` timestamp NOT NULL DEFAULT current_timestamp() ON UPDATE current_timestamp(),
  `fk_product` int(11) NOT NULL,
  `fk_soc` int(11) NOT NULL,
  `price` double(24,8) DEFAULT 0.00000000,
  `price_ttc` double(24,8) DEFAULT 0.00000000,
  `price_min` double(24,8) DEFAULT 0.00000000,
  `price_min_ttc` double(24,8) DEFAULT 0.00000000,
  `price_base_type` varchar(3) DEFAULT 'HT',
  `tva_tx` double(6,3) DEFAULT NULL,
  `default_vat_code` varchar(10) DEFAULT NULL,
  `recuperableonly` int(11) NOT NULL DEFAULT 0,
  `localtax1_tx` double(6,3) DEFAULT 0.000,
  `localtax1_type` varchar(10) NOT NULL DEFAULT '0',
  `localtax2_tx` double(6,3) DEFAULT 0.000,
  `localtax2_type` varchar(10) NOT NULL DEFAULT '0',
  `fk_user` int(11) DEFAULT NULL,
  `price_label` varchar(255) DEFAULT NULL,
  `import_key` varchar(14) DEFAULT NULL,
  `ref_customer` varchar(128) DEFAULT NULL,
  PRIMARY KEY (`rowid`),
  UNIQUE KEY `uk_customer_price_fk_product_fk_soc` (`fk_product`,`fk_soc`),
  KEY `idx_product_customer_price_fk_user` (`fk_user`),
  KEY `fk_customer_price_fk_soc` (`fk_soc`),
  KEY `idx_product_customer_price_fk_soc` (`fk_soc`),
  CONSTRAINT `fk_customer_price_fk_product` FOREIGN KEY (`fk_product`) REFERENCES `llx_product` (`rowid`) ON DELETE CASCADE,
  CONSTRAINT `fk_customer_price_fk_soc` FOREIGN KEY (`fk_soc`) REFERENCES `llx_societe` (`rowid`) ON DELETE CASCADE,
  CONSTRAINT `fk_product_customer_price_fk_product` FOREIGN KEY (`fk_product`) REFERENCES `llx_product` (`rowid`),
  CONSTRAINT `fk_product_customer_price_fk_soc` FOREIGN KEY (`fk_soc`) REFERENCES `llx_societe` (`rowid`),
  CONSTRAINT `fk_product_customer_price_fk_user` FOREIGN KEY (`fk_user`) REFERENCES `llx_user` (`rowid`)
) ENGINE=InnoDB AUTO_INCREMENT=3 DEFAULT CHARSET=utf8mb3 COLLATE=utf8mb3_unicode_ci;

--
-- Dumping data for table `llx_product_customer_price`
--

INSERT INTO `llx_product_customer_price` VALUES
(1,1,'2020-01-17 15:26:08','2020-01-17 14:26:08',1,30,11.00000000,12.37500000,0.00000000,0.00000000,'HT',12.500,NULL,0,0.000,'0',0.000,'0',12,NULL,NULL,NULL),
(2,1,'2020-01-17 15:26:16','2020-01-17 14:26:16',1,4,12.00000000,13.50000000,0.00000000,0.00000000,'HT',12.500,NULL,0,0.000,'0',0.000,'0',12,NULL,NULL,NULL);

--
-- Table structure for table `llx_product_customer_price_extrafields`
--

CREATE TABLE `llx_product_customer_price_extrafields` (
  `rowid` int(11) NOT NULL AUTO_INCREMENT,
  `tms` timestamp NULL DEFAULT current_timestamp() ON UPDATE current_timestamp(),
  `fk_object` int(11) NOT NULL,
  `import_key` varchar(14) DEFAULT NULL,
  PRIMARY KEY (`rowid`),
  UNIQUE KEY `uk_product_customer_price_extrafields` (`fk_object`)
) ENGINE=InnoDB DEFAULT CHARSET=utf8mb3 COLLATE=utf8mb3_unicode_ci;

--
-- Dumping data for table `llx_product_customer_price_extrafields`
--


--
-- Table structure for table `llx_product_customer_price_log`
--

CREATE TABLE `llx_product_customer_price_log` (
  `rowid` int(11) NOT NULL AUTO_INCREMENT,
  `entity` int(11) NOT NULL DEFAULT 1,
  `datec` datetime DEFAULT NULL,
  `fk_product` int(11) NOT NULL,
  `fk_soc` int(11) NOT NULL,
  `price` double(24,8) DEFAULT 0.00000000,
  `price_ttc` double(24,8) DEFAULT 0.00000000,
  `price_min` double(24,8) DEFAULT 0.00000000,
  `price_min_ttc` double(24,8) DEFAULT 0.00000000,
  `price_base_type` varchar(3) DEFAULT 'HT',
  `tva_tx` double(6,3) DEFAULT NULL,
  `recuperableonly` int(11) NOT NULL DEFAULT 0,
  `localtax1_tx` double(6,3) DEFAULT 0.000,
  `localtax1_type` varchar(10) NOT NULL DEFAULT '0',
  `localtax2_tx` double(6,3) DEFAULT 0.000,
  `localtax2_type` varchar(10) NOT NULL DEFAULT '0',
  `fk_user` int(11) DEFAULT NULL,
  `price_label` varchar(255) DEFAULT NULL,
  `import_key` varchar(14) DEFAULT NULL,
  `default_vat_code` varchar(10) DEFAULT NULL,
  `ref_customer` varchar(30) DEFAULT NULL,
  PRIMARY KEY (`rowid`)
) ENGINE=InnoDB DEFAULT CHARSET=utf8mb3 COLLATE=utf8mb3_unicode_ci;

--
-- Dumping data for table `llx_product_customer_price_log`
--


--
-- Table structure for table `llx_product_extrafields`
--

CREATE TABLE `llx_product_extrafields` (
  `rowid` int(11) NOT NULL AUTO_INCREMENT,
  `tms` timestamp NOT NULL DEFAULT current_timestamp() ON UPDATE current_timestamp(),
  `fk_object` int(11) NOT NULL,
  `import_key` varchar(14) DEFAULT NULL,
  `app_or_option` varchar(255) DEFAULT NULL,
  `availabelforresellers` int(1) DEFAULT NULL,
  `package` int(11) DEFAULT NULL,
  `resource_formula` text DEFAULT NULL,
  `resource_label` varchar(32) DEFAULT NULL,
  `freeperioddays` int(6) DEFAULT NULL,
  `directaccess` varchar(255) DEFAULT NULL,
  `sshaccesstype` varchar(255) DEFAULT NULL,
  `typesupport` varchar(255) DEFAULT NULL,
  `register_text` varchar(255) DEFAULT NULL,
  `register_discountcode` varchar(255) DEFAULT NULL,
  `email_template_trialreminder` int(11) DEFAULT NULL,
  `email_template_trialsuspended` int(11) DEFAULT NULL,
  `position` int(5) DEFAULT NULL,
  PRIMARY KEY (`rowid`),
  UNIQUE KEY `uk_product_extrafields` (`fk_object`)
) ENGINE=InnoDB AUTO_INCREMENT=2 DEFAULT CHARSET=utf8mb3 COLLATE=utf8mb3_unicode_ci;

--
-- Dumping data for table `llx_product_extrafields`
--

INSERT INTO `llx_product_extrafields` VALUES
(1,'2023-01-24 10:28:30',1,NULL,'0',NULL,NULL,NULL,NULL,NULL,'0',NULL,'0',NULL,NULL,NULL,NULL,NULL);

--
-- Table structure for table `llx_product_fournisseur_price`
--

CREATE TABLE `llx_product_fournisseur_price` (
  `rowid` int(11) NOT NULL AUTO_INCREMENT,
  `datec` datetime DEFAULT NULL,
  `tms` timestamp NOT NULL DEFAULT current_timestamp() ON UPDATE current_timestamp(),
  `fk_product` int(11) DEFAULT NULL,
  `fk_soc` int(11) DEFAULT NULL,
  `ref_fourn` varchar(128) DEFAULT NULL,
  `desc_fourn` text DEFAULT NULL,
  `fk_availability` int(11) DEFAULT NULL,
  `price` double(24,8) DEFAULT 0.00000000,
  `quantity` double DEFAULT NULL,
  `remise_percent` double NOT NULL DEFAULT 0,
  `remise` double NOT NULL DEFAULT 0,
  `unitprice` double(24,8) DEFAULT 0.00000000,
  `charges` double(24,8) DEFAULT 0.00000000,
  `tva_tx` double(6,3) NOT NULL DEFAULT 0.000,
  `default_vat_code` varchar(10) DEFAULT NULL,
  `info_bits` int(11) NOT NULL DEFAULT 0,
  `fk_user` int(11) DEFAULT NULL,
  `import_key` varchar(14) DEFAULT NULL,
  `entity` int(11) NOT NULL DEFAULT 1,
  `fk_supplier_price_expression` int(11) DEFAULT NULL,
  `fk_price_expression` int(11) DEFAULT NULL,
  `delivery_time_days` int(11) DEFAULT NULL,
  `supplier_reputation` varchar(10) DEFAULT NULL,
  `multicurrency_tx` double(24,8) DEFAULT 1.00000000,
  `multicurrency_unitprice` double(24,8) DEFAULT NULL,
  `fk_multicurrency` int(11) DEFAULT NULL,
  `multicurrency_code` varchar(3) DEFAULT NULL,
  `multicurrency_price` double(24,8) DEFAULT NULL,
  `localtax1_tx` double(6,3) DEFAULT 0.000,
  `localtax1_type` varchar(10) NOT NULL DEFAULT '0',
  `localtax2_tx` double(6,3) DEFAULT 0.000,
  `localtax2_type` varchar(10) NOT NULL DEFAULT '0',
  `barcode` varchar(180) DEFAULT NULL,
  `fk_barcode_type` int(11) DEFAULT NULL,
  `packaging` varchar(64) DEFAULT NULL,
  `status` int(11) DEFAULT 1,
  PRIMARY KEY (`rowid`),
  UNIQUE KEY `uk_product_fournisseur_price_ref` (`ref_fourn`,`fk_soc`,`quantity`,`entity`),
  UNIQUE KEY `uk_product_barcode` (`barcode`,`fk_barcode_type`,`entity`),
  KEY `idx_product_fournisseur_price_fk_user` (`fk_user`),
  KEY `idx_product_fourn_price_fk_product` (`fk_product`,`entity`),
  KEY `idx_product_fourn_price_fk_soc` (`fk_soc`,`entity`),
  KEY `idx_product_barcode` (`barcode`),
  KEY `idx_product_fk_barcode_type` (`fk_barcode_type`),
  CONSTRAINT `fk_product_fournisseur_price_barcode_type` FOREIGN KEY (`fk_barcode_type`) REFERENCES `llx_c_barcode_type` (`rowid`),
  CONSTRAINT `fk_product_fournisseur_price_fk_product` FOREIGN KEY (`fk_product`) REFERENCES `llx_product` (`rowid`),
  CONSTRAINT `fk_product_fournisseur_price_fk_user` FOREIGN KEY (`fk_user`) REFERENCES `llx_user` (`rowid`)
) ENGINE=InnoDB AUTO_INCREMENT=10 DEFAULT CHARSET=utf8mb3 COLLATE=utf8mb3_unicode_ci;

--
-- Dumping data for table `llx_product_fournisseur_price`
--

INSERT INTO `llx_product_fournisseur_price` VALUES
(2,'2018-07-30 17:34:38','2018-07-30 13:34:38',12,10,'BASIC',NULL,0,9.00000000,1,0,0,9.00000000,0.00000000,0.000,NULL,0,12,NULL,1,NULL,NULL,NULL,'FAVORITE',1.00000000,NULL,NULL,NULL,NULL,0.000,'0',0.000,'0',NULL,NULL,NULL,1),
(3,'2017-02-02 05:17:08','2017-02-02 01:17:08',1,10,'aaa',NULL,0,100.00000000,1,10,0,100.00000000,0.00000000,12.500,NULL,0,12,NULL,1,NULL,NULL,NULL,NULL,1.00000000,NULL,NULL,NULL,NULL,0.000,'0',0.000,'0',NULL,NULL,NULL,1),
(4,'2019-10-08 19:21:34','2019-10-08 17:21:34',11,10,'ggg','',0,0.00000000,10,0,0,0.00000000,0.00000000,0.000,NULL,0,12,NULL,1,NULL,NULL,NULL,NULL,1.00000000,0.00000000,1,'EUR',0.00000000,0.000,'0',0.000,'0',NULL,2,NULL,1),
(5,'2020-01-01 18:04:14','2020-01-01 16:11:36',1,17,'BK01','',0,79.16667000,1,0,0,79.16667000,0.00000000,12.500,NULL,0,12,NULL,1,NULL,NULL,NULL,NULL,1.20000000,95.00000000,2,'USD',95.00000000,0.000,'0',0.000,'0',NULL,2,NULL,1),
(6,'2020-01-01 18:36:40','2020-01-01 14:36:40',2,17,'BKPEARPIE','',0,7.00000000,1,0,0,7.00000000,0.00000000,20.000,NULL,0,12,NULL,1,NULL,NULL,NULL,NULL,1.00000000,7.00000000,1,'EUR',7.00000000,0.000,'0',0.000,'0',NULL,2,NULL,1),
(7,'2020-01-20 12:22:00','2020-01-20 11:22:00',1,17,'bbb','',0,1000.00000000,10,0,0,100.00000000,0.00000000,12.500,NULL,0,12,NULL,1,NULL,NULL,NULL,NULL,1.00000000,100.00000000,1,'EUR',1000.00000000,0.000,'0',0.000,'0',NULL,2,NULL,1),
(8,'2022-12-16 10:01:17','2022-12-16 10:01:55',5,17,'aaa','',0,123.00000000,1,0,0,123.00000000,0.00000000,4.000,NULL,0,12,NULL,1,NULL,NULL,NULL,NULL,1.00000000,123.00000000,1,'EUR',123.00000000,0.000,'0',0.000,'0',NULL,2,NULL,1),
(9,'2022-12-16 10:03:15','2022-12-16 10:52:05',5,1,'iii','',0,5.00000000,1,0,0,5.00000000,0.00000000,4.000,'aaa',0,12,NULL,1,NULL,NULL,NULL,NULL,1.00000000,5.00000000,1,'EUR',5.00000000,0.000,'0',0.000,'0',NULL,2,NULL,1);

--
-- Table structure for table `llx_product_fournisseur_price_extrafields`
--

CREATE TABLE `llx_product_fournisseur_price_extrafields` (
  `rowid` int(11) NOT NULL AUTO_INCREMENT,
  `tms` timestamp NOT NULL DEFAULT current_timestamp() ON UPDATE current_timestamp(),
  `fk_object` int(11) NOT NULL,
  `import_key` varchar(14) DEFAULT NULL,
  PRIMARY KEY (`rowid`),
  UNIQUE KEY `uk_product_fournisseur_price_extrafields` (`fk_object`)
) ENGINE=InnoDB AUTO_INCREMENT=3 DEFAULT CHARSET=utf8mb3 COLLATE=utf8mb3_unicode_ci;

--
-- Dumping data for table `llx_product_fournisseur_price_extrafields`
--

INSERT INTO `llx_product_fournisseur_price_extrafields` VALUES
(1,'2020-01-01 14:04:14',5,NULL),
(2,'2020-01-01 14:36:40',6,NULL);

--
-- Table structure for table `llx_product_fournisseur_price_log`
--

CREATE TABLE `llx_product_fournisseur_price_log` (
  `rowid` int(11) NOT NULL AUTO_INCREMENT,
  `datec` datetime DEFAULT NULL,
  `fk_product_fournisseur` int(11) NOT NULL,
  `price` double(24,8) DEFAULT 0.00000000,
  `quantity` double DEFAULT NULL,
  `fk_user` int(11) DEFAULT NULL,
  `fk_multicurrency` int(11) DEFAULT NULL,
  `multicurrency_code` varchar(3) DEFAULT NULL,
  `multicurrency_tx` double(24,8) DEFAULT 1.00000000,
  `multicurrency_price` double(24,8) DEFAULT NULL,
  `multicurrency_unitprice` double(24,8) DEFAULT NULL,
  PRIMARY KEY (`rowid`),
  KEY `idx_product_fournisseur_price_log_fk_product_fournisseur` (`fk_product_fournisseur`),
  KEY `idx_product_fournisseur_price_log_fk_user` (`fk_user`)
) ENGINE=InnoDB AUTO_INCREMENT=17 DEFAULT CHARSET=utf8mb3 COLLATE=utf8mb3_unicode_ci;

--
-- Dumping data for table `llx_product_fournisseur_price_log`
--

INSERT INTO `llx_product_fournisseur_price_log` VALUES
(1,'2012-07-11 18:45:42',1,10.00000000,1,1,NULL,NULL,1.00000000,NULL,NULL),
(2,'2019-10-08 19:21:34',4,0.00000000,10,12,1,'EUR',1.00000000,0.00000000,0.00000000),
(3,'2020-01-01 18:04:14',5,12.00000000,1,12,1,'EUR',1.00000000,12.00000000,12.00000000),
(4,'2020-01-01 18:04:31',5,95.00000000,1,12,1,'EUR',1.00000000,95.00000000,95.00000000),
(5,'2020-01-01 18:36:40',6,7.00000000,1,12,1,'EUR',1.00000000,7.00000000,7.00000000),
(6,'2020-01-01 19:32:31',5,95.00000000,1,12,1,'EUR',1.00000000,95.00000000,95.00000000),
(7,'2020-01-01 19:38:32',5,79.16667000,1,12,2,'USD',1.20000000,95.00000000,95.00000000),
(8,'2020-01-01 19:54:17',5,95.00000000,1,12,1,'EUR',1.00000000,95.00000000,95.00000000),
(9,'2020-01-01 19:54:54',5,79.16667000,1,12,2,'USD',1.20000000,95.00000000,95.00000000),
(10,'2020-01-01 20:05:02',5,95.00000000,1,12,1,'EUR',1.00000000,95.00000000,95.00000000),
(11,'2020-01-01 20:11:36',5,79.16667000,1,12,2,'USD',1.20000000,95.00000000,95.00000000),
(12,'2020-01-20 12:22:00',7,1000.00000000,10,12,1,'EUR',1.00000000,1000.00000000,100.00000000),
(13,'2022-12-16 10:01:17',8,123.00000000,1,12,1,'EUR',1.00000000,123.00000000,123.00000000),
(14,'2022-12-16 10:01:55',8,123.00000000,1,12,1,'EUR',1.00000000,123.00000000,123.00000000),
(15,'2022-12-16 10:03:15',9,0.00000000,1,12,1,'EUR',1.00000000,0.00000000,0.00000000),
(16,'2022-12-16 10:03:28',9,5.00000000,1,12,1,'EUR',1.00000000,5.00000000,5.00000000);

--
-- Table structure for table `llx_product_lang`
--

CREATE TABLE `llx_product_lang` (
  `rowid` int(11) NOT NULL AUTO_INCREMENT,
  `fk_product` int(11) NOT NULL DEFAULT 0,
  `lang` varchar(5) NOT NULL DEFAULT '0',
  `label` varchar(255) NOT NULL,
  `description` text DEFAULT NULL,
  `note` text DEFAULT NULL,
  `import_key` varchar(14) DEFAULT NULL,
  PRIMARY KEY (`rowid`),
  UNIQUE KEY `uk_product_lang` (`fk_product`,`lang`),
  CONSTRAINT `fk_product_lang_fk_product` FOREIGN KEY (`fk_product`) REFERENCES `llx_product` (`rowid`)
) ENGINE=InnoDB AUTO_INCREMENT=30 DEFAULT CHARSET=utf8mb3 COLLATE=utf8mb3_unicode_ci;

--
-- Dumping data for table `llx_product_lang`
--

INSERT INTO `llx_product_lang` VALUES
(1,1,'en_US','Pink dress','A beatifull pink dress','',NULL),
(2,2,'en_US','Pear Pie','','',NULL),
(3,3,'en_US','Cake making contribution','','',NULL),
(4,4,'fr_FR','Decapsuleur','','',NULL),
(5,5,'en_US','DoliDroid, Android app for Dolibarr','<strong><span style=\"font-family:roboto,uilanguagefont,arial,sans-serif; font-size:14px\">DoliDroid is the Android front-end client for Dolibarr ERP &amp; CRM web software.</span><br />\r\n<span style=\"font-family:roboto,uilanguagefont,arial,sans-serif; font-size:14px\">This application is not a standalone program. It is a front end to use a online hosted Dolibarr ERP &amp; CRM software (an Open-source web software to manage your business).</span></strong>\r\n<p><u>The advantage of DoliDroid are :</u><br />\r\n- DoliDroid is not a duplicate code of Dolibarr, but a front-end of a Dolibarr web installation, so all your online existing features are supported by this application. This is also true for external modules features.<br />\r\n- Upgrading Dolibarr will not break DoliDroid.<br />\r\n- DoliDroid use embedded image resources to reduce bandwidth usage.<br />\r\n- DoliDroid use internal cache for pages that should not change (like menu page)<br />\r\n- Connections parameters are saved. No need to enter them each time you use DoliDroid.<br />\r\n- Integration with your phone or other applications (Clicking on PDF open PDF reader, clicking onto email or phone launch your email application or launch Android dialer, ...)</p>\r\n\r\n<p><span style=\"color:#DAA520\"><strong>WARNING !&nbsp;</strong></span></p>\r\n\r\n<p>This application need Android 4.0+ and a hosted Dolibarr ERP &amp; CRM version 3.5 or newer accessible by internet<br />\r\n(For example, when hosted on any SaaS solution like DoliCloud -&nbsp;<a href=\"https://www.google.com/url?q=https://www.google.com/url?q%3Dhttp://www.dolicloud.com%26sa%3DD%26usg%3DAFQjCNGdd9htz4JDciiMtScpBwK83qIRkw&amp;sa=D&amp;usg=AFQjCNGMpCbxNnU5BiK59e368K5AR0l_pg\" style=\"text-decoration: none; color: rgb(51, 105, 30); cursor: pointer;\" target=\"_blank\">http://www.dolicloud.com</a>).</p>','',NULL),
(9,11,'fr_FR','hfghf','','',NULL),
(10,2,'fr_FR','Product P1','','',NULL),
(11,4,'en_US','Apple Pie','Nice Bio Apple Pie.<br />\r\n&nbsp;','',NULL),
(12,11,'en_US','Rollup Dolibarr','A nice rollup','',NULL),
(13,10,'en_US','Computer XP4523','A powerfull computer XP4523&nbsp;','This product is imported.<br />\r\nWarning: Delay to get it are not reliable.',NULL),
(14,12,'en_US','SaaS hosting of Dolibarr ERP CRM','Cloud hosting of Dolibarr ERP and CRM software','',NULL),
(15,12,'fr_FR','Service SaaS Hébergement Dolibarr ERP CRM','Service SaaS d&#39;h&eacute;bergement de la solution Dolibarr ERP CRM','',NULL),
(16,13,'en_US','Computer XP4523','A powerfull computer XP4523&nbsp;',NULL,NULL),
(17,13,'fr_FR','Computer XP4523','A powerfull computer XP4523&nbsp;',NULL,NULL),
(19,24,'en_US','Carrot','',NULL,NULL),
(20,25,'en_US','Apple','',NULL,NULL),
(21,26,'en_US','Kiwi','',NULL,NULL),
(22,27,'en_US','Peach','',NULL,NULL),
(23,28,'en_US','Orange','',NULL,NULL),
(24,29,'en_US','Eggs','',NULL,NULL),
(25,30,'en_US','Chips','',NULL,NULL),
(26,31,'en_US','Product NFC - Unique','',NULL,NULL),
(27,32,'en_US','aaa','',NULL,NULL),
(28,33,'en_US','aaa Size XL Blue','<strong>Size:</strong> Size XL<br><strong>Color:</strong> Blue',NULL,NULL),
(29,34,'en_US','aaa Size L Red','(discussion, voting, 1+7 CHs, cooperates with HCS 5100Plus series can achieve 8 CHs simultaneous audio, charcoal gray, excl. battery)',NULL,NULL);

--
-- Table structure for table `llx_product_lot`
--

CREATE TABLE `llx_product_lot` (
  `rowid` int(11) NOT NULL AUTO_INCREMENT,
  `entity` int(11) DEFAULT 1,
  `fk_product` int(11) NOT NULL,
  `batch` varchar(30) DEFAULT NULL,
  `note_public` text DEFAULT NULL,
  `note_private` text DEFAULT NULL,
  `eatby` date DEFAULT NULL,
  `sellby` date DEFAULT NULL,
  `datec` datetime DEFAULT NULL,
  `tms` timestamp NOT NULL DEFAULT current_timestamp() ON UPDATE current_timestamp(),
  `fk_user_creat` int(11) DEFAULT NULL,
  `fk_user_modif` int(11) DEFAULT NULL,
  `import_key` int(11) DEFAULT NULL,
  `eol_date` datetime DEFAULT NULL,
  `manufacturing_date` datetime DEFAULT NULL,
  `scrapping_date` datetime DEFAULT NULL,
  `model_pdf` varchar(255) DEFAULT NULL,
  `last_main_doc` varchar(255) DEFAULT NULL,
  `barcode` varchar(180) DEFAULT NULL,
  `fk_barcode_type` int(11) DEFAULT NULL,
  `qc_frequency` int(11) DEFAULT NULL,
  `lifetime` int(11) DEFAULT NULL,
  PRIMARY KEY (`rowid`),
  UNIQUE KEY `uk_product_lot` (`fk_product`,`batch`)
) ENGINE=InnoDB AUTO_INCREMENT=70 DEFAULT CHARSET=utf8mb3 COLLATE=utf8mb3_unicode_ci;

--
-- Dumping data for table `llx_product_lot`
--

INSERT INTO `llx_product_lot` VALUES
(1,1,2,'123456',NULL,NULL,'2018-07-07',NULL,'2018-07-21 20:55:19','2024-01-03 16:32:40',NULL,NULL,NULL,NULL,'2018-07-21 20:55:19',NULL,NULL,NULL,NULL,NULL,NULL,NULL),
(2,1,2,'2222',NULL,NULL,'2018-07-08','2018-07-07','2018-07-21 21:00:42','2024-01-03 16:32:40',NULL,NULL,NULL,NULL,'2018-07-21 21:00:42',NULL,NULL,NULL,NULL,NULL,NULL,NULL),
(3,1,10,'5599887766452',NULL,NULL,NULL,NULL,'2018-07-30 17:39:31','2024-01-03 16:32:40',NULL,NULL,NULL,NULL,'2018-07-30 17:39:31',NULL,NULL,NULL,NULL,NULL,NULL,NULL),
(4,1,10,'4494487766452',NULL,NULL,NULL,NULL,'2018-07-30 17:40:12','2024-01-03 16:32:40',NULL,NULL,NULL,NULL,'2018-07-30 17:40:12',NULL,NULL,NULL,NULL,NULL,NULL,NULL),
(39,1,1,'000000',NULL,NULL,NULL,NULL,'2020-01-08 20:41:18','2024-01-03 16:32:40',NULL,NULL,NULL,NULL,'2020-01-08 20:41:18',NULL,NULL,NULL,NULL,NULL,NULL,NULL),
(40,1,4,'aaa',NULL,NULL,'2020-01-01',NULL,'2020-01-08 20:41:18','2024-01-03 16:32:40',NULL,12,NULL,NULL,'2020-01-08 20:41:18',NULL,NULL,NULL,NULL,NULL,NULL,NULL),
(46,1,1,'string',NULL,NULL,NULL,NULL,'2020-01-18 20:16:58','2024-01-03 16:32:40',NULL,NULL,NULL,NULL,'2020-01-18 20:16:58',NULL,NULL,NULL,NULL,NULL,NULL,NULL),
(47,1,4,'000000',NULL,NULL,NULL,NULL,'2020-01-08 16:40:27','2024-01-03 16:32:40',1,1,NULL,NULL,'2020-01-08 16:40:27',NULL,NULL,NULL,NULL,NULL,NULL,NULL),
(50,1,4,'Lot 2021-02',NULL,NULL,NULL,NULL,'2021-04-15 08:40:18','2024-01-03 16:32:40',NULL,NULL,NULL,NULL,'2021-04-15 08:40:18',NULL,NULL,NULL,NULL,NULL,NULL,NULL);

--
-- Table structure for table `llx_product_lot_extrafields`
--

CREATE TABLE `llx_product_lot_extrafields` (
  `rowid` int(11) NOT NULL AUTO_INCREMENT,
  `tms` timestamp NOT NULL DEFAULT current_timestamp() ON UPDATE current_timestamp(),
  `fk_object` int(11) NOT NULL,
  `import_key` varchar(14) DEFAULT NULL,
  PRIMARY KEY (`rowid`),
  UNIQUE KEY `uk_product_lot_extrafields` (`fk_object`)
) ENGINE=InnoDB DEFAULT CHARSET=utf8mb3 COLLATE=utf8mb3_unicode_ci;

--
-- Dumping data for table `llx_product_lot_extrafields`
--


--
-- Table structure for table `llx_product_perentity`
--

CREATE TABLE `llx_product_perentity` (
  `rowid` int(11) NOT NULL AUTO_INCREMENT,
  `fk_product` int(11) DEFAULT NULL,
  `entity` int(11) NOT NULL DEFAULT 1,
  `accountancy_code_sell` varchar(32) DEFAULT NULL,
  `accountancy_code_sell_intra` varchar(32) DEFAULT NULL,
  `accountancy_code_sell_export` varchar(32) DEFAULT NULL,
  `accountancy_code_buy` varchar(32) DEFAULT NULL,
  `accountancy_code_buy_intra` varchar(32) DEFAULT NULL,
  `accountancy_code_buy_export` varchar(32) DEFAULT NULL,
  `pmp` double(24,8) DEFAULT NULL,
  `tva_tx` double(7,4) DEFAULT NULL,
  `default_vat_code` varchar(10) DEFAULT NULL,
  `recuperableonly` int(11) NOT NULL DEFAULT 0,
  `localtax1_tx` double(7,4) DEFAULT 0.0000,
  `localtax1_type` varchar(10) NOT NULL DEFAULT '0',
  `localtax2_tx` double(7,4) DEFAULT 0.0000,
  `localtax2_type` varchar(10) NOT NULL DEFAULT '0',
  `tosell` tinyint(4) DEFAULT 1,
  `tobuy` tinyint(4) DEFAULT 1,
  `url` varchar(255) DEFAULT NULL,
  `barcode` varchar(180) DEFAULT NULL,
  `fk_barcode_type` int(11) DEFAULT NULL,
  PRIMARY KEY (`rowid`),
  UNIQUE KEY `uk_product_perentity` (`fk_product`,`entity`),
  KEY `idx_product_perentity_fk_product` (`fk_product`)
) ENGINE=InnoDB DEFAULT CHARSET=utf8mb3 COLLATE=utf8mb3_unicode_ci;

--
-- Dumping data for table `llx_product_perentity`
--


--
-- Table structure for table `llx_product_price`
--

CREATE TABLE `llx_product_price` (
  `rowid` int(11) NOT NULL AUTO_INCREMENT,
  `entity` int(11) NOT NULL DEFAULT 1,
  `tms` timestamp NOT NULL DEFAULT current_timestamp() ON UPDATE current_timestamp(),
  `fk_product` int(11) NOT NULL,
  `date_price` datetime DEFAULT NULL,
  `price_level` smallint(6) DEFAULT 1,
  `price` double(24,8) DEFAULT NULL,
  `price_ttc` double(24,8) DEFAULT NULL,
  `price_min` double(24,8) DEFAULT NULL,
  `price_min_ttc` double(24,8) DEFAULT NULL,
  `price_base_type` varchar(3) DEFAULT 'HT',
  `tva_tx` double(6,3) NOT NULL DEFAULT 0.000,
  `default_vat_code` varchar(10) DEFAULT NULL,
  `recuperableonly` int(11) NOT NULL DEFAULT 0,
  `localtax1_tx` double(6,3) DEFAULT 0.000,
  `localtax1_type` varchar(10) NOT NULL DEFAULT '0',
  `localtax2_tx` double(6,3) DEFAULT 0.000,
  `localtax2_type` varchar(10) NOT NULL DEFAULT '0',
  `fk_user_author` int(11) DEFAULT NULL,
  `price_label` varchar(255) DEFAULT NULL,
  `tosell` tinyint(4) DEFAULT 1,
  `price_by_qty` int(11) NOT NULL DEFAULT 0,
  `import_key` varchar(14) DEFAULT NULL,
  `fk_price_expression` int(11) DEFAULT NULL,
  `fk_multicurrency` int(11) DEFAULT NULL,
  `multicurrency_code` varchar(3) DEFAULT NULL,
  `multicurrency_price` double(24,8) DEFAULT 0.00000000,
  `multicurrency_tx` double(24,8) DEFAULT 1.00000000,
  `multicurrency_price_ttc` double(24,8) DEFAULT NULL,
  PRIMARY KEY (`rowid`),
  KEY `idx_product_price_fk_user_author` (`fk_user_author`),
  KEY `idx_product_price_fk_product` (`fk_product`),
  CONSTRAINT `fk_product_price_product` FOREIGN KEY (`fk_product`) REFERENCES `llx_product` (`rowid`),
  CONSTRAINT `fk_product_price_user_author` FOREIGN KEY (`fk_user_author`) REFERENCES `llx_user` (`rowid`)
) ENGINE=InnoDB AUTO_INCREMENT=48 DEFAULT CHARSET=utf8mb3 COLLATE=utf8mb3_unicode_ci;

--
-- Dumping data for table `llx_product_price`
--

INSERT INTO `llx_product_price` VALUES
(1,1,'2012-07-08 12:33:17',1,'2012-07-08 14:33:17',1,0.00000000,0.00000000,0.00000000,0.00000000,'HT',12.500,NULL,0,0.000,'0',0.000,'0',1,NULL,1,0,NULL,NULL,NULL,NULL,0.00000000,1.00000000,NULL),
(2,1,'2012-07-08 22:30:01',2,'2012-07-09 00:30:01',1,0.00000000,0.00000000,0.00000000,0.00000000,'HT',12.500,NULL,0,0.000,'0',0.000,'0',1,NULL,1,0,NULL,NULL,NULL,NULL,0.00000000,1.00000000,NULL),
(3,1,'2012-07-08 22:30:25',3,'2012-07-09 00:30:25',1,0.00000000,0.00000000,0.00000000,0.00000000,'HT',12.500,NULL,0,0.000,'0',0.000,'0',1,NULL,1,0,NULL,NULL,NULL,NULL,0.00000000,1.00000000,NULL),
(4,1,'2012-07-10 12:44:06',4,'2012-07-10 14:44:06',1,0.00000000,0.00000000,0.00000000,0.00000000,'HT',12.500,NULL,0,0.000,'0',0.000,'0',1,NULL,1,0,NULL,NULL,NULL,NULL,0.00000000,1.00000000,NULL),
(5,1,'2013-07-20 21:11:38',5,'2013-07-20 23:11:38',1,0.00000000,0.00000000,0.00000000,0.00000000,'HT',19.600,NULL,0,0.000,'0',0.000,'0',1,NULL,1,0,NULL,NULL,NULL,NULL,0.00000000,1.00000000,NULL),
(6,1,'2013-07-27 17:02:59',5,'2013-07-27 19:02:59',1,10.00000000,11.96000000,0.00000000,0.00000000,'HT',19.600,NULL,0,0.000,'0',0.000,'0',1,NULL,1,0,NULL,NULL,NULL,NULL,0.00000000,1.00000000,NULL),
(10,1,'2013-07-31 22:34:27',4,'2013-08-01 00:34:27',1,5.00000000,5.62500000,0.00000000,0.00000000,'HT',12.500,NULL,0,0.000,'0',0.000,'0',1,NULL,1,0,NULL,NULL,NULL,NULL,0.00000000,1.00000000,NULL),
(12,1,'2015-01-13 19:24:59',11,'2015-01-13 20:24:59',1,0.00000000,0.00000000,0.00000000,0.00000000,'HT',0.000,NULL,0,0.000,'0',0.000,'0',1,NULL,1,0,NULL,NULL,NULL,NULL,0.00000000,1.00000000,NULL),
(13,1,'2015-03-12 09:30:24',1,'2015-03-12 10:30:24',1,100.00000000,112.50000000,90.00000000,101.25000000,'HT',12.500,NULL,0,0.000,'0',0.000,'0',1,NULL,1,0,NULL,NULL,NULL,NULL,0.00000000,1.00000000,NULL),
(14,1,'2018-07-30 13:31:29',12,'2018-07-30 17:31:29',1,9.00000000,9.00000000,9.00000000,9.00000000,'HT',0.000,NULL,0,0.000,'0',0.000,'0',12,NULL,1,0,NULL,NULL,NULL,NULL,0.00000000,1.00000000,NULL),
(15,1,'2017-02-15 23:49:00',13,'2017-02-16 03:49:00',1,100.00000000,110.00000000,0.00000000,0.00000000,'HT',10.000,NULL,0,0.000,'0',0.000,'0',12,NULL,0,0,NULL,NULL,NULL,NULL,0.00000000,1.00000000,NULL),
(16,1,'2017-08-30 15:04:04',10,'2017-08-30 19:04:04',1,100.00000000,110.00000000,0.00000000,0.00000000,'HT',10.000,NULL,0,0.000,'0',0.000,'0',12,NULL,1,0,NULL,NULL,NULL,NULL,0.00000000,1.00000000,NULL),
(18,1,'2019-11-28 12:33:35',24,'2019-11-28 16:33:35',1,0.00000000,0.00000000,0.00000000,0.00000000,'HT',20.000,NULL,0,0.000,'0',0.000,'0',12,NULL,1,0,NULL,NULL,NULL,NULL,0.00000000,1.00000000,NULL),
(19,1,'2019-11-28 12:34:33',24,'2019-11-28 16:34:33',1,0.83333000,1.00000000,0.00000000,0.00000000,'TTC',20.000,NULL,0,0.000,'0',0.000,'0',12,NULL,1,0,NULL,NULL,NULL,NULL,0.00000000,1.00000000,NULL),
(20,1,'2019-11-28 12:37:36',25,'2019-11-28 16:37:36',1,0.00000000,0.00000000,0.00000000,0.00000000,'HT',20.000,NULL,0,0.000,'0',0.000,'0',12,NULL,1,0,NULL,NULL,NULL,NULL,0.00000000,1.00000000,NULL),
(21,1,'2019-11-28 12:37:58',25,'2019-11-28 16:37:58',1,1.25000000,1.50000000,0.00000000,0.00000000,'TTC',20.000,NULL,0,0.000,'0',0.000,'0',12,NULL,1,0,NULL,NULL,NULL,NULL,0.00000000,1.00000000,NULL),
(22,1,'2019-11-28 12:38:44',26,'2019-11-28 16:38:44',1,1.08333000,1.30000000,0.00000000,0.00000000,'TTC',20.000,NULL,0,0.000,'0',0.000,'0',12,NULL,1,0,NULL,NULL,NULL,NULL,0.00000000,1.00000000,NULL),
(23,1,'2019-11-28 12:39:21',27,'2019-11-28 16:39:21',1,1.08333000,1.30000000,0.00000000,0.00000000,'TTC',20.000,NULL,0,0.000,'0',0.000,'0',12,NULL,1,0,NULL,NULL,NULL,NULL,0.00000000,1.00000000,NULL),
(24,1,'2019-11-28 12:39:58',28,'2019-11-28 16:39:58',1,2.00000000,2.40000000,0.00000000,0.00000000,'HT',20.000,NULL,0,0.000,'0',0.000,'0',12,NULL,1,0,NULL,NULL,NULL,NULL,0.00000000,1.00000000,NULL),
(25,1,'2019-11-28 13:03:14',29,'2019-11-28 17:03:14',1,1.66667000,2.00000000,0.00000000,0.00000000,'TTC',20.000,NULL,0,0.000,'0',0.000,'0',12,NULL,1,0,NULL,NULL,NULL,NULL,0.00000000,1.00000000,NULL),
(26,1,'2019-11-28 13:09:14',30,'2019-11-28 17:09:14',1,0.41667000,0.50000000,0.00000000,0.00000000,'TTC',20.000,NULL,0,0.000,'0',0.000,'0',12,NULL,1,0,NULL,NULL,NULL,NULL,0.00000000,1.00000000,NULL),
(28,1,'2019-11-28 15:12:50',2,'2019-11-28 19:12:50',1,10.00000000,12.00000000,8.33333000,10.00000000,'TTC',20.000,NULL,0,0.000,'0',0.000,'0',12,NULL,1,0,NULL,NULL,NULL,NULL,0.00000000,1.00000000,NULL),
(29,1,'2020-01-01 19:54:16',4,'2020-01-01 23:54:16',1,5.00000000,5.00000000,0.00000000,0.00000000,'HT',0.000,'CGST+SGST',0,9.000,'1',9.000,'1',12,NULL,1,0,NULL,NULL,NULL,NULL,0.00000000,1.00000000,NULL),
(30,1,'2020-01-02 19:02:35',4,'2020-01-02 23:02:35',1,5.00000000,5.00000000,2.00000000,2.00000000,'HT',0.000,'CGST+SGST',0,9.000,'1',9.000,'1',12,NULL,1,0,NULL,NULL,NULL,NULL,0.00000000,1.00000000,NULL),
(31,1,'2020-01-02 19:02:35',4,'2020-01-02 23:02:35',2,6.00000000,6.00000000,3.00000000,3.00000000,'HT',0.000,'CGST+SGST',0,9.000,'1',9.000,'1',12,NULL,1,0,NULL,NULL,NULL,NULL,0.00000000,1.00000000,NULL),
(32,1,'2020-01-02 19:02:35',4,'2020-01-02 23:02:35',3,7.00000000,7.00000000,4.00000000,4.00000000,'HT',0.000,'CGST+SGST',0,9.000,'1',9.000,'1',12,NULL,1,0,NULL,NULL,NULL,NULL,0.00000000,1.00000000,NULL),
(33,1,'2020-01-02 19:02:35',4,'2020-01-02 23:02:35',4,8.00000000,8.00000000,5.00000000,5.00000000,'HT',0.000,'CGST+SGST',0,9.000,'1',9.000,'1',12,NULL,1,0,NULL,NULL,NULL,NULL,0.00000000,1.00000000,NULL),
(34,1,'2020-01-02 19:02:35',4,'2020-01-02 23:02:35',5,9.00000000,9.00000000,6.00000000,6.00000000,'HT',0.000,'CGST+SGST',0,9.000,'1',9.000,'1',12,NULL,1,0,NULL,NULL,NULL,NULL,0.00000000,1.00000000,NULL),
(35,1,'2020-01-17 13:54:18',1,'2020-01-17 14:54:18',1,11.00000000,12.37500000,9.00000000,10.12500000,'HT',12.500,NULL,0,0.000,'0',0.000,'0',12,NULL,1,0,NULL,NULL,NULL,NULL,0.00000000,1.00000000,NULL),
(36,1,'2020-01-17 13:54:18',1,'2020-01-17 14:54:18',2,0.00000000,0.00000000,0.00000000,0.00000000,'HT',12.500,NULL,0,0.000,'0',0.000,'0',12,NULL,1,0,NULL,NULL,NULL,NULL,0.00000000,1.00000000,NULL),
(37,1,'2020-01-17 13:54:18',1,'2020-01-17 14:54:18',3,13.00000000,14.62500000,0.00000000,0.00000000,'HT',12.500,NULL,0,0.000,'0',0.000,'0',12,NULL,1,0,NULL,NULL,NULL,NULL,0.00000000,1.00000000,NULL),
(38,1,'2020-01-17 13:54:18',1,'2020-01-17 14:54:18',4,14.00000000,15.75000000,0.00000000,0.00000000,'HT',12.500,NULL,0,0.000,'0',0.000,'0',12,NULL,1,0,NULL,NULL,NULL,NULL,0.00000000,1.00000000,NULL),
(39,1,'2020-01-17 13:54:18',1,'2020-01-17 14:54:18',5,15.00000000,16.87500000,0.00000000,0.00000000,'HT',12.500,NULL,0,0.000,'0',0.000,'0',12,NULL,1,0,NULL,NULL,NULL,NULL,0.00000000,1.00000000,NULL),
(40,1,'2020-01-17 14:22:28',1,'2020-01-17 15:22:28',1,9.00000000,10.12500000,0.00000000,0.00000000,'HT',12.500,NULL,0,0.000,'0',0.000,'0',12,NULL,1,0,NULL,NULL,NULL,NULL,0.00000000,1.00000000,NULL),
(41,1,'2021-04-15 11:38:02',31,'2021-04-15 08:38:02',1,0.00000000,0.00000000,0.00000000,0.00000000,'HT',19.600,NULL,0,0.000,'0',0.000,'0',12,NULL,1,0,NULL,NULL,NULL,NULL,0.00000000,1.00000000,NULL),
(42,1,'2022-12-16 10:00:14',5,'2022-12-16 10:00:14',1,10.00000000,10.00000000,0.00000000,0.00000000,'HT',0.000,'CGST+SGST',0,9.000,'1',9.000,'1',12,NULL,1,0,NULL,NULL,NULL,NULL,0.00000000,1.00000000,NULL),
(43,1,'2022-12-30 13:44:06',32,'2022-12-30 10:44:06',1,0.00000000,0.00000000,0.00000000,0.00000000,'HT',20.000,NULL,0,0.000,'0',0.000,'0',12,NULL,1,0,NULL,NULL,NULL,NULL,0.00000000,1.00000000,NULL),
(44,1,'2023-01-03 14:07:52',33,'2023-01-03 11:07:52',1,0.00000000,0.00000000,0.00000000,0.00000000,'HT',20.000,NULL,0,0.000,'0',0.000,'0',12,NULL,1,0,NULL,NULL,NULL,NULL,0.00000000,1.00000000,NULL),
(45,1,'2023-01-03 14:07:52',33,'2023-01-03 11:07:52',1,0.00000000,0.00000000,0.00000000,0.00000000,'HT',20.000,NULL,0,0.000,'0',0.000,'0',12,NULL,1,0,NULL,NULL,NULL,NULL,0.00000000,1.00000000,NULL),
(46,1,'2023-01-03 14:15:51',34,'2023-01-03 11:15:51',1,0.00000000,0.00000000,0.00000000,0.00000000,'HT',20.000,NULL,0,0.000,'0',0.000,'0',12,NULL,1,0,NULL,NULL,NULL,NULL,0.00000000,1.00000000,NULL),
(47,1,'2023-01-03 14:15:51',34,'2023-01-03 11:15:51',1,0.00000000,0.00000000,0.00000000,0.00000000,'HT',20.000,NULL,0,0.000,'0',0.000,'0',12,NULL,1,0,NULL,NULL,NULL,NULL,0.00000000,1.00000000,NULL);

--
-- Table structure for table `llx_product_price_by_qty`
--

CREATE TABLE `llx_product_price_by_qty` (
  `rowid` int(11) NOT NULL AUTO_INCREMENT,
  `fk_product_price` int(11) NOT NULL,
  `price` double(24,8) DEFAULT 0.00000000,
  `price_ttc` double(24,8) DEFAULT 0.00000000,
  `remise_percent` double NOT NULL DEFAULT 0,
  `remise` double NOT NULL DEFAULT 0,
  `qty_min` double DEFAULT 0,
  `fk_user_creat` int(11) DEFAULT NULL,
  `fk_user_modif` int(11) DEFAULT NULL,
  `tms` timestamp NOT NULL DEFAULT current_timestamp() ON UPDATE current_timestamp(),
  `import_key` varchar(14) DEFAULT NULL,
  `quantity` double DEFAULT NULL,
  `unitprice` double(24,8) DEFAULT 0.00000000,
  `price_base_type` varchar(3) DEFAULT 'HT',
  `fk_multicurrency` int(11) DEFAULT NULL,
  `multicurrency_code` varchar(3) DEFAULT NULL,
  `multicurrency_tx` double(24,8) DEFAULT 1.00000000,
  `multicurrency_price` double(24,8) DEFAULT NULL,
  `multicurrency_price_ttc` double(24,8) DEFAULT NULL,
  PRIMARY KEY (`rowid`),
  UNIQUE KEY `uk_product_price_by_qty_level` (`fk_product_price`,`quantity`),
  KEY `idx_product_price_by_qty_fk_product_price` (`fk_product_price`),
  CONSTRAINT `fk_product_price_by_qty_fk_product_price` FOREIGN KEY (`fk_product_price`) REFERENCES `llx_product_price` (`rowid`)
) ENGINE=InnoDB DEFAULT CHARSET=utf8mb3 COLLATE=utf8mb3_unicode_ci;

--
-- Dumping data for table `llx_product_price_by_qty`
--


--
-- Table structure for table `llx_product_price_extrafields`
--

CREATE TABLE `llx_product_price_extrafields` (
  `rowid` int(11) NOT NULL AUTO_INCREMENT,
  `tms` timestamp NULL DEFAULT current_timestamp() ON UPDATE current_timestamp(),
  `fk_object` int(11) NOT NULL,
  `import_key` varchar(14) DEFAULT NULL,
  PRIMARY KEY (`rowid`),
  UNIQUE KEY `uk_product_price_extrafields` (`fk_object`)
) ENGINE=InnoDB DEFAULT CHARSET=utf8mb3 COLLATE=utf8mb3_unicode_ci;

--
-- Dumping data for table `llx_product_price_extrafields`
--


--
-- Table structure for table `llx_product_pricerules`
--

CREATE TABLE `llx_product_pricerules` (
  `rowid` int(11) NOT NULL AUTO_INCREMENT,
  `level` int(11) NOT NULL,
  `fk_level` int(11) NOT NULL,
  `var_percent` float NOT NULL,
  `var_min_percent` float NOT NULL,
  PRIMARY KEY (`rowid`),
  UNIQUE KEY `unique_level` (`level`)
) ENGINE=InnoDB DEFAULT CHARSET=utf8mb3 COLLATE=utf8mb3_unicode_ci;

--
-- Dumping data for table `llx_product_pricerules`
--


--
-- Table structure for table `llx_product_stock`
--

CREATE TABLE `llx_product_stock` (
  `rowid` int(11) NOT NULL AUTO_INCREMENT,
  `tms` timestamp NOT NULL DEFAULT current_timestamp() ON UPDATE current_timestamp(),
  `fk_product` int(11) NOT NULL,
  `fk_entrepot` int(11) NOT NULL,
  `reel` double DEFAULT NULL,
  `import_key` varchar(14) DEFAULT NULL,
  PRIMARY KEY (`rowid`),
  UNIQUE KEY `uk_product_stock` (`fk_product`,`fk_entrepot`),
  KEY `idx_product_stock_fk_product` (`fk_product`),
  KEY `idx_product_stock_fk_entrepot` (`fk_entrepot`),
  CONSTRAINT `fk_entrepot_entrepot_rowid` FOREIGN KEY (`fk_entrepot`) REFERENCES `llx_entrepot` (`rowid`),
  CONSTRAINT `fk_product_product_rowid` FOREIGN KEY (`fk_product`) REFERENCES `llx_product` (`rowid`)
) ENGINE=InnoDB AUTO_INCREMENT=12 DEFAULT CHARSET=utf8mb3 COLLATE=utf8mb3_unicode_ci;

--
-- Dumping data for table `llx_product_stock`
--

INSERT INTO `llx_product_stock` VALUES
(1,'2012-07-08 22:43:51',2,2,1000,NULL),
(3,'2020-01-07 16:25:02',4,2,1007,NULL),
(4,'2020-01-08 16:41:18',4,1,13.2,NULL),
(5,'2020-01-18 19:17:03',1,1,2.8,NULL),
(6,'2015-01-19 17:22:48',11,1,-1,NULL),
(7,'2015-01-19 17:31:58',2,1,-2,NULL),
(8,'2018-07-30 13:40:39',10,2,75,NULL),
(9,'2017-02-16 00:12:09',10,1,35,NULL),
(10,'2020-01-13 11:13:19',25,1,15.599999999999994,NULL),
(11,'2021-04-15 11:40:18',4,20,1,NULL);

--
-- Table structure for table `llx_product_thirdparty`
--

CREATE TABLE `llx_product_thirdparty` (
  `rowid` int(11) NOT NULL AUTO_INCREMENT,
  `fk_product` int(11) NOT NULL,
  `fk_soc` int(11) NOT NULL,
  `fk_product_thirdparty_relation_type` int(11) NOT NULL,
  `date_start` datetime DEFAULT NULL,
  `date_end` datetime DEFAULT NULL,
  `fk_project` int(11) DEFAULT NULL,
  `description` text DEFAULT NULL,
  `note_public` text DEFAULT NULL,
  `note_private` text DEFAULT NULL,
  `date_creation` datetime NOT NULL,
  `tms` timestamp NOT NULL DEFAULT current_timestamp() ON UPDATE current_timestamp(),
  `fk_user_creat` int(11) NOT NULL,
  `fk_user_modif` int(11) DEFAULT NULL,
  `last_main_doc` varchar(255) DEFAULT NULL,
  `import_key` varchar(14) DEFAULT NULL,
  `model_pdf` varchar(255) DEFAULT NULL,
  `status` int(11) NOT NULL DEFAULT 1,
  PRIMARY KEY (`rowid`)
) ENGINE=InnoDB DEFAULT CHARSET=utf8mb3 COLLATE=utf8mb3_unicode_ci;

--
-- Dumping data for table `llx_product_thirdparty`
--


--
-- Table structure for table `llx_product_warehouse_properties`
--

CREATE TABLE `llx_product_warehouse_properties` (
  `rowid` int(11) NOT NULL AUTO_INCREMENT,
  `tms` timestamp NOT NULL DEFAULT current_timestamp() ON UPDATE current_timestamp(),
  `fk_product` int(11) NOT NULL,
  `fk_entrepot` int(11) NOT NULL,
  `seuil_stock_alerte` float DEFAULT 0,
  `desiredstock` float DEFAULT 0,
  `import_key` varchar(14) DEFAULT NULL,
  PRIMARY KEY (`rowid`)
) ENGINE=InnoDB DEFAULT CHARSET=utf8mb3 COLLATE=utf8mb3_unicode_ci;

--
-- Dumping data for table `llx_product_warehouse_properties`
--


--
-- Table structure for table `llx_projet`
--

CREATE TABLE `llx_projet` (
  `rowid` int(11) NOT NULL AUTO_INCREMENT,
  `fk_soc` int(11) DEFAULT NULL,
  `datec` datetime DEFAULT NULL,
  `tms` timestamp NOT NULL DEFAULT current_timestamp() ON UPDATE current_timestamp(),
  `dateo` date DEFAULT NULL,
  `datee` date DEFAULT NULL,
  `ref` varchar(50) DEFAULT NULL,
  `ref_ext` varchar(50) DEFAULT NULL,
  `entity` int(11) NOT NULL DEFAULT 1,
  `title` varchar(255) NOT NULL,
  `description` text DEFAULT NULL,
  `fk_user_creat` int(11) NOT NULL,
  `public` int(11) DEFAULT NULL,
  `fk_statut` smallint(6) NOT NULL DEFAULT 0,
  `fk_opp_status` int(11) DEFAULT NULL,
  `opp_percent` double(5,2) DEFAULT NULL,
  `note_private` text DEFAULT NULL,
  `note_public` text DEFAULT NULL,
  `model_pdf` varchar(255) DEFAULT NULL,
  `last_main_doc` varchar(255) DEFAULT NULL,
  `budget_amount` double(24,8) DEFAULT NULL,
  `date_close` datetime DEFAULT NULL,
  `fk_user_close` int(11) DEFAULT NULL,
  `opp_amount` double(24,8) DEFAULT NULL,
  `import_key` varchar(14) DEFAULT NULL,
  `fk_user_modif` int(11) DEFAULT NULL,
  `usage_bill_time` int(11) DEFAULT 0,
  `usage_opportunity` int(11) DEFAULT 0,
  `usage_task` int(11) DEFAULT 1,
  `usage_organize_event` int(11) DEFAULT 0,
  `email_msgid` varchar(175) DEFAULT NULL,
  `email_date` datetime DEFAULT NULL,
  `fk_opp_status_end` int(11) DEFAULT NULL,
  `accept_conference_suggestions` int(11) DEFAULT 0,
  `accept_booth_suggestions` int(11) DEFAULT 0,
  `price_registration` double(24,8) DEFAULT NULL,
  `price_booth` double(24,8) DEFAULT NULL,
  `max_attendees` int(11) DEFAULT 0,
  `ip` varchar(250) DEFAULT NULL,
  `date_start_event` datetime DEFAULT NULL,
  `date_end_event` datetime DEFAULT NULL,
  `location` varchar(255) DEFAULT NULL,
  `extraparams` varchar(255) DEFAULT NULL,
  `fk_project` int(11) DEFAULT NULL,
  PRIMARY KEY (`rowid`),
  UNIQUE KEY `uk_projet_ref` (`ref`,`entity`),
  KEY `idx_projet_fk_soc` (`fk_soc`),
  CONSTRAINT `fk_projet_fk_soc` FOREIGN KEY (`fk_soc`) REFERENCES `llx_societe` (`rowid`)
) ENGINE=InnoDB AUTO_INCREMENT=14 DEFAULT CHARSET=utf8mb3 COLLATE=utf8mb3_unicode_ci;

--
-- Dumping data for table `llx_projet`
--

INSERT INTO `llx_projet` VALUES
(1,11,'2012-07-09 00:00:00','2017-10-05 20:51:28','2012-07-09',NULL,'PROJ1',NULL,1,'Project One','',1,0,1,NULL,NULL,NULL,'gdfgdfg','baleine',NULL,NULL,NULL,NULL,NULL,NULL,NULL,0,0,1,0,NULL,NULL,NULL,0,0,NULL,NULL,0,NULL,NULL,NULL,NULL,NULL,NULL),
(2,13,'2012-07-09 00:00:00','2024-06-20 14:10:49','2012-07-09',NULL,'PROJ2',NULL,1,'Project Two','',1,0,1,4,60.00,NULL,NULL,NULL,'projet/PROJ2/PROJ2.pdf',NULL,NULL,NULL,1250.25000000,NULL,12,0,1,1,0,NULL,NULL,NULL,0,0,NULL,NULL,0,NULL,NULL,NULL,'',NULL,NULL),
(3,1,'2012-07-09 00:00:00','2020-01-15 12:40:50','2012-07-09',NULL,'PROJINDIAN',NULL,1,'Project for Indian company move','',1,0,1,NULL,NULL,NULL,NULL,NULL,NULL,NULL,NULL,NULL,NULL,NULL,12,1,0,1,0,NULL,NULL,NULL,0,0,NULL,NULL,0,NULL,NULL,NULL,NULL,NULL,NULL),
(4,NULL,'2012-07-09 00:00:00','2012-07-08 22:50:49','2012-07-09',NULL,'PROJSHARED',NULL,1,'The Global project','',1,1,1,NULL,NULL,NULL,NULL,NULL,NULL,NULL,NULL,NULL,NULL,NULL,NULL,0,0,1,0,NULL,NULL,NULL,0,0,NULL,NULL,0,NULL,NULL,NULL,NULL,NULL,NULL),
(5,NULL,'2012-07-11 00:00:00','2020-01-15 12:27:15','2012-07-11','2013-07-14','RMLL',NULL,1,'Project management RMLL','',1,1,1,NULL,NULL,NULL,NULL,NULL,NULL,NULL,NULL,NULL,NULL,NULL,12,1,0,1,0,NULL,NULL,NULL,0,0,NULL,NULL,0,NULL,NULL,NULL,NULL,NULL,NULL),
(6,10,'2018-07-30 00:00:00','2019-11-28 11:52:54','2018-07-30',NULL,'PJ1607-0001',NULL,1,'PROJALICE1','The Alice project number 1',12,0,1,2,20.00,NULL,NULL,NULL,NULL,5000.00000000,NULL,NULL,8000.00000000,NULL,12,1,1,1,0,NULL,NULL,NULL,0,0,NULL,NULL,0,NULL,NULL,NULL,NULL,NULL,NULL),
(7,10,'2018-07-30 00:00:00','2019-11-28 11:52:54','2018-07-30',NULL,'PJ1607-0002',NULL,1,'PROJALICE2','The Alice project number 2',12,0,1,6,100.00,NULL,NULL,NULL,NULL,NULL,'2017-02-01 16:24:31',12,7000.00000000,NULL,NULL,0,1,1,0,NULL,NULL,NULL,0,0,NULL,NULL,0,NULL,NULL,NULL,NULL,NULL,NULL),
(8,10,'2018-07-30 00:00:00','2019-11-28 11:52:54','2018-07-30',NULL,'PJ1607-0003',NULL,1,'PROJALICE2','The Alice project number 3',12,0,1,6,100.00,NULL,NULL,NULL,NULL,NULL,NULL,NULL,3550.00000000,NULL,NULL,0,1,1,0,NULL,NULL,NULL,0,0,NULL,NULL,0,NULL,NULL,NULL,NULL,NULL,NULL),
(9,4,'2018-07-31 00:00:00','2019-12-20 16:33:15','2018-07-31',NULL,'PJ1607-0004',NULL,1,'Project Top X','',12,0,2,2,27.00,NULL,NULL,NULL,NULL,NULL,'2019-12-20 20:33:15',12,4000.00000000,NULL,NULL,0,1,1,0,NULL,NULL,NULL,0,0,NULL,NULL,0,NULL,NULL,NULL,NULL,NULL,NULL),
(10,1,'2019-12-21 19:46:33','2019-12-21 15:48:06','2019-12-21',NULL,'PJ1912-0005',NULL,1,'Contact for a new shop in Delhi','',12,0,1,1,20.00,NULL,NULL,NULL,NULL,NULL,NULL,NULL,18000.00000000,NULL,12,0,1,1,0,NULL,NULL,NULL,0,0,NULL,NULL,0,NULL,NULL,NULL,NULL,NULL,NULL),
(11,10,'2019-12-21 19:49:28','2019-12-21 16:10:21','2019-12-02','2019-12-13','PJ1912-0006',NULL,1,'Request for new development of logo','Request to redesign a new logo',12,0,1,4,60.00,NULL,NULL,NULL,NULL,NULL,NULL,NULL,6500.00000000,NULL,12,1,1,1,0,NULL,NULL,NULL,0,0,NULL,NULL,0,NULL,NULL,NULL,NULL,NULL,NULL),
(12,4,'2019-12-21 19:52:12','2023-02-19 15:55:22','2019-12-21',NULL,'PJ1912-0007',NULL,1,'Adding new tool for Customer Relationship Management','',12,1,1,1,0.00,NULL,NULL,NULL,'projet/PJ1912-0007/PJ1912-0007.pdf',NULL,'2023-02-19 12:38:04',12,16000.00000000,NULL,NULL,1,1,1,0,NULL,NULL,NULL,0,0,NULL,NULL,0,NULL,NULL,NULL,NULL,NULL,NULL),
(13,26,'2019-12-21 19:53:21','2019-12-21 15:53:59','2019-12-21',NULL,'PJ1912-0008',NULL,1,'Cooking 100 apple pie for chrsitmas','',12,0,1,NULL,NULL,NULL,NULL,NULL,NULL,NULL,NULL,NULL,NULL,NULL,12,1,0,1,0,NULL,NULL,NULL,0,0,NULL,NULL,0,NULL,NULL,NULL,NULL,NULL,NULL);

--
-- Table structure for table `llx_projet_extrafields`
--

CREATE TABLE `llx_projet_extrafields` (
  `rowid` int(11) NOT NULL AUTO_INCREMENT,
  `tms` timestamp NOT NULL DEFAULT current_timestamp() ON UPDATE current_timestamp(),
  `fk_object` int(11) NOT NULL,
  `import_key` varchar(14) DEFAULT NULL,
  `priority` mediumtext DEFAULT NULL,
  PRIMARY KEY (`rowid`),
  UNIQUE KEY `uk_projet_extrafields` (`fk_object`)
) ENGINE=InnoDB AUTO_INCREMENT=34 DEFAULT CHARSET=utf8mb3 COLLATE=utf8mb3_unicode_ci;

--
-- Dumping data for table `llx_projet_extrafields`
--

INSERT INTO `llx_projet_extrafields` VALUES
(7,'2018-07-30 15:53:23',8,NULL,'5'),
(9,'2018-07-31 14:27:24',9,NULL,'0'),
(15,'2017-02-01 12:24:31',7,NULL,'1'),
(17,'2019-10-01 11:48:36',6,NULL,'3'),
(22,'2019-12-21 15:48:06',10,NULL,'0'),
(24,'2019-12-21 15:52:12',12,NULL,'4'),
(26,'2019-12-21 15:53:42',13,NULL,'0'),
(28,'2019-12-21 16:10:21',11,NULL,'0'),
(29,'2020-01-15 12:27:15',5,NULL,'0'),
(30,'2020-01-15 12:40:50',3,NULL,'0'),
(33,'2024-06-20 14:10:49',2,NULL,'0');

--
-- Table structure for table `llx_projet_task`
--

CREATE TABLE `llx_projet_task` (
  `rowid` int(11) NOT NULL AUTO_INCREMENT,
  `ref` varchar(50) DEFAULT NULL,
  `entity` int(11) NOT NULL DEFAULT 1,
  `fk_projet` int(11) NOT NULL,
  `fk_task_parent` int(11) NOT NULL DEFAULT 0,
  `datec` datetime DEFAULT NULL,
  `tms` timestamp NOT NULL DEFAULT current_timestamp() ON UPDATE current_timestamp(),
  `dateo` datetime DEFAULT NULL,
  `datee` datetime DEFAULT NULL,
  `datev` datetime DEFAULT NULL,
  `label` varchar(255) NOT NULL,
  `description` text DEFAULT NULL,
  `duration_effective` double DEFAULT 0,
  `planned_workload` double DEFAULT 0,
  `progress` int(11) DEFAULT 0,
  `priority` int(11) DEFAULT 0,
  `budget_amount` double(24,8) DEFAULT NULL,
  `fk_user_creat` int(11) DEFAULT NULL,
  `fk_user_valid` int(11) DEFAULT NULL,
  `fk_statut` smallint(6) NOT NULL DEFAULT 0,
  `note_private` text DEFAULT NULL,
  `note_public` text DEFAULT NULL,
  `rang` int(11) DEFAULT 0,
  `model_pdf` varchar(255) DEFAULT NULL,
  `import_key` varchar(14) DEFAULT NULL,
  `status` int(11) NOT NULL DEFAULT 1,
  `billable` smallint(6) DEFAULT 1,
  PRIMARY KEY (`rowid`),
  UNIQUE KEY `uk_projet_task_ref` (`ref`,`entity`),
  KEY `idx_projet_task_fk_projet` (`fk_projet`),
  KEY `idx_projet_task_fk_user_creat` (`fk_user_creat`),
  KEY `idx_projet_task_fk_user_valid` (`fk_user_valid`),
  CONSTRAINT `fk_projet_task_fk_projet` FOREIGN KEY (`fk_projet`) REFERENCES `llx_projet` (`rowid`),
  CONSTRAINT `fk_projet_task_fk_user_creat` FOREIGN KEY (`fk_user_creat`) REFERENCES `llx_user` (`rowid`),
  CONSTRAINT `fk_projet_task_fk_user_valid` FOREIGN KEY (`fk_user_valid`) REFERENCES `llx_user` (`rowid`)
) ENGINE=InnoDB AUTO_INCREMENT=11 DEFAULT CHARSET=utf8mb3 COLLATE=utf8mb3_unicode_ci;

--
-- Dumping data for table `llx_projet_task`
--

INSERT INTO `llx_projet_task` VALUES
(2,'2',1,5,0,'2012-07-11 16:23:53','2015-09-08 23:06:14','2012-07-11 12:00:00','2013-07-14 12:00:00',NULL,'Heberger site RMLL','',0,0,0,0,NULL,1,NULL,0,NULL,NULL,0,NULL,NULL,1,1),
(3,'TK1007-0001',1,1,0,'2016-12-21 13:52:41','2018-07-30 11:35:40','2016-12-21 16:52:00',NULL,NULL,'Analyze','',9000,36000,0,0,NULL,1,NULL,0,NULL,'gdfgdfgdf',0,NULL,NULL,1,1),
(4,'TK1007-0002',1,1,0,'2016-12-21 13:55:39','2020-06-12 17:13:30','2016-12-21 16:55:00',NULL,NULL,'Specification','',10800,18000,25,0,NULL,1,NULL,0,NULL,NULL,0,NULL,NULL,1,1),
(5,'TK1007-0003',1,1,0,'2016-12-21 14:16:58','2018-07-30 11:35:59','2016-12-21 17:16:00',NULL,NULL,'Development','',0,0,0,0,NULL,1,NULL,0,NULL,NULL,0,NULL,NULL,1,1),
(6,'TK1607-0004',1,6,0,'2018-07-30 15:33:27','2023-08-15 11:50:39','2018-07-30 02:00:00',NULL,NULL,'Project preparation phase A','',21720,720000,10,0,NULL,12,NULL,0,NULL,NULL,0,NULL,NULL,1,1),
(7,'TK1607-0005',1,6,0,'2018-07-30 15:33:39','2023-02-23 20:59:16','2018-07-30 02:00:00',NULL,NULL,'Project preparation phase B','',660,1080000,5,0,NULL,12,NULL,0,NULL,NULL,0,NULL,NULL,1,1),
(8,'TK1607-0006',1,6,0,'2018-07-30 15:33:53','2023-02-23 21:11:30','2018-07-30 02:00:00',NULL,NULL,'Project execution phase A','',7200,162000,0,0,NULL,12,NULL,0,NULL,NULL,0,NULL,NULL,1,1),
(9,'TK1607-0007',1,6,0,'2018-07-30 15:34:09','2018-07-30 11:34:09','2018-10-27 02:00:00',NULL,NULL,'Project execution phase B','',0,2160000,0,0,NULL,12,NULL,0,NULL,NULL,0,NULL,NULL,1,1),
(10,'TK1007-0008',1,1,0,'2018-07-30 15:36:31','2018-07-30 11:36:31','2018-07-30 02:00:00',NULL,NULL,'Tests','',0,316800,0,0,NULL,12,NULL,0,NULL,NULL,0,NULL,NULL,1,1);

--
-- Table structure for table `llx_projet_task_extrafields`
--

CREATE TABLE `llx_projet_task_extrafields` (
  `rowid` int(11) NOT NULL AUTO_INCREMENT,
  `tms` timestamp NOT NULL DEFAULT current_timestamp() ON UPDATE current_timestamp(),
  `fk_object` int(11) NOT NULL,
  `import_key` varchar(14) DEFAULT NULL,
  PRIMARY KEY (`rowid`),
  UNIQUE KEY `uk_projet_task_extrafields` (`fk_object`)
) ENGINE=InnoDB DEFAULT CHARSET=utf8mb3 COLLATE=utf8mb3_unicode_ci;

--
-- Dumping data for table `llx_projet_task_extrafields`
--


--
-- Table structure for table `llx_propal`
--

CREATE TABLE `llx_propal` (
  `rowid` int(11) NOT NULL AUTO_INCREMENT,
  `fk_soc` int(11) DEFAULT NULL,
  `fk_projet` int(11) DEFAULT NULL,
  `tms` timestamp NOT NULL DEFAULT current_timestamp() ON UPDATE current_timestamp(),
  `ref` varchar(30) NOT NULL,
  `entity` int(11) NOT NULL DEFAULT 1,
  `ref_ext` varchar(255) DEFAULT NULL,
  `ref_int` varchar(255) DEFAULT NULL,
  `ref_client` varchar(255) DEFAULT NULL,
  `datec` datetime DEFAULT NULL,
  `datep` date DEFAULT NULL,
  `fin_validite` datetime DEFAULT NULL,
  `date_valid` datetime DEFAULT NULL,
  `date_signature` datetime DEFAULT NULL,
  `date_cloture` datetime DEFAULT NULL,
  `fk_user_author` int(11) DEFAULT NULL,
  `fk_user_modif` int(11) DEFAULT NULL,
  `fk_user_valid` int(11) DEFAULT NULL,
  `fk_user_signature` int(11) DEFAULT NULL,
  `fk_user_cloture` int(11) DEFAULT NULL,
  `fk_statut` smallint(6) NOT NULL DEFAULT 0,
  `price` double DEFAULT 0,
  `remise_percent` double DEFAULT 0,
  `remise_absolue` double DEFAULT 0,
  `remise` double DEFAULT 0,
  `total_ht` double(24,8) DEFAULT 0.00000000,
  `total_tva` double(24,8) DEFAULT 0.00000000,
  `localtax1` double(24,8) DEFAULT 0.00000000,
  `localtax2` double(24,8) DEFAULT 0.00000000,
  `total_ttc` double(24,8) DEFAULT 0.00000000,
  `fk_account` int(11) DEFAULT NULL,
  `fk_currency` varchar(3) DEFAULT NULL,
  `fk_cond_reglement` int(11) DEFAULT NULL,
  `deposit_percent` varchar(63) DEFAULT NULL,
  `fk_mode_reglement` int(11) DEFAULT NULL,
  `note_private` text DEFAULT NULL,
  `note_public` text DEFAULT NULL,
  `model_pdf` varchar(255) DEFAULT NULL,
  `model_pdf_pos_sign` varchar(32) DEFAULT NULL,
  `date_livraison` date DEFAULT NULL,
  `fk_shipping_method` int(11) DEFAULT NULL,
  `fk_warehouse` int(11) DEFAULT NULL,
  `fk_availability` int(11) DEFAULT NULL,
  `fk_delivery_address` int(11) DEFAULT NULL,
  `fk_input_reason` int(11) DEFAULT NULL,
  `import_key` varchar(14) DEFAULT NULL,
  `extraparams` varchar(255) DEFAULT NULL,
  `fk_incoterms` int(11) DEFAULT NULL,
  `location_incoterms` varchar(255) DEFAULT NULL,
  `fk_multicurrency` int(11) DEFAULT NULL,
  `multicurrency_code` varchar(3) DEFAULT NULL,
  `multicurrency_tx` double(24,8) DEFAULT 1.00000000,
  `multicurrency_total_ht` double(24,8) DEFAULT 0.00000000,
  `multicurrency_total_tva` double(24,8) DEFAULT 0.00000000,
  `multicurrency_total_ttc` double(24,8) DEFAULT 0.00000000,
  `last_main_doc` varchar(255) DEFAULT NULL,
  `online_sign_ip` varchar(48) DEFAULT NULL,
  `online_sign_name` varchar(64) DEFAULT NULL,
  PRIMARY KEY (`rowid`),
  UNIQUE KEY `uk_propal_ref` (`ref`,`entity`),
  KEY `idx_propal_fk_soc` (`fk_soc`),
  KEY `idx_propal_fk_user_author` (`fk_user_author`),
  KEY `idx_propal_fk_user_valid` (`fk_user_valid`),
  KEY `idx_propal_fk_user_cloture` (`fk_user_cloture`),
  KEY `idx_propal_fk_projet` (`fk_projet`),
  KEY `idx_propal_fk_account` (`fk_account`),
  KEY `idx_propal_fk_currency` (`fk_currency`),
  KEY `idx_propal_fk_warehouse` (`fk_warehouse`),
  KEY `fk_propal_fk_user_signature` (`fk_user_signature`),
  CONSTRAINT `fk_propal_fk_projet` FOREIGN KEY (`fk_projet`) REFERENCES `llx_projet` (`rowid`),
  CONSTRAINT `fk_propal_fk_soc` FOREIGN KEY (`fk_soc`) REFERENCES `llx_societe` (`rowid`),
  CONSTRAINT `fk_propal_fk_user_author` FOREIGN KEY (`fk_user_author`) REFERENCES `llx_user` (`rowid`),
  CONSTRAINT `fk_propal_fk_user_cloture` FOREIGN KEY (`fk_user_cloture`) REFERENCES `llx_user` (`rowid`),
  CONSTRAINT `fk_propal_fk_user_signature` FOREIGN KEY (`fk_user_signature`) REFERENCES `llx_user` (`rowid`),
  CONSTRAINT `fk_propal_fk_user_valid` FOREIGN KEY (`fk_user_valid`) REFERENCES `llx_user` (`rowid`)
) ENGINE=InnoDB AUTO_INCREMENT=40 DEFAULT CHARSET=utf8mb3 COLLATE=utf8mb3_unicode_ci;

--
-- Dumping data for table `llx_propal`
--

INSERT INTO `llx_propal` VALUES
(1,2,NULL,'2025-01-06 15:48:05','PR1007-0001',1,NULL,NULL,'','2012-07-09 01:33:49','2024-07-09','2024-07-24 12:00:00','2024-08-08 14:24:18',NULL,NULL,1,NULL,1,NULL,NULL,1,0,NULL,NULL,0,30.00000000,3.84000000,0.00000000,0.00000000,33.84000000,NULL,NULL,1,NULL,0,'','','azur',NULL,NULL,NULL,NULL,NULL,NULL,0,NULL,NULL,NULL,NULL,NULL,NULL,1.00000000,0.00000000,0.00000000,0.00000000,NULL,NULL,NULL),
(2,1,NULL,'2025-01-06 15:48:05','PR1007-0002',1,NULL,NULL,'','2012-07-10 02:11:44','2024-07-10','2024-07-25 12:00:00','2024-07-10 02:12:55','2020-07-20 15:23:12','2024-07-20 15:23:12',1,NULL,1,1,1,2,0,NULL,NULL,0,10.00000000,0.00000000,0.00000000,0.00000000,10.00000000,NULL,NULL,1,NULL,1,'','','azur',NULL,NULL,NULL,NULL,NULL,NULL,0,NULL,NULL,NULL,NULL,NULL,NULL,1.00000000,0.00000000,0.00000000,0.00000000,NULL,NULL,NULL),
(3,4,NULL,'2025-01-06 15:48:05','PR1007-0003',1,NULL,NULL,'','2012-07-18 11:35:11','2024-07-18','2024-08-02 12:00:00','2024-07-18 11:36:18','2020-07-20 15:21:15','2024-07-20 15:21:15',1,NULL,1,1,1,2,0,NULL,NULL,0,10.00000000,0.00000000,0.00000000,0.00000000,10.00000000,NULL,NULL,1,NULL,0,'','','azur',NULL,NULL,NULL,NULL,NULL,NULL,0,NULL,NULL,NULL,NULL,NULL,NULL,1.00000000,0.00000000,0.00000000,0.00000000,NULL,NULL,NULL),
(5,19,NULL,'2024-06-20 09:34:25','PR1302-0005',1,NULL,NULL,'','2015-02-17 15:39:56','2024-02-17','2024-03-04 12:00:00','2023-11-15 23:27:10',NULL,NULL,1,NULL,12,NULL,NULL,1,0,NULL,NULL,0,10.00000000,2.00000000,0.00000000,0.00000000,12.00000000,NULL,NULL,1,NULL,0,'','','azur',NULL,NULL,NULL,NULL,0,NULL,0,NULL,NULL,NULL,NULL,NULL,NULL,1.00000000,0.00000000,0.00000000,0.00000000,NULL,NULL,NULL),
(6,19,NULL,'2024-06-20 09:34:25','PR1302-0006',1,NULL,NULL,'','2015-02-17 15:40:12','2024-02-17','2024-03-04 12:00:00',NULL,NULL,NULL,1,NULL,NULL,NULL,NULL,0,0,NULL,NULL,0,0.00000000,0.00000000,0.00000000,0.00000000,0.00000000,NULL,NULL,1,NULL,0,'','','azur',NULL,NULL,NULL,NULL,0,NULL,0,NULL,NULL,NULL,NULL,NULL,NULL,1.00000000,0.00000000,0.00000000,0.00000000,NULL,NULL,NULL),
(7,19,NULL,'2024-06-20 09:34:25','PR1302-0007',1,NULL,NULL,'','2015-02-17 15:41:15','2024-02-17','2024-03-04 12:00:00','2023-01-29 21:49:33',NULL,NULL,1,NULL,12,NULL,NULL,1,0,NULL,NULL,0,400.00000000,0.00000000,0.00000000,0.00000000,400.00000000,NULL,NULL,1,NULL,0,'','','azur',NULL,NULL,NULL,NULL,0,NULL,0,NULL,NULL,NULL,NULL,NULL,NULL,1.00000000,400.00000000,0.00000000,400.00000000,NULL,NULL,NULL),
(8,19,NULL,'2024-06-20 09:34:25','PR1302-0008',1,NULL,NULL,'','2015-02-17 15:43:39','2024-02-17','2024-03-04 12:00:00',NULL,NULL,NULL,1,NULL,NULL,NULL,NULL,0,0,NULL,NULL,0,0.00000000,0.00000000,0.00000000,0.00000000,0.00000000,NULL,NULL,1,NULL,0,'','','azur',NULL,NULL,NULL,NULL,0,NULL,0,NULL,NULL,NULL,NULL,NULL,NULL,1.00000000,0.00000000,0.00000000,0.00000000,NULL,NULL,NULL),
(10,7,4,'2025-01-06 15:48:05','PR1909-0031',1,NULL,NULL,'','2017-11-15 23:37:08','2024-11-15','2024-11-30 12:00:00','2024-09-27 16:54:30',NULL,NULL,12,NULL,12,NULL,NULL,1,0,NULL,NULL,0,10.00000000,0.00000000,0.00000000,0.00000000,10.00000000,NULL,NULL,1,NULL,3,'','','azur',NULL,NULL,NULL,NULL,0,NULL,0,NULL,NULL,0,'',NULL,NULL,1.00000000,10.00000000,0.00000000,10.00000000,'propale/PR1909-0031/PR1909-0031.pdf',NULL,NULL),
(11,1,NULL,'2024-06-20 09:34:25','PR1702-0009',1,NULL,NULL,'','2017-02-16 01:44:58','2024-05-13','2024-05-28 12:00:00','2024-02-16 01:44:58',NULL,NULL,1,NULL,1,NULL,NULL,1,0,NULL,NULL,0,60.00000000,0.00000000,0.00000000,0.00000000,60.00000000,NULL,NULL,3,NULL,3,'','','',NULL,NULL,NULL,NULL,0,NULL,0,NULL,NULL,0,'',0,'EUR',1.00000000,60.00000000,0.00000000,60.00000000,NULL,NULL,NULL),
(12,7,NULL,'2025-01-06 15:48:05','PR1702-0010',1,NULL,NULL,'','2017-02-16 01:45:44','2024-06-24','2024-07-09 12:00:00','2024-02-16 01:45:44',NULL,NULL,2,NULL,2,NULL,NULL,1,0,NULL,NULL,0,832.00000000,0.00000000,0.00000000,0.00000000,832.00000000,NULL,NULL,3,NULL,3,'','','',NULL,NULL,NULL,NULL,0,NULL,0,NULL,NULL,0,'',0,'EUR',1.00000000,832.00000000,0.00000000,832.00000000,NULL,NULL,NULL),
(13,26,NULL,'2024-06-20 09:34:25','PR1702-0011',1,NULL,NULL,'','2017-02-16 01:46:15','2024-04-03','2023-04-18 12:00:00','2024-02-16 01:46:15',NULL,NULL,1,NULL,1,NULL,NULL,1,0,NULL,NULL,0,242.00000000,0.00000000,0.00000000,0.00000000,242.00000000,NULL,NULL,3,NULL,3,'','','',NULL,NULL,NULL,NULL,0,NULL,0,NULL,NULL,0,'',0,'EUR',1.00000000,242.00000000,0.00000000,242.00000000,NULL,NULL,NULL),
(14,3,NULL,'2024-06-20 09:34:25','PR1702-0012',1,NULL,NULL,'','2017-02-16 01:46:15','2024-06-19','2023-07-04 12:00:00','2024-02-16 01:46:15',NULL,NULL,2,NULL,2,NULL,NULL,1,0,NULL,NULL,0,245.00000000,0.00000000,0.00000000,0.00000000,245.00000000,NULL,NULL,3,NULL,3,'','','',NULL,NULL,NULL,NULL,0,NULL,0,NULL,NULL,0,'',0,'EUR',1.00000000,245.00000000,0.00000000,245.00000000,NULL,NULL,NULL),
(15,26,NULL,'2024-06-20 09:34:25','PR1702-0013',1,NULL,NULL,'','2017-02-16 01:46:15','2024-05-01','2024-05-16 12:00:00','2023-02-16 01:46:15',NULL,NULL,2,NULL,2,NULL,NULL,1,0,NULL,NULL,0,940.00000000,0.00000000,0.00000000,0.00000000,940.00000000,NULL,NULL,3,NULL,3,'','','',NULL,NULL,NULL,NULL,0,NULL,0,NULL,NULL,0,'',0,'EUR',1.00000000,940.00000000,0.00000000,940.00000000,NULL,NULL,NULL),
(16,1,NULL,'2024-06-20 09:34:25','PR1702-0014',1,NULL,NULL,'','2017-02-16 01:46:15','2024-05-13','2024-05-28 12:00:00','2024-02-16 01:46:15',NULL,NULL,2,NULL,2,NULL,NULL,1,0,NULL,NULL,0,125.00000000,0.00000000,0.00000000,0.00000000,125.00000000,NULL,NULL,3,NULL,3,'','','',NULL,NULL,NULL,NULL,0,NULL,0,NULL,NULL,0,'',0,'EUR',1.00000000,125.00000000,0.00000000,125.00000000,NULL,NULL,NULL),
(17,1,NULL,'2025-01-06 15:48:05','PR1702-0015',1,NULL,NULL,'','2017-02-16 01:46:15','2024-07-23','2024-08-07 12:00:00','2024-02-16 01:46:15',NULL,NULL,1,NULL,1,NULL,NULL,1,0,NULL,NULL,0,163.00000000,0.00000000,0.00000000,0.00000000,163.00000000,NULL,NULL,3,NULL,3,'','','',NULL,NULL,NULL,NULL,0,NULL,0,NULL,NULL,0,'',0,'EUR',1.00000000,163.00000000,0.00000000,163.00000000,NULL,NULL,NULL),
(18,26,NULL,'2024-06-20 09:34:25','PR1702-0016',1,NULL,NULL,'','2017-02-16 01:46:15','2024-02-13','2024-02-28 12:00:00','2024-02-16 01:46:15',NULL,NULL,2,NULL,2,NULL,NULL,1,0,NULL,NULL,0,900.00000000,0.00000000,0.00000000,0.00000000,900.00000000,NULL,NULL,3,NULL,3,'','','',NULL,NULL,NULL,NULL,0,NULL,0,NULL,NULL,0,'',0,'EUR',1.00000000,900.00000000,0.00000000,900.00000000,NULL,NULL,NULL),
(19,12,NULL,'2024-06-20 09:34:25','PR1702-0017',1,NULL,NULL,'','2017-02-16 01:46:15','2024-03-30','2024-04-14 12:00:00','2024-02-16 01:46:15',NULL,NULL,2,NULL,2,NULL,NULL,1,0,NULL,NULL,0,200.00000000,0.00000000,0.00000000,0.00000000,200.00000000,NULL,NULL,3,NULL,3,'','','',NULL,NULL,NULL,NULL,0,NULL,0,NULL,NULL,0,'',0,'EUR',1.00000000,200.00000000,0.00000000,200.00000000,NULL,NULL,NULL),
(20,26,NULL,'2025-01-06 15:48:05','PR1702-0018',1,NULL,NULL,'','2017-02-16 01:46:15','2024-11-13','2024-11-28 12:00:00','2024-02-16 01:46:15',NULL,NULL,1,NULL,1,NULL,NULL,1,0,NULL,NULL,0,830.00000000,0.00000000,0.00000000,0.00000000,830.00000000,NULL,NULL,3,NULL,3,'','','',NULL,NULL,NULL,NULL,0,NULL,0,NULL,NULL,0,'',0,'EUR',1.00000000,830.00000000,0.00000000,830.00000000,NULL,NULL,NULL),
(21,1,NULL,'2025-01-06 15:48:05','PR1702-0019',1,NULL,NULL,'','2017-02-16 01:46:15','2024-09-23','2024-10-08 12:00:00','2024-02-16 04:47:09',NULL,NULL,1,NULL,12,NULL,NULL,1,0,NULL,NULL,0,89.00000000,0.00000000,0.00000000,0.00000000,89.00000000,NULL,NULL,3,NULL,3,'','','',NULL,NULL,NULL,NULL,0,NULL,0,NULL,NULL,0,'',0,'EUR',1.00000000,89.00000000,0.00000000,89.00000000,NULL,NULL,NULL),
(22,26,NULL,'2025-01-06 15:48:05','PR1702-0020',1,NULL,NULL,'','2017-02-16 01:46:15','2024-11-13','2024-11-28 12:00:00','2024-02-16 01:46:15',NULL,NULL,1,NULL,1,NULL,NULL,0,0,NULL,NULL,0,75.00000000,0.30000000,0.00000000,0.00000000,75.30000000,NULL,NULL,3,NULL,3,'','','',NULL,NULL,NULL,NULL,0,NULL,0,NULL,NULL,0,'',0,'EUR',1.00000000,75.00000000,0.30000000,75.30000000,'propale/PR1702-0020/PR1702-0020.pdf',NULL,NULL),
(23,12,NULL,'2024-06-20 09:34:25','PR1702-0021',1,NULL,NULL,'','2017-02-16 01:46:17','2024-04-03','2023-04-18 12:00:00','2023-02-17 16:07:18',NULL,NULL,2,NULL,12,NULL,NULL,1,0,NULL,NULL,0,715.00000000,0.00000000,0.00000000,0.00000000,715.00000000,NULL,NULL,3,NULL,3,'','','',NULL,NULL,NULL,NULL,0,NULL,0,NULL,NULL,0,'',0,'EUR',1.00000000,715.00000000,0.00000000,715.00000000,NULL,NULL,NULL),
(24,7,NULL,'2025-01-06 15:48:05','PR1702-0022',1,NULL,NULL,'','2017-02-16 01:46:17','2024-11-13','2024-11-28 12:00:00','2024-02-16 01:46:17',NULL,NULL,2,NULL,2,NULL,NULL,1,0,NULL,NULL,0,250.00000000,0.00000000,0.00000000,0.00000000,250.00000000,NULL,NULL,3,NULL,3,'','','',NULL,NULL,NULL,NULL,0,NULL,0,NULL,NULL,0,'',0,'EUR',1.00000000,250.00000000,0.00000000,250.00000000,NULL,NULL,NULL),
(25,3,NULL,'2025-01-06 15:48:05','PR1702-0023',1,NULL,NULL,'','2017-02-16 01:46:17','2024-07-09','2024-07-24 12:00:00','2024-02-16 01:46:17','2020-02-16 04:47:29','2024-02-16 04:47:29',1,NULL,1,12,12,4,0,NULL,NULL,0,1018.00000000,0.00000000,0.00000000,0.00000000,1018.00000000,NULL,NULL,3,NULL,3,'','','',NULL,NULL,NULL,NULL,0,NULL,0,NULL,NULL,0,'',0,'EUR',1.00000000,1018.00000000,0.00000000,1018.00000000,NULL,NULL,NULL),
(26,1,NULL,'2024-06-20 09:34:25','PR1702-0024',1,NULL,NULL,'','2017-02-16 01:46:17','2024-04-03','2023-04-18 12:00:00','2023-02-16 01:46:18',NULL,NULL,2,NULL,2,NULL,NULL,1,0,NULL,NULL,0,710.00000000,0.00000000,0.00000000,0.00000000,710.00000000,NULL,NULL,3,NULL,3,'','','',NULL,NULL,NULL,NULL,0,NULL,0,NULL,NULL,0,'',0,'EUR',1.00000000,710.00000000,0.00000000,710.00000000,NULL,NULL,NULL),
(27,6,NULL,'2025-01-06 15:48:05','PR1702-0025',1,NULL,NULL,'','2017-02-16 01:46:18','2024-11-12','2024-11-27 12:00:00','2024-02-16 01:46:18',NULL,NULL,1,NULL,1,NULL,NULL,1,0,NULL,NULL,0,300.00000000,0.00000000,0.00000000,0.00000000,300.00000000,NULL,NULL,3,NULL,3,'','','',NULL,NULL,NULL,NULL,0,NULL,0,NULL,NULL,0,'',0,'EUR',1.00000000,300.00000000,0.00000000,300.00000000,NULL,NULL,NULL),
(28,19,NULL,'2025-01-06 15:48:05','PR1702-0026',1,NULL,NULL,'','2017-02-16 01:46:18','2024-07-30','2024-08-14 12:00:00','2024-02-16 01:46:18','2020-02-16 04:46:31','2024-02-16 04:46:31',2,NULL,2,12,12,2,0,NULL,NULL,0,440.00000000,0.00000000,0.00000000,0.00000000,440.00000000,NULL,NULL,3,NULL,3,'','','',NULL,NULL,NULL,NULL,0,NULL,0,NULL,NULL,0,'',0,'EUR',1.00000000,440.00000000,0.00000000,440.00000000,NULL,NULL,NULL),
(29,1,NULL,'2025-01-06 15:48:05','PR1702-0027',1,NULL,NULL,'','2017-02-16 01:46:18','2024-07-23','2024-08-07 12:00:00','2024-02-16 01:46:18','2021-12-20 20:50:23','2024-12-20 20:50:23',2,NULL,2,12,12,2,0,NULL,NULL,0,1000.00000000,0.00000000,0.00000000,0.00000000,1000.00000000,NULL,NULL,3,NULL,3,'','','',NULL,NULL,NULL,NULL,0,NULL,0,NULL,NULL,0,'',0,'EUR',1.00000000,1000.00000000,0.00000000,1000.00000000,'propale/PR1702-0027/PR1702-0027.pdf',NULL,NULL),
(30,1,NULL,'2024-06-20 09:34:25','PR1702-0028',1,NULL,NULL,'','2017-02-16 01:46:18','2024-05-01','2024-05-16 12:00:00','2023-02-16 01:46:18','2019-02-16 04:46:42','2023-02-16 04:46:42',2,NULL,2,12,12,3,0,NULL,NULL,0,1200.00000000,0.00000000,0.00000000,0.00000000,1200.00000000,NULL,NULL,3,NULL,3,'','','',NULL,NULL,NULL,NULL,0,NULL,0,NULL,NULL,0,'',0,'EUR',1.00000000,1200.00000000,0.00000000,1200.00000000,NULL,NULL,NULL),
(31,11,NULL,'2025-01-06 15:48:05','PR1702-0029',1,NULL,NULL,'','2017-02-16 01:46:18','2024-06-24','2024-07-09 12:00:00','2024-02-16 01:46:18',NULL,NULL,1,NULL,1,NULL,NULL,1,0,NULL,NULL,0,720.00000000,0.00000000,0.00000000,0.00000000,720.00000000,NULL,NULL,3,NULL,3,'','','',NULL,NULL,NULL,NULL,0,NULL,0,NULL,NULL,0,'',0,'EUR',1.00000000,720.00000000,0.00000000,720.00000000,NULL,NULL,NULL),
(32,19,NULL,'2025-01-06 15:48:05','PR1702-0030',1,NULL,NULL,'','2017-02-16 01:46:18','2024-11-12','2024-11-27 12:00:00','2024-02-16 01:46:18',NULL,NULL,2,NULL,2,NULL,NULL,1,0,NULL,NULL,0,608.00000000,0.00000000,0.00000000,0.00000000,608.00000000,NULL,NULL,3,NULL,3,'','','',NULL,NULL,NULL,NULL,0,NULL,0,NULL,NULL,0,'',0,'EUR',1.00000000,608.00000000,0.00000000,608.00000000,NULL,NULL,NULL),
(33,10,6,'2025-01-06 15:48:05','PR1909-0032',1,NULL,NULL,'','2019-09-27 17:07:40','2024-09-27','2024-10-12 12:00:00','2024-09-27 17:08:59',NULL,NULL,12,12,12,NULL,NULL,1,0,NULL,NULL,0,0.00000000,0.00000000,0.00000000,0.00000000,0.00000000,NULL,NULL,NULL,NULL,NULL,'This is a private note','This is a public note','azur',NULL,NULL,NULL,NULL,0,NULL,0,NULL,NULL,0,'',1,'EUR',1.00000000,0.00000000,0.00000000,0.00000000,'propale/PR1909-0032/PR1909-0032.pdf',NULL,NULL),
(34,10,6,'2025-01-06 15:48:05','PR1909-0033',1,NULL,NULL,'','2019-09-27 17:11:21','2024-09-27','2024-10-12 12:00:00','2024-09-27 17:13:13','2020-01-07 23:43:06','2024-01-07 23:43:06',12,12,12,12,12,2,0,NULL,NULL,0,10.00000000,0.00000000,0.00000000,0.00000000,10.00000000,NULL,NULL,NULL,NULL,NULL,NULL,'a &amp; a<br />\r\nb &lt; r','azur',NULL,NULL,NULL,NULL,0,NULL,0,NULL,NULL,0,'',1,'EUR',1.00000000,10.00000000,0.00000000,10.00000000,'propale/PR1909-0033/PR1909-0033.pdf',NULL,NULL),
(35,10,NULL,'2025-01-06 15:48:05','(PROV35)',1,NULL,NULL,'','2019-09-27 17:53:44','2024-09-27','2024-10-12 12:00:00',NULL,NULL,NULL,12,NULL,NULL,NULL,NULL,0,0,NULL,NULL,0,5.00000000,0.00000000,0.00000000,0.00000000,5.00000000,NULL,NULL,NULL,NULL,NULL,'','','azur',NULL,NULL,NULL,NULL,0,NULL,0,NULL,NULL,0,'',1,'EUR',1.00000000,5.00000000,0.00000000,5.00000000,'propale/(PROV35)/(PROV35).pdf',NULL,NULL),
(36,1,10,'2025-01-06 15:48:05','PR2001-0034',1,NULL,NULL,'','2020-01-01 23:55:35','2025-01-01','2024-01-16 12:00:00','2024-03-01 18:12:41','2023-03-01 19:50:24',NULL,12,NULL,12,12,NULL,2,0,NULL,NULL,0,4.00000000,0.24000000,0.00000000,0.00000000,4.24000000,NULL,NULL,NULL,NULL,NULL,'','','azur',NULL,NULL,2,NULL,0,NULL,0,NULL,NULL,0,'',1,'EUR',1.00000000,4.00000000,0.24000000,4.24000000,'propale/PR2001-0034/PR2001-0034_signed-20230301195024.pdf','::1',NULL),
(37,10,NULL,'2025-01-06 15:48:05','(PROV37)',1,NULL,NULL,'','2020-01-06 00:44:16','2025-01-05','2024-01-20 12:00:00',NULL,NULL,NULL,12,NULL,NULL,NULL,NULL,0,0,NULL,NULL,0,10.00000000,0.00000000,0.00000000,0.00000000,10.00000000,NULL,NULL,NULL,NULL,NULL,'','','azur',NULL,NULL,NULL,NULL,0,NULL,0,NULL,NULL,0,'',1,'EUR',1.00000000,10.00000000,0.00000000,10.00000000,'propale/(PROV37)/(PROV37).pdf',NULL,NULL),
(38,30,NULL,'2024-06-20 09:34:25','(PROV38)',1,NULL,NULL,'','2020-01-13 17:25:28','2024-01-13','2024-01-28 12:00:00',NULL,NULL,NULL,12,NULL,NULL,NULL,NULL,0,0,NULL,NULL,0,0.00000000,0.00000000,0.00000000,0.00000000,0.00000000,NULL,NULL,NULL,NULL,NULL,'','','azur',NULL,NULL,NULL,NULL,0,NULL,0,NULL,NULL,0,'',1,'EUR',1.00000000,0.00000000,0.00000000,0.00000000,'propale/(PROV38)/(PROV38).pdf',NULL,NULL),
(39,1,NULL,'2024-06-20 09:34:25','(PROV39)',1,'',NULL,'','2023-03-11 15:30:02','2024-03-11','2024-03-26 12:00:00',NULL,NULL,NULL,12,NULL,NULL,NULL,NULL,0,0,NULL,NULL,0,41.97000000,3.63000000,1.96000000,1.96000000,49.52000000,NULL,NULL,NULL,NULL,NULL,'','','azur',NULL,NULL,NULL,NULL,0,NULL,0,NULL,NULL,0,'',1,'EUR',1.00000000,41.97000000,3.63000000,49.52000000,'propale/(PROV39)/(PROV39).pdf',NULL,NULL);

--
-- Table structure for table `llx_propal_extrafields`
--

CREATE TABLE `llx_propal_extrafields` (
  `rowid` int(11) NOT NULL AUTO_INCREMENT,
  `tms` timestamp NOT NULL DEFAULT current_timestamp() ON UPDATE current_timestamp(),
  `fk_object` int(11) NOT NULL,
  `import_key` varchar(14) DEFAULT NULL,
  PRIMARY KEY (`rowid`),
  UNIQUE KEY `uk_propal_extrafields` (`fk_object`)
) ENGINE=InnoDB DEFAULT CHARSET=utf8mb3 COLLATE=utf8mb3_unicode_ci;

--
-- Dumping data for table `llx_propal_extrafields`
--


--
-- Table structure for table `llx_propal_merge_pdf_product`
--

CREATE TABLE `llx_propal_merge_pdf_product` (
  `rowid` int(11) NOT NULL AUTO_INCREMENT,
  `fk_product` int(11) NOT NULL,
  `file_name` varchar(200) NOT NULL,
  `lang` varchar(5) DEFAULT NULL,
  `fk_user_author` int(11) DEFAULT NULL,
  `fk_user_mod` int(11) NOT NULL,
  `datec` datetime NOT NULL,
  `tms` timestamp NOT NULL DEFAULT current_timestamp() ON UPDATE current_timestamp(),
  `import_key` varchar(14) DEFAULT NULL,
  PRIMARY KEY (`rowid`)
) ENGINE=InnoDB DEFAULT CHARSET=utf8mb3 COLLATE=utf8mb3_unicode_ci;

--
-- Dumping data for table `llx_propal_merge_pdf_product`
--


--
-- Table structure for table `llx_propaldet`
--

CREATE TABLE `llx_propaldet` (
  `rowid` int(11) NOT NULL AUTO_INCREMENT,
  `fk_propal` int(11) DEFAULT NULL,
  `fk_parent_line` int(11) DEFAULT NULL,
  `fk_product` int(11) DEFAULT NULL,
  `label` varchar(255) DEFAULT NULL,
  `description` text DEFAULT NULL,
  `fk_remise_except` int(11) DEFAULT NULL,
  `tva_tx` double(6,3) DEFAULT 0.000,
  `vat_src_code` varchar(10) DEFAULT '',
  `localtax1_tx` double(6,3) DEFAULT 0.000,
  `localtax1_type` varchar(10) NOT NULL DEFAULT '0',
  `localtax2_tx` double(6,3) DEFAULT 0.000,
  `localtax2_type` varchar(10) NOT NULL DEFAULT '0',
  `qty` double DEFAULT NULL,
  `remise_percent` double DEFAULT 0,
  `remise` double DEFAULT 0,
  `price` double DEFAULT NULL,
  `subprice` double(24,8) DEFAULT 0.00000000,
  `subprice_ttc` double(24,8) DEFAULT 0.00000000,
  `total_ht` double(24,8) DEFAULT 0.00000000,
  `total_tva` double(24,8) DEFAULT 0.00000000,
  `total_localtax1` double(24,8) DEFAULT 0.00000000,
  `total_localtax2` double(24,8) DEFAULT 0.00000000,
  `total_ttc` double(24,8) DEFAULT 0.00000000,
  `product_type` int(11) DEFAULT 0,
  `date_start` datetime DEFAULT NULL,
  `date_end` datetime DEFAULT NULL,
  `info_bits` int(11) DEFAULT 0,
  `fk_product_fournisseur_price` int(11) DEFAULT NULL,
  `buy_price_ht` double(24,8) DEFAULT 0.00000000,
  `special_code` int(10) unsigned DEFAULT 0,
  `rang` int(11) DEFAULT 0,
  `fk_unit` int(11) DEFAULT NULL,
  `fk_multicurrency` int(11) DEFAULT NULL,
  `multicurrency_code` varchar(3) DEFAULT NULL,
  `multicurrency_subprice` double(24,8) DEFAULT 0.00000000,
  `multicurrency_subprice_ttc` double(24,8) DEFAULT 0.00000000,
  `multicurrency_total_ht` double(24,8) DEFAULT 0.00000000,
  `multicurrency_total_tva` double(24,8) DEFAULT 0.00000000,
  `multicurrency_total_ttc` double(24,8) DEFAULT 0.00000000,
  PRIMARY KEY (`rowid`),
  KEY `idx_propaldet_fk_propal` (`fk_propal`),
  KEY `idx_propaldet_fk_product` (`fk_product`),
  KEY `fk_propaldet_fk_unit` (`fk_unit`),
  CONSTRAINT `fk_propaldet_fk_propal` FOREIGN KEY (`fk_propal`) REFERENCES `llx_propal` (`rowid`),
  CONSTRAINT `fk_propaldet_fk_unit` FOREIGN KEY (`fk_unit`) REFERENCES `llx_c_units` (`rowid`)
) ENGINE=InnoDB AUTO_INCREMENT=131 DEFAULT CHARSET=utf8mb3 COLLATE=utf8mb3_unicode_ci;

--
-- Dumping data for table `llx_propaldet`
--

INSERT INTO `llx_propaldet` VALUES
(1,1,NULL,NULL,NULL,'Une machine à café',NULL,12.500,'',0.000,'',0.000,'',1,0,0,NULL,10.00000000,0.00000000,10.00000000,1.25000000,0.00000000,0.00000000,11.25000000,0,NULL,NULL,0,NULL,0.00000000,0,1,NULL,NULL,NULL,0.00000000,0.00000000,0.00000000,0.00000000,0.00000000),
(2,2,NULL,NULL,NULL,'Product 1',NULL,0.000,'',0.000,'',0.000,'',1,0,0,NULL,10.00000000,0.00000000,10.00000000,0.00000000,0.00000000,0.00000000,10.00000000,0,NULL,NULL,0,NULL,0.00000000,0,1,NULL,NULL,NULL,0.00000000,0.00000000,0.00000000,0.00000000,0.00000000),
(3,2,NULL,2,NULL,'',NULL,0.000,'',0.000,'',0.000,'',1,0,0,NULL,NULL,0.00000000,0.00000000,0.00000000,0.00000000,0.00000000,0.00000000,0,NULL,NULL,0,NULL,0.00000000,0,2,NULL,NULL,NULL,0.00000000,0.00000000,0.00000000,0.00000000,0.00000000),
(4,3,NULL,NULL,NULL,'A new marvelous product',NULL,0.000,'',0.000,'',0.000,'',1,0,0,NULL,10.00000000,0.00000000,10.00000000,0.00000000,0.00000000,0.00000000,10.00000000,0,NULL,NULL,0,NULL,0.00000000,0,1,NULL,NULL,NULL,0.00000000,0.00000000,0.00000000,0.00000000,0.00000000),
(5,1,NULL,5,NULL,'cccc',NULL,19.600,'',0.000,'',0.000,'',1,0,0,NULL,10.00000000,0.00000000,10.00000000,1.96000000,0.00000000,0.00000000,11.96000000,0,NULL,NULL,0,NULL,0.00000000,0,2,NULL,NULL,NULL,0.00000000,0.00000000,0.00000000,0.00000000,0.00000000),
(11,1,NULL,4,NULL,'',NULL,0.000,'',0.000,'',0.000,'',1,0,0,NULL,NULL,0.00000000,0.00000000,0.00000000,0.00000000,0.00000000,0.00000000,0,NULL,NULL,0,NULL,0.00000000,0,3,NULL,NULL,NULL,0.00000000,0.00000000,0.00000000,0.00000000,0.00000000),
(12,1,NULL,4,NULL,'',NULL,0.000,'',0.000,'',0.000,'',1,0,0,NULL,5.00000000,0.00000000,5.00000000,0.00000000,0.00000000,0.00000000,5.00000000,0,NULL,NULL,0,NULL,0.00000000,0,4,NULL,NULL,NULL,0.00000000,0.00000000,0.00000000,0.00000000,0.00000000),
(13,1,NULL,4,NULL,'',NULL,12.500,'',0.000,'',0.000,'',1,0,0,NULL,5.00000000,0.00000000,5.00000000,0.63000000,0.00000000,0.00000000,5.63000000,0,NULL,NULL,0,NULL,0.00000000,0,5,NULL,NULL,NULL,0.00000000,0.00000000,0.00000000,0.00000000,0.00000000),
(24,5,NULL,NULL,NULL,'On demand Apple pie',NULL,20.000,'',0.000,'0',0.000,'0',1,0,0,NULL,10.00000000,0.00000000,10.00000000,2.00000000,0.00000000,0.00000000,12.00000000,0,NULL,NULL,0,NULL,0.00000000,0,1,NULL,NULL,NULL,0.00000000,0.00000000,0.00000000,0.00000000,0.00000000),
(25,7,NULL,NULL,NULL,'Help to setup Magic Food computer',NULL,0.000,'',0.000,'0',0.000,'0',1,0,0,NULL,400.00000000,0.00000000,400.00000000,0.00000000,0.00000000,0.00000000,400.00000000,1,NULL,NULL,0,NULL,0.00000000,0,1,NULL,NULL,'',400.00000000,0.00000000,400.00000000,0.00000000,400.00000000),
(26,11,NULL,5,NULL,'<strong><span style=\"font-family:roboto,uilanguagefont,arial,sans-serif; font-size:14px\">DoliDroid is the Android front-end client for Dolibarr ERP &amp; CRM web software.</span><br />\r\n<span style=\"font-family:roboto,uilanguagefont,arial,sans-serif; font-size:14px\">This application is not a standalone program. It is a front end to use a online hosted Dolibarr ERP &amp; CRM software (an Open-source web software to manage your business).</span></strong>\r\n<p><u>The advantage of DoliDroid are :</u><br />\r\n- DoliDroid is not a duplicate code of Dolibarr, but a front-end of a Dolibarr web installation, so all your online existing features are supported by this application. This is also true for external modules features.<br />\r\n- Upgrading Dolibarr will not break DoliDroid.<br />\r\n- DoliDroid use embedded image resources to reduce bandwidth usage.<br />\r\n- DoliDroid use internal cache for pages that should not change (like menu page)<br />\r\n- Connections parameters are saved. No need to enter them each time you use DoliDroid.<br />\r\n- Integration with your phone or other applications (Clicking on PDF open PDF reader, clicking onto email or phone launch your email application or launch Android dialer, ...)</p>\r\n\r\n<p><span style=\"color:#DAA520\"><strong>WARNING !&nbsp;</strong></span></p>\r\n\r\n<p>This application need Android 4.0+ and a hosted Dolibarr ERP &amp; CRM version 3.5 or newer accessible by internet<br />\r\n(For example, when hosted on any SaaS solution like DoliCloud -&nbsp;<a href=\"https://www.google.com/url?q=https://www.google.com/url?q%3Dhttp://www.dolicloud.com%26sa%3DD%26usg%3DAFQjCNGdd9htz4JDciiMtScpBwK83qIRkw&amp;sa=D&amp;usg=AFQjCNGMpCbxNnU5BiK59e368K5AR0l_pg\" style=\"text-decoration: none; color: rgb(51, 105, 30); cursor: pointer;\" target=\"_blank\">http://www.dolicloud.com</a>).</p>',NULL,0.000,'',0.000,'0',0.000,'0',5,0,0,NULL,10.00000000,0.00000000,50.00000000,0.00000000,0.00000000,0.00000000,50.00000000,0,NULL,NULL,0,NULL,0.00000000,0,1,NULL,NULL,'EUR',10.00000000,0.00000000,50.00000000,0.00000000,50.00000000),
(27,11,NULL,5,NULL,'<strong><span style=\"font-family:roboto,uilanguagefont,arial,sans-serif; font-size:14px\">DoliDroid is the Android front-end client for Dolibarr ERP &amp; CRM web software.</span><br />\r\n<span style=\"font-family:roboto,uilanguagefont,arial,sans-serif; font-size:14px\">This application is not a standalone program. It is a front end to use a online hosted Dolibarr ERP &amp; CRM software (an Open-source web software to manage your business).</span></strong>\r\n<p><u>The advantage of DoliDroid are :</u><br />\r\n- DoliDroid is not a duplicate code of Dolibarr, but a front-end of a Dolibarr web installation, so all your online existing features are supported by this application. This is also true for external modules features.<br />\r\n- Upgrading Dolibarr will not break DoliDroid.<br />\r\n- DoliDroid use embedded image resources to reduce bandwidth usage.<br />\r\n- DoliDroid use internal cache for pages that should not change (like menu page)<br />\r\n- Connections parameters are saved. No need to enter them each time you use DoliDroid.<br />\r\n- Integration with your phone or other applications (Clicking on PDF open PDF reader, clicking onto email or phone launch your email application or launch Android dialer, ...)</p>\r\n\r\n<p><span style=\"color:#DAA520\"><strong>WARNING !&nbsp;</strong></span></p>\r\n\r\n<p>This application need Android 4.0+ and a hosted Dolibarr ERP &amp; CRM version 3.5 or newer accessible by internet<br />\r\n(For example, when hosted on any SaaS solution like DoliCloud -&nbsp;<a href=\"https://www.google.com/url?q=https://www.google.com/url?q%3Dhttp://www.dolicloud.com%26sa%3DD%26usg%3DAFQjCNGdd9htz4JDciiMtScpBwK83qIRkw&amp;sa=D&amp;usg=AFQjCNGMpCbxNnU5BiK59e368K5AR0l_pg\" style=\"text-decoration: none; color: rgb(51, 105, 30); cursor: pointer;\" target=\"_blank\">http://www.dolicloud.com</a>).</p>',NULL,0.000,'',0.000,'0',0.000,'0',1,0,0,NULL,10.00000000,0.00000000,10.00000000,0.00000000,0.00000000,0.00000000,10.00000000,0,NULL,NULL,0,NULL,0.00000000,0,2,NULL,NULL,'EUR',10.00000000,0.00000000,10.00000000,0.00000000,10.00000000),
(28,12,NULL,4,NULL,'Nice Bio Apple Pie.<br />\r\n&nbsp;',NULL,0.000,'',0.000,'0',0.000,'0',1,0,0,NULL,5.00000000,0.00000000,5.00000000,0.00000000,0.00000000,0.00000000,5.00000000,0,NULL,NULL,0,NULL,0.00000000,0,1,NULL,NULL,'EUR',5.00000000,0.00000000,5.00000000,0.00000000,5.00000000),
(29,12,NULL,1,NULL,'A beatifull pink dress',NULL,0.000,'',0.000,'0',0.000,'0',3,0,0,NULL,100.00000000,0.00000000,300.00000000,0.00000000,0.00000000,0.00000000,300.00000000,0,NULL,NULL,0,NULL,0.00000000,0,2,NULL,NULL,'EUR',100.00000000,0.00000000,300.00000000,0.00000000,300.00000000),
(30,12,NULL,10,NULL,'A powerfull computer XP4523&nbsp;',NULL,0.000,'',0.000,'0',0.000,'0',4,0,0,NULL,100.00000000,0.00000000,400.00000000,0.00000000,0.00000000,0.00000000,400.00000000,0,NULL,NULL,0,NULL,0.00000000,0,3,NULL,NULL,'EUR',100.00000000,0.00000000,400.00000000,0.00000000,400.00000000),
(31,12,NULL,12,NULL,'Cloud hosting of Dolibarr ERP and CRM software',NULL,0.000,'',0.000,'0',0.000,'0',3,0,0,NULL,9.00000000,0.00000000,27.00000000,0.00000000,0.00000000,0.00000000,27.00000000,0,NULL,NULL,0,NULL,0.00000000,0,4,NULL,NULL,'EUR',9.00000000,0.00000000,27.00000000,0.00000000,27.00000000),
(32,12,NULL,10,NULL,'A powerfull computer XP4523&nbsp;',NULL,0.000,'',0.000,'0',0.000,'0',1,0,0,NULL,100.00000000,0.00000000,100.00000000,0.00000000,0.00000000,0.00000000,100.00000000,0,NULL,NULL,0,NULL,0.00000000,0,5,NULL,NULL,'EUR',100.00000000,0.00000000,100.00000000,0.00000000,100.00000000),
(33,13,NULL,2,NULL,'',NULL,0.000,'',0.000,'0',0.000,'0',5,0,0,NULL,NULL,0.00000000,0.00000000,0.00000000,0.00000000,0.00000000,0.00000000,0,NULL,NULL,0,NULL,0.00000000,0,1,NULL,NULL,'EUR',0.00000000,0.00000000,0.00000000,0.00000000,0.00000000),
(34,13,NULL,4,NULL,'Nice Bio Apple Pie.<br />\r\n&nbsp;',NULL,0.000,'',0.000,'0',0.000,'0',3,0,0,NULL,5.00000000,0.00000000,15.00000000,0.00000000,0.00000000,0.00000000,15.00000000,0,NULL,NULL,0,NULL,0.00000000,0,2,NULL,NULL,'EUR',5.00000000,0.00000000,15.00000000,0.00000000,15.00000000),
(35,13,NULL,12,NULL,'Cloud hosting of Dolibarr ERP and CRM software',NULL,0.000,'',0.000,'0',0.000,'0',3,0,0,NULL,9.00000000,0.00000000,27.00000000,0.00000000,0.00000000,0.00000000,27.00000000,0,NULL,NULL,0,NULL,0.00000000,0,3,NULL,NULL,'EUR',9.00000000,0.00000000,27.00000000,0.00000000,27.00000000),
(36,13,NULL,10,NULL,'A powerfull computer XP4523&nbsp;',NULL,0.000,'',0.000,'0',0.000,'0',2,0,0,NULL,100.00000000,0.00000000,200.00000000,0.00000000,0.00000000,0.00000000,200.00000000,0,NULL,NULL,0,NULL,0.00000000,0,4,NULL,NULL,'EUR',100.00000000,0.00000000,200.00000000,0.00000000,200.00000000),
(37,14,NULL,10,NULL,'A powerfull computer XP4523&nbsp;',NULL,0.000,'',0.000,'0',0.000,'0',2,0,0,NULL,100.00000000,0.00000000,200.00000000,0.00000000,0.00000000,0.00000000,200.00000000,0,NULL,NULL,0,NULL,0.00000000,0,1,NULL,NULL,'EUR',100.00000000,0.00000000,200.00000000,0.00000000,200.00000000),
(38,14,NULL,12,NULL,'Cloud hosting of Dolibarr ERP and CRM software',NULL,0.000,'',0.000,'0',0.000,'0',5,0,0,NULL,9.00000000,0.00000000,45.00000000,0.00000000,0.00000000,0.00000000,45.00000000,0,NULL,NULL,0,NULL,0.00000000,0,2,NULL,NULL,'EUR',9.00000000,0.00000000,45.00000000,0.00000000,45.00000000),
(39,15,NULL,13,NULL,'A powerfull computer XP4523&nbsp;',NULL,0.000,'',0.000,'0',0.000,'0',3,0,0,NULL,100.00000000,0.00000000,300.00000000,0.00000000,0.00000000,0.00000000,300.00000000,0,NULL,NULL,0,NULL,0.00000000,0,1,NULL,NULL,'EUR',100.00000000,0.00000000,300.00000000,0.00000000,300.00000000),
(40,15,NULL,10,NULL,'A powerfull computer XP4523&nbsp;',NULL,0.000,'',0.000,'0',0.000,'0',3,0,0,NULL,100.00000000,0.00000000,300.00000000,0.00000000,0.00000000,0.00000000,300.00000000,0,NULL,NULL,0,NULL,0.00000000,0,2,NULL,NULL,'EUR',100.00000000,0.00000000,300.00000000,0.00000000,300.00000000),
(41,15,NULL,10,NULL,'A powerfull computer XP4523&nbsp;',NULL,0.000,'',0.000,'0',0.000,'0',3,0,0,NULL,100.00000000,0.00000000,300.00000000,0.00000000,0.00000000,0.00000000,300.00000000,0,NULL,NULL,0,NULL,0.00000000,0,3,NULL,NULL,'EUR',100.00000000,0.00000000,300.00000000,0.00000000,300.00000000),
(42,15,NULL,5,NULL,'<strong><span style=\"font-family:roboto,uilanguagefont,arial,sans-serif; font-size:14px\">DoliDroid is the Android front-end client for Dolibarr ERP &amp; CRM web software.</span><br />\r\n<span style=\"font-family:roboto,uilanguagefont,arial,sans-serif; font-size:14px\">This application is not a standalone program. It is a front end to use a online hosted Dolibarr ERP &amp; CRM software (an Open-source web software to manage your business).</span></strong>\r\n<p><u>The advantage of DoliDroid are :</u><br />\r\n- DoliDroid is not a duplicate code of Dolibarr, but a front-end of a Dolibarr web installation, so all your online existing features are supported by this application. This is also true for external modules features.<br />\r\n- Upgrading Dolibarr will not break DoliDroid.<br />\r\n- DoliDroid use embedded image resources to reduce bandwidth usage.<br />\r\n- DoliDroid use internal cache for pages that should not change (like menu page)<br />\r\n- Connections parameters are saved. No need to enter them each time you use DoliDroid.<br />\r\n- Integration with your phone or other applications (Clicking on PDF open PDF reader, clicking onto email or phone launch your email application or launch Android dialer, ...)</p>\r\n\r\n<p><span style=\"color:#DAA520\"><strong>WARNING !&nbsp;</strong></span></p>\r\n\r\n<p>This application need Android 4.0+ and a hosted Dolibarr ERP &amp; CRM version 3.5 or newer accessible by internet<br />\r\n(For example, when hosted on any SaaS solution like DoliCloud -&nbsp;<a href=\"https://www.google.com/url?q=https://www.google.com/url?q%3Dhttp://www.dolicloud.com%26sa%3DD%26usg%3DAFQjCNGdd9htz4JDciiMtScpBwK83qIRkw&amp;sa=D&amp;usg=AFQjCNGMpCbxNnU5BiK59e368K5AR0l_pg\" style=\"text-decoration: none; color: rgb(51, 105, 30); cursor: pointer;\" target=\"_blank\">http://www.dolicloud.com</a>).</p>',NULL,0.000,'',0.000,'0',0.000,'0',4,0,0,NULL,10.00000000,0.00000000,40.00000000,0.00000000,0.00000000,0.00000000,40.00000000,0,NULL,NULL,0,NULL,0.00000000,0,4,NULL,NULL,'EUR',10.00000000,0.00000000,40.00000000,0.00000000,40.00000000),
(43,16,NULL,5,NULL,'<strong><span style=\"font-family:roboto,uilanguagefont,arial,sans-serif; font-size:14px\">DoliDroid is the Android front-end client for Dolibarr ERP &amp; CRM web software.</span><br />\r\n<span style=\"font-family:roboto,uilanguagefont,arial,sans-serif; font-size:14px\">This application is not a standalone program. It is a front end to use a online hosted Dolibarr ERP &amp; CRM software (an Open-source web software to manage your business).</span></strong>\r\n<p><u>The advantage of DoliDroid are :</u><br />\r\n- DoliDroid is not a duplicate code of Dolibarr, but a front-end of a Dolibarr web installation, so all your online existing features are supported by this application. This is also true for external modules features.<br />\r\n- Upgrading Dolibarr will not break DoliDroid.<br />\r\n- DoliDroid use embedded image resources to reduce bandwidth usage.<br />\r\n- DoliDroid use internal cache for pages that should not change (like menu page)<br />\r\n- Connections parameters are saved. No need to enter them each time you use DoliDroid.<br />\r\n- Integration with your phone or other applications (Clicking on PDF open PDF reader, clicking onto email or phone launch your email application or launch Android dialer, ...)</p>\r\n\r\n<p><span style=\"color:#DAA520\"><strong>WARNING !&nbsp;</strong></span></p>\r\n\r\n<p>This application need Android 4.0+ and a hosted Dolibarr ERP &amp; CRM version 3.5 or newer accessible by internet<br />\r\n(For example, when hosted on any SaaS solution like DoliCloud -&nbsp;<a href=\"https://www.google.com/url?q=https://www.google.com/url?q%3Dhttp://www.dolicloud.com%26sa%3DD%26usg%3DAFQjCNGdd9htz4JDciiMtScpBwK83qIRkw&amp;sa=D&amp;usg=AFQjCNGMpCbxNnU5BiK59e368K5AR0l_pg\" style=\"text-decoration: none; color: rgb(51, 105, 30); cursor: pointer;\" target=\"_blank\">http://www.dolicloud.com</a>).</p>',NULL,0.000,'',0.000,'0',0.000,'0',4,0,0,NULL,10.00000000,0.00000000,40.00000000,0.00000000,0.00000000,0.00000000,40.00000000,0,NULL,NULL,0,NULL,0.00000000,0,1,NULL,NULL,'EUR',10.00000000,0.00000000,40.00000000,0.00000000,40.00000000),
(44,16,NULL,5,NULL,'<strong><span style=\"font-family:roboto,uilanguagefont,arial,sans-serif; font-size:14px\">DoliDroid is the Android front-end client for Dolibarr ERP &amp; CRM web software.</span><br />\r\n<span style=\"font-family:roboto,uilanguagefont,arial,sans-serif; font-size:14px\">This application is not a standalone program. It is a front end to use a online hosted Dolibarr ERP &amp; CRM software (an Open-source web software to manage your business).</span></strong>\r\n<p><u>The advantage of DoliDroid are :</u><br />\r\n- DoliDroid is not a duplicate code of Dolibarr, but a front-end of a Dolibarr web installation, so all your online existing features are supported by this application. This is also true for external modules features.<br />\r\n- Upgrading Dolibarr will not break DoliDroid.<br />\r\n- DoliDroid use embedded image resources to reduce bandwidth usage.<br />\r\n- DoliDroid use internal cache for pages that should not change (like menu page)<br />\r\n- Connections parameters are saved. No need to enter them each time you use DoliDroid.<br />\r\n- Integration with your phone or other applications (Clicking on PDF open PDF reader, clicking onto email or phone launch your email application or launch Android dialer, ...)</p>\r\n\r\n<p><span style=\"color:#DAA520\"><strong>WARNING !&nbsp;</strong></span></p>\r\n\r\n<p>This application need Android 4.0+ and a hosted Dolibarr ERP &amp; CRM version 3.5 or newer accessible by internet<br />\r\n(For example, when hosted on any SaaS solution like DoliCloud -&nbsp;<a href=\"https://www.google.com/url?q=https://www.google.com/url?q%3Dhttp://www.dolicloud.com%26sa%3DD%26usg%3DAFQjCNGdd9htz4JDciiMtScpBwK83qIRkw&amp;sa=D&amp;usg=AFQjCNGMpCbxNnU5BiK59e368K5AR0l_pg\" style=\"text-decoration: none; color: rgb(51, 105, 30); cursor: pointer;\" target=\"_blank\">http://www.dolicloud.com</a>).</p>',NULL,0.000,'',0.000,'0',0.000,'0',4,0,0,NULL,10.00000000,0.00000000,40.00000000,0.00000000,0.00000000,0.00000000,40.00000000,0,NULL,NULL,0,NULL,0.00000000,0,2,NULL,NULL,'EUR',10.00000000,0.00000000,40.00000000,0.00000000,40.00000000),
(45,16,NULL,12,NULL,'Cloud hosting of Dolibarr ERP and CRM software',NULL,0.000,'',0.000,'0',0.000,'0',5,0,0,NULL,9.00000000,0.00000000,45.00000000,0.00000000,0.00000000,0.00000000,45.00000000,0,NULL,NULL,0,NULL,0.00000000,0,3,NULL,NULL,'EUR',9.00000000,0.00000000,45.00000000,0.00000000,45.00000000),
(46,17,NULL,12,NULL,'Cloud hosting of Dolibarr ERP and CRM software',NULL,0.000,'',0.000,'0',0.000,'0',5,0,0,NULL,9.00000000,0.00000000,45.00000000,0.00000000,0.00000000,0.00000000,45.00000000,0,NULL,NULL,0,NULL,0.00000000,0,1,NULL,NULL,'EUR',9.00000000,0.00000000,45.00000000,0.00000000,45.00000000),
(47,17,NULL,12,NULL,'Cloud hosting of Dolibarr ERP and CRM software',NULL,0.000,'',0.000,'0',0.000,'0',2,0,0,NULL,9.00000000,0.00000000,18.00000000,0.00000000,0.00000000,0.00000000,18.00000000,0,NULL,NULL,0,NULL,0.00000000,0,2,NULL,NULL,'EUR',9.00000000,0.00000000,18.00000000,0.00000000,18.00000000),
(48,17,NULL,10,NULL,'A powerfull computer XP4523&nbsp;',NULL,0.000,'',0.000,'0',0.000,'0',1,0,0,NULL,100.00000000,0.00000000,100.00000000,0.00000000,0.00000000,0.00000000,100.00000000,0,NULL,NULL,0,NULL,0.00000000,0,3,NULL,NULL,'EUR',100.00000000,0.00000000,100.00000000,0.00000000,100.00000000),
(49,17,NULL,2,NULL,'',NULL,0.000,'',0.000,'0',0.000,'0',3,0,0,NULL,NULL,0.00000000,0.00000000,0.00000000,0.00000000,0.00000000,0.00000000,0,NULL,NULL,0,NULL,0.00000000,0,4,NULL,NULL,'EUR',0.00000000,0.00000000,0.00000000,0.00000000,0.00000000),
(50,17,NULL,3,NULL,'',NULL,0.000,'',0.000,'0',0.000,'0',1,0,0,NULL,NULL,0.00000000,0.00000000,0.00000000,0.00000000,0.00000000,0.00000000,0,NULL,NULL,0,NULL,0.00000000,0,5,NULL,NULL,'EUR',0.00000000,0.00000000,0.00000000,0.00000000,0.00000000),
(51,18,NULL,1,NULL,'A beatifull pink dress',NULL,0.000,'',0.000,'0',0.000,'0',4,0,0,NULL,100.00000000,0.00000000,400.00000000,0.00000000,0.00000000,0.00000000,400.00000000,0,NULL,NULL,0,NULL,0.00000000,0,1,NULL,NULL,'EUR',100.00000000,0.00000000,400.00000000,0.00000000,400.00000000),
(52,18,NULL,1,NULL,'A beatifull pink dress',NULL,0.000,'',0.000,'0',0.000,'0',1,0,0,NULL,100.00000000,0.00000000,100.00000000,0.00000000,0.00000000,0.00000000,100.00000000,0,NULL,NULL,0,NULL,0.00000000,0,2,NULL,NULL,'EUR',100.00000000,0.00000000,100.00000000,0.00000000,100.00000000),
(53,18,NULL,13,NULL,'A powerfull computer XP4523&nbsp;',NULL,0.000,'',0.000,'0',0.000,'0',4,0,0,NULL,100.00000000,0.00000000,400.00000000,0.00000000,0.00000000,0.00000000,400.00000000,0,NULL,NULL,0,NULL,0.00000000,0,3,NULL,NULL,'EUR',100.00000000,0.00000000,400.00000000,0.00000000,400.00000000),
(54,19,NULL,10,NULL,'A powerfull computer XP4523&nbsp;',NULL,0.000,'',0.000,'0',0.000,'0',1,0,0,NULL,100.00000000,0.00000000,100.00000000,0.00000000,0.00000000,0.00000000,100.00000000,0,NULL,NULL,0,NULL,0.00000000,0,1,NULL,NULL,'EUR',100.00000000,0.00000000,100.00000000,0.00000000,100.00000000),
(55,19,NULL,13,NULL,'A powerfull computer XP4523&nbsp;',NULL,0.000,'',0.000,'0',0.000,'0',1,0,0,NULL,100.00000000,0.00000000,100.00000000,0.00000000,0.00000000,0.00000000,100.00000000,0,NULL,NULL,0,NULL,0.00000000,0,2,NULL,NULL,'EUR',100.00000000,0.00000000,100.00000000,0.00000000,100.00000000),
(56,19,NULL,2,NULL,'',NULL,0.000,'',0.000,'0',0.000,'0',2,0,0,NULL,NULL,0.00000000,0.00000000,0.00000000,0.00000000,0.00000000,0.00000000,0,NULL,NULL,0,NULL,0.00000000,0,3,NULL,NULL,'EUR',0.00000000,0.00000000,0.00000000,0.00000000,0.00000000),
(57,19,NULL,2,NULL,'',NULL,0.000,'',0.000,'0',0.000,'0',1,0,0,NULL,NULL,0.00000000,0.00000000,0.00000000,0.00000000,0.00000000,0.00000000,0,NULL,NULL,0,NULL,0.00000000,0,4,NULL,NULL,'EUR',0.00000000,0.00000000,0.00000000,0.00000000,0.00000000),
(58,19,NULL,2,NULL,'',NULL,0.000,'',0.000,'0',0.000,'0',2,0,0,NULL,NULL,0.00000000,0.00000000,0.00000000,0.00000000,0.00000000,0.00000000,0,NULL,NULL,0,NULL,0.00000000,0,5,NULL,NULL,'EUR',0.00000000,0.00000000,0.00000000,0.00000000,0.00000000),
(59,20,NULL,1,NULL,'A beatifull pink dress',NULL,0.000,'',0.000,'0',0.000,'0',3,0,0,NULL,100.00000000,0.00000000,300.00000000,0.00000000,0.00000000,0.00000000,300.00000000,0,NULL,NULL,0,NULL,0.00000000,0,1,NULL,NULL,'EUR',100.00000000,0.00000000,300.00000000,0.00000000,300.00000000),
(60,20,NULL,5,NULL,'<strong><span style=\"font-family:roboto,uilanguagefont,arial,sans-serif; font-size:14px\">DoliDroid is the Android front-end client for Dolibarr ERP &amp; CRM web software.</span><br />\r\n<span style=\"font-family:roboto,uilanguagefont,arial,sans-serif; font-size:14px\">This application is not a standalone program. It is a front end to use a online hosted Dolibarr ERP &amp; CRM software (an Open-source web software to manage your business).</span></strong>\r\n<p><u>The advantage of DoliDroid are :</u><br />\r\n- DoliDroid is not a duplicate code of Dolibarr, but a front-end of a Dolibarr web installation, so all your online existing features are supported by this application. This is also true for external modules features.<br />\r\n- Upgrading Dolibarr will not break DoliDroid.<br />\r\n- DoliDroid use embedded image resources to reduce bandwidth usage.<br />\r\n- DoliDroid use internal cache for pages that should not change (like menu page)<br />\r\n- Connections parameters are saved. No need to enter them each time you use DoliDroid.<br />\r\n- Integration with your phone or other applications (Clicking on PDF open PDF reader, clicking onto email or phone launch your email application or launch Android dialer, ...)</p>\r\n\r\n<p><span style=\"color:#DAA520\"><strong>WARNING !&nbsp;</strong></span></p>\r\n\r\n<p>This application need Android 4.0+ and a hosted Dolibarr ERP &amp; CRM version 3.5 or newer accessible by internet<br />\r\n(For example, when hosted on any SaaS solution like DoliCloud -&nbsp;<a href=\"https://www.google.com/url?q=https://www.google.com/url?q%3Dhttp://www.dolicloud.com%26sa%3DD%26usg%3DAFQjCNGdd9htz4JDciiMtScpBwK83qIRkw&amp;sa=D&amp;usg=AFQjCNGMpCbxNnU5BiK59e368K5AR0l_pg\" style=\"text-decoration: none; color: rgb(51, 105, 30); cursor: pointer;\" target=\"_blank\">http://www.dolicloud.com</a>).</p>',NULL,0.000,'',0.000,'0',0.000,'0',1,0,0,NULL,10.00000000,0.00000000,10.00000000,0.00000000,0.00000000,0.00000000,10.00000000,0,NULL,NULL,0,NULL,0.00000000,0,2,NULL,NULL,'EUR',10.00000000,0.00000000,10.00000000,0.00000000,10.00000000),
(61,20,NULL,5,NULL,'<strong><span style=\"font-family:roboto,uilanguagefont,arial,sans-serif; font-size:14px\">DoliDroid is the Android front-end client for Dolibarr ERP &amp; CRM web software.</span><br />\r\n<span style=\"font-family:roboto,uilanguagefont,arial,sans-serif; font-size:14px\">This application is not a standalone program. It is a front end to use a online hosted Dolibarr ERP &amp; CRM software (an Open-source web software to manage your business).</span></strong>\r\n<p><u>The advantage of DoliDroid are :</u><br />\r\n- DoliDroid is not a duplicate code of Dolibarr, but a front-end of a Dolibarr web installation, so all your online existing features are supported by this application. This is also true for external modules features.<br />\r\n- Upgrading Dolibarr will not break DoliDroid.<br />\r\n- DoliDroid use embedded image resources to reduce bandwidth usage.<br />\r\n- DoliDroid use internal cache for pages that should not change (like menu page)<br />\r\n- Connections parameters are saved. No need to enter them each time you use DoliDroid.<br />\r\n- Integration with your phone or other applications (Clicking on PDF open PDF reader, clicking onto email or phone launch your email application or launch Android dialer, ...)</p>\r\n\r\n<p><span style=\"color:#DAA520\"><strong>WARNING !&nbsp;</strong></span></p>\r\n\r\n<p>This application need Android 4.0+ and a hosted Dolibarr ERP &amp; CRM version 3.5 or newer accessible by internet<br />\r\n(For example, when hosted on any SaaS solution like DoliCloud -&nbsp;<a href=\"https://www.google.com/url?q=https://www.google.com/url?q%3Dhttp://www.dolicloud.com%26sa%3DD%26usg%3DAFQjCNGdd9htz4JDciiMtScpBwK83qIRkw&amp;sa=D&amp;usg=AFQjCNGMpCbxNnU5BiK59e368K5AR0l_pg\" style=\"text-decoration: none; color: rgb(51, 105, 30); cursor: pointer;\" target=\"_blank\">http://www.dolicloud.com</a>).</p>',NULL,0.000,'',0.000,'0',0.000,'0',2,0,0,NULL,10.00000000,0.00000000,20.00000000,0.00000000,0.00000000,0.00000000,20.00000000,0,NULL,NULL,0,NULL,0.00000000,0,3,NULL,NULL,'EUR',10.00000000,0.00000000,20.00000000,0.00000000,20.00000000),
(62,20,NULL,10,NULL,'A powerfull computer XP4523&nbsp;',NULL,0.000,'',0.000,'0',0.000,'0',5,0,0,NULL,100.00000000,0.00000000,500.00000000,0.00000000,0.00000000,0.00000000,500.00000000,0,NULL,NULL,0,NULL,0.00000000,0,4,NULL,NULL,'EUR',100.00000000,0.00000000,500.00000000,0.00000000,500.00000000),
(63,21,NULL,5,NULL,'<strong><span style=\"font-family:roboto,uilanguagefont,arial,sans-serif; font-size:14px\">DoliDroid is the Android front-end client for Dolibarr ERP &amp; CRM web software.</span><br />\r\n<span style=\"font-family:roboto,uilanguagefont,arial,sans-serif; font-size:14px\">This application is not a standalone program. It is a front end to use a online hosted Dolibarr ERP &amp; CRM software (an Open-source web software to manage your business).</span></strong>\r\n<p><u>The advantage of DoliDroid are :</u><br />\r\n- DoliDroid is not a duplicate code of Dolibarr, but a front-end of a Dolibarr web installation, so all your online existing features are supported by this application. This is also true for external modules features.<br />\r\n- Upgrading Dolibarr will not break DoliDroid.<br />\r\n- DoliDroid use embedded image resources to reduce bandwidth usage.<br />\r\n- DoliDroid use internal cache for pages that should not change (like menu page)<br />\r\n- Connections parameters are saved. No need to enter them each time you use DoliDroid.<br />\r\n- Integration with your phone or other applications (Clicking on PDF open PDF reader, clicking onto email or phone launch your email application or launch Android dialer, ...)</p>\r\n\r\n<p><span style=\"color:#DAA520\"><strong>WARNING !&nbsp;</strong></span></p>\r\n\r\n<p>This application need Android 4.0+ and a hosted Dolibarr ERP &amp; CRM version 3.5 or newer accessible by internet<br />\r\n(For example, when hosted on any SaaS solution like DoliCloud -&nbsp;<a href=\"https://www.google.com/url?q=https://www.google.com/url?q%3Dhttp://www.dolicloud.com%26sa%3DD%26usg%3DAFQjCNGdd9htz4JDciiMtScpBwK83qIRkw&amp;sa=D&amp;usg=AFQjCNGMpCbxNnU5BiK59e368K5AR0l_pg\" style=\"text-decoration: none; color: rgb(51, 105, 30); cursor: pointer;\" target=\"_blank\">http://www.dolicloud.com</a>).</p>',NULL,0.000,'',0.000,'0',0.000,'0',2,0,0,NULL,10.00000000,0.00000000,20.00000000,0.00000000,0.00000000,0.00000000,20.00000000,0,NULL,NULL,0,NULL,0.00000000,0,1,NULL,NULL,'EUR',10.00000000,0.00000000,20.00000000,0.00000000,20.00000000),
(64,21,NULL,12,NULL,'Cloud hosting of Dolibarr ERP and CRM software',NULL,0.000,'',0.000,'0',0.000,'0',1,0,0,NULL,9.00000000,0.00000000,9.00000000,0.00000000,0.00000000,0.00000000,9.00000000,0,NULL,NULL,0,NULL,0.00000000,0,2,NULL,NULL,'EUR',9.00000000,0.00000000,9.00000000,0.00000000,9.00000000),
(65,21,NULL,4,NULL,'Nice Bio Apple Pie.<br />\r\n&nbsp;',NULL,0.000,'',0.000,'0',0.000,'0',3,0,0,NULL,5.00000000,0.00000000,15.00000000,0.00000000,0.00000000,0.00000000,15.00000000,0,NULL,NULL,0,NULL,0.00000000,0,3,NULL,NULL,'EUR',5.00000000,0.00000000,15.00000000,0.00000000,15.00000000),
(66,21,NULL,12,NULL,'Cloud hosting of Dolibarr ERP and CRM software',NULL,0.000,'',0.000,'0',0.000,'0',5,0,0,NULL,9.00000000,0.00000000,45.00000000,0.00000000,0.00000000,0.00000000,45.00000000,0,NULL,NULL,0,NULL,0.00000000,0,4,NULL,NULL,'EUR',9.00000000,0.00000000,45.00000000,0.00000000,45.00000000),
(67,22,NULL,5,NULL,'<strong><span style=\"font-family:roboto,uilanguagefont,arial,sans-serif; font-size:14px\">DoliDroid is the Android front-end client for Dolibarr ERP &amp; CRM web software.</span><br />\r\n<span style=\"font-family:roboto,uilanguagefont,arial,sans-serif; font-size:14px\">This application is not a standalone program. It is a front end to use a online hosted Dolibarr ERP &amp; CRM software (an Open-source web software to manage your business).</span></strong>\r\n<p><u>The advantage of DoliDroid are :</u><br />\r\n- DoliDroid is not a duplicate code of Dolibarr, but a front-end of a Dolibarr web installation, so all your online existing features are supported by this application. This is also true for external modules features.<br />\r\n- Upgrading Dolibarr will not break DoliDroid.<br />\r\n- DoliDroid use embedded image resources to reduce bandwidth usage.<br />\r\n- DoliDroid use internal cache for pages that should not change (like menu page)<br />\r\n- Connections parameters are saved. No need to enter them each time you use DoliDroid.<br />\r\n- Integration with your phone or other applications (Clicking on PDF open PDF reader, clicking onto email or phone launch your email application or launch Android dialer, ...)</p>\r\n\r\n<p><span style=\"color:#DAA520\"><strong>WARNING !&nbsp;</strong></span></p>\r\n\r\n<p>This application need Android 4.0+ and a hosted Dolibarr ERP &amp; CRM version 3.5 or newer accessible by internet<br />\r\n(For example, when hosted on any SaaS solution like DoliCloud -&nbsp;<a href=\"https://www.google.com/url?q=https://www.google.com/url?q%3Dhttp://www.dolicloud.com%26sa%3DD%26usg%3DAFQjCNGdd9htz4JDciiMtScpBwK83qIRkw&amp;sa=D&amp;usg=AFQjCNGMpCbxNnU5BiK59e368K5AR0l_pg\" style=\"text-decoration: none; color: rgb(51, 105, 30); cursor: pointer;\" target=\"_blank\">http://www.dolicloud.com</a>).</p>',NULL,0.000,'',0.000,'0',0.000,'0',5,0,0,NULL,10.00000000,0.00000000,50.00000000,0.00000000,0.00000000,0.00000000,50.00000000,0,NULL,NULL,0,NULL,0.00000000,0,1,NULL,NULL,'EUR',10.00000000,0.00000000,50.00000000,0.00000000,50.00000000),
(68,22,NULL,5,NULL,'<strong><span style=\"font-family:roboto,uilanguagefont,arial,sans-serif; font-size:14px\">DoliDroid is the Android front-end client for Dolibarr ERP &amp; CRM web software.</span><br />\r\n<span style=\"font-family:roboto,uilanguagefont,arial,sans-serif; font-size:14px\">This application is not a standalone program. It is a front end to use a online hosted Dolibarr ERP &amp; CRM software (an Open-source web software to manage your business).</span></strong>\r\n<p><u>The advantage of DoliDroid are :</u><br />\r\n- DoliDroid is not a duplicate code of Dolibarr, but a front-end of a Dolibarr web installation, so all your online existing features are supported by this application. This is also true for external modules features.<br />\r\n- Upgrading Dolibarr will not break DoliDroid.<br />\r\n- DoliDroid use embedded image resources to reduce bandwidth usage.<br />\r\n- DoliDroid use internal cache for pages that should not change (like menu page)<br />\r\n- Connections parameters are saved. No need to enter them each time you use DoliDroid.<br />\r\n- Integration with your phone or other applications (Clicking on PDF open PDF reader, clicking onto email or phone launch your email application or launch Android dialer, ...)</p>\r\n\r\n<p><span style=\"color:#DAA520\"><strong>WARNING !&nbsp;</strong></span></p>\r\n\r\n<p>This application need Android 4.0+ and a hosted Dolibarr ERP &amp; CRM version 3.5 or newer accessible by internet<br />\r\n(For example, when hosted on any SaaS solution like DoliCloud -&nbsp;<a href=\"https://www.google.com/url?q=https://www.google.com/url?q%3Dhttp://www.dolicloud.com%26sa%3DD%26usg%3DAFQjCNGdd9htz4JDciiMtScpBwK83qIRkw&amp;sa=D&amp;usg=AFQjCNGMpCbxNnU5BiK59e368K5AR0l_pg\" style=\"text-decoration: none; color: rgb(51, 105, 30); cursor: pointer;\" target=\"_blank\">http://www.dolicloud.com</a>).</p>',NULL,0.000,'',0.000,'0',0.000,'0',2,0,0,NULL,10.00000000,0.00000000,20.00000000,0.00000000,0.00000000,0.00000000,20.00000000,0,NULL,NULL,0,NULL,0.00000000,0,2,NULL,NULL,'EUR',10.00000000,0.00000000,20.00000000,0.00000000,20.00000000),
(69,23,NULL,2,NULL,'',NULL,0.000,'',0.000,'0',0.000,'0',2,0,0,NULL,NULL,0.00000000,0.00000000,0.00000000,0.00000000,0.00000000,0.00000000,0,NULL,NULL,0,NULL,0.00000000,0,1,NULL,NULL,'EUR',0.00000000,0.00000000,0.00000000,0.00000000,0.00000000),
(70,23,NULL,4,NULL,'Nice Bio Apple Pie.<br />\r\n&nbsp;',NULL,0.000,'',0.000,'0',0.000,'0',3,0,0,NULL,5.00000000,0.00000000,15.00000000,0.00000000,0.00000000,0.00000000,15.00000000,0,NULL,NULL,0,NULL,0.00000000,0,2,NULL,NULL,'EUR',5.00000000,0.00000000,15.00000000,0.00000000,15.00000000),
(71,23,NULL,13,NULL,'A powerfull computer XP4523&nbsp;',NULL,0.000,'',0.000,'0',0.000,'0',3,0,0,NULL,100.00000000,0.00000000,300.00000000,0.00000000,0.00000000,0.00000000,300.00000000,0,NULL,NULL,0,NULL,0.00000000,0,3,NULL,NULL,'EUR',100.00000000,0.00000000,300.00000000,0.00000000,300.00000000),
(72,23,NULL,1,NULL,'A beatifull pink dress',NULL,0.000,'',0.000,'0',0.000,'0',4,0,0,NULL,100.00000000,0.00000000,400.00000000,0.00000000,0.00000000,0.00000000,400.00000000,0,NULL,NULL,0,NULL,0.00000000,0,4,NULL,NULL,'EUR',100.00000000,0.00000000,400.00000000,0.00000000,400.00000000),
(73,24,NULL,4,NULL,'Nice Bio Apple Pie.<br />\r\n&nbsp;',NULL,0.000,'',0.000,'0',0.000,'0',1,0,0,NULL,5.00000000,0.00000000,5.00000000,0.00000000,0.00000000,0.00000000,5.00000000,0,NULL,NULL,0,NULL,0.00000000,0,1,NULL,NULL,'EUR',5.00000000,0.00000000,5.00000000,0.00000000,5.00000000),
(74,24,NULL,12,NULL,'Cloud hosting of Dolibarr ERP and CRM software',NULL,0.000,'',0.000,'0',0.000,'0',5,0,0,NULL,9.00000000,0.00000000,45.00000000,0.00000000,0.00000000,0.00000000,45.00000000,0,NULL,NULL,0,NULL,0.00000000,0,2,NULL,NULL,'EUR',9.00000000,0.00000000,45.00000000,0.00000000,45.00000000),
(75,24,NULL,2,NULL,'',NULL,0.000,'',0.000,'0',0.000,'0',4,0,0,NULL,NULL,0.00000000,0.00000000,0.00000000,0.00000000,0.00000000,0.00000000,0,NULL,NULL,0,NULL,0.00000000,0,3,NULL,NULL,'EUR',0.00000000,0.00000000,0.00000000,0.00000000,0.00000000),
(76,24,NULL,1,NULL,'A beatifull pink dress',NULL,0.000,'',0.000,'0',0.000,'0',2,0,0,NULL,100.00000000,0.00000000,200.00000000,0.00000000,0.00000000,0.00000000,200.00000000,0,NULL,NULL,0,NULL,0.00000000,0,4,NULL,NULL,'EUR',100.00000000,0.00000000,200.00000000,0.00000000,200.00000000),
(77,25,NULL,10,NULL,'A powerfull computer XP4523&nbsp;',NULL,0.000,'',0.000,'0',0.000,'0',4,0,0,NULL,100.00000000,0.00000000,400.00000000,0.00000000,0.00000000,0.00000000,400.00000000,0,NULL,NULL,0,NULL,0.00000000,0,1,NULL,NULL,'EUR',100.00000000,0.00000000,400.00000000,0.00000000,400.00000000),
(78,25,NULL,13,NULL,'A powerfull computer XP4523&nbsp;',NULL,0.000,'',0.000,'0',0.000,'0',3,0,0,NULL,100.00000000,0.00000000,300.00000000,0.00000000,0.00000000,0.00000000,300.00000000,0,NULL,NULL,0,NULL,0.00000000,0,2,NULL,NULL,'EUR',100.00000000,0.00000000,300.00000000,0.00000000,300.00000000),
(79,25,NULL,10,NULL,'A powerfull computer XP4523&nbsp;',NULL,0.000,'',0.000,'0',0.000,'0',2,0,0,NULL,100.00000000,0.00000000,200.00000000,0.00000000,0.00000000,0.00000000,200.00000000,0,NULL,NULL,0,NULL,0.00000000,0,3,NULL,NULL,'EUR',100.00000000,0.00000000,200.00000000,0.00000000,200.00000000),
(80,25,NULL,13,NULL,'A powerfull computer XP4523&nbsp;',NULL,0.000,'',0.000,'0',0.000,'0',1,0,0,NULL,100.00000000,0.00000000,100.00000000,0.00000000,0.00000000,0.00000000,100.00000000,0,NULL,NULL,0,NULL,0.00000000,0,4,NULL,NULL,'EUR',100.00000000,0.00000000,100.00000000,0.00000000,100.00000000),
(81,25,NULL,12,NULL,'Cloud hosting of Dolibarr ERP and CRM software',NULL,0.000,'',0.000,'0',0.000,'0',2,0,0,NULL,9.00000000,0.00000000,18.00000000,0.00000000,0.00000000,0.00000000,18.00000000,0,NULL,NULL,0,NULL,0.00000000,0,5,NULL,NULL,'EUR',9.00000000,0.00000000,18.00000000,0.00000000,18.00000000),
(82,26,NULL,10,NULL,'A powerfull computer XP4523&nbsp;',NULL,0.000,'',0.000,'0',0.000,'0',2,0,0,NULL,100.00000000,0.00000000,200.00000000,0.00000000,0.00000000,0.00000000,200.00000000,0,NULL,NULL,0,NULL,0.00000000,0,1,NULL,NULL,'EUR',100.00000000,0.00000000,200.00000000,0.00000000,200.00000000),
(83,26,NULL,5,NULL,'<strong><span style=\"font-family:roboto,uilanguagefont,arial,sans-serif; font-size:14px\">DoliDroid is the Android front-end client for Dolibarr ERP &amp; CRM web software.</span><br />\r\n<span style=\"font-family:roboto,uilanguagefont,arial,sans-serif; font-size:14px\">This application is not a standalone program. It is a front end to use a online hosted Dolibarr ERP &amp; CRM software (an Open-source web software to manage your business).</span></strong>\r\n<p><u>The advantage of DoliDroid are :</u><br />\r\n- DoliDroid is not a duplicate code of Dolibarr, but a front-end of a Dolibarr web installation, so all your online existing features are supported by this application. This is also true for external modules features.<br />\r\n- Upgrading Dolibarr will not break DoliDroid.<br />\r\n- DoliDroid use embedded image resources to reduce bandwidth usage.<br />\r\n- DoliDroid use internal cache for pages that should not change (like menu page)<br />\r\n- Connections parameters are saved. No need to enter them each time you use DoliDroid.<br />\r\n- Integration with your phone or other applications (Clicking on PDF open PDF reader, clicking onto email or phone launch your email application or launch Android dialer, ...)</p>\r\n\r\n<p><span style=\"color:#DAA520\"><strong>WARNING !&nbsp;</strong></span></p>\r\n\r\n<p>This application need Android 4.0+ and a hosted Dolibarr ERP &amp; CRM version 3.5 or newer accessible by internet<br />\r\n(For example, when hosted on any SaaS solution like DoliCloud -&nbsp;<a href=\"https://www.google.com/url?q=https://www.google.com/url?q%3Dhttp://www.dolicloud.com%26sa%3DD%26usg%3DAFQjCNGdd9htz4JDciiMtScpBwK83qIRkw&amp;sa=D&amp;usg=AFQjCNGMpCbxNnU5BiK59e368K5AR0l_pg\" style=\"text-decoration: none; color: rgb(51, 105, 30); cursor: pointer;\" target=\"_blank\">http://www.dolicloud.com</a>).</p>',NULL,0.000,'',0.000,'0',0.000,'0',1,0,0,NULL,10.00000000,0.00000000,10.00000000,0.00000000,0.00000000,0.00000000,10.00000000,0,NULL,NULL,0,NULL,0.00000000,0,2,NULL,NULL,'EUR',10.00000000,0.00000000,10.00000000,0.00000000,10.00000000),
(84,26,NULL,10,NULL,'A powerfull computer XP4523&nbsp;',NULL,0.000,'',0.000,'0',0.000,'0',3,0,0,NULL,100.00000000,0.00000000,300.00000000,0.00000000,0.00000000,0.00000000,300.00000000,0,NULL,NULL,0,NULL,0.00000000,0,3,NULL,NULL,'EUR',100.00000000,0.00000000,300.00000000,0.00000000,300.00000000),
(85,26,NULL,13,NULL,'A powerfull computer XP4523&nbsp;',NULL,0.000,'',0.000,'0',0.000,'0',2,0,0,NULL,100.00000000,0.00000000,200.00000000,0.00000000,0.00000000,0.00000000,200.00000000,0,NULL,NULL,0,NULL,0.00000000,0,4,NULL,NULL,'EUR',100.00000000,0.00000000,200.00000000,0.00000000,200.00000000),
(86,26,NULL,3,NULL,'',NULL,0.000,'',0.000,'0',0.000,'0',2,0,0,NULL,NULL,0.00000000,0.00000000,0.00000000,0.00000000,0.00000000,0.00000000,0,NULL,NULL,0,NULL,0.00000000,0,5,NULL,NULL,'EUR',0.00000000,0.00000000,0.00000000,0.00000000,0.00000000),
(87,27,NULL,13,NULL,'A powerfull computer XP4523&nbsp;',NULL,0.000,'',0.000,'0',0.000,'0',3,0,0,NULL,100.00000000,0.00000000,300.00000000,0.00000000,0.00000000,0.00000000,300.00000000,0,NULL,NULL,0,NULL,0.00000000,0,1,NULL,NULL,'EUR',100.00000000,0.00000000,300.00000000,0.00000000,300.00000000),
(88,27,NULL,3,NULL,'',NULL,0.000,'',0.000,'0',0.000,'0',2,0,0,NULL,NULL,0.00000000,0.00000000,0.00000000,0.00000000,0.00000000,0.00000000,0,NULL,NULL,0,NULL,0.00000000,0,2,NULL,NULL,'EUR',0.00000000,0.00000000,0.00000000,0.00000000,0.00000000),
(89,28,NULL,4,NULL,'Nice Bio Apple Pie.<br />\r\n&nbsp;',NULL,0.000,'',0.000,'0',0.000,'0',2,0,0,NULL,5.00000000,0.00000000,10.00000000,0.00000000,0.00000000,0.00000000,10.00000000,0,NULL,NULL,0,NULL,0.00000000,0,1,NULL,NULL,'EUR',5.00000000,0.00000000,10.00000000,0.00000000,10.00000000),
(90,28,NULL,5,NULL,'<strong><span style=\"font-family:roboto,uilanguagefont,arial,sans-serif; font-size:14px\">DoliDroid is the Android front-end client for Dolibarr ERP &amp; CRM web software.</span><br />\r\n<span style=\"font-family:roboto,uilanguagefont,arial,sans-serif; font-size:14px\">This application is not a standalone program. It is a front end to use a online hosted Dolibarr ERP &amp; CRM software (an Open-source web software to manage your business).</span></strong>\r\n<p><u>The advantage of DoliDroid are :</u><br />\r\n- DoliDroid is not a duplicate code of Dolibarr, but a front-end of a Dolibarr web installation, so all your online existing features are supported by this application. This is also true for external modules features.<br />\r\n- Upgrading Dolibarr will not break DoliDroid.<br />\r\n- DoliDroid use embedded image resources to reduce bandwidth usage.<br />\r\n- DoliDroid use internal cache for pages that should not change (like menu page)<br />\r\n- Connections parameters are saved. No need to enter them each time you use DoliDroid.<br />\r\n- Integration with your phone or other applications (Clicking on PDF open PDF reader, clicking onto email or phone launch your email application or launch Android dialer, ...)</p>\r\n\r\n<p><span style=\"color:#DAA520\"><strong>WARNING !&nbsp;</strong></span></p>\r\n\r\n<p>This application need Android 4.0+ and a hosted Dolibarr ERP &amp; CRM version 3.5 or newer accessible by internet<br />\r\n(For example, when hosted on any SaaS solution like DoliCloud -&nbsp;<a href=\"https://www.google.com/url?q=https://www.google.com/url?q%3Dhttp://www.dolicloud.com%26sa%3DD%26usg%3DAFQjCNGdd9htz4JDciiMtScpBwK83qIRkw&amp;sa=D&amp;usg=AFQjCNGMpCbxNnU5BiK59e368K5AR0l_pg\" style=\"text-decoration: none; color: rgb(51, 105, 30); cursor: pointer;\" target=\"_blank\">http://www.dolicloud.com</a>).</p>',NULL,0.000,'',0.000,'0',0.000,'0',3,0,0,NULL,10.00000000,0.00000000,30.00000000,0.00000000,0.00000000,0.00000000,30.00000000,0,NULL,NULL,0,NULL,0.00000000,0,2,NULL,NULL,'EUR',10.00000000,0.00000000,30.00000000,0.00000000,30.00000000),
(91,28,NULL,2,NULL,'',NULL,0.000,'',0.000,'0',0.000,'0',5,0,0,NULL,NULL,0.00000000,0.00000000,0.00000000,0.00000000,0.00000000,0.00000000,0,NULL,NULL,0,NULL,0.00000000,0,3,NULL,NULL,'EUR',0.00000000,0.00000000,0.00000000,0.00000000,0.00000000),
(92,28,NULL,1,NULL,'A beatifull pink dress',NULL,0.000,'',0.000,'0',0.000,'0',4,0,0,NULL,100.00000000,0.00000000,400.00000000,0.00000000,0.00000000,0.00000000,400.00000000,0,NULL,NULL,0,NULL,0.00000000,0,4,NULL,NULL,'EUR',100.00000000,0.00000000,400.00000000,0.00000000,400.00000000),
(93,29,NULL,1,NULL,'A beatifull pink dress',NULL,0.000,'',0.000,'0',0.000,'0',3,0,0,NULL,100.00000000,0.00000000,300.00000000,0.00000000,0.00000000,0.00000000,300.00000000,0,NULL,NULL,0,NULL,0.00000000,0,1,NULL,NULL,'EUR',100.00000000,0.00000000,300.00000000,0.00000000,300.00000000),
(94,29,NULL,1,NULL,'A beatifull pink dress',NULL,0.000,'',0.000,'0',0.000,'0',5,0,0,NULL,100.00000000,0.00000000,500.00000000,0.00000000,0.00000000,0.00000000,500.00000000,0,NULL,NULL,0,NULL,0.00000000,0,2,NULL,NULL,'EUR',100.00000000,0.00000000,500.00000000,0.00000000,500.00000000),
(95,29,NULL,13,NULL,'A powerfull computer XP4523&nbsp;',NULL,0.000,'',0.000,'0',0.000,'0',2,0,0,NULL,100.00000000,0.00000000,200.00000000,0.00000000,0.00000000,0.00000000,200.00000000,0,NULL,NULL,0,NULL,0.00000000,0,3,NULL,NULL,'EUR',100.00000000,0.00000000,200.00000000,0.00000000,200.00000000),
(96,30,NULL,13,NULL,'A powerfull computer XP4523&nbsp;',NULL,0.000,'',0.000,'0',0.000,'0',4,0,0,NULL,100.00000000,0.00000000,400.00000000,0.00000000,0.00000000,0.00000000,400.00000000,0,NULL,NULL,0,NULL,0.00000000,0,1,NULL,NULL,'EUR',100.00000000,0.00000000,400.00000000,0.00000000,400.00000000),
(97,30,NULL,1,NULL,'A beatifull pink dress',NULL,0.000,'',0.000,'0',0.000,'0',2,0,0,NULL,100.00000000,0.00000000,200.00000000,0.00000000,0.00000000,0.00000000,200.00000000,0,NULL,NULL,0,NULL,0.00000000,0,2,NULL,NULL,'EUR',100.00000000,0.00000000,200.00000000,0.00000000,200.00000000),
(98,30,NULL,10,NULL,'A powerfull computer XP4523&nbsp;',NULL,0.000,'',0.000,'0',0.000,'0',2,0,0,NULL,100.00000000,0.00000000,200.00000000,0.00000000,0.00000000,0.00000000,200.00000000,0,NULL,NULL,0,NULL,0.00000000,0,3,NULL,NULL,'EUR',100.00000000,0.00000000,200.00000000,0.00000000,200.00000000),
(99,30,NULL,13,NULL,'A powerfull computer XP4523&nbsp;',NULL,0.000,'',0.000,'0',0.000,'0',4,0,0,NULL,100.00000000,0.00000000,400.00000000,0.00000000,0.00000000,0.00000000,400.00000000,0,NULL,NULL,0,NULL,0.00000000,0,4,NULL,NULL,'EUR',100.00000000,0.00000000,400.00000000,0.00000000,400.00000000),
(100,31,NULL,4,NULL,'Nice Bio Apple Pie.<br />\r\n&nbsp;',NULL,0.000,'',0.000,'0',0.000,'0',4,0,0,NULL,5.00000000,0.00000000,20.00000000,0.00000000,0.00000000,0.00000000,20.00000000,0,NULL,NULL,0,NULL,0.00000000,0,1,NULL,NULL,'EUR',5.00000000,0.00000000,20.00000000,0.00000000,20.00000000),
(101,31,NULL,13,NULL,'A powerfull computer XP4523&nbsp;',NULL,0.000,'',0.000,'0',0.000,'0',4,0,0,NULL,100.00000000,0.00000000,400.00000000,0.00000000,0.00000000,0.00000000,400.00000000,0,NULL,NULL,0,NULL,0.00000000,0,2,NULL,NULL,'EUR',100.00000000,0.00000000,400.00000000,0.00000000,400.00000000),
(102,31,NULL,13,NULL,'A powerfull computer XP4523&nbsp;',NULL,0.000,'',0.000,'0',0.000,'0',3,0,0,NULL,100.00000000,0.00000000,300.00000000,0.00000000,0.00000000,0.00000000,300.00000000,0,NULL,NULL,0,NULL,0.00000000,0,3,NULL,NULL,'EUR',100.00000000,0.00000000,300.00000000,0.00000000,300.00000000),
(103,31,NULL,3,NULL,'',NULL,0.000,'',0.000,'0',0.000,'0',2,0,0,NULL,NULL,0.00000000,0.00000000,0.00000000,0.00000000,0.00000000,0.00000000,0,NULL,NULL,0,NULL,0.00000000,0,4,NULL,NULL,'EUR',0.00000000,0.00000000,0.00000000,0.00000000,0.00000000),
(104,32,NULL,12,NULL,'Cloud hosting of Dolibarr ERP and CRM software',NULL,0.000,'',0.000,'0',0.000,'0',5,0,0,NULL,9.00000000,0.00000000,45.00000000,0.00000000,0.00000000,0.00000000,45.00000000,0,NULL,NULL,0,NULL,0.00000000,0,1,NULL,NULL,'EUR',9.00000000,0.00000000,45.00000000,0.00000000,45.00000000),
(105,32,NULL,10,NULL,'A powerfull computer XP4523&nbsp;',NULL,0.000,'',0.000,'0',0.000,'0',1,0,0,NULL,100.00000000,0.00000000,100.00000000,0.00000000,0.00000000,0.00000000,100.00000000,0,NULL,NULL,0,NULL,0.00000000,0,2,NULL,NULL,'EUR',100.00000000,0.00000000,100.00000000,0.00000000,100.00000000),
(106,32,NULL,12,NULL,'Cloud hosting of Dolibarr ERP and CRM software',NULL,0.000,'',0.000,'0',0.000,'0',5,0,0,NULL,9.00000000,0.00000000,45.00000000,0.00000000,0.00000000,0.00000000,45.00000000,0,NULL,NULL,0,NULL,0.00000000,0,3,NULL,NULL,'EUR',9.00000000,0.00000000,45.00000000,0.00000000,45.00000000),
(107,32,NULL,13,NULL,'A powerfull computer XP4523&nbsp;',NULL,0.000,'',0.000,'0',0.000,'0',4,0,0,NULL,100.00000000,0.00000000,400.00000000,0.00000000,0.00000000,0.00000000,400.00000000,0,NULL,NULL,0,NULL,0.00000000,0,4,NULL,NULL,'EUR',100.00000000,0.00000000,400.00000000,0.00000000,400.00000000),
(108,32,NULL,12,NULL,'Cloud hosting of Dolibarr ERP and CRM software',NULL,0.000,'',0.000,'0',0.000,'0',2,0,0,NULL,9.00000000,0.00000000,18.00000000,0.00000000,0.00000000,0.00000000,18.00000000,0,NULL,NULL,0,NULL,0.00000000,0,5,NULL,NULL,'EUR',9.00000000,0.00000000,18.00000000,0.00000000,18.00000000),
(109,10,NULL,NULL,NULL,'fdfd',NULL,0.000,'',0.000,'0',0.000,'0',1,0,0,NULL,10.00000000,0.00000000,10.00000000,0.00000000,0.00000000,0.00000000,10.00000000,0,NULL,NULL,0,NULL,0.00000000,0,1,NULL,NULL,'',10.00000000,0.00000000,10.00000000,0.00000000,10.00000000),
(110,33,NULL,3,NULL,'aaa',NULL,0.000,'',0.000,'0',0.000,'0',1,0,0,NULL,0.00000000,0.00000000,0.00000000,0.00000000,0.00000000,0.00000000,0.00000000,1,NULL,NULL,0,NULL,0.00000000,0,1,NULL,1,'EUR',0.00000000,0.00000000,0.00000000,0.00000000,0.00000000),
(111,34,NULL,NULL,NULL,'fd',NULL,0.000,'',0.000,'0',0.000,'0',1,0,0,NULL,10.00000000,0.00000000,10.00000000,0.00000000,0.00000000,0.00000000,10.00000000,0,NULL,NULL,0,NULL,0.00000000,0,1,NULL,1,'EUR',10.00000000,0.00000000,10.00000000,0.00000000,10.00000000),
(114,22,NULL,11,NULL,'A nice rollup',NULL,0.000,'',0.000,'0',0.000,'0',1,0,0,NULL,0.00000000,0.00000000,0.00000000,0.00000000,0.00000000,0.00000000,0.00000000,0,NULL,NULL,0,NULL,0.00000000,0,3,NULL,NULL,'EUR',0.00000000,0.00000000,0.00000000,0.00000000,0.00000000),
(115,35,NULL,11,NULL,'A nice rollup',NULL,0.000,'',0.000,'0',0.000,'0',1,0,0,NULL,0.00000000,0.00000000,0.00000000,0.00000000,0.00000000,0.00000000,0.00000000,0,NULL,NULL,0,NULL,12.00000000,0,1,NULL,1,'EUR',0.00000000,0.00000000,0.00000000,0.00000000,0.00000000),
(116,35,NULL,4,NULL,'Nice Bio Apple Pie.<br />\r\n&nbsp;',NULL,0.000,'',0.000,'0',0.000,'0',1,0,0,NULL,5.00000000,0.00000000,5.00000000,0.00000000,0.00000000,0.00000000,5.00000000,0,NULL,NULL,0,NULL,10.00000000,0,2,NULL,1,'EUR',5.00000000,0.00000000,5.00000000,0.00000000,5.00000000),
(119,36,NULL,4,NULL,'Nice Bio Apple Pie.<br />\r\n&nbsp;',NULL,4.000,'',0.000,'0',0.000,'0',1,0,0,6,6.00000000,0.00000000,6.00000000,0.24000000,0.00000000,0.00000000,6.24000000,0,NULL,NULL,0,NULL,10.00000000,0,1,NULL,1,'EUR',6.00000000,0.00000000,6.00000000,0.24000000,6.24000000),
(120,37,NULL,4,NULL,'Nice Bio Apple Pie.<br />\r\n&nbsp;',NULL,0.000,'',0.000,'0',0.000,'0',1,0,0,NULL,10.00000000,0.00000000,10.00000000,0.00000000,0.00000000,0.00000000,10.00000000,0,NULL,NULL,0,NULL,10.00000000,0,1,NULL,1,'EUR',10.00000000,0.00000000,10.00000000,0.00000000,10.00000000),
(121,36,NULL,NULL,NULL,'aaa',NULL,0.000,'',0.000,'0',0.000,'0',1,0,0,-2,-2.00000000,0.00000000,-2.00000000,0.00000000,0.00000000,0.00000000,-2.00000000,0,NULL,NULL,0,NULL,0.00000000,0,2,NULL,1,'EUR',-2.00000000,0.00000000,-2.00000000,0.00000000,-2.00000000),
(122,22,NULL,NULL,NULL,'1',NULL,5.500,'',0.000,'0',0.000,'0',1,0,0,NULL,1.00000000,0.00000000,1.00000000,0.06000000,0.00000000,0.00000000,1.06000000,0,NULL,NULL,0,NULL,0.00000000,0,4,NULL,NULL,'EUR',1.00000000,0.00000000,1.00000000,0.06000000,1.06000000),
(123,22,NULL,NULL,NULL,'aaa',NULL,5.500,'',0.000,'0',0.000,'0',1,0,0,NULL,1.00000000,0.00000000,1.00000000,0.06000000,0.00000000,0.00000000,1.06000000,0,NULL,NULL,0,NULL,0.00000000,0,5,NULL,NULL,'EUR',1.00000000,0.00000000,1.00000000,0.06000000,1.06000000),
(124,22,NULL,NULL,NULL,'aaa',NULL,5.500,'aaa',0.000,'0',0.000,'0',1,0,0,0,1.00000000,0.00000000,1.00000000,0.06000000,0.00000000,0.00000000,1.06000000,0,NULL,NULL,0,NULL,0.00000000,0,6,NULL,NULL,'EUR',1.00000000,0.00000000,1.00000000,0.06000000,1.06000000),
(125,22,NULL,NULL,NULL,'a',NULL,5.500,'aaa',0.000,'0',0.000,'0',1,0,0,0,1.00000000,0.00000000,1.00000000,0.06000000,0.00000000,0.00000000,1.06000000,0,NULL,NULL,0,NULL,0.00000000,0,7,NULL,NULL,'EUR',1.00000000,0.00000000,1.00000000,0.06000000,1.06000000),
(126,22,NULL,NULL,NULL,'a',NULL,5.500,'bbb',0.000,'0',0.000,'0',1,0,0,NULL,1.00000000,0.00000000,1.00000000,0.06000000,0.00000000,0.00000000,1.06000000,1,NULL,NULL,0,NULL,0.00000000,0,8,NULL,NULL,'EUR',1.00000000,0.00000000,1.00000000,0.06000000,1.06000000),
(127,39,NULL,NULL,NULL,'aaa',NULL,0.000,'CGST+SGST',9.000,'1',9.000,'1',1,0,0,NULL,10.00000000,0.00000000,10.00000000,0.00000000,0.90000000,0.90000000,11.80000000,0,NULL,NULL,0,NULL,0.00000000,0,1,NULL,1,'EUR',10.00000000,0.00000000,10.00000000,0.00000000,11.80000000),
(128,39,NULL,NULL,NULL,'mmm',NULL,18.000,'IGST',0.000,'0',0.000,'0',1,0,0,NULL,10.00000000,0.00000000,10.00000000,1.80000000,0.00000000,0.00000000,11.80000000,0,NULL,NULL,0,NULL,0.00000000,0,2,NULL,1,'EUR',10.00000000,0.00000000,10.00000000,1.80000000,11.80000000),
(129,39,NULL,NULL,NULL,'aaa',NULL,18.000,'IGST',0.000,'0',0.000,'0',1,0,0,0,10.16949000,0.00000000,10.17000000,1.83000000,0.00000000,0.00000000,12.00000000,1,NULL,NULL,0,NULL,0.00000000,0,3,NULL,1,'EUR',10.16949000,0.00000000,10.17000000,1.83000000,12.00000000),
(130,39,NULL,NULL,NULL,'hhhh',NULL,0.000,'CGST+SGST',9.000,'1',9.000,'1',1,0,0,0,11.80000000,0.00000000,11.80000000,0.00000000,1.06000000,1.06000000,13.92000000,1,NULL,NULL,0,NULL,0.00000000,0,4,NULL,1,'EUR',11.80000000,0.00000000,11.80000000,0.00000000,13.92000000);

--
-- Table structure for table `llx_propaldet_extrafields`
--

CREATE TABLE `llx_propaldet_extrafields` (
  `rowid` int(11) NOT NULL AUTO_INCREMENT,
  `tms` timestamp NOT NULL DEFAULT current_timestamp() ON UPDATE current_timestamp(),
  `fk_object` int(11) NOT NULL,
  `import_key` varchar(14) DEFAULT NULL,
  PRIMARY KEY (`rowid`),
  UNIQUE KEY `uk_propaldet_extrafields` (`fk_object`)
) ENGINE=InnoDB DEFAULT CHARSET=utf8mb3 COLLATE=utf8mb3_unicode_ci;

--
-- Dumping data for table `llx_propaldet_extrafields`
--


--
-- Table structure for table `llx_reception`
--

CREATE TABLE `llx_reception` (
  `rowid` int(11) NOT NULL AUTO_INCREMENT,
  `tms` timestamp NOT NULL DEFAULT current_timestamp() ON UPDATE current_timestamp(),
  `ref` varchar(30) NOT NULL,
  `entity` int(11) NOT NULL DEFAULT 1,
  `fk_soc` int(11) NOT NULL,
  `fk_projet` int(11) DEFAULT NULL,
  `ref_ext` varchar(30) DEFAULT NULL,
  `ref_int` varchar(30) DEFAULT NULL,
  `ref_supplier` varchar(255) DEFAULT NULL,
  `date_creation` datetime DEFAULT NULL,
  `fk_user_author` int(11) DEFAULT NULL,
  `fk_user_modif` int(11) DEFAULT NULL,
  `date_valid` datetime DEFAULT NULL,
  `fk_user_valid` int(11) DEFAULT NULL,
  `date_delivery` datetime DEFAULT NULL,
  `date_reception` datetime DEFAULT NULL,
  `fk_shipping_method` int(11) DEFAULT NULL,
  `tracking_number` varchar(50) DEFAULT NULL,
  `fk_statut` smallint(6) DEFAULT 0,
  `billed` smallint(6) DEFAULT 0,
  `height` float DEFAULT NULL,
  `width` float DEFAULT NULL,
  `size_units` int(11) DEFAULT NULL,
  `size` float DEFAULT NULL,
  `weight_units` int(11) DEFAULT NULL,
  `weight` float DEFAULT NULL,
  `note_private` text DEFAULT NULL,
  `note_public` text DEFAULT NULL,
  `model_pdf` varchar(255) DEFAULT NULL,
  `fk_incoterms` int(11) DEFAULT NULL,
  `location_incoterms` varchar(255) DEFAULT NULL,
  `import_key` varchar(14) DEFAULT NULL,
  `extraparams` varchar(255) DEFAULT NULL,
  PRIMARY KEY (`rowid`),
  UNIQUE KEY `idx_reception_uk_ref` (`ref`,`entity`),
  KEY `idx_reception_fk_soc` (`fk_soc`),
  KEY `idx_reception_fk_user_author` (`fk_user_author`),
  KEY `idx_reception_fk_user_valid` (`fk_user_valid`),
  KEY `idx_reception_fk_shipping_method` (`fk_shipping_method`),
  CONSTRAINT `fk_reception_fk_shipping_method` FOREIGN KEY (`fk_shipping_method`) REFERENCES `llx_c_shipment_mode` (`rowid`),
  CONSTRAINT `fk_reception_fk_soc` FOREIGN KEY (`fk_soc`) REFERENCES `llx_societe` (`rowid`),
  CONSTRAINT `fk_reception_fk_user_author` FOREIGN KEY (`fk_user_author`) REFERENCES `llx_user` (`rowid`),
  CONSTRAINT `fk_reception_fk_user_valid` FOREIGN KEY (`fk_user_valid`) REFERENCES `llx_user` (`rowid`)
) ENGINE=InnoDB AUTO_INCREMENT=2 DEFAULT CHARSET=utf8mb3 COLLATE=utf8mb3_unicode_ci;

--
-- Dumping data for table `llx_reception`
--

INSERT INTO `llx_reception` VALUES
(1,'2021-04-15 11:41:05','RCP2104-0001',1,1,10,NULL,NULL,NULL,'2021-04-15 08:40:04',12,NULL,'2021-04-15 08:40:18',12,'2021-04-23 00:00:00',NULL,NULL,'',1,0,NULL,NULL,0,NULL,0,NULL,NULL,NULL,NULL,0,'',NULL,NULL);

--
-- Table structure for table `llx_reception_extrafields`
--

CREATE TABLE `llx_reception_extrafields` (
  `rowid` int(11) NOT NULL AUTO_INCREMENT,
  `tms` timestamp NOT NULL DEFAULT current_timestamp() ON UPDATE current_timestamp(),
  `fk_object` int(11) NOT NULL,
  `import_key` varchar(14) DEFAULT NULL,
  PRIMARY KEY (`rowid`),
  UNIQUE KEY `uk_reception_extrafields` (`fk_object`)
) ENGINE=InnoDB DEFAULT CHARSET=utf8mb3 COLLATE=utf8mb3_unicode_ci;

--
-- Dumping data for table `llx_reception_extrafields`
--


--
-- Table structure for table `llx_receptiondet_batch`
--

CREATE TABLE `llx_receptiondet_batch` (
  `rowid` int(11) NOT NULL AUTO_INCREMENT,
  `fk_element` int(11) DEFAULT NULL,
  `fk_product` int(11) DEFAULT NULL,
  `fk_elementdet` int(11) DEFAULT NULL,
  `qty` float DEFAULT NULL,
  `fk_entrepot` int(11) DEFAULT NULL,
  `fk_user` int(11) DEFAULT NULL,
  `datec` datetime DEFAULT NULL,
  `comment` varchar(255) DEFAULT NULL,
  `status` int(11) DEFAULT NULL,
  `tms` timestamp NOT NULL DEFAULT current_timestamp() ON UPDATE current_timestamp(),
  `batch` varchar(128) DEFAULT NULL,
  `eatby` date DEFAULT NULL,
  `sellby` date DEFAULT NULL,
  `fk_projet` int(11) DEFAULT NULL,
  `fk_reception` int(11) DEFAULT NULL,
  `cost_price` double(24,8) DEFAULT 0.00000000,
  `element_type` varchar(50) NOT NULL DEFAULT 'supplier_order',
  PRIMARY KEY (`rowid`),
  KEY `idx_commande_fournisseur_dispatch_fk_commande` (`fk_element`),
  KEY `idx_commande_fournisseur_dispatch_fk_product` (`fk_product`),
  KEY `idx_commande_fournisseur_dispatch_fk_commandefourndet` (`fk_elementdet`),
  KEY `idx_receptiondet_batch_fk_element` (`fk_element`)
) ENGINE=InnoDB AUTO_INCREMENT=2 DEFAULT CHARSET=utf8mb3 COLLATE=utf8mb3_unicode_ci;

--
-- Dumping data for table `llx_receptiondet_batch`
--

INSERT INTO `llx_receptiondet_batch` VALUES
(1,2,4,2,1,20,12,'2021-04-15 08:40:04','',1,'2021-04-15 11:40:04','Lot 2021-02',NULL,NULL,NULL,1,0.00000000,'supplier_order');

--
-- Table structure for table `llx_receptiondet_batch_extrafields`
--

CREATE TABLE `llx_receptiondet_batch_extrafields` (
  `rowid` int(11) NOT NULL AUTO_INCREMENT,
  `tms` timestamp NOT NULL DEFAULT current_timestamp() ON UPDATE current_timestamp(),
  `fk_object` int(11) NOT NULL,
  `import_key` varchar(14) DEFAULT NULL,
  PRIMARY KEY (`rowid`),
  KEY `idx_commande_fournisseur_dispatch_extrafields` (`fk_object`)
) ENGINE=InnoDB DEFAULT CHARSET=utf8mb3 COLLATE=utf8mb3_unicode_ci;

--
-- Dumping data for table `llx_receptiondet_batch_extrafields`
--


--
-- Table structure for table `llx_recruitment_recruitmentcandidature`
--

CREATE TABLE `llx_recruitment_recruitmentcandidature` (
  `rowid` int(11) NOT NULL AUTO_INCREMENT,
  `fk_recruitmentjobposition` int(11) DEFAULT NULL,
  `ref` varchar(128) CHARACTER SET utf8mb4 COLLATE utf8mb4_general_ci NOT NULL DEFAULT '(PROV)',
  `description` text CHARACTER SET utf8mb4 COLLATE utf8mb4_general_ci DEFAULT NULL,
  `note_public` text CHARACTER SET utf8mb4 COLLATE utf8mb4_general_ci DEFAULT NULL,
  `note_private` text CHARACTER SET utf8mb4 COLLATE utf8mb4_general_ci DEFAULT NULL,
  `date_creation` datetime NOT NULL,
  `tms` timestamp NOT NULL DEFAULT current_timestamp() ON UPDATE current_timestamp(),
  `fk_user_creat` int(11) DEFAULT NULL,
  `fk_user_modif` int(11) DEFAULT NULL,
  `import_key` varchar(14) CHARACTER SET utf8mb4 COLLATE utf8mb4_general_ci DEFAULT NULL,
  `model_pdf` varchar(255) CHARACTER SET utf8mb4 COLLATE utf8mb4_general_ci DEFAULT NULL,
  `status` smallint(6) NOT NULL,
  `firstname` varchar(128) CHARACTER SET utf8mb4 COLLATE utf8mb4_general_ci DEFAULT NULL,
  `lastname` varchar(128) CHARACTER SET utf8mb4 COLLATE utf8mb4_general_ci DEFAULT NULL,
  `email` varchar(255) CHARACTER SET utf8mb4 COLLATE utf8mb4_general_ci DEFAULT NULL,
  `phone` varchar(64) CHARACTER SET utf8mb4 COLLATE utf8mb4_general_ci DEFAULT NULL,
  `remuneration_requested` int(11) DEFAULT NULL,
  `remuneration_proposed` int(11) DEFAULT NULL,
  `fk_recruitment_origin` int(11) DEFAULT NULL,
  `email_msgid` varchar(175) DEFAULT NULL,
  `email_date` datetime DEFAULT NULL,
  `entity` int(11) NOT NULL DEFAULT 1,
  `date_birth` date DEFAULT NULL,
  `fk_user` int(11) DEFAULT NULL,
  `ip` varchar(250) DEFAULT NULL,
  PRIMARY KEY (`rowid`),
  UNIQUE KEY `uk_recruitmentcandidature_email_msgid` (`email_msgid`),
  KEY `idx_recruitment_recruitmentcandidature_rowid` (`rowid`),
  KEY `idx_recruitment_recruitmentcandidature_ref` (`ref`),
  KEY `llx_recruitment_recruitmentcandidature_fk_user_creat` (`fk_user_creat`),
  KEY `idx_recruitment_recruitmentcandidature_status` (`status`),
  CONSTRAINT `llx_recruitment_recruitmentcandidature_fk_user_creat` FOREIGN KEY (`fk_user_creat`) REFERENCES `llx_user` (`rowid`)
) ENGINE=InnoDB AUTO_INCREMENT=120 DEFAULT CHARSET=utf8mb3 COLLATE=utf8mb3_unicode_ci;

--
-- Dumping data for table `llx_recruitment_recruitmentcandidature`
--

INSERT INTO `llx_recruitment_recruitmentcandidature` VALUES
(118,3,'(PROV118)','',NULL,NULL,'2021-04-15 07:28:32','2021-04-15 10:28:32',12,NULL,NULL,NULL,0,'Stud','Studson','student1@myschool.com','',20000,NULL,NULL,NULL,NULL,1,'2005-04-15',NULL,NULL),
(119,4,'(PROV119)','',NULL,NULL,'2021-04-15 07:29:26','2021-04-15 10:29:26',12,NULL,NULL,NULL,3,'Garfield','Erika','egarfield@example.com','',40000,NULL,NULL,NULL,NULL,1,'1990-04-15',NULL,NULL);

--
-- Table structure for table `llx_recruitment_recruitmentcandidature_extrafields`
--

CREATE TABLE `llx_recruitment_recruitmentcandidature_extrafields` (
  `rowid` int(11) NOT NULL AUTO_INCREMENT,
  `tms` timestamp NOT NULL DEFAULT current_timestamp() ON UPDATE current_timestamp(),
  `fk_object` int(11) NOT NULL,
  `import_key` varchar(14) CHARACTER SET utf8mb4 COLLATE utf8mb4_general_ci DEFAULT NULL,
  `aa` varchar(255) CHARACTER SET utf8mb4 COLLATE utf8mb4_general_ci DEFAULT NULL,
  PRIMARY KEY (`rowid`),
  UNIQUE KEY `uk_recruitmentcandidature_fk_object` (`fk_object`),
  KEY `idx_fk_object` (`fk_object`)
) ENGINE=InnoDB AUTO_INCREMENT=22 DEFAULT CHARSET=utf8mb3 COLLATE=utf8mb3_unicode_ci;

--
-- Dumping data for table `llx_recruitment_recruitmentcandidature_extrafields`
--

INSERT INTO `llx_recruitment_recruitmentcandidature_extrafields` VALUES
(16,'2020-08-25 10:40:58',95,NULL,NULL),
(17,'2020-08-25 10:52:58',72,NULL,NULL),
(18,'2020-09-06 09:44:55',65,NULL,'fdsfsd'),
(19,'2020-09-15 22:45:41',67,NULL,NULL),
(20,'2020-11-04 10:14:10',112,NULL,NULL),
(21,'2020-11-04 12:02:32',68,NULL,'aaaa');

--
-- Table structure for table `llx_recruitment_recruitmentjobposition`
--

CREATE TABLE `llx_recruitment_recruitmentjobposition` (
  `rowid` int(11) NOT NULL AUTO_INCREMENT,
  `ref` varchar(128) CHARACTER SET utf8mb4 COLLATE utf8mb4_general_ci NOT NULL DEFAULT '(PROV)',
  `label` varchar(255) CHARACTER SET utf8mb4 COLLATE utf8mb4_general_ci NOT NULL,
  `qty` int(11) NOT NULL DEFAULT 1,
  `fk_soc` int(11) DEFAULT NULL,
  `fk_project` int(11) DEFAULT NULL,
  `fk_user_recruiter` int(11) DEFAULT NULL,
  `fk_user_supervisor` int(11) DEFAULT NULL,
  `fk_establishment` int(11) DEFAULT NULL,
  `date_planned` date DEFAULT NULL,
  `description` text CHARACTER SET utf8mb4 COLLATE utf8mb4_general_ci DEFAULT NULL,
  `note_public` text CHARACTER SET utf8mb4 COLLATE utf8mb4_general_ci DEFAULT NULL,
  `note_private` text CHARACTER SET utf8mb4 COLLATE utf8mb4_general_ci DEFAULT NULL,
  `date_creation` datetime NOT NULL,
  `tms` timestamp NOT NULL DEFAULT current_timestamp() ON UPDATE current_timestamp(),
  `fk_user_creat` int(11) NOT NULL,
  `fk_user_modif` int(11) DEFAULT NULL,
  `import_key` varchar(14) CHARACTER SET utf8mb4 COLLATE utf8mb4_general_ci DEFAULT NULL,
  `model_pdf` varchar(255) CHARACTER SET utf8mb4 COLLATE utf8mb4_general_ci DEFAULT NULL,
  `status` smallint(6) NOT NULL,
  `last_main_doc` varchar(255) CHARACTER SET utf8mb4 COLLATE utf8mb4_general_ci DEFAULT NULL,
  `email_recruiter` varchar(255) CHARACTER SET utf8mb4 COLLATE utf8mb4_general_ci DEFAULT NULL,
  `entity` int(11) NOT NULL DEFAULT 1,
  `remuneration` varchar(255) CHARACTER SET utf8mb4 COLLATE utf8mb4_general_ci DEFAULT NULL,
  `remuneration_suggested` varchar(255) CHARACTER SET utf8mb4 COLLATE utf8mb4_general_ci DEFAULT NULL,
  PRIMARY KEY (`rowid`),
  KEY `idx_recruitment_recruitmentjobposition_rowid` (`rowid`),
  KEY `idx_recruitment_recruitmentjobposition_ref` (`ref`),
  KEY `idx_recruitment_recruitmentjobposition_fk_soc` (`fk_soc`),
  KEY `idx_recruitment_recruitmentjobposition_fk_project` (`fk_project`),
  KEY `llx_recruitment_recruitmentjobposition_fk_user_recruiter` (`fk_user_recruiter`),
  KEY `llx_recruitment_recruitmentjobposition_fk_user_supervisor` (`fk_user_supervisor`),
  KEY `llx_recruitment_recruitmentjobposition_fk_establishment` (`fk_establishment`),
  KEY `llx_recruitment_recruitmentjobposition_fk_user_creat` (`fk_user_creat`),
  KEY `idx_recruitment_recruitmentjobposition_status` (`status`),
  CONSTRAINT `llx_recruitment_recruitmentjobposition_fk_establishment` FOREIGN KEY (`fk_establishment`) REFERENCES `llx_establishment` (`rowid`),
  CONSTRAINT `llx_recruitment_recruitmentjobposition_fk_user_creat` FOREIGN KEY (`fk_user_creat`) REFERENCES `llx_user` (`rowid`),
  CONSTRAINT `llx_recruitment_recruitmentjobposition_fk_user_recruiter` FOREIGN KEY (`fk_user_recruiter`) REFERENCES `llx_user` (`rowid`),
  CONSTRAINT `llx_recruitment_recruitmentjobposition_fk_user_supervisor` FOREIGN KEY (`fk_user_supervisor`) REFERENCES `llx_user` (`rowid`)
) ENGINE=InnoDB AUTO_INCREMENT=5 DEFAULT CHARSET=utf8mb3 COLLATE=utf8mb3_unicode_ci;

--
-- Dumping data for table `llx_recruitment_recruitmentjobposition`
--

INSERT INTO `llx_recruitment_recruitmentjobposition` VALUES
(2,'JOB2008-0001','Web designer',1,NULL,NULL,12,NULL,9,NULL,'Knowing HTML + CSS',NULL,'','2020-08-06 13:25:00','2020-09-02 17:17:47',12,12,NULL,'standard_recruitmentjobposition',3,'recruitment/recruitmentjobposition/JOB2008-0001/JOB2008-0001.pdf','',1,NULL,'To negociate'),
(3,'JOB2009-0002','PHP Developer Senior',1,NULL,NULL,12,NULL,NULL,NULL,'5 years of experience required<br />\r\n<br />\r\nLocation: Berlin<br />\r\n&nbsp;',NULL,'','2020-09-02 17:23:00','2023-01-10 21:14:30',12,12,NULL,NULL,1,'recruitment/recruitmentjobposition/JOB2009-0002/JOB2009-0002.pdf','',1,NULL,'40000 - 50000'),
(4,'JOB2009-0003','PHP Developer Junior',1,NULL,NULL,12,NULL,NULL,NULL,'Location: Madrid<br />\r\nWe are looking for a curious developer to work in our Web division.',NULL,NULL,'2020-11-11 17:24:00','2020-11-03 13:58:06',12,12,NULL,NULL,1,'recruitment/recruitmentjobposition/JOB2009-0003/JOB2009-0003.pdf','4444',1,NULL,'');

--
-- Table structure for table `llx_recruitment_recruitmentjobposition_extrafields`
--

CREATE TABLE `llx_recruitment_recruitmentjobposition_extrafields` (
  `rowid` int(11) NOT NULL AUTO_INCREMENT,
  `tms` timestamp NOT NULL DEFAULT current_timestamp() ON UPDATE current_timestamp(),
  `fk_object` int(11) NOT NULL,
  `import_key` varchar(14) CHARACTER SET utf8mb4 COLLATE utf8mb4_general_ci DEFAULT NULL,
  `bbb` double(24,8) DEFAULT NULL,
  PRIMARY KEY (`rowid`),
  UNIQUE KEY `uk_recruitmentjobposition_fk_object` (`fk_object`),
  KEY `idx_fk_object` (`fk_object`)
) ENGINE=InnoDB AUTO_INCREMENT=19 DEFAULT CHARSET=utf8mb3 COLLATE=utf8mb3_unicode_ci;

--
-- Dumping data for table `llx_recruitment_recruitmentjobposition_extrafields`
--

INSERT INTO `llx_recruitment_recruitmentjobposition_extrafields` VALUES
(6,'2020-09-06 18:39:58',2,NULL,NULL),
(7,'2020-11-03 13:54:53',3,NULL,5.00000000),
(18,'2020-11-09 08:51:51',4,NULL,NULL);

--
-- Table structure for table `llx_resource`
--

CREATE TABLE `llx_resource` (
  `rowid` int(11) NOT NULL AUTO_INCREMENT,
  `entity` int(11) NOT NULL DEFAULT 1,
  `ref` varchar(255) DEFAULT NULL,
  `asset_number` varchar(255) DEFAULT NULL,
  `description` text DEFAULT NULL,
  `fk_code_type_resource` varchar(32) DEFAULT NULL,
  `address` varchar(255) DEFAULT NULL,
  `zip` varchar(25) DEFAULT NULL,
  `town` varchar(50) DEFAULT NULL,
  `photo_filename` varchar(255) DEFAULT NULL,
  `max_users` int(11) DEFAULT NULL,
  `phone` varchar(255) DEFAULT NULL,
  `email` varchar(255) DEFAULT NULL,
  `url` varchar(255) DEFAULT NULL,
  `note_public` text DEFAULT NULL,
  `note_private` text DEFAULT NULL,
  `tms` timestamp NOT NULL DEFAULT current_timestamp() ON UPDATE current_timestamp(),
  `datec` datetime DEFAULT NULL,
  `date_valid` datetime DEFAULT NULL,
  `fk_user_author` int(11) DEFAULT NULL,
  `fk_user_modif` int(11) DEFAULT NULL,
  `fk_user_valid` int(11) DEFAULT NULL,
  `fk_statut` smallint(6) NOT NULL DEFAULT 0,
  `import_key` varchar(14) DEFAULT NULL,
  `extraparams` varchar(255) DEFAULT NULL,
  `fk_country` int(11) DEFAULT NULL,
  `fk_state` int(11) DEFAULT NULL,
  PRIMARY KEY (`rowid`),
  UNIQUE KEY `uk_resource_ref` (`ref`,`entity`),
  KEY `fk_code_type_resource_idx` (`fk_code_type_resource`),
  KEY `idx_resource_fk_country` (`fk_country`),
  KEY `idx_resource_fk_state` (`fk_state`),
  CONSTRAINT `fk_resource_fk_country` FOREIGN KEY (`fk_country`) REFERENCES `llx_c_country` (`rowid`)
) ENGINE=InnoDB AUTO_INCREMENT=5 DEFAULT CHARSET=utf8mb3 COLLATE=utf8mb3_unicode_ci;

--
-- Dumping data for table `llx_resource`
--

INSERT INTO `llx_resource` VALUES
(1,1,'Car Kangoo 1',NULL,'Car number 1 - Num XDF-45-GH','RES_CARS',NULL,NULL,NULL,NULL,NULL,NULL,NULL,NULL,NULL,NULL,'2017-02-20 16:44:12',NULL,NULL,NULL,NULL,NULL,0,NULL,NULL,NULL,NULL),
(2,1,'Car Kangoo 2',NULL,'Car number 2 - Num GHY-78-JJ','RES_CARS',NULL,NULL,NULL,NULL,NULL,NULL,NULL,NULL,NULL,NULL,'2017-02-20 16:44:01',NULL,NULL,NULL,NULL,NULL,0,NULL,NULL,NULL,NULL),
(3,1,'Meeting room - 14p',NULL,'Meeting room<br />\r\n14 places','RES_ROOMS',NULL,NULL,NULL,NULL,NULL,NULL,NULL,NULL,NULL,NULL,'2017-02-20 16:44:38',NULL,NULL,NULL,NULL,NULL,0,NULL,NULL,NULL,NULL),
(4,1,'Meeting room - 8p',NULL,'Meeting room 8 places','RES_ROOMS',NULL,NULL,NULL,NULL,NULL,NULL,NULL,NULL,NULL,NULL,'2020-06-12 17:14:48',NULL,NULL,NULL,NULL,NULL,0,NULL,NULL,NULL,NULL);

--
-- Table structure for table `llx_resource_extrafields`
--

CREATE TABLE `llx_resource_extrafields` (
  `rowid` int(11) NOT NULL AUTO_INCREMENT,
  `tms` timestamp NOT NULL DEFAULT current_timestamp() ON UPDATE current_timestamp(),
  `fk_object` int(11) NOT NULL,
  `import_key` varchar(14) DEFAULT NULL,
  PRIMARY KEY (`rowid`),
  UNIQUE KEY `uk_resource_extrafields` (`fk_object`)
) ENGINE=InnoDB DEFAULT CHARSET=utf8mb3 COLLATE=utf8mb3_unicode_ci;

--
-- Dumping data for table `llx_resource_extrafields`
--


--
-- Table structure for table `llx_rights_def`
--

CREATE TABLE `llx_rights_def` (
  `id` int(11) NOT NULL DEFAULT 0,
  `libelle` varchar(255) DEFAULT NULL,
  `module` varchar(64) DEFAULT NULL,
  `module_origin` varchar(64) DEFAULT NULL,
  `entity` int(11) NOT NULL DEFAULT 1,
  `perms` varchar(50) DEFAULT NULL,
  `subperms` varchar(50) DEFAULT NULL,
  `type` varchar(1) DEFAULT NULL,
  `bydefault` tinyint(4) DEFAULT 0,
  `enabled` text DEFAULT NULL,
  `module_position` int(11) NOT NULL DEFAULT 0,
  `family_position` int(11) NOT NULL DEFAULT 0,
  `tms` timestamp NOT NULL DEFAULT current_timestamp() ON UPDATE current_timestamp(),
  PRIMARY KEY (`id`,`entity`)
) ENGINE=InnoDB DEFAULT CHARSET=utf8mb3 COLLATE=utf8mb3_unicode_ci;

--
-- Dumping data for table `llx_rights_def`
--



--
-- Table structure for table `llx_salary`
--

CREATE TABLE `llx_salary` (
  `rowid` int(11) NOT NULL AUTO_INCREMENT,
  `ref` varchar(30) DEFAULT NULL,
  `tms` timestamp NOT NULL DEFAULT current_timestamp() ON UPDATE current_timestamp(),
  `datec` datetime DEFAULT NULL,
  `fk_user` int(11) NOT NULL,
  `datep` date DEFAULT NULL,
  `datev` date DEFAULT NULL,
  `salary` double(24,8) DEFAULT NULL,
  `amount` double(24,8) NOT NULL DEFAULT 0.00000000,
  `fk_projet` int(11) DEFAULT NULL,
  `fk_typepayment` int(11) NOT NULL,
  `num_payment` varchar(50) DEFAULT NULL,
  `label` varchar(255) DEFAULT NULL,
  `datesp` date DEFAULT NULL,
  `dateep` date DEFAULT NULL,
  `entity` int(11) NOT NULL DEFAULT 1,
  `note` text DEFAULT NULL,
  `fk_bank` int(11) DEFAULT NULL,
  `paye` smallint(6) NOT NULL DEFAULT 0,
  `fk_account` int(11) DEFAULT NULL,
  `fk_user_author` int(11) DEFAULT NULL,
  `fk_user_modif` int(11) DEFAULT NULL,
  `ref_ext` varchar(255) DEFAULT NULL,
  `note_public` text DEFAULT NULL,
  PRIMARY KEY (`rowid`)
) ENGINE=InnoDB AUTO_INCREMENT=5 DEFAULT CHARSET=utf8mb3 COLLATE=utf8mb3_unicode_ci;

--
-- Dumping data for table `llx_salary`
--

INSERT INTO `llx_salary` VALUES
(1,'1','2023-08-15 10:42:28',NULL,19,NULL,NULL,NULL,1000.00000000,0,2,NULL,'Salary payment','2019-09-01','2019-09-30',1,'',42,1,NULL,0,12,NULL,NULL),
(4,NULL,'2023-08-15 10:42:34','2023-01-06 12:36:21',4,NULL,NULL,NULL,100.00000000,0,6,NULL,'Salary payment','2022-12-01','2022-12-31',1,'',NULL,1,4,12,12,NULL,NULL);

--
-- Table structure for table `llx_salary_extrafields`
--

CREATE TABLE `llx_salary_extrafields` (
  `rowid` int(11) NOT NULL AUTO_INCREMENT,
  `tms` timestamp NOT NULL DEFAULT current_timestamp() ON UPDATE current_timestamp(),
  `fk_object` int(11) NOT NULL,
  `import_key` varchar(14) DEFAULT NULL,
  PRIMARY KEY (`rowid`),
  UNIQUE KEY `uk_salary_extrafields` (`fk_object`)
) ENGINE=InnoDB DEFAULT CHARSET=utf8mb3 COLLATE=utf8mb3_unicode_ci;

--
-- Dumping data for table `llx_salary_extrafields`
--


--
-- Table structure for table `llx_session`
--

CREATE TABLE `llx_session` (
  `session_id` varchar(50) CHARACTER SET utf8mb4 COLLATE utf8mb4_general_ci NOT NULL,
  `session_variable` text CHARACTER SET utf8mb4 COLLATE utf8mb4_general_ci DEFAULT NULL,
  `last_accessed` datetime NOT NULL,
  `fk_user` int(11) NOT NULL,
  `remote_ip` varchar(64) CHARACTER SET utf8mb4 COLLATE utf8mb4_general_ci DEFAULT NULL,
  `user_agent` varchar(255) DEFAULT NULL,
  PRIMARY KEY (`session_id`)
) ENGINE=InnoDB DEFAULT CHARSET=utf8mb3 COLLATE=utf8mb3_unicode_ci;

--
-- Dumping data for table `llx_session`
--


--
-- Table structure for table `llx_societe`
--

CREATE TABLE `llx_societe` (
  `rowid` int(11) NOT NULL AUTO_INCREMENT,
  `statut` tinyint(4) DEFAULT 0,
  `parent` int(11) DEFAULT NULL,
  `tms` timestamp NOT NULL DEFAULT current_timestamp() ON UPDATE current_timestamp(),
  `datec` datetime DEFAULT NULL,
  `nom` varchar(128) DEFAULT NULL,
  `entity` int(11) NOT NULL DEFAULT 1,
  `ref_ext` varchar(255) DEFAULT NULL,
  `ref_int` varchar(60) DEFAULT NULL,
  `code_client` varchar(24) DEFAULT NULL,
  `code_fournisseur` varchar(24) DEFAULT NULL,
  `tp_payment_reference` varchar(25) DEFAULT NULL,
  `accountancy_code_customer_general` varchar(32) DEFAULT NULL,
  `code_compta` varchar(32) DEFAULT NULL,
  `accountancy_code_supplier_general` varchar(32) DEFAULT NULL,
  `code_compta_fournisseur` varchar(32) DEFAULT NULL,
  `address` varchar(255) DEFAULT NULL,
  `zip` varchar(25) DEFAULT NULL,
  `town` varchar(50) DEFAULT NULL,
  `fk_departement` int(11) DEFAULT 0,
  `fk_pays` int(11) DEFAULT 0,
  `phone` varchar(20) DEFAULT NULL,
  `phone_mobile` varchar(20) DEFAULT NULL,
  `fax` varchar(20) DEFAULT NULL,
  `url` varchar(255) DEFAULT NULL,
  `email` varchar(128) DEFAULT NULL,
  `socialnetworks` text DEFAULT NULL,
  `fk_effectif` int(11) DEFAULT 0,
  `fk_typent` int(11) DEFAULT NULL,
  `fk_forme_juridique` int(11) DEFAULT 0,
  `fk_currency` varchar(3) DEFAULT NULL,
  `siren` varchar(128) DEFAULT NULL,
  `siret` varchar(128) DEFAULT NULL,
  `ape` varchar(128) DEFAULT NULL,
  `idprof4` varchar(128) DEFAULT NULL,
  `tva_intra` varchar(20) DEFAULT NULL,
  `capital` double(24,8) DEFAULT NULL,
  `fk_stcomm` int(11) NOT NULL DEFAULT 0,
  `note_private` text DEFAULT NULL,
  `note_public` text DEFAULT NULL,
  `prefix_comm` varchar(5) DEFAULT NULL,
  `client` tinyint(4) DEFAULT 0,
  `fournisseur` tinyint(4) DEFAULT 0,
  `supplier_account` varchar(32) DEFAULT NULL,
  `fk_prospectlevel` varchar(12) DEFAULT NULL,
  `customer_bad` tinyint(4) DEFAULT 0,
  `customer_rate` double DEFAULT 0,
  `supplier_rate` double DEFAULT 0,
  `fk_user_creat` int(11) DEFAULT NULL,
  `fk_user_modif` int(11) DEFAULT NULL,
  `remise_client` double DEFAULT 0,
  `remise_supplier` double DEFAULT 0,
  `mode_reglement` tinyint(4) DEFAULT NULL,
  `cond_reglement` tinyint(4) DEFAULT NULL,
  `deposit_percent` varchar(63) DEFAULT NULL,
  `transport_mode` tinyint(4) DEFAULT NULL,
  `mode_reglement_supplier` int(11) DEFAULT NULL,
  `outstanding_limit` double(24,8) DEFAULT NULL,
  `order_min_amount` double(24,8) DEFAULT NULL,
  `supplier_order_min_amount` double(24,8) DEFAULT NULL,
  `cond_reglement_supplier` int(11) DEFAULT NULL,
  `transport_mode_supplier` tinyint(4) DEFAULT NULL,
  `fk_shipping_method` int(11) DEFAULT NULL,
  `tva_assuj` tinyint(4) DEFAULT 1,
  `vat_reverse_charge` tinyint(4) DEFAULT 0,
  `localtax1_assuj` tinyint(4) DEFAULT 0,
  `localtax1_value` double(6,3) DEFAULT NULL,
  `localtax2_assuj` tinyint(4) DEFAULT 0,
  `localtax2_value` double(6,3) DEFAULT NULL,
  `barcode` varchar(255) DEFAULT NULL,
  `price_level` int(11) DEFAULT NULL,
  `default_lang` varchar(6) DEFAULT NULL,
  `canvas` varchar(32) DEFAULT NULL,
  `import_key` varchar(14) DEFAULT NULL,
  `status` tinyint(4) DEFAULT 1,
  `logo` varchar(255) DEFAULT NULL,
  `idprof5` varchar(128) DEFAULT NULL,
  `idprof6` varchar(128) DEFAULT NULL,
  `fk_barcode_type` int(11) DEFAULT 0,
  `webservices_url` varchar(255) DEFAULT NULL,
  `webservices_key` varchar(128) DEFAULT NULL,
  `accountancy_code_sell` varchar(32) DEFAULT NULL,
  `accountancy_code_buy` varchar(32) DEFAULT NULL,
  `name_alias` varchar(128) DEFAULT NULL,
  `fk_incoterms` int(11) DEFAULT NULL,
  `location_incoterms` varchar(255) DEFAULT NULL,
  `model_pdf` varchar(255) DEFAULT NULL,
  `last_main_doc` varchar(255) DEFAULT NULL,
  `fk_multicurrency` int(11) DEFAULT NULL,
  `multicurrency_code` varchar(3) DEFAULT NULL,
  `fk_account` int(11) DEFAULT NULL,
  `fk_warehouse` int(11) DEFAULT NULL,
  `logo_squarred` varchar(255) DEFAULT NULL,
  `geolat` double(24,8) DEFAULT NULL,
  `geolong` double(24,8) DEFAULT NULL,
  `geopoint` point DEFAULT NULL,
  `georesultcode` varchar(16) DEFAULT NULL,
  `ip` varchar(250) DEFAULT NULL,
  PRIMARY KEY (`rowid`),
  UNIQUE KEY `uk_societe_prefix_comm` (`prefix_comm`,`entity`),
  UNIQUE KEY `uk_societe_code_client` (`code_client`,`entity`),
  UNIQUE KEY `uk_societe_barcode` (`barcode`,`fk_barcode_type`,`entity`),
  UNIQUE KEY `uk_societe_code_fournisseur` (`code_fournisseur`,`entity`),
  KEY `idx_societe_user_creat` (`fk_user_creat`),
  KEY `idx_societe_user_modif` (`fk_user_modif`),
  KEY `idx_societe_barcode` (`barcode`),
  KEY `idx_societe_warehouse` (`fk_warehouse`),
  KEY `idx_societe_nom` (`nom`)
) ENGINE=InnoDB AUTO_INCREMENT=37 DEFAULT CHARSET=utf8mb3 COLLATE=utf8mb3_unicode_ci;

--
-- Dumping data for table `llx_societe`
--

INSERT INTO `llx_societe` VALUES
(1,0,NULL,'2023-03-01 22:02:40','2012-07-08 14:21:44','Indian SAS',1,NULL,NULL,'CU1212-0007','SU1212-0005',NULL,NULL,'7050',NULL,'6050','1 alalah road',NULL,'Delhi',NULL,117,NULL,NULL,NULL,NULL,NULL,'[]',NULL,4,NULL,'0','','','','','',5000.00000000,2,NULL,NULL,NULL,1,1,NULL,'',0,0,0,1,12,0,0,NULL,NULL,NULL,NULL,NULL,NULL,NULL,NULL,NULL,NULL,NULL,1,0,NULL,0.000,NULL,0.000,NULL,NULL,'fr_FR',NULL,NULL,1,'indiancompany.png','','',0,NULL,NULL,'','','',0,NULL,'',NULL,1,'EUR',NULL,0,NULL,NULL,NULL,NULL,NULL,NULL),
(2,0,NULL,'2023-02-25 02:32:36','2012-07-08 14:23:48','Teclib',1,NULL,NULL,'CU1108-0001','SU1108-0001',NULL,NULL,'411CU11080001',NULL,'401SU11080001','',NULL,'Paris',0,1,NULL,NULL,NULL,'www.teclib.com',NULL,NULL,4,3,57,'0','123456789','','ACE14','','',400000.00000000,2,NULL,NULL,NULL,3,1,NULL,'',0,0,0,1,12,0,0,NULL,NULL,NULL,NULL,NULL,NULL,NULL,NULL,NULL,NULL,NULL,1,0,0,0.000,NULL,0.000,NULL,NULL,'fr_FR',NULL,NULL,1,'teclibcompany.png','','',0,NULL,NULL,NULL,NULL,'',0,NULL,NULL,NULL,0,'',NULL,0,NULL,NULL,NULL,NULL,NULL,NULL),
(3,0,NULL,'2023-02-25 02:32:36','2012-07-08 22:42:12','Spanish Comp',1,NULL,NULL,'SPANISHCOMP','SU1601-0009',NULL,NULL,NULL,NULL,NULL,'1 via mallere',NULL,'Madrid',123,4,NULL,NULL,NULL,NULL,NULL,NULL,3,4,408,'0','','','','','',10000.00000000,2,NULL,NULL,NULL,1,1,NULL,NULL,0,0,0,1,12,0,0,NULL,NULL,NULL,NULL,NULL,NULL,NULL,NULL,NULL,NULL,NULL,1,0,NULL,0.000,NULL,0.000,NULL,NULL,'es_AR',NULL,NULL,1,'spanishcompany.png','','',0,NULL,NULL,NULL,NULL,'',0,NULL,NULL,NULL,NULL,NULL,NULL,0,NULL,NULL,NULL,NULL,NULL,NULL),
(4,0,NULL,'2022-12-16 11:20:27','2012-07-08 22:48:18','Prospector Vaalen',1,NULL,NULL,'CU1303-0014',NULL,NULL,NULL,NULL,NULL,NULL,'',NULL,'Bruxelles',103,2,NULL,NULL,NULL,NULL,NULL,'[]',3,4,201,'0','12345678','','','','',0.00000000,2,NULL,NULL,NULL,3,0,NULL,'PL_LOW',0,0,0,1,12,0,0,NULL,NULL,NULL,NULL,NULL,NULL,NULL,NULL,NULL,NULL,NULL,1,0,NULL,0.000,NULL,0.000,NULL,NULL,NULL,NULL,NULL,1,'valeencompany.png','','',0,NULL,NULL,'','','',0,NULL,'',NULL,0,'',NULL,0,NULL,NULL,NULL,NULL,NULL,NULL),
(5,0,NULL,'2017-02-21 11:01:17','2012-07-08 23:22:57','NoCountry GmBh',1,NULL,NULL,NULL,NULL,NULL,NULL,NULL,NULL,NULL,'',NULL,NULL,0,0,NULL,NULL,NULL,NULL,NULL,NULL,NULL,NULL,NULL,'0','','','','','',0.00000000,0,NULL,NULL,NULL,0,0,NULL,'',0,0,0,1,12,0,0,NULL,NULL,NULL,NULL,NULL,NULL,NULL,NULL,NULL,NULL,NULL,1,0,0,0.000,NULL,0.000,NULL,NULL,NULL,NULL,NULL,1,'nocountrycomp.png','','',0,NULL,NULL,NULL,NULL,'',0,NULL,NULL,NULL,1,'EUR',NULL,0,NULL,NULL,NULL,NULL,NULL,NULL),
(6,0,NULL,'2018-01-16 15:35:56','2012-07-09 00:15:09','Swiss Touch',1,NULL,NULL,'CU1601-0018','SU1601-0010',NULL,NULL,NULL,NULL,NULL,'',NULL,'Genevia',0,6,NULL,NULL,NULL,NULL,'swisstouch@example.ch',NULL,2,2,601,'0','','','','','',56000.00000000,0,NULL,NULL,NULL,3,1,NULL,NULL,0,0,0,1,12,0,0,NULL,NULL,NULL,NULL,NULL,NULL,NULL,NULL,NULL,NULL,NULL,1,0,NULL,0.000,NULL,0.000,NULL,NULL,NULL,NULL,NULL,1,'swisstouch.png','','',0,NULL,NULL,NULL,NULL,'',0,NULL,NULL,NULL,NULL,NULL,NULL,0,NULL,NULL,NULL,NULL,NULL,NULL),
(7,0,NULL,'2018-01-16 15:38:32','2012-07-09 01:24:26','Generic customer',1,NULL,NULL,'CU1302-0011',NULL,NULL,NULL,NULL,NULL,NULL,'',NULL,NULL,0,7,NULL,NULL,NULL,NULL,'ttt@ttt.com',NULL,NULL,8,NULL,'0','','','','','',0.00000000,0,'Generic customer to use for Point Of Sale module.<br />',NULL,NULL,1,0,NULL,NULL,0,0,0,1,12,0,0,NULL,NULL,NULL,NULL,NULL,NULL,NULL,NULL,NULL,NULL,NULL,1,0,NULL,0.000,NULL,0.000,NULL,NULL,NULL,NULL,NULL,1,'genericcustomer.png','','',0,NULL,NULL,NULL,NULL,'',0,NULL,NULL,NULL,NULL,NULL,NULL,0,NULL,NULL,NULL,NULL,NULL,NULL),
(10,0,NULL,'2023-01-24 09:58:57','2012-07-10 15:13:08','NLTechno',1,NULL,NULL,'CU1212-0005','SU1601-0011',NULL,NULL,'411CU12120005',NULL,'401SU16010011','',NULL,NULL,NULL,102,NULL,NULL,NULL,NULL,'vsmith@email.com','[]',1,4,NULL,'0','493861496','49386149600039','6209Z','22-01-2007','',10000.00000000,0,NULL,'aa < aa<br />\r\nd<strong>dd</strong>d',NULL,1,1,NULL,'',0,0,0,1,12,0,0,NULL,NULL,NULL,NULL,NULL,NULL,NULL,NULL,NULL,NULL,NULL,1,0,NULL,0.000,NULL,0.000,'123456789012',NULL,'fr_FR',NULL,NULL,1,'logo_nltechno_94x100.png','','',0,NULL,NULL,'','','The OpenSource company',0,NULL,'generic_odt:/home/ldestailleur/git/dolibarr_11.0/documents/doctemplates/thirdparties/template_thirdparty.ods',NULL,1,'EUR',NULL,0,NULL,NULL,NULL,NULL,NULL,NULL),
(11,0,NULL,'2019-11-28 11:52:58','2012-07-10 18:35:57','Company Corp 1',1,NULL,NULL,'CU1510-0017',NULL,NULL,NULL,'7051',NULL,NULL,'21 Green Hill street','75500','Los Angeles',0,11,'444123456',NULL,NULL,'companycorp1.com','companycorp1@example.com','{\"skype\":\"corp1\"}',1,1,NULL,'0','AB1234567','','','','USABS123',10000.00000000,0,NULL,NULL,NULL,3,0,NULL,'PL_LOW',0,0,0,1,12,0,0,NULL,NULL,NULL,NULL,NULL,NULL,NULL,NULL,NULL,NULL,NULL,1,0,0,0.000,NULL,0.000,NULL,NULL,'en_US',NULL,NULL,1,'comapnycorp1company.png','','',0,NULL,NULL,NULL,NULL,'',0,NULL,NULL,NULL,1,'EUR',NULL,0,NULL,NULL,NULL,NULL,NULL,NULL),
(12,0,NULL,'2023-01-14 10:46:33','2012-07-11 16:18:08','Dupont Alain',1,NULL,NULL,'CU1601-0019',NULL,NULL,NULL,'411CU16010019',NULL,NULL,'',NULL,NULL,NULL,NULL,NULL,NULL,NULL,NULL,'pcurie@example.com','[]',NULL,NULL,NULL,'0','','','','','',0.00000000,0,NULL,NULL,NULL,1,0,NULL,'',0,0,0,1,12,0,0,NULL,NULL,NULL,NULL,NULL,NULL,NULL,NULL,NULL,NULL,NULL,1,0,NULL,0.000,NULL,0.000,NULL,NULL,NULL,NULL,NULL,1,'pierrecurie.jpg','','',0,NULL,NULL,'','','',0,NULL,'',NULL,0,'',NULL,0,NULL,NULL,NULL,NULL,NULL,NULL),
(13,0,NULL,'2019-10-08 09:57:51','2012-07-11 17:13:20','Company Corp 2',1,NULL,NULL,'CU1910-00021','SU1510-0008',NULL,NULL,'411CU191000021',NULL,'401SU15100008','',NULL,NULL,0,1,NULL,NULL,NULL,NULL,NULL,NULL,NULL,NULL,NULL,'0','','','','','',0.00000000,0,NULL,NULL,NULL,3,1,NULL,'',0,0,0,1,12,0,0,NULL,NULL,NULL,NULL,NULL,NULL,NULL,NULL,NULL,NULL,NULL,1,0,NULL,0.000,NULL,0.000,NULL,NULL,NULL,NULL,NULL,1,'companycorp2company.png','','',0,NULL,NULL,NULL,NULL,'',0,NULL,NULL,NULL,1,'EUR',NULL,0,NULL,NULL,NULL,NULL,NULL,NULL),
(17,0,NULL,'2024-06-22 10:44:35','2013-08-01 02:41:26','Book Keeping Company',1,NULL,NULL,'CU1108-0004','SU1108-0004',NULL,NULL,'411CU11080004',NULL,'401SU11080004','The French Company',NULL,'Paris',NULL,1,NULL,NULL,NULL,NULL,NULL,'[]',1,0,NULL,'0','','','','','',0.00000000,0,NULL,NULL,NULL,3,1,NULL,'',0,0,0,1,12,0,0,NULL,NULL,NULL,NULL,NULL,NULL,NULL,NULL,NULL,NULL,NULL,1,0,NULL,0.000,NULL,0.000,NULL,NULL,NULL,NULL,NULL,1,'bookkeepercompany.png','','',0,NULL,NULL,'','','',0,NULL,'',NULL,1,'EUR',NULL,0,NULL,NULL,NULL,NULL,NULL,NULL),
(19,0,NULL,'2019-09-26 12:03:13','2015-01-12 12:23:05','Magic Food Store',1,NULL,NULL,'CU1301-0008',NULL,NULL,NULL,NULL,NULL,NULL,'65 holdywood boulevard','123456','BigTown',0,4,NULL,NULL,'0101',NULL,'myemail@domain.com',NULL,NULL,NULL,NULL,'0','','','10/10/2010','','',0.00000000,0,NULL,NULL,NULL,1,0,NULL,NULL,0,0,0,1,12,0,0,NULL,NULL,NULL,NULL,NULL,NULL,NULL,NULL,NULL,NULL,NULL,0,0,NULL,0.000,NULL,0.000,NULL,NULL,'en_US',NULL,NULL,1,'magicfoodstore.png','','',0,NULL,NULL,NULL,NULL,'',0,NULL,'sepamandate',NULL,NULL,NULL,NULL,0,NULL,NULL,NULL,NULL,NULL,NULL),
(25,0,NULL,'2018-01-22 17:21:17','2015-03-10 15:47:37','Print Company',1,NULL,NULL,'CU1303-0016','SU1303-0007',NULL,NULL,NULL,NULL,NULL,'21 Gutenberg street','45600','Berlin',0,5,NULL,NULL,NULL,NULL,'printcompany@example.com',NULL,NULL,NULL,NULL,'0','','','','','',0.00000000,0,NULL,NULL,NULL,0,1,NULL,NULL,0,0,0,1,12,0,0,NULL,NULL,NULL,NULL,NULL,NULL,NULL,NULL,NULL,NULL,NULL,1,0,NULL,0.000,NULL,0.000,NULL,NULL,'de_DE',NULL,NULL,1,'printcompany.png','','',0,NULL,NULL,NULL,NULL,'',0,NULL,NULL,NULL,NULL,NULL,NULL,0,NULL,NULL,NULL,NULL,NULL,NULL),
(26,0,NULL,'2019-09-26 12:06:05','2017-02-12 23:17:04','Calculation Power',1,NULL,NULL,'CU1702-0020',NULL,NULL,NULL,'411CU17020020',NULL,NULL,'',NULL,'Calgary',0,14,NULL,NULL,NULL,NULL,'calculationpower@example.com',NULL,NULL,NULL,NULL,NULL,'','','','','',NULL,0,NULL,NULL,NULL,3,0,NULL,'',0,0,0,12,12,0,0,NULL,NULL,NULL,NULL,NULL,NULL,NULL,NULL,NULL,NULL,NULL,0,0,0,0.000,0,0.000,NULL,NULL,'en_US',NULL,NULL,1,'bookkeepercompany.png','','',0,NULL,NULL,NULL,NULL,'',0,NULL,NULL,NULL,1,'EUR',NULL,0,NULL,NULL,NULL,NULL,NULL,NULL),
(29,0,NULL,'2020-01-13 12:56:22','2020-01-06 00:39:58','Patient',1,NULL,NULL,'CU2001-00022',NULL,NULL,NULL,'411CU200100022',NULL,NULL,'',NULL,NULL,0,117,'01',NULL,'02',NULL,NULL,'null',NULL,NULL,NULL,NULL,'','','','','',NULL,0,'aa < ddd',NULL,NULL,3,0,NULL,'',0,0,0,12,12,0,0,NULL,NULL,NULL,NULL,NULL,NULL,NULL,NULL,NULL,NULL,NULL,NULL,0,NULL,0.000,NULL,0.000,NULL,NULL,NULL,'patient@cabinetmed',NULL,1,NULL,'','',0,NULL,NULL,NULL,NULL,'',0,NULL,NULL,NULL,0,'',NULL,0,NULL,NULL,NULL,NULL,NULL,NULL),
(30,0,NULL,'2022-12-28 00:56:01','2020-01-13 17:19:24','Italo',1,NULL,NULL,'CU2001-00023',NULL,NULL,NULL,'411CU200100023',NULL,NULL,'12 Alagio','123','Milano',777,3,NULL,NULL,NULL,NULL,'aaa@it.com','[]',NULL,0,NULL,NULL,'','','','','',NULL,0,NULL,NULL,NULL,3,0,NULL,'',0,0,0,12,12,0,0,NULL,NULL,NULL,NULL,NULL,NULL,NULL,NULL,NULL,NULL,NULL,1,0,NULL,0.000,NULL,0.000,NULL,4,NULL,NULL,NULL,1,NULL,'','',0,NULL,NULL,'','','',0,NULL,'',NULL,1,'EUR',NULL,0,NULL,NULL,NULL,NULL,NULL,NULL),
(31,0,NULL,'2023-01-02 18:49:54','2022-12-26 12:12:11','aaa',1,NULL,NULL,'CU2212-00024',NULL,NULL,NULL,'411CU221200024',NULL,NULL,'',NULL,NULL,NULL,1,NULL,NULL,NULL,NULL,NULL,'[]',NULL,0,NULL,NULL,'','','','','',NULL,0,NULL,NULL,NULL,0,0,NULL,'',0,0,0,12,12,0,0,NULL,NULL,NULL,NULL,NULL,NULL,NULL,NULL,NULL,NULL,NULL,1,0,NULL,0.000,NULL,0.000,NULL,NULL,NULL,NULL,NULL,1,'1.JPG','','',0,NULL,NULL,'','','',0,NULL,'',NULL,1,'EUR',NULL,NULL,NULL,NULL,NULL,NULL,NULL,NULL),
(32,0,NULL,'2022-12-26 12:12:43','2022-12-26 12:12:43','aaa',1,NULL,NULL,'CU2212-00025',NULL,NULL,NULL,'411CU221200025',NULL,NULL,'',NULL,NULL,NULL,1,NULL,NULL,NULL,NULL,NULL,'[]',NULL,0,NULL,NULL,'','','','','',NULL,0,NULL,NULL,NULL,3,0,NULL,'',0,0,0,12,12,0,0,NULL,NULL,NULL,NULL,NULL,NULL,NULL,NULL,NULL,NULL,NULL,1,0,NULL,0.000,NULL,0.000,NULL,NULL,NULL,NULL,NULL,1,NULL,'','',0,NULL,NULL,'','','',0,NULL,'',NULL,1,'EUR',NULL,NULL,NULL,NULL,NULL,NULL,NULL,NULL),
(33,0,NULL,'2023-02-09 18:09:16','2022-12-26 12:14:10','aaainlux',1,NULL,NULL,'CU2212-00026',NULL,NULL,NULL,'411CU221200026',NULL,NULL,'',NULL,NULL,NULL,1,NULL,NULL,NULL,NULL,NULL,'[]',NULL,0,NULL,NULL,'','','','','',NULL,0,NULL,NULL,NULL,3,0,NULL,'',0,0,0,12,12,0,0,NULL,NULL,NULL,NULL,NULL,NULL,NULL,NULL,NULL,NULL,NULL,1,0,NULL,0.000,NULL,0.000,NULL,NULL,NULL,NULL,NULL,1,NULL,'','',0,NULL,NULL,'','','',0,NULL,'',NULL,1,'EUR',4,NULL,NULL,NULL,NULL,NULL,NULL,NULL),
(34,0,NULL,'2023-02-15 23:08:31','2022-12-26 12:15:09','aaaincash',1,NULL,NULL,'CU2212-00027',NULL,NULL,NULL,'411CU221200027',NULL,NULL,'Direction des systèmes d\'information\r\n98-102 rue de Richelieu 75002 Paris.\r\nSiège: 1, place du Palais Royal, 75001','75001','Paris',77,1,'060606060606',NULL,'0705050505','https://aaa.com','aaa@aaa.com','[]',NULL,0,NULL,NULL,'','','','','',NULL,0,NULL,NULL,NULL,3,0,NULL,'',0,0,0,12,12,0,0,NULL,NULL,NULL,NULL,NULL,NULL,NULL,NULL,NULL,NULL,NULL,1,0,NULL,0.000,NULL,0.000,NULL,NULL,NULL,NULL,NULL,1,NULL,'','',0,NULL,NULL,'','','',0,NULL,'',NULL,1,'EUR',3,NULL,NULL,NULL,NULL,NULL,NULL,NULL),
(35,0,NULL,'2022-12-28 00:21:00','2022-12-26 12:18:03','bbb',1,NULL,NULL,'CU2212-00028',NULL,NULL,NULL,'411CU221200028',NULL,NULL,'',NULL,NULL,NULL,1,NULL,NULL,NULL,NULL,'aaa@aa.com','[]',NULL,0,NULL,NULL,'','','','','',NULL,0,NULL,NULL,NULL,3,0,NULL,'',0,0,0,12,12,0,0,NULL,NULL,NULL,NULL,NULL,NULL,NULL,NULL,NULL,NULL,NULL,1,0,NULL,0.000,NULL,0.000,NULL,NULL,NULL,NULL,NULL,1,NULL,'','',0,NULL,NULL,'','','',0,NULL,'',NULL,1,'EUR',NULL,NULL,NULL,NULL,NULL,NULL,NULL,NULL),
(36,0,NULL,'2022-12-26 12:21:55','2022-12-26 12:21:55','bbb',1,NULL,NULL,'CU2212-00029',NULL,NULL,NULL,'411CU221200029',NULL,NULL,'',NULL,NULL,NULL,1,NULL,NULL,NULL,NULL,NULL,'[]',NULL,0,NULL,NULL,'','','','','',NULL,0,NULL,NULL,NULL,3,0,NULL,'',0,0,0,12,12,0,0,NULL,NULL,NULL,NULL,NULL,NULL,NULL,NULL,NULL,NULL,NULL,1,0,NULL,0.000,NULL,0.000,NULL,NULL,NULL,NULL,NULL,1,NULL,'','',0,NULL,NULL,'','','',0,NULL,'',NULL,1,'EUR',NULL,NULL,NULL,NULL,NULL,NULL,NULL,NULL);

--
-- Table structure for table `llx_societe_commerciaux`
--

CREATE TABLE `llx_societe_commerciaux` (
  `rowid` int(11) NOT NULL AUTO_INCREMENT,
  `fk_soc` int(11) DEFAULT NULL,
  `fk_user` int(11) DEFAULT NULL,
  `import_key` varchar(14) DEFAULT NULL,
  `fk_c_type_contact_code` varchar(32) NOT NULL DEFAULT 'SALESREPTHIRD',
  PRIMARY KEY (`rowid`),
  UNIQUE KEY `uk_societe_commerciaux_c_type_contact` (`fk_soc`,`fk_user`,`fk_c_type_contact_code`),
  KEY `fk_societe_commerciaux_fk_c_type_contact_code` (`fk_c_type_contact_code`),
  KEY `fk_societe_commerciaux_fk_user` (`fk_user`),
  CONSTRAINT `fk_societe_commerciaux_fk_c_type_contact_code` FOREIGN KEY (`fk_c_type_contact_code`) REFERENCES `llx_c_type_contact` (`code`),
  CONSTRAINT `fk_societe_commerciaux_fk_soc` FOREIGN KEY (`fk_soc`) REFERENCES `llx_societe` (`rowid`),
  CONSTRAINT `fk_societe_commerciaux_fk_user` FOREIGN KEY (`fk_user`) REFERENCES `llx_user` (`rowid`)
) ENGINE=InnoDB AUTO_INCREMENT=13 DEFAULT CHARSET=utf8mb3 COLLATE=utf8mb3_unicode_ci;

--
-- Dumping data for table `llx_societe_commerciaux`
--

INSERT INTO `llx_societe_commerciaux` VALUES
(1,2,2,NULL,'SALESREPTHIRD'),
(2,3,2,NULL,'SALESREPTHIRD'),
(5,17,1,NULL,'SALESREPTHIRD'),
(6,19,1,NULL,'SALESREPTHIRD'),
(8,19,3,NULL,'SALESREPTHIRD'),
(9,11,16,NULL,'SALESREPTHIRD'),
(10,13,17,NULL,'SALESREPTHIRD'),
(11,26,12,NULL,'SALESREPTHIRD'),
(12,29,12,NULL,'SALESREPTHIRD');

--
-- Table structure for table `llx_societe_contacts`
--

CREATE TABLE `llx_societe_contacts` (
  `rowid` int(11) NOT NULL AUTO_INCREMENT,
  `entity` int(11) NOT NULL DEFAULT 1,
  `date_creation` datetime NOT NULL,
  `fk_soc` int(11) NOT NULL,
  `fk_c_type_contact` int(11) NOT NULL,
  `fk_socpeople` int(11) NOT NULL,
  `tms` timestamp NOT NULL DEFAULT current_timestamp() ON UPDATE current_timestamp(),
  `import_key` varchar(14) DEFAULT NULL,
  PRIMARY KEY (`rowid`),
  UNIQUE KEY `idx_societe_contacts_idx1` (`entity`,`fk_soc`,`fk_c_type_contact`,`fk_socpeople`),
  KEY `fk_societe_contacts_fk_c_type_contact` (`fk_c_type_contact`),
  KEY `fk_societe_contacts_fk_soc` (`fk_soc`),
  KEY `fk_societe_contacts_fk_socpeople` (`fk_socpeople`),
  CONSTRAINT `fk_societe_contacts_fk_c_type_contact` FOREIGN KEY (`fk_c_type_contact`) REFERENCES `llx_c_type_contact` (`rowid`),
  CONSTRAINT `fk_societe_contacts_fk_soc` FOREIGN KEY (`fk_soc`) REFERENCES `llx_societe` (`rowid`),
  CONSTRAINT `fk_societe_contacts_fk_socpeople` FOREIGN KEY (`fk_socpeople`) REFERENCES `llx_socpeople` (`rowid`)
) ENGINE=InnoDB DEFAULT CHARSET=utf8mb3 COLLATE=utf8mb3_unicode_ci;

--
-- Dumping data for table `llx_societe_contacts`
--


--
-- Table structure for table `llx_societe_perentity`
--

CREATE TABLE `llx_societe_perentity` (
  `rowid` int(11) NOT NULL AUTO_INCREMENT,
  `fk_soc` int(11) DEFAULT NULL,
  `entity` int(11) NOT NULL DEFAULT 1,
  `accountancy_code_customer_general` varchar(32) DEFAULT NULL,
  `accountancy_code_customer` varchar(32) DEFAULT NULL,
  `accountancy_code_supplier_general` varchar(32) DEFAULT NULL,
  `accountancy_code_supplier` varchar(32) DEFAULT NULL,
  `accountancy_code_sell` varchar(32) DEFAULT NULL,
  `accountancy_code_buy` varchar(32) DEFAULT NULL,
  `vat_reverse_charge` tinyint(4) DEFAULT 0,
  PRIMARY KEY (`rowid`),
  UNIQUE KEY `uk_societe_perentity` (`fk_soc`,`entity`),
  KEY `idx_societe_perentity_fk_soc` (`fk_soc`)
) ENGINE=InnoDB DEFAULT CHARSET=utf8mb3 COLLATE=utf8mb3_unicode_ci;

--
-- Dumping data for table `llx_societe_perentity`
--


--
-- Table structure for table `llx_societe_prices`
--

CREATE TABLE `llx_societe_prices` (
  `rowid` int(11) NOT NULL AUTO_INCREMENT,
  `fk_soc` int(11) DEFAULT 0,
  `tms` timestamp NULL DEFAULT NULL,
  `datec` datetime DEFAULT NULL,
  `fk_user_author` int(11) DEFAULT NULL,
  `price_level` tinyint(4) DEFAULT 1,
  PRIMARY KEY (`rowid`)
) ENGINE=InnoDB AUTO_INCREMENT=4 DEFAULT CHARSET=utf8mb3 COLLATE=utf8mb3_unicode_ci;

--
-- Dumping data for table `llx_societe_prices`
--

INSERT INTO `llx_societe_prices` VALUES
(1,30,NULL,'2020-01-17 14:54:44',12,4),
(2,30,NULL,'2020-01-17 15:19:28',12,1),
(3,30,NULL,'2020-01-17 15:21:26',12,4);

--
-- Table structure for table `llx_societe_remise`
--

CREATE TABLE `llx_societe_remise` (
  `rowid` int(11) NOT NULL AUTO_INCREMENT,
  `entity` int(11) NOT NULL DEFAULT 1,
  `fk_soc` int(11) NOT NULL,
  `tms` timestamp NOT NULL DEFAULT current_timestamp() ON UPDATE current_timestamp(),
  `datec` datetime DEFAULT NULL,
  `fk_user_author` int(11) DEFAULT NULL,
  `remise_client` double(6,3) NOT NULL DEFAULT 0.000,
  `note` text DEFAULT NULL,
  PRIMARY KEY (`rowid`)
) ENGINE=InnoDB DEFAULT CHARSET=utf8mb3 COLLATE=utf8mb3_unicode_ci;

--
-- Dumping data for table `llx_societe_remise`
--


--
-- Table structure for table `llx_societe_remise_except`
--

CREATE TABLE `llx_societe_remise_except` (
  `rowid` int(11) NOT NULL AUTO_INCREMENT,
  `entity` int(11) NOT NULL DEFAULT 1,
  `fk_soc` int(11) NOT NULL,
  `discount_type` int(11) NOT NULL DEFAULT 0,
  `datec` datetime DEFAULT NULL,
  `amount_ht` double(24,8) NOT NULL,
  `amount_tva` double(24,8) NOT NULL DEFAULT 0.00000000,
  `amount_ttc` double(24,8) NOT NULL DEFAULT 0.00000000,
  `tva_tx` double(6,3) NOT NULL DEFAULT 0.000,
  `fk_user` int(11) NOT NULL,
  `fk_facture_line` int(11) DEFAULT NULL,
  `fk_facture` int(11) DEFAULT NULL,
  `fk_facture_source` int(11) DEFAULT NULL,
  `description` text NOT NULL,
  `multicurrency_amount_ht` double(24,8) NOT NULL DEFAULT 0.00000000,
  `multicurrency_amount_tva` double(24,8) NOT NULL DEFAULT 0.00000000,
  `multicurrency_amount_ttc` double(24,8) NOT NULL DEFAULT 0.00000000,
  `fk_invoice_supplier_line` int(11) DEFAULT NULL,
  `fk_invoice_supplier` int(11) DEFAULT NULL,
  `fk_invoice_supplier_source` int(11) DEFAULT NULL,
  `vat_src_code` varchar(10) DEFAULT '',
  `multicurrency_code` varchar(3) DEFAULT NULL,
  `multicurrency_tx` double(24,8) DEFAULT NULL,
  PRIMARY KEY (`rowid`),
  KEY `idx_societe_remise_except_fk_user` (`fk_user`),
  KEY `idx_societe_remise_except_fk_soc` (`fk_soc`),
  KEY `idx_societe_remise_except_fk_facture_line` (`fk_facture_line`),
  KEY `idx_societe_remise_except_fk_facture` (`fk_facture`),
  KEY `idx_societe_remise_except_fk_facture_source` (`fk_facture_source`),
  KEY `fk_soc_remise_fk_invoice_supplier_line` (`fk_invoice_supplier_line`),
  KEY `fk_societe_remise_fk_invoice_supplier_source` (`fk_invoice_supplier`),
  KEY `idx_societe_remise_except_discount_type` (`discount_type`),
  CONSTRAINT `fk_soc_remise_fk_facture_line` FOREIGN KEY (`fk_facture_line`) REFERENCES `llx_facturedet` (`rowid`),
  CONSTRAINT `fk_soc_remise_fk_invoice_supplier_line` FOREIGN KEY (`fk_invoice_supplier_line`) REFERENCES `llx_facture_fourn_det` (`rowid`),
  CONSTRAINT `fk_soc_remise_fk_soc` FOREIGN KEY (`fk_soc`) REFERENCES `llx_societe` (`rowid`),
  CONSTRAINT `fk_societe_remise_fk_facture` FOREIGN KEY (`fk_facture`) REFERENCES `llx_facture` (`rowid`),
  CONSTRAINT `fk_societe_remise_fk_facture_line` FOREIGN KEY (`fk_facture_line`) REFERENCES `llx_facturedet` (`rowid`),
  CONSTRAINT `fk_societe_remise_fk_facture_source` FOREIGN KEY (`fk_facture_source`) REFERENCES `llx_facture` (`rowid`),
  CONSTRAINT `fk_societe_remise_fk_invoice_supplier` FOREIGN KEY (`fk_invoice_supplier`) REFERENCES `llx_facture_fourn` (`rowid`),
  CONSTRAINT `fk_societe_remise_fk_invoice_supplier_source` FOREIGN KEY (`fk_invoice_supplier`) REFERENCES `llx_facture_fourn` (`rowid`),
  CONSTRAINT `fk_societe_remise_fk_soc` FOREIGN KEY (`fk_soc`) REFERENCES `llx_societe` (`rowid`),
  CONSTRAINT `fk_societe_remise_fk_user` FOREIGN KEY (`fk_user`) REFERENCES `llx_user` (`rowid`)
) ENGINE=InnoDB AUTO_INCREMENT=20 DEFAULT CHARSET=utf8mb3 COLLATE=utf8mb3_unicode_ci;

--
-- Dumping data for table `llx_societe_remise_except`
--

INSERT INTO `llx_societe_remise_except` VALUES
(2,1,19,0,'2015-03-19 09:36:15',10.00000000,1.25000000,11.25000000,12.500,1,NULL,NULL,NULL,'hfghgf',0.00000000,0.00000000,0.00000000,NULL,NULL,NULL,'',NULL,NULL),
(14,1,17,1,'2020-01-01 22:06:30',79.16444000,9.89556000,89.06000000,12.500,12,NULL,NULL,NULL,'(CREDIT_NOTE)',0.00000000,0.00000000,0.00000000,NULL,NULL,27,'',NULL,NULL),
(15,1,19,0,'2020-01-16 02:34:47',20.50000000,0.00000000,20.50000000,0.000,12,1065,NULL,224,'(DEPOSIT)',20.50000000,0.00000000,20.50000000,NULL,NULL,NULL,'',NULL,NULL),
(16,1,1,0,'2020-01-19 14:49:41',10.00000000,1.96000000,11.96000000,19.600,12,NULL,NULL,NULL,'111',10.00000000,1.96000000,11.96000000,NULL,NULL,NULL,'',NULL,NULL),
(19,1,1,0,'2020-01-19 15:16:27',48.60000000,1.94000000,50.54000000,4.000,12,NULL,NULL,228,'(DEPOSIT)',48.60000000,1.94000000,50.54000000,NULL,NULL,NULL,'',NULL,NULL);

--
-- Table structure for table `llx_societe_remise_supplier`
--

CREATE TABLE `llx_societe_remise_supplier` (
  `rowid` int(11) NOT NULL AUTO_INCREMENT,
  `entity` int(11) NOT NULL DEFAULT 1,
  `fk_soc` int(11) NOT NULL,
  `tms` timestamp NOT NULL DEFAULT current_timestamp() ON UPDATE current_timestamp(),
  `datec` datetime DEFAULT NULL,
  `fk_user_author` int(11) DEFAULT NULL,
  `remise_supplier` double(6,3) NOT NULL DEFAULT 0.000,
  `note` mediumtext DEFAULT NULL,
  PRIMARY KEY (`rowid`)
) ENGINE=InnoDB AUTO_INCREMENT=2 DEFAULT CHARSET=utf8mb3 COLLATE=utf8mb3_unicode_ci;

--
-- Dumping data for table `llx_societe_remise_supplier`
--

INSERT INTO `llx_societe_remise_supplier` VALUES
(1,1,1,'2018-04-06 18:21:00','2018-04-06 20:21:00',12,6.000,'llll');

--
-- Table structure for table `llx_socpeople`
--

CREATE TABLE `llx_socpeople` (
  `rowid` int(11) NOT NULL AUTO_INCREMENT,
  `datec` datetime DEFAULT NULL,
  `tms` timestamp NOT NULL DEFAULT current_timestamp() ON UPDATE current_timestamp(),
  `fk_soc` int(11) DEFAULT NULL,
  `entity` int(11) NOT NULL DEFAULT 1,
  `ref_ext` varchar(255) DEFAULT NULL,
  `civility` varchar(6) DEFAULT NULL,
  `lastname` varchar(50) DEFAULT NULL,
  `firstname` varchar(50) DEFAULT NULL,
  `address` varchar(255) DEFAULT NULL,
  `zip` varchar(25) DEFAULT NULL,
  `town` text DEFAULT NULL,
  `fk_departement` int(11) DEFAULT NULL,
  `fk_pays` int(11) DEFAULT 0,
  `birthday` date DEFAULT NULL,
  `poste` varchar(255) DEFAULT NULL,
  `phone` varchar(30) DEFAULT NULL,
  `phone_perso` varchar(30) DEFAULT NULL,
  `phone_mobile` varchar(30) DEFAULT NULL,
  `fax` varchar(30) DEFAULT NULL,
  `email` varchar(255) DEFAULT NULL,
  `socialnetworks` text DEFAULT NULL,
  `photo` varchar(255) DEFAULT NULL,
  `priv` smallint(6) NOT NULL DEFAULT 0,
  `fk_prospectlevel` varchar(12) DEFAULT NULL,
  `fk_stcommcontact` int(11) NOT NULL DEFAULT 0,
  `no_email` smallint(6) NOT NULL DEFAULT 0,
  `fk_user_creat` int(11) DEFAULT 0,
  `fk_user_modif` int(11) DEFAULT NULL,
  `note_private` text DEFAULT NULL,
  `note_public` text DEFAULT NULL,
  `default_lang` varchar(6) DEFAULT NULL,
  `canvas` varchar(32) DEFAULT NULL,
  `import_key` varchar(14) DEFAULT NULL,
  `statut` tinyint(4) NOT NULL DEFAULT 1,
  `role_list` varchar(255) DEFAULT NULL,
  `geolat` double(24,8) DEFAULT NULL,
  `geolong` double(24,8) DEFAULT NULL,
  `geopoint` point DEFAULT NULL,
  `georesultcode` varchar(16) DEFAULT NULL,
  `name_alias` varchar(255) DEFAULT NULL,
  `fk_parent` int(11) DEFAULT NULL,
  `url` varchar(255) DEFAULT NULL,
  `ip` varchar(250) DEFAULT NULL,
  PRIMARY KEY (`rowid`),
  KEY `idx_socpeople_fk_soc` (`fk_soc`),
  KEY `idx_socpeople_fk_user_creat` (`fk_user_creat`),
  KEY `idx_socpeople_lastname` (`lastname`),
  CONSTRAINT `fk_socpeople_fk_soc` FOREIGN KEY (`fk_soc`) REFERENCES `llx_societe` (`rowid`),
  CONSTRAINT `fk_socpeople_user_creat_user_rowid` FOREIGN KEY (`fk_user_creat`) REFERENCES `llx_user` (`rowid`)
) ENGINE=InnoDB AUTO_INCREMENT=13 DEFAULT CHARSET=utf8mb3 COLLATE=utf8mb3_unicode_ci;

--
-- Dumping data for table `llx_socpeople`
--

INSERT INTO `llx_socpeople` VALUES
(1,'2012-07-08 14:26:14','2019-11-28 11:52:58',1,1,NULL,'MR','Indra','Mahala','','','',297,117,'2012-07-08','Project leader','','','','','','[]',NULL,0,NULL,0,0,1,12,'Met during a congress at Dubai','',NULL,NULL,NULL,1,NULL,NULL,NULL,NULL,NULL,NULL,NULL,NULL,NULL),
(2,'2012-07-08 22:44:50','2019-11-28 11:52:58',NULL,1,NULL,'MR','Freeman','Public','','','',200,11,NULL,'','','','','','','[]',NULL,0,NULL,0,0,1,1,'A friend that is a free contact not linked to any company',NULL,NULL,NULL,NULL,1,NULL,NULL,NULL,NULL,NULL,NULL,NULL,NULL,NULL),
(3,'2012-07-08 22:59:02','2019-11-28 11:52:58',NULL,1,NULL,'MR','Mywife','Nicy','','','',NULL,11,'1980-10-03','','','','','','','[]',NULL,1,NULL,0,0,1,12,'This is a private contact','',NULL,NULL,NULL,1,NULL,NULL,NULL,NULL,NULL,NULL,NULL,NULL,NULL),
(4,'2012-07-09 00:16:58','2019-11-28 11:52:58',6,1,NULL,'MR','Rotchield','Evan','','','',NULL,6,NULL,'Bank director','','','','','','[]',NULL,0,NULL,0,0,1,1,'The bank director',NULL,NULL,NULL,NULL,1,NULL,NULL,NULL,NULL,NULL,NULL,NULL,NULL,NULL),
(6,'2013-08-01 02:41:26','2019-11-28 11:52:58',17,1,NULL,'','Bookkeeper','Bob','','','',NULL,NULL,NULL,'book keeper','','','','','bbookkeeper@example.com','{\"skype\":\"skypebbookkeeper\"}','',0,NULL,0,0,1,12,'','',NULL,NULL,NULL,1,NULL,NULL,NULL,NULL,NULL,NULL,NULL,NULL,NULL),
(7,'2018-07-30 16:11:06','2019-11-28 11:52:58',NULL,1,'','MR','Dad','','','','',NULL,14,'1967-09-04','','','','','','','[]','',1,NULL,0,0,12,12,'','',NULL,NULL,NULL,1,NULL,NULL,NULL,NULL,NULL,NULL,NULL,NULL,NULL),
(8,'2018-07-30 16:13:03','2019-11-28 11:52:58',NULL,1,'','MLE','Mom','','','','',NULL,14,NULL,'','','','','','','[]','',1,NULL,0,0,12,12,'','',NULL,NULL,NULL,1,NULL,NULL,NULL,NULL,NULL,NULL,NULL,NULL,NULL),
(9,'2018-07-30 16:14:41','2019-11-28 11:52:58',NULL,1,'','MR','Francky','','','89455','Virigia',NULL,205,'1980-07-09','Baker','555-98989898','','','','francky@example.com','[]','',0,NULL,0,0,12,12,'','',NULL,NULL,NULL,1,NULL,NULL,NULL,NULL,NULL,NULL,NULL,NULL,NULL),
(10,'2018-07-30 16:26:22','2019-11-28 11:52:58',10,1,'','','Destailleur','Laurent','','','',NULL,NULL,'1972-10-10','Dolibarr project leader','','','','','ldestailleur@example.com','[]','ldestailleur_200x200.jpg',0,NULL,0,0,NULL,12,'','',NULL,NULL,NULL,1,NULL,NULL,NULL,NULL,NULL,NULL,NULL,NULL,NULL),
(11,'2017-05-12 13:16:36','2019-11-28 11:52:58',11,1,'','MR','Smith','Laurent','45 Big road','897','Seattle',NULL,11,NULL,'Director','','','','','','[]','ldestailleur_200x200.png',0,NULL,0,0,12,12,'','',NULL,NULL,NULL,1,NULL,NULL,NULL,NULL,NULL,NULL,NULL,NULL,NULL),
(12,'2017-05-12 13:19:31','2019-11-28 11:52:58',11,1,'','MR','Einstein','','','','',NULL,11,NULL,'Genius','333444555','','','','genius@example.com','[]','Einstein.jpg',0,NULL,0,0,12,12,'','',NULL,NULL,NULL,1,NULL,NULL,NULL,NULL,NULL,NULL,NULL,NULL,NULL);

--
-- Table structure for table `llx_socpeople_extrafields`
--

CREATE TABLE `llx_socpeople_extrafields` (
  `rowid` int(11) NOT NULL AUTO_INCREMENT,
  `tms` timestamp NOT NULL DEFAULT current_timestamp() ON UPDATE current_timestamp(),
  `fk_object` int(11) NOT NULL,
  `import_key` varchar(14) DEFAULT NULL,
  PRIMARY KEY (`rowid`),
  UNIQUE KEY `uk_socpeople_extrafields` (`fk_object`)
) ENGINE=InnoDB DEFAULT CHARSET=utf8mb3 COLLATE=utf8mb3_unicode_ci;

--
-- Dumping data for table `llx_socpeople_extrafields`
--


--
-- Table structure for table `llx_stock_mouvement`
--

CREATE TABLE `llx_stock_mouvement` (
  `rowid` int(11) NOT NULL AUTO_INCREMENT,
  `tms` timestamp NOT NULL DEFAULT current_timestamp() ON UPDATE current_timestamp(),
  `datem` datetime DEFAULT NULL,
  `fk_product` int(11) NOT NULL,
  `fk_entrepot` int(11) NOT NULL,
  `value` double DEFAULT NULL,
  `price` double(24,8) DEFAULT 0.00000000,
  `type_mouvement` smallint(6) DEFAULT NULL,
  `fk_user_author` int(11) DEFAULT NULL,
  `label` varchar(255) DEFAULT NULL,
  `fk_origin` int(11) DEFAULT NULL,
  `origintype` varchar(64) DEFAULT NULL,
  `model_pdf` varchar(255) DEFAULT NULL,
  `fk_projet` int(11) NOT NULL DEFAULT 0,
  `inventorycode` varchar(128) DEFAULT NULL,
  `batch` varchar(30) DEFAULT NULL,
  `eatby` date DEFAULT NULL,
  `sellby` date DEFAULT NULL,
  `fk_project` int(11) DEFAULT NULL,
  PRIMARY KEY (`rowid`),
  KEY `idx_stock_mouvement_fk_product` (`fk_product`),
  KEY `idx_stock_mouvement_fk_entrepot` (`fk_entrepot`)
) ENGINE=InnoDB AUTO_INCREMENT=80 DEFAULT CHARSET=utf8mb3 COLLATE=utf8mb3_unicode_ci;

--
-- Dumping data for table `llx_stock_mouvement`
--

INSERT INTO `llx_stock_mouvement` VALUES
(1,'2012-07-08 22:43:51','2012-07-09 00:43:51',2,2,1000,0.00000000,0,1,'Correct stock',NULL,NULL,NULL,0,NULL,NULL,NULL,NULL,NULL),
(3,'2012-07-10 22:56:18','2012-07-11 00:56:18',4,2,500,0.00000000,0,1,'Init',NULL,NULL,NULL,0,NULL,NULL,NULL,NULL,NULL),
(4,'2012-07-10 23:02:20','2012-07-11 01:02:20',4,2,500,0.00000000,0,1,'',NULL,NULL,NULL,0,NULL,NULL,NULL,NULL,NULL),
(5,'2012-07-11 16:49:44','2012-07-11 18:49:44',4,1,2,10.00000000,3,1,'',NULL,NULL,NULL,0,NULL,NULL,NULL,NULL,NULL),
(6,'2012-07-11 16:49:44','2012-07-11 18:49:44',1,1,4,0.00000000,3,1,'',NULL,NULL,NULL,0,NULL,NULL,NULL,NULL,NULL),
(7,'2015-01-19 17:22:48','2015-01-19 18:22:48',11,1,-1,0.00000000,2,1,'Facture cr&eacute;&eacute;e dans DoliPOS',NULL,NULL,NULL,0,NULL,NULL,NULL,NULL,NULL),
(8,'2015-01-19 17:22:48','2015-01-19 18:22:48',4,1,-1,5.00000000,2,1,'Facture cr&eacute;&eacute;e dans DoliPOS',NULL,NULL,NULL,0,NULL,NULL,NULL,NULL,NULL),
(9,'2015-01-19 17:22:48','2015-01-19 18:22:48',1,1,-2,0.00000000,2,1,'Facture cr&eacute;&eacute;e dans DoliPOS',NULL,NULL,NULL,0,NULL,NULL,NULL,NULL,NULL),
(10,'2015-01-19 17:31:10','2015-01-19 18:31:10',2,1,-1,0.00000000,2,1,'Facture cr&eacute;&eacute;e dans DoliPOS',NULL,NULL,NULL,0,NULL,NULL,NULL,NULL,NULL),
(11,'2015-01-19 17:31:58','2015-01-19 18:31:58',2,1,-1,0.00000000,2,1,'Facture cr&eacute;&eacute;e dans DoliPOS',NULL,NULL,NULL,0,NULL,NULL,NULL,NULL,NULL),
(12,'2018-07-30 13:39:31','2018-07-30 17:39:31',10,2,50,0.00000000,0,12,'Stock correction for product COMP-XP4523',0,'',NULL,0,NULL,'5599887766452',NULL,NULL,NULL),
(13,'2018-07-30 13:40:12','2018-07-30 17:40:12',10,2,60,0.00000000,0,12,'Stock correction for product COMP-XP4523',0,'',NULL,0,NULL,'4494487766452',NULL,NULL,NULL),
(14,'2018-07-30 13:40:39','2018-07-30 17:40:39',10,2,-35,0.00000000,1,12,'Stock transfer of product COMP-XP4523 into another warehouse',0,'',NULL,0,'160730174015','5599887766452',NULL,NULL,NULL),
(15,'2018-07-30 13:40:39','2018-07-30 17:40:39',10,1,35,0.00000000,0,12,'Stock transfer of product COMP-XP4523 into another warehouse',0,'',NULL,0,'160730174015','5599887766452',NULL,NULL,NULL),
(16,'2017-02-15 23:58:08','2017-02-16 03:58:08',10,1,-1,100.00000000,2,12,'Exp&eacute;dition SH1702-0002 valid&eacute;e',3,'shipping',NULL,0,NULL,'5599887766452',NULL,NULL,NULL),
(17,'2017-02-16 00:12:09','2017-02-16 04:12:09',10,1,1,0.00000000,3,12,'Exp&eacute;dition SH1702-0002 supprim&eacute;e',0,'',NULL,0,NULL,'5599887766452',NULL,NULL,NULL),
(18,'2020-01-02 20:57:29','2020-01-03 00:57:29',25,1,50,0.00000000,0,12,'Stock correction for product POS-APPLE',0,'',NULL,0,'200103005654',NULL,NULL,NULL,NULL),
(23,'2020-01-06 01:44:30','2020-01-06 05:44:30',25,1,-12,0.00000000,2,12,'Production MO1912-0002 - 2020-01-06 05:26:49',0,'',NULL,0,'MO1912-0002_20200106052649',NULL,NULL,NULL,NULL),
(24,'2020-01-06 01:44:30','2020-01-06 05:44:30',4,2,3,0.00000000,3,12,'Production MO1912-0002 - 2020-01-06 05:26:49',0,'',NULL,0,'MO1912-0002_20200106052649',NULL,'2020-01-06',NULL,NULL),
(25,'2020-01-06 01:54:05','2020-01-06 05:54:05',25,1,-2,0.00000000,2,12,'Production MO1912-0002 - 2020-01-06 05:53:52',0,'',NULL,0,'MO1912-0002_20200106055352',NULL,NULL,NULL,NULL),
(26,'2020-01-06 01:54:05','2020-01-06 05:54:05',4,2,3,0.00000000,3,12,'Production MO1912-0002 - 2020-01-06 05:53:52',0,'',NULL,0,'MO1912-0002_20200106055352',NULL,'2020-01-06',NULL,NULL),
(27,'2020-01-06 02:44:49','2020-01-06 06:44:49',25,1,-1,0.00000000,2,12,'Production MO2001-0003 - 2020-01-06 06:44:37',0,'',NULL,0,'MO2001-0003',NULL,NULL,NULL,NULL),
(28,'2020-01-06 02:44:49','2020-01-06 06:44:49',4,1,1,0.00000000,3,12,'Production MO2001-0003 - 2020-01-06 06:44:37',0,'',NULL,0,'MO2001-0003',NULL,'2020-01-06',NULL,NULL),
(29,'2020-01-06 02:46:03','2020-01-06 06:46:03',25,1,-1,0.00000000,2,12,'Production MO2001-0003 - 2020-01-06 06:45:53',0,'',NULL,0,'MO2001-0003',NULL,NULL,NULL,NULL),
(30,'2020-01-06 02:46:03','2020-01-06 06:46:03',4,1,1,0.00000000,3,12,'Production MO2001-0003 - 2020-01-06 06:45:53',0,'',NULL,0,'MO2001-0003',NULL,'2020-01-06',NULL,NULL),
(31,'2020-01-06 02:48:22','2020-01-06 06:48:22',25,1,-1,0.00000000,2,12,'Production MO2001-0003 - 2020-01-06 06:48:11',0,'',NULL,0,'MO2001-0003',NULL,NULL,NULL,NULL),
(32,'2020-01-06 02:48:22','2020-01-06 06:48:22',4,1,1,0.00000000,3,12,'Production MO2001-0003 - 2020-01-06 06:48:11',0,'',NULL,0,'MO2001-0003',NULL,'2020-01-06',NULL,NULL),
(33,'2020-01-06 02:50:05','2020-01-06 06:50:05',25,1,-1,0.00000000,2,12,'Production MO2001-0003 - 2020-01-06 06:49:57',0,'',NULL,0,'MO2001-0003',NULL,NULL,NULL,NULL),
(34,'2020-01-06 02:50:05','2020-01-06 06:50:05',4,1,1,0.00000000,3,12,'Production MO2001-0003 - 2020-01-06 06:49:57',0,'',NULL,0,'MO2001-0003',NULL,'2020-01-06',NULL,NULL),
(35,'2020-01-07 16:25:02','2020-01-07 20:25:02',25,1,-2,0.00000000,2,12,'Production MO1912-0002 - 2020-01-07 20:24:49',0,'',NULL,0,'MO1912-0002',NULL,NULL,NULL,NULL),
(36,'2020-01-07 16:25:02','2020-01-07 20:25:02',4,2,1,0.00000000,3,12,'Production MO1912-0002 - 2020-01-07 20:24:49',0,'',NULL,0,'MO1912-0002',NULL,'2020-01-07',NULL,NULL),
(37,'2020-01-07 17:12:37','2020-01-07 21:12:37',25,1,0,0.00000000,2,12,'Production MO1912-0002 - 2020-01-07 21:12:26',0,'',NULL,0,'MO1912-0002',NULL,NULL,NULL,NULL),
(38,'2020-01-07 17:12:37','2020-01-07 21:12:37',4,2,0,0.00000000,3,12,'Production MO1912-0002 - 2020-01-07 21:12:26',0,'',NULL,0,'MO1912-0002',NULL,'2020-01-07',NULL,NULL),
(39,'2020-01-07 17:13:00','2020-01-07 21:13:00',25,1,0,0.00000000,2,12,'Production MO1912-0002 - 2020-01-07 21:12:58',0,'',NULL,0,'MO1912-0002',NULL,NULL,NULL,NULL),
(40,'2020-01-07 17:13:00','2020-01-07 21:13:00',4,2,0,0.00000000,3,12,'Production MO1912-0002 - 2020-01-07 21:12:58',0,'',NULL,0,'MO1912-0002',NULL,'2020-01-07',NULL,NULL),
(41,'2020-01-07 17:13:49','2020-01-07 21:13:49',25,1,0,0.00000000,2,12,'Production MO1912-0002 - 2020-01-07 21:12:58',0,'',NULL,0,'MO1912-0002',NULL,NULL,NULL,NULL),
(42,'2020-01-07 17:13:49','2020-01-07 21:13:49',4,2,0,0.00000000,3,12,'Production MO1912-0002 - 2020-01-07 21:12:58',0,'',NULL,0,'MO1912-0002',NULL,'2020-01-07',NULL,NULL),
(43,'2020-01-07 17:46:58','2020-01-07 21:46:58',4,2,0,0.00000000,3,12,'Production MO1912-0002 - 2020-01-07 21:46:55',0,'',NULL,0,'MO1912-0002',NULL,'2020-01-07',NULL,NULL),
(44,'2020-01-07 17:52:34','2020-01-07 21:52:34',4,2,0,0.00000000,3,12,'Production MO1912-0002 - 2020-01-07 21:52:28',0,'',NULL,0,'MO1912-0002',NULL,'2020-01-07',NULL,NULL),
(45,'2020-01-07 17:53:44','2020-01-07 21:53:44',4,2,0,0.00000000,3,12,'Production MO1912-0002 - 2020-01-07 21:52:37',0,'',NULL,0,'MO1912-0002',NULL,'2020-01-07',NULL,NULL),
(46,'2020-01-07 17:53:58','2020-01-07 21:53:58',25,1,-1,0.00000000,2,12,'Production MO1912-0002 - 2020-01-07 21:53:46',0,'',NULL,0,'MO1912-0002',NULL,NULL,NULL,NULL),
(47,'2020-01-07 17:53:58','2020-01-07 21:53:58',4,2,0,0.00000000,3,12,'Production MO1912-0002 - 2020-01-07 21:53:46',0,'',NULL,0,'MO1912-0002',NULL,'2020-01-07',NULL,NULL),
(48,'2020-01-07 17:54:11','2020-01-07 21:54:11',25,1,-1,0.00000000,2,12,'Production MO1912-0002 - 2020-01-07 21:54:00',0,'',NULL,0,'MO1912-0002',NULL,NULL,NULL,NULL),
(49,'2020-01-07 17:54:12','2020-01-07 21:54:12',4,2,0,0.00000000,3,12,'Production MO1912-0002 - 2020-01-07 21:54:00',0,'',NULL,0,'MO1912-0002',NULL,'2020-01-07',NULL,NULL),
(51,'2020-01-07 18:00:55','2020-01-07 22:00:55',25,1,-1,0.00000000,2,12,'Production MO1912-0002 - 2020-01-07 22:00:40',5,'mo',NULL,7,'MO1912-0002',NULL,NULL,NULL,NULL),
(52,'2020-01-07 18:00:55','2020-01-07 22:00:55',4,1,1,0.00000000,3,12,'Production MO1912-0002 - 2020-01-07 22:00:40',5,'mo',NULL,7,'MO1912-0002',NULL,'2020-01-07',NULL,NULL),
(53,'2020-01-07 18:39:52','2020-01-07 22:39:52',25,1,-1,0.00000000,2,12,'Production MO2001-0003 - 2020-01-07 22:39:38',14,'mo',NULL,0,'MO2001-0003',NULL,NULL,NULL,NULL),
(54,'2020-01-07 18:39:52','2020-01-07 22:39:52',4,1,2,0.00000000,3,12,'Production MO2001-0003 - 2020-01-07 22:39:38',14,'mo',NULL,0,'MO2001-0003',NULL,'2020-01-07',NULL,NULL),
(55,'2020-01-07 19:09:04','2020-01-07 23:09:04',25,1,-2,0.00000000,2,12,'Production of MO2001-0003',14,'mo',NULL,0,'Production of MO2001-0003',NULL,NULL,NULL,NULL),
(56,'2020-01-07 19:09:04','2020-01-07 23:09:04',4,1,4,0.00000000,3,12,'Production of MO2001-0003',14,'mo',NULL,0,'Production of MO2001-0003',NULL,'2020-01-07',NULL,NULL),
(57,'2020-01-07 19:50:40','2020-01-07 23:50:40',25,1,-1,0.00000000,2,12,'Production of MO1912-0002',5,'mo',NULL,7,'Production of MO1912-0002',NULL,NULL,NULL,NULL),
(58,'2020-01-07 19:50:40','2020-01-07 23:50:40',4,2,0,0.00000000,3,12,'Production of MO1912-0002',5,'mo',NULL,7,'Production of MO1912-0002',NULL,'2020-01-07',NULL,NULL),
(59,'2020-01-07 19:51:27','2020-01-07 23:51:27',25,1,-1,0.00000000,2,12,'Production of MO1912-0002',5,'mo',NULL,7,'Production of MO1912-0002',NULL,NULL,NULL,NULL),
(60,'2020-01-07 19:51:27','2020-01-07 23:51:27',4,2,0,0.00000000,3,12,'Production of MO1912-0002',5,'mo',NULL,7,'Production of MO1912-0002',NULL,'2020-01-07',NULL,NULL),
(61,'2020-01-07 20:25:23','2020-01-08 00:25:23',4,2,0,0.00000000,3,12,'Production of MO1912-0002',5,'mo',NULL,7,'Production of MO1912-0002',NULL,'2020-01-08',NULL,NULL),
(62,'2020-01-07 20:25:43','2020-01-08 00:25:43',4,2,0,0.00000000,3,12,'Production of MO1912-0002',5,'mo',NULL,7,'Production of MO1912-0002',NULL,'2020-01-08',NULL,NULL),
(63,'2020-01-07 20:29:24','2020-01-08 00:29:24',25,1,-1.1,0.00000000,2,12,'Production of MO1912-0002',5,'mo',NULL,7,'Production of MO1912-0002',NULL,NULL,NULL,NULL),
(64,'2020-01-07 20:29:24','2020-01-08 00:29:24',4,2,0,0.00000000,3,12,'Production of MO1912-0002',5,'mo',NULL,7,'Production of MO1912-0002',NULL,'2020-01-08',NULL,NULL),
(65,'2020-01-07 20:29:43','2020-01-08 00:29:43',4,2,0,0.00000000,3,12,'Production of MO1912-0002',5,'mo',NULL,7,'Production of MO1912-0002',NULL,'2020-01-08',NULL,NULL),
(66,'2020-01-07 21:09:15','2020-01-08 01:09:15',25,1,-1.1,0.00000000,2,12,'Production of MO1912-0002',5,'mo',NULL,7,'Production of MO1912-0002',NULL,NULL,NULL,NULL),
(67,'2020-01-07 21:09:15','2020-01-08 01:09:15',4,2,0,0.00000000,3,12,'Production of MO1912-0002',5,'mo',NULL,7,'Production of MO1912-0002',NULL,'2020-01-08',NULL,NULL),
(68,'2020-01-07 21:15:02','2020-01-08 01:15:02',25,1,-1.1,0.00000000,2,12,'Production of MO1912-0002',5,'mo',NULL,7,'Production of MO1912-0002',NULL,NULL,NULL,NULL),
(69,'2020-01-07 21:17:16','2020-01-08 01:17:16',25,1,-1.1,0.00000000,2,12,'Production of MO1912-0002',5,'mo',NULL,7,'Production of MO1912-0002',NULL,NULL,NULL,NULL),
(70,'2020-01-08 16:21:22','2020-01-08 20:21:22',25,1,-1,0.00000000,2,12,'Production of MO2001-0005',28,'mo',NULL,0,'Production of MO2001-0005',NULL,NULL,NULL,NULL),
(73,'2020-01-08 16:41:18','2020-01-08 20:41:18',1,1,-1.1,0.00000000,2,12,'Production of MO2001-0005',28,'mo',NULL,0,'Production of MO2001-0005','000000',NULL,NULL,NULL),
(74,'2020-01-08 16:41:18','2020-01-08 20:41:18',4,1,1.2,0.00000000,3,12,'Production of MO2001-0005',28,'mo',NULL,0,'Production of MO2001-0005','aaa',NULL,NULL,NULL),
(75,'2020-01-13 11:13:19','2020-01-13 15:13:19',25,1,-1,0.00000000,2,12,'Production of MO2001-0006',24,'mo',NULL,6,'Production of MO2001-0006',NULL,NULL,NULL,NULL),
(76,'2020-01-13 11:14:15','2020-01-13 15:14:15',1,1,-0.1,0.00000000,2,12,'Production of MO2001-0006',24,'mo',NULL,6,'Production of MO2001-0006','000000',NULL,NULL,NULL),
(77,'2020-01-18 19:16:58','2020-01-18 20:16:58',1,1,1,0.00000000,3,12,'string',0,'',NULL,0,'string','string',NULL,NULL,NULL),
(78,'2020-01-18 19:17:03','2020-01-18 20:17:03',1,1,1,0.00000000,3,12,'string',0,'',NULL,0,'string','string',NULL,NULL,NULL),
(79,'2021-04-15 11:40:18','2021-04-15 08:40:18',4,20,1,10.00000000,3,12,'Reception RCP2104-0001 validated',1,'reception',NULL,0,NULL,'Lot 2021-02',NULL,NULL,NULL);

--
-- Table structure for table `llx_stock_mouvement_extrafields`
--

CREATE TABLE `llx_stock_mouvement_extrafields` (
  `rowid` int(11) NOT NULL AUTO_INCREMENT,
  `tms` timestamp NOT NULL DEFAULT current_timestamp() ON UPDATE current_timestamp(),
  `fk_object` int(11) NOT NULL,
  `import_key` varchar(14) DEFAULT NULL,
  PRIMARY KEY (`rowid`),
  UNIQUE KEY `uk_stock_mouvement_extrafields` (`fk_object`)
) ENGINE=InnoDB DEFAULT CHARSET=utf8mb3 COLLATE=utf8mb3_unicode_ci;

--
-- Dumping data for table `llx_stock_mouvement_extrafields`
--


--
-- Table structure for table `llx_subscription`
--

CREATE TABLE `llx_subscription` (
  `rowid` int(11) NOT NULL AUTO_INCREMENT,
  `tms` timestamp NOT NULL DEFAULT current_timestamp() ON UPDATE current_timestamp(),
  `datec` datetime DEFAULT NULL,
  `fk_adherent` int(11) DEFAULT NULL,
  `dateadh` datetime DEFAULT NULL,
  `datef` datetime DEFAULT NULL,
  `subscription` double(24,8) DEFAULT NULL,
  `fk_bank` int(11) DEFAULT NULL,
  `note` text DEFAULT NULL,
  `fk_type` int(11) DEFAULT NULL,
  `fk_user_creat` int(11) DEFAULT NULL,
  `fk_user_valid` int(11) DEFAULT NULL,
  PRIMARY KEY (`rowid`),
  UNIQUE KEY `uk_subscription` (`fk_adherent`,`dateadh`)
) ENGINE=InnoDB AUTO_INCREMENT=7 DEFAULT CHARSET=utf8mb3 COLLATE=utf8mb3_unicode_ci;

--
-- Dumping data for table `llx_subscription`
--

INSERT INTO `llx_subscription` VALUES
(2,'2020-01-21 00:02:14','2020-01-21 01:02:14',3,'2013-07-18 00:00:00','2014-07-17 00:00:00',50.00000000,51,'Subscription 2013',2,NULL,NULL),
(3,'2020-01-21 09:22:37','2020-01-21 10:22:37',4,'2017-07-18 00:00:00','2018-07-17 00:00:00',50.00000000,52,'Subscription 2017',2,NULL,NULL),
(4,'2020-01-21 09:23:17','2020-01-21 10:23:17',2,'2017-07-18 00:00:00','2018-07-17 00:00:00',50.00000000,53,'Subscription 2017',2,NULL,NULL),
(5,'2020-01-21 09:23:28','2020-01-21 10:23:28',2,'2018-07-18 00:00:00','2019-07-17 00:00:00',50.00000000,54,'Subscription 2018',2,NULL,NULL),
(6,'2020-01-21 09:23:49','2020-01-21 10:23:49',2,'2019-07-18 00:00:00','2020-07-17 00:00:00',50.00000000,55,'Subscription 2019',2,NULL,NULL);

--
-- Table structure for table `llx_supplier_proposal`
--

CREATE TABLE `llx_supplier_proposal` (
  `rowid` int(11) NOT NULL AUTO_INCREMENT,
  `ref` varchar(30) NOT NULL,
  `entity` int(11) NOT NULL DEFAULT 1,
  `ref_ext` varchar(255) DEFAULT NULL,
  `ref_int` varchar(255) DEFAULT NULL,
  `fk_soc` int(11) DEFAULT NULL,
  `fk_projet` int(11) DEFAULT NULL,
  `tms` timestamp NOT NULL DEFAULT current_timestamp() ON UPDATE current_timestamp(),
  `datec` datetime DEFAULT NULL,
  `date_valid` datetime DEFAULT NULL,
  `date_cloture` datetime DEFAULT NULL,
  `fk_user_author` int(11) DEFAULT NULL,
  `fk_user_modif` int(11) DEFAULT NULL,
  `fk_user_valid` int(11) DEFAULT NULL,
  `fk_user_cloture` int(11) DEFAULT NULL,
  `fk_statut` smallint(6) NOT NULL DEFAULT 0,
  `price` double DEFAULT 0,
  `remise_percent` double DEFAULT 0,
  `remise_absolue` double DEFAULT 0,
  `remise` double DEFAULT 0,
  `total_ht` double(24,8) DEFAULT 0.00000000,
  `total_tva` double(24,8) DEFAULT 0.00000000,
  `localtax1` double(24,8) DEFAULT 0.00000000,
  `localtax2` double(24,8) DEFAULT 0.00000000,
  `total_ttc` double(24,8) DEFAULT 0.00000000,
  `fk_account` int(11) DEFAULT NULL,
  `fk_currency` varchar(3) DEFAULT NULL,
  `fk_cond_reglement` int(11) DEFAULT NULL,
  `fk_mode_reglement` int(11) DEFAULT NULL,
  `note_private` text DEFAULT NULL,
  `note_public` text DEFAULT NULL,
  `model_pdf` varchar(255) DEFAULT NULL,
  `date_livraison` date DEFAULT NULL,
  `fk_shipping_method` int(11) DEFAULT NULL,
  `import_key` varchar(14) DEFAULT NULL,
  `extraparams` varchar(255) DEFAULT NULL,
  `fk_multicurrency` int(11) DEFAULT NULL,
  `multicurrency_code` varchar(3) DEFAULT NULL,
  `multicurrency_tx` double(24,8) DEFAULT 1.00000000,
  `multicurrency_total_ht` double(24,8) DEFAULT 0.00000000,
  `multicurrency_total_tva` double(24,8) DEFAULT 0.00000000,
  `multicurrency_total_ttc` double(24,8) DEFAULT 0.00000000,
  `last_main_doc` varchar(255) DEFAULT NULL,
  PRIMARY KEY (`rowid`),
  UNIQUE KEY `uk_supplier_proposal_ref` (`ref`,`entity`),
  KEY `idx_supplier_proposal_fk_soc` (`fk_soc`),
  KEY `idx_supplier_proposal_fk_user_author` (`fk_user_author`),
  KEY `idx_supplier_proposal_fk_user_valid` (`fk_user_valid`),
  KEY `idx_supplier_proposal_fk_projet` (`fk_projet`),
  KEY `idx_supplier_proposal_fk_account` (`fk_account`)
) ENGINE=InnoDB AUTO_INCREMENT=5 DEFAULT CHARSET=utf8mb3 COLLATE=utf8mb3_unicode_ci;

--
-- Dumping data for table `llx_supplier_proposal`
--

INSERT INTO `llx_supplier_proposal` VALUES
(2,'(PROV2)',1,NULL,NULL,10,NULL,'2024-06-20 09:34:25','2024-02-17 04:40:14',NULL,NULL,12,12,NULL,NULL,0,0,NULL,NULL,0,290.00000000,0.00000000,0.00000000,0.00000000,290.00000000,NULL,NULL,2,7,'Private note','Public note','aurore','2017-02-17',1,NULL,NULL,1,'EUR',1.00000000,290.00000000,0.00000000,290.00000000,NULL),
(3,'(PROV3)',1,NULL,NULL,1,NULL,'2024-06-20 09:34:25','2024-01-20 12:06:39',NULL,NULL,12,NULL,NULL,NULL,0,0,NULL,NULL,0,0.00000000,0.00000000,0.00000000,0.00000000,0.00000000,NULL,NULL,NULL,NULL,'','','aurore',NULL,NULL,NULL,NULL,1,'EUR',1.00000000,0.00000000,0.00000000,0.00000000,NULL),
(4,'(PROV4)',1,NULL,NULL,17,NULL,'2024-06-20 09:34:25','2024-01-20 12:23:22',NULL,NULL,12,NULL,NULL,NULL,0,0,NULL,NULL,0,198.00000000,0.17000000,0.00000000,0.00000000,198.17000000,NULL,NULL,NULL,NULL,'','','aurore',NULL,NULL,NULL,NULL,1,'EUR',1.00000000,198.00000000,0.17000000,198.17000000,'supplier_proposal/(PROV4)/(PROV4).pdf');

--
-- Table structure for table `llx_supplier_proposal_extrafields`
--

CREATE TABLE `llx_supplier_proposal_extrafields` (
  `rowid` int(11) NOT NULL AUTO_INCREMENT,
  `tms` timestamp NOT NULL DEFAULT current_timestamp() ON UPDATE current_timestamp(),
  `fk_object` int(11) NOT NULL,
  `import_key` varchar(14) DEFAULT NULL,
  PRIMARY KEY (`rowid`),
  UNIQUE KEY `uk_supplier_proposal_extrafields` (`fk_object`)
) ENGINE=InnoDB DEFAULT CHARSET=utf8mb3 COLLATE=utf8mb3_unicode_ci;

--
-- Dumping data for table `llx_supplier_proposal_extrafields`
--


--
-- Table structure for table `llx_supplier_proposaldet`
--

CREATE TABLE `llx_supplier_proposaldet` (
  `rowid` int(11) NOT NULL AUTO_INCREMENT,
  `fk_supplier_proposal` int(11) NOT NULL,
  `fk_parent_line` int(11) DEFAULT NULL,
  `fk_product` int(11) DEFAULT NULL,
  `label` varchar(255) DEFAULT NULL,
  `description` text DEFAULT NULL,
  `fk_remise_except` int(11) DEFAULT NULL,
  `tva_tx` double(6,3) DEFAULT 0.000,
  `vat_src_code` varchar(10) DEFAULT '',
  `localtax1_tx` double(6,3) DEFAULT 0.000,
  `localtax1_type` varchar(10) DEFAULT NULL,
  `localtax2_tx` double(6,3) DEFAULT 0.000,
  `localtax2_type` varchar(10) DEFAULT NULL,
  `qty` double DEFAULT NULL,
  `remise_percent` double DEFAULT 0,
  `remise` double DEFAULT 0,
  `price` double DEFAULT NULL,
  `subprice` double(24,8) DEFAULT 0.00000000,
  `subprice_ttc` double(24,8) DEFAULT 0.00000000,
  `total_ht` double(24,8) DEFAULT 0.00000000,
  `total_tva` double(24,8) DEFAULT 0.00000000,
  `total_localtax1` double(24,8) DEFAULT 0.00000000,
  `total_localtax2` double(24,8) DEFAULT 0.00000000,
  `total_ttc` double(24,8) DEFAULT 0.00000000,
  `product_type` int(11) DEFAULT 0,
  `info_bits` int(11) DEFAULT 0,
  `buy_price_ht` double(24,8) DEFAULT 0.00000000,
  `fk_product_fournisseur_price` int(11) DEFAULT NULL,
  `special_code` int(11) DEFAULT 0,
  `rang` int(11) DEFAULT 0,
  `ref_fourn` varchar(128) DEFAULT NULL,
  `fk_multicurrency` int(11) DEFAULT NULL,
  `multicurrency_code` varchar(3) DEFAULT NULL,
  `multicurrency_subprice` double(24,8) DEFAULT 0.00000000,
  `multicurrency_subprice_ttc` double(24,8) DEFAULT 0.00000000,
  `multicurrency_total_ht` double(24,8) DEFAULT 0.00000000,
  `multicurrency_total_tva` double(24,8) DEFAULT 0.00000000,
  `multicurrency_total_ttc` double(24,8) DEFAULT 0.00000000,
  `fk_unit` int(11) DEFAULT NULL,
  `date_start` datetime DEFAULT NULL,
  `date_end` datetime DEFAULT NULL,
  PRIMARY KEY (`rowid`),
  KEY `idx_supplier_proposaldet_fk_supplier_proposal` (`fk_supplier_proposal`),
  KEY `idx_supplier_proposaldet_fk_product` (`fk_product`),
  KEY `fk_supplier_proposaldet_fk_unit` (`fk_unit`),
  CONSTRAINT `fk_supplier_proposaldet_fk_supplier_proposal` FOREIGN KEY (`fk_supplier_proposal`) REFERENCES `llx_supplier_proposal` (`rowid`),
  CONSTRAINT `fk_supplier_proposaldet_fk_unit` FOREIGN KEY (`fk_unit`) REFERENCES `llx_c_units` (`rowid`)
) ENGINE=InnoDB AUTO_INCREMENT=19 DEFAULT CHARSET=utf8mb3 COLLATE=utf8mb3_unicode_ci;

--
-- Dumping data for table `llx_supplier_proposaldet`
--

INSERT INTO `llx_supplier_proposaldet` VALUES
(2,2,NULL,NULL,NULL,'A powerfull computer with 8Gb memory.',NULL,0.000,'',0.000,'0',0.000,'0',1,0,0,NULL,200.00000000,0.00000000,200.00000000,0.00000000,0.00000000,0.00000000,200.00000000,0,0,0.00000000,NULL,0,1,'',1,'EUR',200.00000000,0.00000000,200.00000000,0.00000000,200.00000000,NULL,NULL,NULL),
(7,3,NULL,1,NULL,'A beatifull pink dress 2',NULL,12.500,'',0.000,'0',0.000,'0',1,0,0,NULL,0.00000000,0.00000000,0.00000000,0.00000000,0.00000000,0.00000000,0.00000000,0,0,0.00000000,NULL,0,1,NULL,1,'EUR',0.00000000,0.00000000,0.00000000,0.00000000,0.00000000,NULL,NULL,NULL),
(9,2,NULL,1,'Pink dress','A beatifull pink dress',NULL,0.000,'',0.000,'0',0.000,'0',1,10,0,NULL,100.00000000,0.00000000,90.00000000,0.00000000,0.00000000,0.00000000,90.00000000,0,0,79.16667000,3,0,2,'aaa',1,'EUR',100.00000000,0.00000000,90.00000000,0.00000000,90.00000000,NULL,NULL,NULL),
(10,4,NULL,1,NULL,'A beatifull pink dress. 2',NULL,0.000,'',0.000,'0',0.000,'0',1,0,0,NULL,95.00000000,0.00000000,95.00000000,0.00000000,0.00000000,0.00000000,95.00000000,0,0,0.00000000,NULL,0,1,'BK01',1,'EUR',95.00000000,0.00000000,95.00000000,0.00000000,95.00000000,NULL,NULL,NULL),
(11,4,NULL,1,'Pink dress','A beatifull pink dress',NULL,0.000,'',0.000,'0',0.000,'0',1,0,0,NULL,100.00000000,0.00000000,100.00000000,0.00000000,0.00000000,0.00000000,100.00000000,0,0,79.16667000,7,0,2,'bbb',1,'EUR',100.00000000,0.00000000,100.00000000,0.00000000,100.00000000,NULL,NULL,NULL),
(17,4,NULL,NULL,NULL,'a',NULL,5.500,'bbb',0.000,'0',0.000,'0',1,0,0,NULL,1.00000000,0.00000000,1.00000000,0.06000000,0.00000000,0.00000000,1.06000000,0,0,0.00000000,NULL,0,3,'',1,'EUR',1.00000000,0.00000000,1.00000000,0.06000000,1.06000000,NULL,NULL,NULL),
(18,4,NULL,NULL,NULL,'a',NULL,5.500,'bbb',0.000,'0',0.000,'0',1,0,0,NULL,2.00000000,0.00000000,2.00000000,0.11000000,0.00000000,0.00000000,2.11000000,0,0,0.00000000,NULL,0,4,NULL,1,'EUR',2.00000000,0.00000000,2.00000000,0.11000000,2.11000000,NULL,NULL,NULL);

--
-- Table structure for table `llx_supplier_proposaldet_extrafields`
--

CREATE TABLE `llx_supplier_proposaldet_extrafields` (
  `rowid` int(11) NOT NULL AUTO_INCREMENT,
  `tms` timestamp NOT NULL DEFAULT current_timestamp() ON UPDATE current_timestamp(),
  `fk_object` int(11) NOT NULL,
  `import_key` varchar(14) DEFAULT NULL,
  PRIMARY KEY (`rowid`),
  UNIQUE KEY `uk_supplier_proposaldet_extrafields` (`fk_object`)
) ENGINE=InnoDB DEFAULT CHARSET=utf8mb3 COLLATE=utf8mb3_unicode_ci;

--
-- Dumping data for table `llx_supplier_proposaldet_extrafields`
--


--
-- Table structure for table `llx_takepos_floor_tables`
--

CREATE TABLE `llx_takepos_floor_tables` (
  `rowid` int(11) NOT NULL AUTO_INCREMENT,
  `entity` int(11) NOT NULL DEFAULT 1,
  `label` varchar(255) DEFAULT NULL,
  `leftpos` float DEFAULT NULL,
  `toppos` float DEFAULT NULL,
  `floor` int(3) DEFAULT NULL,
  PRIMARY KEY (`rowid`),
  UNIQUE KEY `entity` (`entity`,`label`),
  UNIQUE KEY `entity_2` (`entity`,`label`),
  UNIQUE KEY `entity_3` (`entity`,`label`),
  UNIQUE KEY `entity_4` (`entity`,`label`),
  UNIQUE KEY `uk_takepos_floor_tables` (`entity`,`label`)
) ENGINE=InnoDB DEFAULT CHARSET=utf8mb3 COLLATE=utf8mb3_unicode_ci;

--
-- Dumping data for table `llx_takepos_floor_tables`
--


--
-- Table structure for table `llx_ticket`
--

CREATE TABLE `llx_ticket` (
  `rowid` int(11) NOT NULL AUTO_INCREMENT,
  `entity` int(11) DEFAULT 1,
  `ref` varchar(128) NOT NULL,
  `track_id` varchar(128) NOT NULL,
  `fk_soc` int(11) DEFAULT 0,
  `fk_project` int(11) DEFAULT 0,
  `fk_contract` int(11) DEFAULT 0,
  `origin_email` varchar(128) DEFAULT NULL,
  `fk_user_create` int(11) DEFAULT NULL,
  `fk_user_assign` int(11) DEFAULT NULL,
  `subject` varchar(255) DEFAULT NULL,
  `message` mediumtext DEFAULT NULL,
  `fk_statut` int(11) DEFAULT NULL,
  `resolution` int(11) DEFAULT NULL,
  `progress` int(11) DEFAULT NULL,
  `timing` varchar(20) DEFAULT NULL,
  `type_code` varchar(32) DEFAULT NULL,
  `category_code` varchar(32) DEFAULT NULL,
  `severity_code` varchar(32) DEFAULT NULL,
  `datec` datetime DEFAULT NULL,
  `date_read` datetime DEFAULT NULL,
  `date_last_msg_sent` datetime DEFAULT NULL,
  `date_close` datetime DEFAULT NULL,
  `notify_tiers_at_create` tinyint(4) DEFAULT NULL,
  `tms` timestamp NOT NULL DEFAULT current_timestamp() ON UPDATE current_timestamp(),
  `import_key` varchar(14) DEFAULT NULL,
  `email_msgid` varchar(255) DEFAULT NULL,
  `email_date` datetime DEFAULT NULL,
  `ip` varchar(250) DEFAULT NULL,
  `model_pdf` varchar(255) DEFAULT NULL,
  `last_main_doc` varchar(255) DEFAULT NULL,
  `extraparams` varchar(255) DEFAULT NULL,
  `barcode` varchar(255) DEFAULT NULL,
  `fk_barcode_type` int(11) DEFAULT NULL,
  `origin_replyto` varchar(128) DEFAULT NULL,
  `origin_references` text DEFAULT NULL,
  PRIMARY KEY (`rowid`),
  UNIQUE KEY `uk_ticket_track_id` (`track_id`),
  UNIQUE KEY `uk_ticket_ref` (`ref`,`entity`),
  UNIQUE KEY `uk_ticket_barcode_barcode_type` (`barcode`,`fk_barcode_type`,`entity`),
  KEY `idx_ticket_entity` (`entity`),
  KEY `idx_ticket_fk_soc` (`fk_soc`),
  KEY `idx_ticket_fk_user_assign` (`fk_user_assign`),
  KEY `idx_ticket_fk_project` (`fk_project`),
  KEY `idx_ticket_fk_statut` (`fk_statut`),
  KEY `llx_ticket_fk_product_barcode_type` (`fk_barcode_type`),
  CONSTRAINT `llx_ticket_fk_product_barcode_type` FOREIGN KEY (`fk_barcode_type`) REFERENCES `llx_c_barcode_type` (`rowid`)
) ENGINE=InnoDB AUTO_INCREMENT=8 DEFAULT CHARSET=utf8mb3 COLLATE=utf8mb3_unicode_ci;

--
-- Dumping data for table `llx_ticket`
--

INSERT INTO `llx_ticket` VALUES
(2,1,'TS1909-0001','15ff11cay39skiaa',NULL,6,0,NULL,12,12,'Increase memory on server','Pleae increase the memory of server to 164GB',3,NULL,0,NULL,'REQUEST','OTHER','NORMAL','2024-09-26 14:08:46',NULL,NULL,NULL,0,'2025-01-06 15:48:05',NULL,NULL,NULL,NULL,NULL,NULL,NULL,NULL,NULL,NULL,NULL),
(3,1,'TS1909-0002','r5ya6gdi9f39dcjt',1,NULL,0,NULL,12,14,'Problem with customer','Please recontact customer.<br />\r\nNeed someone speaking chinese...',0,NULL,100,NULL,'ISSUE','OTHER','NORMAL','2024-09-26 14:10:31',NULL,NULL,'2024-10-04 13:05:55',0,'2025-01-06 15:48:05',NULL,NULL,NULL,NULL,NULL,NULL,NULL,NULL,NULL,NULL,NULL),
(4,1,'TS1910-0003','fdv9wrzcte7b3c8b',NULL,NULL,0,NULL,12,NULL,'test','test',2,NULL,0,NULL,'COM','OTHER','NORMAL','2024-10-04 12:58:04',NULL,NULL,NULL,0,'2025-01-06 15:48:05',NULL,NULL,NULL,NULL,NULL,NULL,NULL,NULL,NULL,NULL,NULL),
(6,1,'TS1911-0004','5gvo9bsjri55zef9',NULL,4,0,NULL,12,3,'What is the price for Dolibarr ERP CRM ?','I need to use it for 10 users.',2,NULL,0,NULL,'COM','OTHER','NORMAL','2024-11-29 12:46:29','2024-11-29 12:46:34',NULL,NULL,0,'2025-01-06 15:48:05',NULL,NULL,NULL,NULL,NULL,NULL,NULL,NULL,NULL,NULL,NULL),
(7,1,'TS1911-0005','d51wjy4nym7wltg7',NULL,NULL,0,'customer@customercompany.com',NULL,16,'What is the price for Dolibarr ERP CRM ?','I need it for 10 people...',8,NULL,100,NULL,'COM','OTHER','NORMAL','2024-11-29 12:50:45','2024-11-29 12:52:32',NULL,'2025-03-13 06:17:35',1,'2025-01-06 15:48:05',NULL,NULL,NULL,NULL,NULL,NULL,NULL,NULL,NULL,NULL,NULL);

--
-- Table structure for table `llx_ticket_extrafields`
--

CREATE TABLE `llx_ticket_extrafields` (
  `rowid` int(11) NOT NULL AUTO_INCREMENT,
  `tms` timestamp NOT NULL DEFAULT current_timestamp() ON UPDATE current_timestamp(),
  `fk_object` int(11) NOT NULL,
  `import_key` varchar(14) DEFAULT NULL,
  `aaa` int(10) DEFAULT NULL,
  PRIMARY KEY (`rowid`),
  UNIQUE KEY `uk_ticket_extrafields` (`fk_object`),
  KEY `idx_ticket_extrafields` (`fk_object`)
) ENGINE=InnoDB DEFAULT CHARSET=utf8mb3 COLLATE=utf8mb3_unicode_ci;

--
-- Dumping data for table `llx_ticket_extrafields`
--


--
-- Table structure for table `llx_tva`
--

CREATE TABLE `llx_tva` (
  `rowid` int(11) NOT NULL AUTO_INCREMENT,
  `tms` timestamp NOT NULL DEFAULT current_timestamp() ON UPDATE current_timestamp(),
  `datec` date DEFAULT NULL,
  `datep` date DEFAULT NULL,
  `datev` date DEFAULT NULL,
  `amount` double(24,8) DEFAULT NULL,
  `label` varchar(255) DEFAULT NULL,
  `entity` int(11) NOT NULL DEFAULT 1,
  `note` text DEFAULT NULL,
  `fk_bank` int(11) DEFAULT NULL,
  `fk_user_creat` int(11) DEFAULT NULL,
  `fk_user_modif` int(11) DEFAULT NULL,
  `fk_typepayment` int(11) DEFAULT NULL,
  `num_payment` varchar(50) DEFAULT NULL,
  `import_key` varchar(14) DEFAULT NULL,
  `paye` smallint(6) NOT NULL DEFAULT 0,
  `fk_account` int(11) DEFAULT NULL,
  PRIMARY KEY (`rowid`)
) ENGINE=InnoDB DEFAULT CHARSET=utf8mb3 COLLATE=utf8mb3_unicode_ci;

--
-- Dumping data for table `llx_tva`
--


--
-- Table structure for table `llx_user_alert`
--

CREATE TABLE `llx_user_alert` (
  `rowid` int(11) NOT NULL AUTO_INCREMENT,
  `type` int(11) DEFAULT NULL,
  `fk_contact` int(11) DEFAULT NULL,
  `fk_user` int(11) DEFAULT NULL,
  PRIMARY KEY (`rowid`)
) ENGINE=InnoDB AUTO_INCREMENT=3 DEFAULT CHARSET=utf8mb3 COLLATE=utf8mb3_unicode_ci;

--
-- Dumping data for table `llx_user_alert`
--

INSERT INTO `llx_user_alert` VALUES
(1,1,1,1),
(2,1,10,12);

--
-- Table structure for table `llx_user_clicktodial`
--

CREATE TABLE `llx_user_clicktodial` (
  `fk_user` int(11) NOT NULL,
  `url` varchar(255) DEFAULT NULL,
  `login` varchar(32) DEFAULT NULL,
  `pass` varchar(64) DEFAULT NULL,
  `poste` varchar(20) DEFAULT NULL,
  PRIMARY KEY (`fk_user`)
) ENGINE=InnoDB DEFAULT CHARSET=utf8mb3 COLLATE=utf8mb3_unicode_ci;

--
-- Dumping data for table `llx_user_clicktodial`
--


--
-- Table structure for table `llx_user_employment`
--

CREATE TABLE `llx_user_employment` (
  `rowid` int(11) NOT NULL AUTO_INCREMENT,
  `entity` int(11) NOT NULL DEFAULT 1,
  `ref` varchar(50) DEFAULT NULL,
  `ref_ext` varchar(50) DEFAULT NULL,
  `fk_user` int(11) DEFAULT NULL,
  `datec` datetime DEFAULT NULL,
  `tms` timestamp NOT NULL DEFAULT current_timestamp() ON UPDATE current_timestamp(),
  `fk_user_creat` int(11) DEFAULT NULL,
  `fk_user_modif` int(11) DEFAULT NULL,
  `job` varchar(128) DEFAULT NULL,
  `status` int(11) NOT NULL,
  `salary` double(24,8) DEFAULT NULL,
  `salaryextra` double(24,8) DEFAULT NULL,
  `weeklyhours` double(16,8) DEFAULT NULL,
  `dateemployment` date DEFAULT NULL,
  `dateemploymentend` date DEFAULT NULL,
  PRIMARY KEY (`rowid`),
  UNIQUE KEY `uk_user_employment` (`ref`,`entity`),
  KEY `fk_user_employment_fk_user` (`fk_user`),
  CONSTRAINT `fk_user_employment_fk_user` FOREIGN KEY (`fk_user`) REFERENCES `llx_user` (`rowid`)
) ENGINE=InnoDB DEFAULT CHARSET=utf8mb3 COLLATE=utf8mb3_unicode_ci;

--
-- Dumping data for table `llx_user_employment`
--


--
-- Table structure for table `llx_user_extrafields`
--

CREATE TABLE `llx_user_extrafields` (
  `rowid` int(11) NOT NULL AUTO_INCREMENT,
  `tms` timestamp NOT NULL DEFAULT current_timestamp() ON UPDATE current_timestamp(),
  `fk_object` int(11) NOT NULL,
  `import_key` varchar(14) DEFAULT NULL,
  `rsapublicmain` text DEFAULT NULL,
  `ippublicmain` varchar(255) DEFAULT NULL,
  `aaa` varchar(255) DEFAULT NULL,
  `news_viewed` int(1) DEFAULT NULL,
  `a_custom_field` varchar(255) DEFAULT NULL,
  PRIMARY KEY (`rowid`),
  UNIQUE KEY `uk_user_extrafields` (`fk_object`)
) ENGINE=InnoDB AUTO_INCREMENT=27 DEFAULT CHARSET=utf8mb3 COLLATE=utf8mb3_unicode_ci;

--
-- Dumping data for table `llx_user_extrafields`
--

INSERT INTO `llx_user_extrafields` VALUES
(2,'2023-02-25 15:00:16',22,NULL,NULL,NULL,NULL,NULL,NULL),
(6,'2023-02-28 08:49:59',19,NULL,NULL,NULL,NULL,0,NULL),
(8,'2023-02-28 08:49:59',17,NULL,NULL,NULL,NULL,0,NULL),
(9,'2023-02-28 08:49:59',4,NULL,NULL,NULL,NULL,0,NULL),
(10,'2023-02-28 08:49:59',13,NULL,NULL,NULL,NULL,0,NULL),
(11,'2023-02-28 08:49:59',16,NULL,NULL,NULL,NULL,0,NULL),
(12,'2023-02-28 08:49:59',2,NULL,NULL,NULL,NULL,0,NULL),
(13,'2023-02-28 08:49:59',18,NULL,NULL,NULL,NULL,0,NULL),
(14,'2023-02-28 08:49:59',10,NULL,NULL,NULL,NULL,0,NULL),
(15,'2023-02-28 08:49:59',3,NULL,NULL,NULL,NULL,0,NULL),
(16,'2023-02-28 08:49:59',14,NULL,NULL,NULL,NULL,0,NULL),
(17,'2023-02-28 08:49:59',11,NULL,NULL,NULL,NULL,0,NULL),
(18,'2023-03-13 11:03:08',29,NULL,NULL,NULL,NULL,NULL,NULL),
(25,'2024-06-21 23:39:43',12,NULL,NULL,NULL,NULL,NULL,NULL),
(26,'2024-06-21 23:39:57',1,NULL,NULL,NULL,NULL,0,NULL);

--
-- Table structure for table `llx_user_param`
--

CREATE TABLE `llx_user_param` (
  `fk_user` int(11) NOT NULL,
  `entity` int(11) NOT NULL DEFAULT 1,
  `param` varchar(255) NOT NULL,
  `value` text NOT NULL,
  UNIQUE KEY `uk_user_param` (`fk_user`,`param`,`entity`)
) ENGINE=InnoDB DEFAULT CHARSET=utf8mb3 COLLATE=utf8mb3_unicode_ci;

--
-- Dumping data for table `llx_user_param`
--

INSERT INTO `llx_user_param` VALUES
(1,1,'MAIN_BOXES_0','1'),
(1,1,'MAIN_THEME','eldy'),
(1,3,'THEME_ELDY_ENABLE_PERSONALIZED','1'),
(1,1,'THEME_ELDY_RGB','ded0ed'),
(1,3,'THEME_ELDY_RGB','d0ddc3'),
(2,1,'MAIN_BOXES_0','1'),
(11,1,'MAIN_BOXES_0','1'),
(12,1,'MAIN_BOXES_0','1'),
(12,1,'MAIN_BOXES_2','1'),
(12,1,'MAIN_BOXES_27','1'),
(12,1,'MAIN_LANG_DEFAULT','fr_FR'),
(12,1,'MAIN_SELECTEDFIELDS_/dolibarr_4.0/htdocs/adherents/list.php','d.zip,d.ref,d.lastname,d.firstname,d.company,d.login,d.morphy,t.libelle,d.email,d.datefin,d.statut,'),
(12,1,'MAIN_SELECTEDFIELDS_accountingaccountlist','categories,aa.account_number,aa.label,aa.labelshort,aa.account_parent,aa.pcg_type,aa.active,aa.import_key,'),
(12,1,'MAIN_SELECTEDFIELDS_cashcontrol','t.ref,t.posmodule,t.posnumber,t.opening,t.cash,t.cheque,t.card,t.year_close,t.month_close,t.day_close,t.status,'),
(12,1,'MAIN_SELECTEDFIELDS_conferenceorboothlist','t.fk_project,t.ref,t.label,t.fk_soc,t.fk_action,t.datep,t.datep2,t.num_vote,t.status,'),
(12,1,'MAIN_SELECTEDFIELDS_customerlist','s.email,s.nom,s.name_alias,s.barcode,s.code_client,s.code_compta,s.zip,s.phone,typent.code,customerorsupplier,s.status,'),
(12,1,'MAIN_SELECTEDFIELDS_directdebitcredittransferlist','ref,label,datep,type,project,bank,entry,account,subledger,debit,credit,'),
(12,1,'MAIN_SELECTEDFIELDS_emailsenderprofilelist','t.tms,t.label,t.email,t.private,t.position,t.date_creation,t.active,'),
(12,1,'MAIN_SELECTEDFIELDS_inventorylist','t.fk_user_creat,t.ref,t.title,t.fk_warehouse,t.fk_product,t.date_inventory,t.fk_user_modif,t.fk_user_valid,t.status,'),
(12,1,'MAIN_SELECTEDFIELDS_invoicelist','typent.code,f.ref,f.type,f.datef,f.date_lim_reglement,p.ref,s.nom,f.total_ht,f.total_ttc,rtp,u.login,f.fk_statut,'),
(12,1,'MAIN_SELECTEDFIELDS_jobpositionlist','t.fk_user_creat,t.rowid,t.date_start,t.date_end,t.fk_user,t.fk_job,'),
(12,1,'MAIN_SELECTEDFIELDS_knowledgerecordlist','t.fk_c_ticket_category,t.ref,t.question,t.lang,t.tms,t.status,'),
(12,1,'MAIN_SELECTEDFIELDS_molist','t.ref,t.fk_bom,t.mrptype,t.fk_product,t.qty,t.label,t.fk_warehouse,t.date_start_planned,t.date_end_planned,t.status,'),
(12,1,'MAIN_SELECTEDFIELDS_partnershippartnershiplist','t.import_key,t.ip,t.reason_decline_or_cancel,t.last_check_backlink,t.count_last_url_check_error,t.entity,t.url_to_check,t.ref,t.fk_type,t.fk_soc,t.date_partnership_start,t.date_partnership_end,t.status,'),
(12,1,'MAIN_SELECTEDFIELDS_poslist','f.ref,f.ref_client,f.date,f.date_lim_reglement,p.ref,s.nom,s.town,s.zip,f.total_ht,f.fk_statut,'),
(12,1,'MAIN_SELECTEDFIELDS_productlist','p.numbuyprice,p.ref,p.label,p.barcode,p.sellprice,p.minbuyprice,p.desiredstock,p.stock,stock_virtual,p.tosell,p.tobuy,'),
(12,1,'MAIN_SELECTEDFIELDS_proposallist','p.ref,p.ref_client,s.nom,s.zip,country.code_iso,p.date,p.fin_validite,p.total_ht,u.login,p.datec,p.fk_statut,'),
(12,1,'MAIN_SELECTEDFIELDS_servicelist','p.ref,p.label,p.duration,p.sellprice,p.minbuyprice,p.tosell,p.tobuy,'),
(12,1,'MAIN_SELECTEDFIELDS_supplierorderlist','cf.tms,cf.ref,cf.ref_supplier,cf.fk_soc,s.town,s.zip,cf.date_commande,cf.date_livraison,cf.total_ht,cf.total_tva,cf.fk_statut,cf.billed,'),
(12,1,'MAIN_SELECTEDFIELDS_targetlist','t.trigger_codes,t.ref,t.label,t.url,t.status,'),
(12,1,'MAIN_SELECTEDFIELDS_tasklist','s.nom,t.ref,t.label,t.dateo,t.datee,p.ref,p.fk_statut,t.planned_workload,t.duration_effective,t.progress_calculated,t.progress,t.progress_summary,'),
(12,1,'MAIN_SELECTEDFIELDS_ticketlist','t.origin_email,t.ref,t.fk_user_create,t.subject,t.type_code,t.severity_code,t.fk_soc,t.datec,t.date_read,t.fk_user_assign,t.fk_statut,'),
(12,1,'MAIN_SELECTEDFIELDS_userlist','u.api_key,u.login,u.lastname,u.firstname,u.employee,u.fk_user,u.email,u.fk_soc,u.job,u.datelastlogin,u.statut,'),
(12,1,'MAIN_SELECTEDFIELDS_vendorpaymentlist','pndf.rowid,pndf.datep,u.login,c.libelle,pndf.num_payment,ba.label,pndf.amount,');

--
-- Table structure for table `llx_user_rib`
--

CREATE TABLE `llx_user_rib` (
  `rowid` int(11) NOT NULL AUTO_INCREMENT,
  `fk_user` int(11) NOT NULL,
  `entity` int(11) NOT NULL DEFAULT 1,
  `datec` datetime DEFAULT NULL,
  `tms` timestamp NOT NULL DEFAULT current_timestamp() ON UPDATE current_timestamp(),
  `label` varchar(30) DEFAULT NULL,
  `bank` varchar(255) DEFAULT NULL,
  `code_banque` varchar(128) DEFAULT NULL,
  `code_guichet` varchar(6) DEFAULT NULL,
  `number` varchar(255) DEFAULT NULL,
  `cle_rib` varchar(5) DEFAULT NULL,
  `bic` varchar(11) DEFAULT NULL,
  `bic_intermediate` varchar(11) DEFAULT NULL,
  `iban_prefix` varchar(80) DEFAULT NULL,
  `domiciliation` varchar(255) DEFAULT NULL,
  `proprio` varchar(60) DEFAULT NULL,
  `owner_address` varchar(255) DEFAULT NULL,
  `state_id` int(11) DEFAULT NULL,
  `fk_country` int(11) DEFAULT NULL,
  `currency_code` varchar(3) DEFAULT NULL,
  `default_rib` smallint(6) NOT NULL DEFAULT 0,
  PRIMARY KEY (`rowid`)
) ENGINE=InnoDB AUTO_INCREMENT=4 DEFAULT CHARSET=utf8mb3 COLLATE=utf8mb3_unicode_ci;

--
-- Dumping data for table `llx_user_rib`
--


--
-- Table structure for table `llx_user_rights`
--

CREATE TABLE `llx_user_rights` (
  `rowid` int(11) NOT NULL AUTO_INCREMENT,
  `entity` int(11) NOT NULL DEFAULT 1,
  `fk_user` int(11) NOT NULL,
  `fk_id` int(11) NOT NULL,
  PRIMARY KEY (`rowid`),
  UNIQUE KEY `uk_user_rights` (`entity`,`fk_user`,`fk_id`),
  KEY `fk_user_rights_fk_user_user` (`fk_user`),
  CONSTRAINT `fk_user_rights_fk_user_user` FOREIGN KEY (`fk_user`) REFERENCES `llx_user` (`rowid`)
) ENGINE=InnoDB AUTO_INCREMENT=25810 DEFAULT CHARSET=utf8mb3 COLLATE=utf8mb3_unicode_ci;

--
-- Dumping data for table `llx_user_rights`
--

INSERT INTO `llx_user_rights` VALUES
(12402,1,1,11),
(12380,1,1,12),
(12385,1,1,13),
(12389,1,1,14),
(12393,1,1,15),
(12398,1,1,16),
(12404,1,1,19),
(9726,1,1,21),
(9700,1,1,22),
(9706,1,1,24),
(9711,1,1,25),
(9716,1,1,26),
(9722,1,1,27),
(9728,1,1,28),
(9978,1,1,31),
(9968,1,1,32),
(9974,1,1,34),
(9980,1,1,38),
(11573,1,1,41),
(11574,1,1,42),
(11575,1,1,44),
(11576,1,1,45),
(7184,1,1,61),
(7181,1,1,62),
(7183,1,1,64),
(7185,1,1,67),
(7186,1,1,68),
(1678,1,1,71),
(1673,1,1,72),
(1675,1,1,74),
(1679,1,1,75),
(1677,1,1,76),
(1681,1,1,78),
(1682,1,1,79),
(12322,1,1,81),
(12309,1,1,82),
(12312,1,1,84),
(12314,1,1,86),
(12317,1,1,87),
(12320,1,1,88),
(12323,1,1,89),
(11580,1,1,91),
(11581,1,1,92),
(11582,1,1,93),
(11583,1,1,94),
(7139,1,1,101),
(7134,1,1,102),
(7136,1,1,104),
(7137,1,1,105),
(7138,1,1,106),
(7140,1,1,109),
(10229,1,1,111),
(10201,1,1,112),
(10207,1,1,113),
(10213,1,1,114),
(10219,1,1,115),
(10225,1,1,116),
(10231,1,1,117),
(12518,1,1,121),
(12508,1,1,122),
(12514,1,1,125),
(12520,1,1,126),
(11577,1,1,141),
(11578,1,1,142),
(11579,1,1,144),
(2307,1,1,151),
(2304,1,1,152),
(2306,1,1,153),
(2308,1,1,154),
(10092,1,1,161),
(10093,1,1,162),
(10094,1,1,163),
(10095,1,1,164),
(10096,1,1,165),
(10000,1,1,221),
(9990,1,1,222),
(9996,1,1,223),
(10002,1,1,229),
(10007,1,1,237),
(10011,1,1,238),
(10015,1,1,239),
(1686,1,1,241),
(1685,1,1,242),
(1687,1,1,243),
(12604,1,1,251),
(12566,1,1,252),
(12569,1,1,253),
(12572,1,1,254),
(12575,1,1,255),
(12579,1,1,256),
(12525,1,1,262),
(12544,1,1,281),
(12534,1,1,282),
(12540,1,1,283),
(12546,1,1,286),
(12290,1,1,301),
(1763,1,1,331),
(1762,1,1,332),
(1764,1,1,333),
(12582,1,1,341),
(12584,1,1,342),
(12586,1,1,343),
(12588,1,1,344),
(12600,1,1,351),
(12593,1,1,352),
(12597,1,1,353),
(12601,1,1,354),
(12605,1,1,358),
(12560,1,1,531),
(12553,1,1,532),
(12557,1,1,534),
(12561,1,1,538),
(12348,1,1,701),
(12354,1,1,702),
(12360,1,1,703),
(1755,1,1,1001),
(1754,1,1,1002),
(1756,1,1,1003),
(1758,1,1,1004),
(1759,1,1,1005),
(7146,1,1,1101),
(7143,1,1,1102),
(7145,1,1,1104),
(7147,1,1,1109),
(12412,1,1,1181),
(12458,1,1,1182),
(12417,1,1,1183),
(12420,1,1,1184),
(12423,1,1,1185),
(12427,1,1,1186),
(12431,1,1,1187),
(12437,1,1,1188),
(12434,1,1,1189),
(1578,1,1,1201),
(1579,1,1,1202),
(12454,1,1,1231),
(12443,1,1,1232),
(12446,1,1,1233),
(12449,1,1,1234),
(12452,1,1,1235),
(12455,1,1,1236),
(1736,1,1,1251),
(12409,1,1,1321),
(12326,1,1,1421),
(12264,1,1,2401),
(12260,1,1,2402),
(12266,1,1,2403),
(12280,1,1,2411),
(12276,1,1,2412),
(12282,1,1,2413),
(12286,1,1,2414),
(12370,1,1,2501),
(12367,1,1,2503),
(12371,1,1,2515),
(12490,1,1,20001),
(12474,1,1,20003),
(12480,1,1,20004),
(12486,1,1,20005),
(12492,1,1,20006),
(12302,1,1,23001),
(12295,1,1,23002),
(12299,1,1,23003),
(12303,1,1,23004),
(4984,1,1,50401),
(4987,1,1,50411),
(4988,1,1,50412),
(4989,1,1,50415),
(12498,1,1,55001),
(12499,1,1,55002),
(9596,1,1,101051),
(9604,1,1,101060),
(9605,1,1,101061),
(10353,1,1,101250),
(10355,1,1,101251),
(132,1,2,11),
(133,1,2,12),
(134,1,2,13),
(135,1,2,14),
(136,1,2,16),
(137,1,2,19),
(138,1,2,21),
(139,1,2,22),
(140,1,2,24),
(141,1,2,25),
(142,1,2,26),
(143,1,2,27),
(10359,1,2,31),
(145,1,2,32),
(10361,1,2,34),
(147,1,2,41),
(148,1,2,42),
(149,1,2,44),
(150,1,2,61),
(151,1,2,62),
(152,1,2,64),
(153,1,2,71),
(154,1,2,72),
(155,1,2,74),
(156,1,2,75),
(157,1,2,78),
(158,1,2,79),
(159,1,2,81),
(160,1,2,82),
(161,1,2,84),
(162,1,2,86),
(163,1,2,87),
(164,1,2,88),
(165,1,2,89),
(166,1,2,91),
(167,1,2,92),
(168,1,2,93),
(169,1,2,101),
(170,1,2,102),
(171,1,2,104),
(172,1,2,109),
(173,1,2,111),
(174,1,2,112),
(175,1,2,113),
(176,1,2,114),
(177,1,2,116),
(178,1,2,117),
(179,1,2,121),
(180,1,2,122),
(181,1,2,125),
(182,1,2,141),
(183,1,2,142),
(184,1,2,144),
(2479,1,2,151),
(2480,1,2,152),
(2481,1,2,153),
(2482,1,2,154),
(185,1,2,161),
(186,1,2,162),
(187,1,2,163),
(188,1,2,164),
(189,1,2,165),
(193,1,2,221),
(194,1,2,222),
(195,1,2,229),
(196,1,2,241),
(197,1,2,242),
(198,1,2,243),
(199,1,2,251),
(201,1,2,262),
(202,1,2,281),
(203,1,2,282),
(204,1,2,283),
(205,1,2,331),
(2483,1,2,531),
(207,1,2,532),
(2484,1,2,534),
(210,1,2,701),
(211,1,2,702),
(2474,1,2,703),
(15064,1,2,771),
(15057,1,2,772),
(15059,1,2,773),
(15063,1,2,775),
(15065,1,2,776),
(212,1,2,1001),
(213,1,2,1002),
(214,1,2,1003),
(215,1,2,1004),
(216,1,2,1005),
(217,1,2,1101),
(218,1,2,1102),
(219,1,2,1104),
(220,1,2,1109),
(15073,1,2,1121),
(15074,1,2,1122),
(15075,1,2,1123),
(15076,1,2,1124),
(15077,1,2,1125),
(15078,1,2,1126),
(221,1,2,1181),
(222,1,2,1182),
(223,1,2,1183),
(224,1,2,1184),
(225,1,2,1185),
(226,1,2,1186),
(227,1,2,1187),
(228,1,2,1188),
(229,1,2,1201),
(230,1,2,1202),
(231,1,2,1231),
(232,1,2,1232),
(233,1,2,1233),
(234,1,2,1234),
(235,1,2,1421),
(236,1,2,2401),
(237,1,2,2402),
(238,1,2,2403),
(239,1,2,2411),
(240,1,2,2412),
(241,1,2,2413),
(2470,1,2,2501),
(243,1,2,2515),
(10363,1,2,20001),
(10365,1,2,20003),
(10366,1,2,20004),
(10367,1,2,20005),
(10368,1,2,20006),
(15054,1,2,23001),
(15067,1,2,55001),
(15066,1,2,59001),
(15068,1,2,63001),
(15069,1,2,63002),
(15070,1,2,63003),
(15071,1,2,63004),
(10372,1,2,101250),
(1807,1,3,11),
(1808,1,3,31),
(1810,1,3,41),
(1811,1,3,61),
(1812,1,3,71),
(1813,1,3,72),
(1814,1,3,74),
(1815,1,3,75),
(1816,1,3,78),
(1817,1,3,79),
(1818,1,3,91),
(1821,1,3,111),
(1822,1,3,121),
(1823,1,3,122),
(1824,1,3,125),
(1825,1,3,161),
(1829,1,3,221),
(1830,1,3,222),
(1831,1,3,229),
(1832,1,3,241),
(1833,1,3,242),
(1834,1,3,243),
(1835,1,3,251),
(1836,1,3,255),
(1837,1,3,256),
(1838,1,3,262),
(1839,1,3,281),
(1840,1,3,282),
(1841,1,3,283),
(1842,1,3,331),
(1843,1,3,531),
(1846,1,3,1001),
(1847,1,3,1002),
(1848,1,3,1003),
(1849,1,3,1004),
(1850,1,3,1005),
(1851,1,3,1181),
(1852,1,3,1182),
(1853,1,3,1201),
(1854,1,3,1202),
(1855,1,3,1231),
(1856,1,3,2401),
(1857,1,3,2402),
(1858,1,3,2403),
(1859,1,3,2411),
(1860,1,3,2412),
(1861,1,3,2413),
(1863,1,3,2515),
(8026,1,4,11),
(8027,1,4,21),
(8028,1,4,31),
(8029,1,4,41),
(8030,1,4,61),
(8031,1,4,71),
(8032,1,4,72),
(8033,1,4,74),
(8034,1,4,75),
(8035,1,4,78),
(8036,1,4,79),
(8037,1,4,81),
(8038,1,4,91),
(8041,1,4,101),
(8042,1,4,111),
(8043,1,4,121),
(8044,1,4,151),
(8045,1,4,161),
(8047,1,4,221),
(8048,1,4,222),
(8049,1,4,229),
(8050,1,4,241),
(8051,1,4,242),
(8052,1,4,243),
(8146,1,4,251),
(8147,1,4,253),
(8053,1,4,262),
(8054,1,4,281),
(8055,1,4,331),
(8056,1,4,341),
(8057,1,4,342),
(8058,1,4,343),
(8059,1,4,344),
(8060,1,4,531),
(8062,1,4,1001),
(8063,1,4,1002),
(8064,1,4,1003),
(8065,1,4,1004),
(8066,1,4,1005),
(8067,1,4,1101),
(8068,1,4,1181),
(8069,1,4,1182),
(8070,1,4,1201),
(8071,1,4,1202),
(8072,1,4,1231),
(8073,1,4,2401),
(8074,1,4,2501),
(8075,1,4,2503),
(8076,1,4,2515),
(8077,1,4,20001),
(12608,1,10,11),
(12609,1,10,21),
(12610,1,10,31),
(12611,1,10,41),
(12612,1,10,61),
(12613,1,10,71),
(12614,1,10,72),
(12615,1,10,74),
(12616,1,10,75),
(12617,1,10,78),
(12618,1,10,79),
(12619,1,10,81),
(12620,1,10,91),
(12623,1,10,101),
(12624,1,10,111),
(12625,1,10,121),
(12626,1,10,151),
(12627,1,10,161),
(12629,1,10,221),
(12630,1,10,222),
(12631,1,10,229),
(12632,1,10,241),
(12633,1,10,242),
(12634,1,10,243),
(12635,1,10,262),
(12636,1,10,281),
(12638,1,10,331),
(12639,1,10,341),
(12640,1,10,342),
(12641,1,10,343),
(12642,1,10,344),
(12643,1,10,531),
(12645,1,10,1001),
(12646,1,10,1002),
(12647,1,10,1003),
(12648,1,10,1004),
(12649,1,10,1005),
(12650,1,10,1101),
(12651,1,10,1181),
(12652,1,10,1182),
(12653,1,10,1201),
(12654,1,10,1202),
(12655,1,10,1231),
(12656,1,10,2401),
(12657,1,10,2501),
(12658,1,10,2503),
(12659,1,10,2515),
(12660,1,10,20001),
(12662,1,10,23001),
(12664,1,11,11),
(12665,1,11,21),
(12666,1,11,31),
(12667,1,11,41),
(12668,1,11,61),
(12669,1,11,71),
(12670,1,11,72),
(12671,1,11,74),
(12672,1,11,75),
(12673,1,11,78),
(12674,1,11,79),
(12675,1,11,81),
(12676,1,11,91),
(12679,1,11,101),
(12680,1,11,111),
(12681,1,11,121),
(12682,1,11,151),
(12683,1,11,161),
(12685,1,11,221),
(12686,1,11,222),
(12687,1,11,229),
(12688,1,11,241),
(12689,1,11,242),
(12690,1,11,243),
(12691,1,11,262),
(12692,1,11,281),
(12694,1,11,331),
(12695,1,11,341),
(12696,1,11,342),
(12697,1,11,343),
(12698,1,11,344),
(12699,1,11,531),
(12701,1,11,1001),
(12702,1,11,1002),
(12703,1,11,1003),
(12704,1,11,1004),
(12705,1,11,1005),
(12706,1,11,1101),
(12707,1,11,1181),
(12708,1,11,1182),
(12709,1,11,1201),
(12710,1,11,1202),
(12711,1,11,1231),
(12712,1,11,2401),
(12713,1,11,2501),
(12714,1,11,2503),
(12715,1,11,2515),
(12716,1,11,20001),
(12718,1,11,23001),
(25586,1,12,11),
(25580,1,12,12),
(25581,1,12,13),
(25582,1,12,14),
(25583,1,12,15),
(25585,1,12,16),
(25587,1,12,19),
(23583,1,12,21),
(23584,1,12,22),
(23585,1,12,24),
(23586,1,12,25),
(23587,1,12,26),
(23588,1,12,27),
(23589,1,12,28),
(23590,1,12,31),
(23591,1,12,32),
(23592,1,12,33),
(23593,1,12,34),
(23594,1,12,38),
(23595,1,12,39),
(23596,1,12,41),
(23597,1,12,42),
(23598,1,12,44),
(23599,1,12,45),
(25620,1,12,61),
(25617,1,12,62),
(25619,1,12,64),
(25621,1,12,67),
(25622,1,12,68),
(25623,1,12,69),
(25624,1,12,70),
(24331,1,12,71),
(24326,1,12,72),
(24328,1,12,74),
(24332,1,12,75),
(24330,1,12,76),
(24334,1,12,78),
(24335,1,12,79),
(25550,1,12,81),
(25544,1,12,82),
(25545,1,12,84),
(25546,1,12,85),
(25547,1,12,86),
(25548,1,12,87),
(25549,1,12,88),
(25551,1,12,89),
(23622,1,12,91),
(23623,1,12,92),
(23624,1,12,93),
(23625,1,12,94),
(23627,1,12,101),
(23628,1,12,102),
(23629,1,12,104),
(23630,1,12,105),
(23631,1,12,106),
(23632,1,12,109),
(25528,1,12,111),
(25519,1,12,112),
(25521,1,12,113),
(25523,1,12,114),
(25525,1,12,115),
(25527,1,12,116),
(25529,1,12,117),
(25693,1,12,121),
(25690,1,12,122),
(25692,1,12,125),
(25694,1,12,126),
(25695,1,12,130),
(23645,1,12,141),
(23646,1,12,142),
(23647,1,12,144),
(23648,1,12,145),
(23649,1,12,151),
(23650,1,12,152),
(23651,1,12,153),
(23652,1,12,154),
(23653,1,12,161),
(23654,1,12,162),
(23655,1,12,163),
(23656,1,12,164),
(23657,1,12,165),
(23658,1,12,167),
(23906,1,12,221),
(23903,1,12,222),
(23905,1,12,223),
(23907,1,12,229),
(23908,1,12,237),
(23909,1,12,238),
(23910,1,12,239),
(23666,1,12,241),
(23667,1,12,242),
(23668,1,12,243),
(25736,1,12,251),
(25717,1,12,252),
(25719,1,12,253),
(25720,1,12,254),
(25722,1,12,255),
(25724,1,12,256),
(25696,1,12,262),
(25702,1,12,281),
(25699,1,12,282),
(25701,1,12,283),
(25703,1,12,286),
(25533,1,12,301),
(25532,1,12,304),
(25534,1,12,305),
(23683,1,12,331),
(23684,1,12,332),
(23685,1,12,333),
(25725,1,12,341),
(25726,1,12,342),
(25727,1,12,343),
(25728,1,12,344),
(25734,1,12,351),
(25731,1,12,352),
(25733,1,12,353),
(25735,1,12,354),
(25737,1,12,358),
(25678,1,12,511),
(25673,1,12,512),
(25675,1,12,514),
(25677,1,12,517),
(25679,1,12,519),
(23700,1,12,520),
(25645,1,12,521),
(25640,1,12,522),
(25642,1,12,524),
(25644,1,12,525),
(25646,1,12,527),
(25686,1,12,531),
(25682,1,12,532),
(25683,1,12,533),
(25685,1,12,534),
(25687,1,12,538),
(23711,1,12,561),
(23712,1,12,562),
(23713,1,12,563),
(23714,1,12,564),
(25481,1,12,610),
(25741,1,12,611),
(25740,1,12,612),
(25742,1,12,613),
(25515,1,12,651),
(25514,1,12,652),
(25516,1,12,653),
(25653,1,12,661),
(25652,1,12,662),
(25654,1,12,663),
(24297,1,12,691),
(24296,1,12,692),
(24298,1,12,693),
(25556,1,12,701),
(25555,1,12,702),
(25557,1,12,703),
(25662,1,12,750),
(25661,1,12,751),
(25663,1,12,752),
(25576,1,12,771),
(25565,1,12,772),
(25567,1,12,773),
(25569,1,12,775),
(25571,1,12,776),
(25573,1,12,777),
(25575,1,12,778),
(25577,1,12,779),
(25281,1,12,1001),
(25282,1,12,1002),
(25283,1,12,1003),
(25285,1,12,1004),
(25286,1,12,1005),
(25290,1,12,1011),
(25289,1,12,1012),
(25291,1,12,1013),
(23745,1,12,1014),
(23746,1,12,1015),
(23747,1,12,1016),
(23748,1,12,1101),
(23749,1,12,1102),
(23750,1,12,1104),
(23751,1,12,1109),
(23752,1,12,1121),
(23753,1,12,1122),
(23754,1,12,1123),
(23755,1,12,1124),
(23756,1,12,1125),
(23757,1,12,1126),
(25590,1,12,1181),
(25604,1,12,1182),
(25593,1,12,1183),
(25594,1,12,1184),
(25596,1,12,1185),
(25598,1,12,1186),
(25600,1,12,1187),
(25603,1,12,1188),
(25601,1,12,1189),
(25605,1,12,1191),
(23768,1,12,1201),
(23769,1,12,1202),
(25613,1,12,1231),
(25608,1,12,1232),
(25609,1,12,1233),
(25611,1,12,1234),
(25612,1,12,1235),
(25614,1,12,1236),
(23776,1,12,1251),
(25588,1,12,1321),
(25589,1,12,1322),
(25552,1,12,1421),
(25504,1,12,2401),
(25503,1,12,2402),
(25505,1,12,2403),
(25509,1,12,2411),
(25508,1,12,2412),
(25510,1,12,2413),
(25511,1,12,2414),
(24302,1,12,2451),
(24301,1,12,2452),
(24303,1,12,2453),
(25561,1,12,2501),
(25560,1,12,2503),
(25562,1,12,2515),
(23793,1,12,2610),
(23794,1,12,2801),
(23795,1,12,2802),
(23796,1,12,3201),
(23854,1,12,3301),
(23873,1,12,4001),
(23872,1,12,4002),
(23874,1,12,4003),
(23884,1,12,4021),
(23877,1,12,4022),
(23878,1,12,4023),
(23880,1,12,4025),
(23881,1,12,4028),
(23882,1,12,4031),
(23883,1,12,4032),
(23885,1,12,4033),
(25750,1,12,10001),
(25745,1,12,10002),
(25747,1,12,10003),
(25749,1,12,10005),
(25751,1,12,10008),
(25636,1,12,20001),
(25627,1,12,20002),
(25629,1,12,20003),
(25633,1,12,20004),
(25635,1,12,20005),
(25637,1,12,20006),
(25631,1,12,20007),
(25540,1,12,23001),
(25537,1,12,23002),
(25539,1,12,23003),
(25541,1,12,23004),
(25713,1,12,50151),
(25714,1,12,50152),
(25715,1,12,50153),
(25489,1,12,50401),
(25497,1,12,50411),
(25492,1,12,50412),
(25494,1,12,50414),
(25496,1,12,50415),
(25498,1,12,50418),
(25499,1,12,50420),
(25500,1,12,50430),
(25488,1,12,50440),
(25656,1,12,55001),
(25657,1,12,55002),
(25711,1,12,56001),
(25706,1,12,56002),
(25708,1,12,56003),
(25710,1,12,56004),
(25712,1,12,56006),
(23833,1,12,57001),
(23834,1,12,57002),
(23835,1,12,57003),
(24310,1,12,58000),
(24309,1,12,58001),
(24311,1,12,58002),
(25647,1,12,59001),
(25648,1,12,59002),
(25649,1,12,59003),
(25669,1,12,63001),
(25666,1,12,63002),
(25668,1,12,63003),
(25670,1,12,63004),
(25658,1,12,64001),
(23844,1,12,101051),
(23845,1,12,101060),
(23846,1,12,101061),
(23847,1,12,101062),
(24305,1,12,101701),
(24306,1,12,101702),
(23958,1,12,436150),
(23957,1,12,436151),
(23959,1,12,436152),
(23848,1,12,941601),
(23849,1,12,941602),
(23850,1,12,941603),
(23851,1,12,941604),
(23852,1,12,941605),
(23853,1,12,941606),
(23894,1,12,6830501),
(23893,1,12,6830502),
(23895,1,12,6830503),
(23868,1,12,50000001),
(23867,1,12,50000002),
(23869,1,12,50000003),
(12776,1,13,11),
(12777,1,13,21),
(12778,1,13,31),
(12779,1,13,41),
(12780,1,13,61),
(12781,1,13,71),
(12782,1,13,72),
(12783,1,13,74),
(12784,1,13,75),
(12785,1,13,78),
(12786,1,13,79),
(12787,1,13,81),
(12788,1,13,91),
(12791,1,13,101),
(12792,1,13,111),
(12793,1,13,121),
(12794,1,13,151),
(12795,1,13,161),
(12797,1,13,221),
(12798,1,13,222),
(12799,1,13,229),
(12800,1,13,241),
(12801,1,13,242),
(12802,1,13,243),
(12803,1,13,262),
(12804,1,13,281),
(12806,1,13,331),
(12807,1,13,341),
(12808,1,13,342),
(12809,1,13,343),
(12810,1,13,344),
(12811,1,13,531),
(12813,1,13,1001),
(12814,1,13,1002),
(12815,1,13,1003),
(12816,1,13,1004),
(12817,1,13,1005),
(12818,1,13,1101),
(12819,1,13,1181),
(12820,1,13,1182),
(12821,1,13,1201),
(12822,1,13,1202),
(12823,1,13,1231),
(12824,1,13,2401),
(12825,1,13,2501),
(12826,1,13,2503),
(12827,1,13,2515),
(12828,1,13,20001),
(12830,1,13,23001),
(12832,1,14,11),
(12833,1,14,21),
(12834,1,14,31),
(12835,1,14,41),
(12836,1,14,61),
(12837,1,14,71),
(12838,1,14,72),
(12839,1,14,74),
(12840,1,14,75),
(12841,1,14,78),
(12842,1,14,79),
(12843,1,14,81),
(12844,1,14,91),
(12847,1,14,101),
(12848,1,14,111),
(12849,1,14,121),
(12850,1,14,151),
(12851,1,14,161),
(12853,1,14,221),
(12854,1,14,222),
(12855,1,14,229),
(12856,1,14,241),
(12857,1,14,242),
(12858,1,14,243),
(12859,1,14,262),
(12860,1,14,281),
(12862,1,14,331),
(12863,1,14,341),
(12864,1,14,342),
(12865,1,14,343),
(12866,1,14,344),
(12867,1,14,531),
(12869,1,14,1001),
(12870,1,14,1002),
(12871,1,14,1003),
(12872,1,14,1004),
(12873,1,14,1005),
(12874,1,14,1101),
(12875,1,14,1181),
(12876,1,14,1182),
(12877,1,14,1201),
(12878,1,14,1202),
(12879,1,14,1231),
(12880,1,14,2401),
(12881,1,14,2501),
(12882,1,14,2503),
(12883,1,14,2515),
(12884,1,14,20001),
(12886,1,14,23001),
(12944,1,16,11),
(12945,1,16,21),
(12946,1,16,31),
(13056,1,16,41),
(13057,1,16,42),
(13058,1,16,44),
(13059,1,16,45),
(12948,1,16,61),
(12949,1,16,71),
(12950,1,16,72),
(12951,1,16,74),
(12952,1,16,75),
(12953,1,16,78),
(12954,1,16,79),
(12955,1,16,81),
(12956,1,16,91),
(12959,1,16,101),
(12960,1,16,111),
(12961,1,16,121),
(13060,1,16,141),
(13061,1,16,142),
(13062,1,16,144),
(12962,1,16,151),
(12963,1,16,161),
(12965,1,16,221),
(12966,1,16,222),
(12967,1,16,229),
(12968,1,16,241),
(12969,1,16,242),
(12970,1,16,243),
(13128,1,16,251),
(13064,1,16,262),
(12972,1,16,281),
(12974,1,16,331),
(12975,1,16,341),
(12976,1,16,342),
(12977,1,16,343),
(12978,1,16,344),
(12979,1,16,531),
(12981,1,16,1001),
(12982,1,16,1002),
(12983,1,16,1003),
(12984,1,16,1004),
(12985,1,16,1005),
(12986,1,16,1101),
(12987,1,16,1181),
(12988,1,16,1182),
(12989,1,16,1201),
(12990,1,16,1202),
(12991,1,16,1231),
(12992,1,16,2401),
(12993,1,16,2501),
(12994,1,16,2503),
(12995,1,16,2515),
(12996,1,16,20001),
(12998,1,16,23001),
(13000,1,17,11),
(13001,1,17,21),
(13002,1,17,31),
(13065,1,17,41),
(13066,1,17,42),
(13067,1,17,44),
(13068,1,17,45),
(13004,1,17,61),
(13005,1,17,71),
(13006,1,17,72),
(13007,1,17,74),
(13008,1,17,75),
(13009,1,17,78),
(13010,1,17,79),
(13011,1,17,81),
(13012,1,17,91),
(13015,1,17,101),
(13016,1,17,111),
(13017,1,17,121),
(13069,1,17,141),
(13070,1,17,142),
(13071,1,17,144),
(13018,1,17,151),
(13019,1,17,161),
(13021,1,17,221),
(13022,1,17,222),
(13023,1,17,229),
(13024,1,17,241),
(13025,1,17,242),
(13026,1,17,243),
(13028,1,17,281),
(13030,1,17,331),
(13031,1,17,341),
(13032,1,17,342),
(13033,1,17,343),
(13034,1,17,344),
(13035,1,17,531),
(13037,1,17,1001),
(13038,1,17,1002),
(13039,1,17,1003),
(13040,1,17,1004),
(13041,1,17,1005),
(13042,1,17,1101),
(13043,1,17,1181),
(13044,1,17,1182),
(13045,1,17,1201),
(13046,1,17,1202),
(13047,1,17,1231),
(13048,1,17,2401),
(13049,1,17,2501),
(13050,1,17,2503),
(13051,1,17,2515),
(13052,1,17,20001),
(13054,1,17,23001),
(14504,1,18,11),
(14505,1,18,21),
(14506,1,18,31),
(14507,1,18,41),
(14508,1,18,61),
(14509,1,18,71),
(14510,1,18,78),
(14511,1,18,81),
(14512,1,18,91),
(14514,1,18,101),
(14515,1,18,111),
(14516,1,18,121),
(14517,1,18,151),
(14518,1,18,161),
(14519,1,18,221),
(14520,1,18,241),
(14521,1,18,262),
(14522,1,18,281),
(14524,1,18,331),
(14525,1,18,332),
(14526,1,18,333),
(14527,1,18,341),
(14528,1,18,342),
(14529,1,18,343),
(14530,1,18,344),
(14531,1,18,531),
(14532,1,18,701),
(14533,1,18,771),
(14535,1,18,1001),
(14536,1,18,1004),
(14537,1,18,1101),
(14538,1,18,1181),
(14539,1,18,1182),
(14540,1,18,1201),
(14541,1,18,1231),
(14542,1,18,2401),
(14543,1,18,2501),
(14544,1,18,2503),
(14545,1,18,2515),
(14546,1,18,20001),
(14549,1,18,59001),
(15242,1,19,21),
(15243,1,19,31),
(15244,1,19,41),
(15245,1,19,61),
(15246,1,19,71),
(15247,1,19,78),
(15248,1,19,81),
(15249,1,19,101),
(15250,1,19,121),
(15251,1,19,151),
(15252,1,19,161),
(15253,1,19,221),
(15254,1,19,241),
(15255,1,19,262),
(15256,1,19,281),
(15258,1,19,331),
(15259,1,19,332),
(15260,1,19,341),
(15261,1,19,342),
(15262,1,19,343),
(15263,1,19,344),
(15264,1,19,531),
(15265,1,19,701),
(15266,1,19,771),
(15268,1,19,777),
(15269,1,19,1001),
(15270,1,19,1004),
(15271,1,19,1101),
(15272,1,19,1121),
(15273,1,19,1181),
(15274,1,19,1182),
(15275,1,19,1201),
(15276,1,19,1231),
(15277,1,19,2401),
(15278,1,19,2501),
(15279,1,19,20001),
(15282,1,19,59001),
(15283,1,19,63001),
(22910,1,22,701),
(23925,1,29,21),
(23926,1,29,31),
(23927,1,29,41),
(23928,1,29,61),
(23929,1,29,151),
(23930,1,29,161),
(23931,1,29,241),
(23940,1,29,251),
(23932,1,29,301),
(23933,1,29,304),
(23939,1,29,342),
(23941,1,29,358),
(23935,1,29,701),
(23936,1,29,1001),
(23937,1,29,1004),
(23938,1,29,1201),
(25807,2,12,5001),
(25754,2,12,5002),
(25756,2,12,5003),
(25760,2,12,5011),
(25759,2,12,5012),
(25761,2,12,5013),
(25765,2,12,5021),
(25764,2,12,5022),
(25766,2,12,5023),
(25770,2,12,5031),
(25769,2,12,5032),
(25771,2,12,5033),
(25779,2,12,5041),
(25774,2,12,5042),
(25775,2,12,5043),
(25776,2,12,5044),
(25778,2,12,5045),
(25780,2,12,5046),
(25789,2,12,5051),
(25783,2,12,5052),
(25784,2,12,5054),
(25785,2,12,5056),
(25787,2,12,5057),
(25788,2,12,5058),
(25790,2,12,5059),
(25800,2,12,5061),
(25793,2,12,5062),
(25794,2,12,5063),
(25795,2,12,5064),
(25796,2,12,5065),
(25798,2,12,5066),
(25799,2,12,5067),
(25801,2,12,5069),
(25808,2,12,5071),
(25806,2,12,5072),
(25809,2,12,5073);

--
-- Table structure for table `llx_usergroup`
--

CREATE TABLE `llx_usergroup` (
  `rowid` int(11) NOT NULL AUTO_INCREMENT,
  `nom` varchar(255) NOT NULL,
  `entity` int(11) NOT NULL DEFAULT 1,
  `datec` datetime DEFAULT NULL,
  `tms` timestamp NOT NULL DEFAULT current_timestamp() ON UPDATE current_timestamp(),
  `note` text DEFAULT NULL,
  `model_pdf` varchar(255) DEFAULT NULL,
  PRIMARY KEY (`rowid`),
  UNIQUE KEY `uk_usergroup_name` (`nom`,`entity`)
) ENGINE=InnoDB AUTO_INCREMENT=5 DEFAULT CHARSET=utf8mb3 COLLATE=utf8mb3_unicode_ci;

--
-- Dumping data for table `llx_usergroup`
--

INSERT INTO `llx_usergroup` VALUES
(1,'Sale representatives',1,'2015-01-16 20:48:08','2017-10-03 09:44:44','All sales representative users',NULL),
(2,'Management',1,'2017-10-03 11:46:25','2017-10-03 09:46:25','',NULL),
(3,'Scientists',1,'2017-10-03 11:46:46','2017-10-03 09:46:46','',NULL),
(4,'Commercial',1,'2017-10-05 21:30:13','2017-10-05 19:30:13','',NULL);

--
-- Table structure for table `llx_usergroup_extrafields`
--

CREATE TABLE `llx_usergroup_extrafields` (
  `rowid` int(11) NOT NULL AUTO_INCREMENT,
  `tms` timestamp NOT NULL DEFAULT current_timestamp() ON UPDATE current_timestamp(),
  `fk_object` int(11) NOT NULL,
  `import_key` varchar(14) DEFAULT NULL,
  PRIMARY KEY (`rowid`),
  UNIQUE KEY `uk_usergroup_extrafields` (`fk_object`)
) ENGINE=InnoDB DEFAULT CHARSET=utf8mb3 COLLATE=utf8mb3_unicode_ci;

--
-- Dumping data for table `llx_usergroup_extrafields`
--


--
-- Table structure for table `llx_usergroup_rights`
--

CREATE TABLE `llx_usergroup_rights` (
  `rowid` int(11) NOT NULL AUTO_INCREMENT,
  `entity` int(11) NOT NULL DEFAULT 1,
  `fk_usergroup` int(11) NOT NULL,
  `fk_id` int(11) NOT NULL,
  PRIMARY KEY (`rowid`),
  UNIQUE KEY `uk_usergroup_rights` (`entity`,`fk_usergroup`,`fk_id`),
  KEY `fk_usergroup_rights_fk_usergroup` (`fk_usergroup`),
  CONSTRAINT `fk_usergroup_rights_fk_usergroup` FOREIGN KEY (`fk_usergroup`) REFERENCES `llx_usergroup` (`rowid`)
) ENGINE=InnoDB AUTO_INCREMENT=200 DEFAULT CHARSET=utf8mb3 COLLATE=utf8mb3_unicode_ci;

--
-- Dumping data for table `llx_usergroup_rights`
--

INSERT INTO `llx_usergroup_rights` VALUES
(1,1,1,2401),
(2,1,1,2402),
(3,1,1,2403),
(4,1,1,2411),
(5,1,1,2412),
(6,1,1,2413),
(78,1,2,11),
(79,1,2,12),
(80,1,2,13),
(81,1,2,14),
(82,1,2,15),
(83,1,2,16),
(84,1,2,19),
(144,1,2,21),
(145,1,2,22),
(146,1,2,24),
(147,1,2,25),
(148,1,2,26),
(149,1,2,27),
(150,1,2,28),
(133,1,2,31),
(134,1,2,32),
(135,1,2,34),
(136,1,2,38),
(137,1,2,41),
(138,1,2,42),
(139,1,2,44),
(140,1,2,45),
(86,1,2,61),
(87,1,2,62),
(88,1,2,64),
(89,1,2,67),
(90,1,2,68),
(7,1,2,71),
(8,1,2,72),
(9,1,2,74),
(10,1,2,75),
(11,1,2,76),
(12,1,2,78),
(13,1,2,79),
(32,1,2,81),
(33,1,2,82),
(34,1,2,84),
(35,1,2,86),
(36,1,2,87),
(37,1,2,88),
(38,1,2,89),
(173,1,2,91),
(174,1,2,92),
(175,1,2,93),
(176,1,2,94),
(66,1,2,101),
(67,1,2,102),
(68,1,2,104),
(69,1,2,105),
(70,1,2,106),
(71,1,2,109),
(21,1,2,111),
(22,1,2,112),
(23,1,2,113),
(24,1,2,114),
(25,1,2,115),
(26,1,2,116),
(27,1,2,117),
(164,1,2,121),
(165,1,2,122),
(166,1,2,125),
(167,1,2,126),
(141,1,2,141),
(142,1,2,142),
(143,1,2,144),
(129,1,2,151),
(130,1,2,152),
(131,1,2,153),
(132,1,2,154),
(44,1,2,161),
(45,1,2,162),
(46,1,2,163),
(47,1,2,164),
(48,1,2,165),
(49,1,2,167),
(120,1,2,221),
(121,1,2,222),
(122,1,2,223),
(123,1,2,229),
(124,1,2,237),
(125,1,2,238),
(126,1,2,239),
(29,1,2,241),
(30,1,2,242),
(31,1,2,243),
(182,1,2,251),
(183,1,2,252),
(184,1,2,253),
(185,1,2,254),
(186,1,2,255),
(187,1,2,256),
(168,1,2,262),
(169,1,2,281),
(170,1,2,282),
(171,1,2,283),
(172,1,2,286),
(197,1,2,331),
(198,1,2,332),
(199,1,2,333),
(188,1,2,341),
(189,1,2,342),
(190,1,2,343),
(191,1,2,344),
(192,1,2,351),
(193,1,2,352),
(194,1,2,353),
(195,1,2,354),
(196,1,2,358),
(151,1,2,531),
(152,1,2,532),
(153,1,2,534),
(154,1,2,538),
(60,1,2,701),
(61,1,2,702),
(62,1,2,703),
(177,1,2,1001),
(178,1,2,1002),
(179,1,2,1003),
(180,1,2,1004),
(181,1,2,1005),
(72,1,2,1101),
(73,1,2,1102),
(74,1,2,1104),
(75,1,2,1109),
(91,1,2,1181),
(92,1,2,1182),
(93,1,2,1183),
(94,1,2,1184),
(95,1,2,1185),
(96,1,2,1186),
(97,1,2,1187),
(98,1,2,1188),
(99,1,2,1189),
(76,1,2,1201),
(77,1,2,1202),
(100,1,2,1231),
(101,1,2,1232),
(102,1,2,1233),
(103,1,2,1234),
(104,1,2,1235),
(105,1,2,1236),
(113,1,2,1251),
(85,1,2,1321),
(39,1,2,1421),
(14,1,2,2401),
(15,1,2,2402),
(16,1,2,2403),
(17,1,2,2411),
(18,1,2,2412),
(19,1,2,2413),
(20,1,2,2414),
(63,1,2,2501),
(64,1,2,2503),
(65,1,2,2515),
(114,1,2,20001),
(115,1,2,20002),
(116,1,2,20003),
(117,1,2,20004),
(118,1,2,20005),
(119,1,2,20006),
(50,1,2,23001),
(51,1,2,23002),
(52,1,2,23003),
(53,1,2,23004),
(127,1,2,55001),
(128,1,2,55002);

--
-- Table structure for table `llx_usergroup_user`
--

CREATE TABLE `llx_usergroup_user` (
  `rowid` int(11) NOT NULL AUTO_INCREMENT,
  `entity` int(11) NOT NULL DEFAULT 1,
  `fk_user` int(11) NOT NULL,
  `fk_usergroup` int(11) NOT NULL,
  PRIMARY KEY (`rowid`),
  UNIQUE KEY `uk_usergroup_user` (`entity`,`fk_user`,`fk_usergroup`),
  KEY `fk_usergroup_user_fk_user` (`fk_user`),
  KEY `fk_usergroup_user_fk_usergroup` (`fk_usergroup`),
  CONSTRAINT `fk_usergroup_user_fk_user` FOREIGN KEY (`fk_user`) REFERENCES `llx_user` (`rowid`),
  CONSTRAINT `fk_usergroup_user_fk_usergroup` FOREIGN KEY (`fk_usergroup`) REFERENCES `llx_usergroup` (`rowid`)
) ENGINE=InnoDB AUTO_INCREMENT=14 DEFAULT CHARSET=utf8mb3 COLLATE=utf8mb3_unicode_ci;

--
-- Dumping data for table `llx_usergroup_user`
--

INSERT INTO `llx_usergroup_user` VALUES
(2,1,1,3),
(12,1,2,4),
(3,1,3,3),
(4,1,11,2),
(13,1,12,1),
(5,1,13,4),
(6,1,16,1),
(7,1,17,1),
(11,1,18,1);

--
-- Table structure for table `llx_webhook_target`
--

CREATE TABLE `llx_webhook_target` (
  `rowid` int(11) NOT NULL AUTO_INCREMENT,
  `ref` varchar(128) NOT NULL,
  `label` varchar(255) DEFAULT NULL,
  `description` text DEFAULT NULL,
  `note_public` text DEFAULT NULL,
  `note_private` text DEFAULT NULL,
  `date_creation` datetime NOT NULL,
  `tms` timestamp NOT NULL DEFAULT current_timestamp() ON UPDATE current_timestamp(),
  `fk_user_creat` int(11) NOT NULL,
  `fk_user_modif` int(11) DEFAULT NULL,
  `import_key` varchar(14) DEFAULT NULL,
  `status` int(11) NOT NULL DEFAULT 0,
  `url` varchar(255) NOT NULL,
  `connection_method` varchar(255) DEFAULT NULL,
  `connection_data` varchar(255) DEFAULT NULL,
  `trigger_codes` text DEFAULT NULL,
  `trigger_stack` text DEFAULT NULL,
  PRIMARY KEY (`rowid`),
  KEY `idx_webhook_target_rowid` (`rowid`),
  KEY `idx_webhook_target_ref` (`ref`),
  KEY `llx_webhook_target_fk_user_creat` (`fk_user_creat`),
  KEY `idx_webhook_target_status` (`status`),
  CONSTRAINT `llx_webhook_target_fk_user_creat` FOREIGN KEY (`fk_user_creat`) REFERENCES `llx_user` (`rowid`)
) ENGINE=InnoDB AUTO_INCREMENT=17 DEFAULT CHARSET=utf8mb3 COLLATE=utf8mb3_unicode_ci;

--
-- Dumping data for table `llx_webhook_target`
--

INSERT INTO `llx_webhook_target` VALUES
(16,'16','dd','',NULL,NULL,'2023-02-19 22:05:14','2023-02-20 01:05:14',12,12,NULL,1,'ddd',NULL,NULL,'fdfd,gdfgfd,KNOWLEDGERECORD_DELETE,PARTNERSHIP_CREATE',NULL);

--
-- Table structure for table `llx_website`
--

CREATE TABLE `llx_website` (
  `rowid` int(11) NOT NULL AUTO_INCREMENT,
  `entity` int(11) NOT NULL DEFAULT 1,
  `ref` varchar(128) DEFAULT NULL,
  `description` varchar(255) DEFAULT NULL,
  `status` int(11) DEFAULT NULL,
  `fk_default_home` int(11) DEFAULT NULL,
  `virtualhost` varchar(255) DEFAULT NULL,
  `date_creation` datetime DEFAULT NULL,
  `date_modification` datetime DEFAULT NULL,
  `tms` timestamp NOT NULL DEFAULT current_timestamp() ON UPDATE current_timestamp(),
  `fk_user_creat` int(11) DEFAULT NULL,
  `fk_user_modif` int(11) DEFAULT NULL,
  `import_key` varchar(14) DEFAULT NULL,
  `maincolor` varchar(16) DEFAULT NULL,
  `maincolorbis` varchar(16) DEFAULT NULL,
  `use_manifest` int(11) DEFAULT NULL,
  `lang` varchar(8) DEFAULT NULL,
  `otherlang` varchar(255) DEFAULT NULL,
  `position` int(11) DEFAULT 0,
  `lastaccess` datetime DEFAULT NULL,
  `pageviews_month` bigint(20) unsigned DEFAULT 0,
  `pageviews_total` bigint(20) unsigned DEFAULT 0,
  `pageviews_previous_month` bigint(20) unsigned DEFAULT 0,
  `name_template` varchar(255) DEFAULT NULL,
  `lastpageid` int(11) DEFAULT 0,
  PRIMARY KEY (`rowid`),
  UNIQUE KEY `uk_website_ref` (`ref`,`entity`)
) ENGINE=InnoDB AUTO_INCREMENT=13 DEFAULT CHARSET=utf8mb3 COLLATE=utf8mb3_unicode_ci;

--
-- Dumping data for table `llx_website`
--

INSERT INTO `llx_website` VALUES
(12,1,'mytestwebsite','',1,NULL,'','2024-06-20 11:33:08',NULL,'2024-06-20 09:33:08',12,NULL,NULL,NULL,NULL,NULL,'en','fr',0,NULL,0,0,0,NULL,0);

--
-- Table structure for table `llx_website_extrafields`
--

CREATE TABLE `llx_website_extrafields` (
  `rowid` int(11) NOT NULL AUTO_INCREMENT,
  `tms` timestamp NOT NULL DEFAULT current_timestamp() ON UPDATE current_timestamp(),
  `fk_object` int(11) NOT NULL,
  `import_key` varchar(14) DEFAULT NULL,
  PRIMARY KEY (`rowid`),
  KEY `idx_website_extrafields` (`fk_object`)
) ENGINE=InnoDB DEFAULT CHARSET=utf8mb3 COLLATE=utf8mb3_unicode_ci;

--
-- Dumping data for table `llx_website_extrafields`
--


--
-- Table structure for table `llx_website_page`
--

CREATE TABLE `llx_website_page` (
  `rowid` int(11) NOT NULL AUTO_INCREMENT,
  `fk_website` int(11) NOT NULL,
  `pageurl` varchar(255) DEFAULT NULL,
  `aliasalt` varchar(255) DEFAULT NULL,
  `title` varchar(255) DEFAULT NULL,
  `description` varchar(255) DEFAULT NULL,
  `keywords` varchar(255) DEFAULT NULL,
  `content` mediumtext DEFAULT NULL,
  `status` int(11) DEFAULT 1,
  `date_creation` datetime DEFAULT NULL,
  `date_modification` datetime DEFAULT NULL,
  `tms` timestamp NOT NULL DEFAULT current_timestamp() ON UPDATE current_timestamp(),
  `fk_user_creat` int(11) DEFAULT NULL,
  `fk_user_modif` int(11) DEFAULT NULL,
  `type_container` varchar(16) NOT NULL DEFAULT 'page',
  `lang` varchar(6) DEFAULT NULL,
  `fk_page` int(11) DEFAULT NULL,
  `grabbed_from` varchar(255) DEFAULT NULL,
  `htmlheader` mediumtext DEFAULT NULL,
  `import_key` varchar(14) DEFAULT NULL,
  `image` varchar(255) DEFAULT NULL,
  `author_alias` varchar(64) DEFAULT NULL,
  `allowed_in_frames` int(11) DEFAULT 0,
  `object_type` varchar(255) DEFAULT NULL,
  `fk_object` varchar(255) DEFAULT NULL,
  PRIMARY KEY (`rowid`),
  UNIQUE KEY `uk_website_page_url` (`fk_website`,`pageurl`),
  CONSTRAINT `fk_website_page_website` FOREIGN KEY (`fk_website`) REFERENCES `llx_website` (`rowid`)
) ENGINE=InnoDB AUTO_INCREMENT=92 DEFAULT CHARSET=utf8mb3 COLLATE=utf8mb3_unicode_ci;

--
-- Dumping data for table `llx_website_page`
--


--
-- Table structure for table `llx_workstation_workstation`
--

CREATE TABLE `llx_workstation_workstation` (
  `rowid` int(11) NOT NULL AUTO_INCREMENT,
  `ref` varchar(128) NOT NULL DEFAULT '(PROV)',
  `label` varchar(255) DEFAULT NULL,
  `type` varchar(7) DEFAULT NULL,
  `note_public` text DEFAULT NULL,
  `entity` int(11) DEFAULT 1,
  `note_private` text DEFAULT NULL,
  `date_creation` datetime NOT NULL,
  `tms` timestamp NOT NULL DEFAULT current_timestamp() ON UPDATE current_timestamp(),
  `fk_user_creat` int(11) NOT NULL,
  `fk_user_modif` int(11) DEFAULT NULL,
  `import_key` varchar(14) DEFAULT NULL,
  `status` smallint(6) NOT NULL,
  `nb_operators_required` int(11) DEFAULT NULL,
  `thm_operator_estimated` double DEFAULT NULL,
  `thm_machine_estimated` double DEFAULT NULL,
  PRIMARY KEY (`rowid`),
  KEY `idx_workstation_workstation_rowid` (`rowid`),
  KEY `idx_workstation_workstation_ref` (`ref`),
  KEY `fk_workstation_workstation_fk_user_creat` (`fk_user_creat`),
  KEY `idx_workstation_workstation_status` (`status`),
  CONSTRAINT `fk_workstation_workstation_fk_user_creat` FOREIGN KEY (`fk_user_creat`) REFERENCES `llx_user` (`rowid`)
) ENGINE=InnoDB AUTO_INCREMENT=4 DEFAULT CHARSET=utf8mb3 COLLATE=utf8mb3_unicode_ci;

--
-- Dumping data for table `llx_workstation_workstation`
--

INSERT INTO `llx_workstation_workstation` VALUES
(1,'WKSTATION-0001','Workshop 1','HUMAN',NULL,1,NULL,'2023-08-13 15:45:44','2023-08-13 15:45:44',12,NULL,NULL,1,NULL,NULL,NULL),
(2,'WKSTATION-0002','Workshop 2','HUMAN',NULL,1,NULL,'2023-08-13 15:46:02','2023-08-13 15:46:02',12,NULL,NULL,0,2,NULL,NULL),
(3,'WKSTATION-0003','Workshop 3','BOTH',NULL,1,NULL,'2023-08-13 15:46:34','2023-08-13 15:46:34',12,NULL,NULL,1,3,NULL,NULL);

--
-- Table structure for table `llx_workstation_workstation_resource`
--

CREATE TABLE `llx_workstation_workstation_resource` (
  `rowid` int(11) NOT NULL AUTO_INCREMENT,
  `tms` timestamp NOT NULL DEFAULT current_timestamp() ON UPDATE current_timestamp(),
  `fk_resource` int(11) DEFAULT NULL,
  `fk_workstation` int(11) DEFAULT NULL,
  PRIMARY KEY (`rowid`)
) ENGINE=InnoDB AUTO_INCREMENT=3 DEFAULT CHARSET=utf8mb3 COLLATE=utf8mb3_unicode_ci;

--
-- Dumping data for table `llx_workstation_workstation_resource`
--

INSERT INTO `llx_workstation_workstation_resource` VALUES
(1,'2023-08-13 15:46:34',1,3),
(2,'2023-08-13 15:46:34',4,3);

--
-- Table structure for table `llx_workstation_workstation_usergroup`
--

CREATE TABLE `llx_workstation_workstation_usergroup` (
  `rowid` int(11) NOT NULL AUTO_INCREMENT,
  `tms` timestamp NOT NULL DEFAULT current_timestamp() ON UPDATE current_timestamp(),
  `fk_usergroup` int(11) DEFAULT NULL,
  `fk_workstation` int(11) DEFAULT NULL,
  PRIMARY KEY (`rowid`)
) ENGINE=InnoDB DEFAULT CHARSET=utf8mb3 COLLATE=utf8mb3_unicode_ci;

--
-- Dumping data for table `llx_workstation_workstation_usergroup`
--


--
-- Table structure for table `llx_zapier_hook`
--

CREATE TABLE `llx_zapier_hook` (
  `rowid` int(11) NOT NULL AUTO_INCREMENT,
  `entity` int(11) NOT NULL DEFAULT 1,
  `url` varchar(255) DEFAULT NULL,
  `event` varchar(255) DEFAULT NULL,
  `module` varchar(128) DEFAULT NULL,
  `action` varchar(128) DEFAULT NULL,
  `status` int(11) DEFAULT NULL,
  `date_creation` datetime NOT NULL,
  `fk_user` int(11) NOT NULL,
  `tms` timestamp NOT NULL DEFAULT current_timestamp() ON UPDATE current_timestamp(),
  `import_key` varchar(14) DEFAULT NULL,
  PRIMARY KEY (`rowid`)
) ENGINE=InnoDB DEFAULT CHARSET=utf8mb3 COLLATE=utf8mb3_unicode_ci;

--
-- Dumping data for table `llx_zapier_hook`
--



