-- Table structure for table `llx_commandedet_extrafields`
--

CREATE TABLE `llx_commandedet_extrafields` (
  `rowid` int(11) NOT NULL AUTO_INCREMENT,
  `tms` timestamp NOT NULL DEFAULT current_timestamp() ON UPDATE current_timestamp(),
  `fk_object` int(11) NOT NULL,
  `import_key` varchar(14) DEFAULT NULL,
  PRIMARY KEY (`rowid`),
  UNIQUE KEY `uk_commandedet_extrafields` (`fk_object`)
) ENGINE=InnoDB DEFAULT CHARSET=utf8mb3 COLLATE=utf8mb3_unicode_ci;

--
-- Dumping data for table `llx_commandedet_extrafields`
--


--
-- Table structure for table `llx_comment`
--

CREATE TABLE `llx_comment` (
  `rowid` int(11) NOT NULL AUTO_INCREMENT,
  `datec` datetime DEFAULT NULL,
  `tms` timestamp NOT NULL DEFAULT current_timestamp() ON UPDATE current_timestamp(),
  `description` text NOT NULL,
  `fk_user_author` int(11) DEFAULT NULL,
  `fk_element` int(11) DEFAULT NULL,
  `element_type` varchar(50) DEFAULT NULL,
  `entity` int(11) DEFAULT 1,
  `import_key` varchar(125) DEFAULT NULL,
  `fk_user_modif` int(11) DEFAULT NULL,
  PRIMARY KEY (`rowid`)
) ENGINE=InnoDB DEFAULT CHARSET=utf8mb3 COLLATE=utf8mb3_unicode_ci;

--
-- Dumping data for table `llx_comment`
--


--
-- Table structure for table `llx_const`
--

CREATE TABLE `llx_const` (
  `rowid` int(11) NOT NULL AUTO_INCREMENT,
  `name` varchar(255) NOT NULL,
  `entity` int(11) NOT NULL DEFAULT 1,
  `value` text NOT NULL,
  `type` varchar(64) DEFAULT 'string',
  `visible` tinyint(4) NOT NULL DEFAULT 1,
  `note` text DEFAULT NULL,
  `tms` timestamp NOT NULL DEFAULT current_timestamp() ON UPDATE current_timestamp(),
  PRIMARY KEY (`rowid`),
  UNIQUE KEY `uk_const` (`name`,`entity`)
) ENGINE=InnoDB AUTO_INCREMENT=12794 DEFAULT CHARSET=utf8mb3 COLLATE=utf8mb3_unicode_ci;

--
-- Dumping data for table `llx_const`
--

INSERT INTO `llx_const` VALUES
(8,'MAIN_UPLOAD_DOC',0,'2048','chaine',0,'Max size for file upload (0 means no upload allowed)','2012-07-08 11:17:57'),
(9,'MAIN_SEARCHFORM_SOCIETE',0,'1','yesno',0,'Show form for quick company search','2012-07-08 11:17:57'),
(10,'MAIN_SEARCHFORM_CONTACT',0,'1','yesno',0,'Show form for quick contact search','2012-07-08 11:17:57'),
(11,'MAIN_SEARCHFORM_PRODUITSERVICE',0,'1','yesno',0,'Show form for quick product search','2012-07-08 11:17:58'),
(12,'MAIN_SEARCHFORM_ADHERENT',0,'1','yesno',0,'Show form for quick member search','2012-07-08 11:17:58'),
(16,'MAIN_SIZE_LISTE_LIMIT',0,'25','chaine',0,'Longueur maximum des listes','2012-07-08 11:17:58'),
(29,'MAIN_DELAY_NOT_ACTIVATED_SERVICES',1,'0','chaine',0,'Tolérance de retard avant alerte (en jours) sur services à activer','2012-07-08 11:17:58'),
(33,'SOCIETE_NOLIST_COURRIER',0,'1','yesno',0,'Liste les fichiers du repertoire courrier','2012-07-08 11:17:58'),
(36,'ADHERENT_MAIL_REQUIRED',1,'1','yesno',0,'EMail required to create a new member','2012-07-08 11:17:58'),
(37,'ADHERENT_MAIL_FROM',1,'adherents@domain.com','chaine',0,'Sender EMail for automatic emails','2012-07-08 11:17:58'),
(38,'ADHERENT_MAIL_RESIL',1,'Your subscription has been resiliated.\r\nWe hope to see you soon again','html',0,'Mail resiliation','2018-11-23 11:56:07'),
(39,'ADHERENT_MAIL_VALID',1,'Your subscription has been validated.\r\nThis is a remind of your personal information :\r\n\r\n%INFOS%\r\n\r\n','html',0,'Mail de validation','2018-11-23 11:56:07'),
(40,'ADHERENT_MAIL_COTIS',1,'Hello %PRENOM%,\r\nThanks for your subscription.\r\nThis email confirms that your subscription has been received and processed.\r\n\r\n','html',0,'Mail de validation de cotisation','2018-11-23 11:56:07'),
(41,'ADHERENT_MAIL_VALID_SUBJECT',1,'Your subscription has been validated','chaine',0,'Sujet du mail de validation','2012-07-08 11:17:59'),
(42,'ADHERENT_MAIL_RESIL_SUBJECT',1,'Resiliating your subscription','chaine',0,'Sujet du mail de resiliation','2012-07-08 11:17:59'),
(43,'ADHERENT_MAIL_COTIS_SUBJECT',1,'Receipt of your subscription','chaine',0,'Sujet du mail de validation de cotisation','2012-07-08 11:17:59'),
(45,'ADHERENT_USE_MAILMAN',1,'0','yesno',0,'Utilisation de Mailman','2012-07-08 11:17:59'),
(46,'ADHERENT_MAILMAN_UNSUB_URL',1,'http://lists.domain.com/cgi-bin/mailman/admin/%LISTE%/members?adminpw=%MAILMAN_ADMINPW%&user=%EMAIL%','chaine',0,'Url de desinscription aux listes mailman','2012-07-08 11:17:59'),
(47,'ADHERENT_MAILMAN_URL',1,'http://lists.domain.com/cgi-bin/mailman/admin/%LISTE%/members?adminpw=%MAILMAN_ADMINPW%&send_welcome_msg_to_this_batch=1&subscribees=%EMAIL%','chaine',0,'Url pour les inscriptions mailman','2012-07-08 11:17:59'),
(48,'ADHERENT_MAILMAN_LISTS',1,'test-test,test-test2','chaine',0,'Listes auxquelles inscrire les nouveaux adherents','2012-07-08 11:17:59'),
(49,'ADHERENT_MAILMAN_ADMIN_PASSWORD',1,'','chaine',0,'Mot de passe Admin des liste mailman','2022-12-11 21:23:35'),
(50,'ADHERENT_MAILMAN_SERVER',1,'lists.domain.com','chaine',0,'Serveur hebergeant les interfaces d Admin des listes mailman','2012-07-08 11:17:59'),
(51,'ADHERENT_MAILMAN_LISTS_COTISANT',1,'','chaine',0,'Liste(s) auxquelles les nouveaux cotisants sont inscris automatiquement','2012-07-08 11:17:59'),
(52,'ADHERENT_USE_SPIP',1,'0','yesno',0,'Utilisation de SPIP ?','2012-07-08 11:17:59'),
(53,'ADHERENT_USE_SPIP_AUTO',1,'0','yesno',0,'Utilisation de SPIP automatiquement','2012-07-08 11:17:59'),
(54,'ADHERENT_SPIP_USER',1,'user','chaine',0,'user spip','2012-07-08 11:17:59'),
(55,'ADHERENT_SPIP_PASS',1,'pass','chaine',0,'Pass de connection','2012-07-08 11:17:59'),
(56,'ADHERENT_SPIP_SERVEUR',1,'localhost','chaine',0,'serveur spip','2012-07-08 11:17:59'),
(57,'ADHERENT_SPIP_DB',1,'spip','chaine',0,'db spip','2012-07-08 11:17:59'),
(61,'FCKEDITOR_ENABLE_USER',1,'1','yesno',0,'Activation fckeditor sur notes utilisateurs','2012-07-08 11:17:59'),
(62,'FCKEDITOR_ENABLE_SOCIETE',1,'1','yesno',0,'Activation fckeditor sur notes societe','2012-07-08 11:17:59'),
(63,'FCKEDITOR_ENABLE_PRODUCTDESC',1,'1','yesno',0,'Activation fckeditor sur notes produits','2012-07-08 11:17:59'),
(64,'FCKEDITOR_ENABLE_MEMBER',1,'1','yesno',0,'Activation fckeditor sur notes adherent','2012-07-08 11:17:59'),
(65,'FCKEDITOR_ENABLE_MAILING',1,'1','yesno',0,'Activation fckeditor sur emailing','2012-07-08 11:17:59'),
(67,'DON_ADDON_MODEL',1,'html_cerfafr','chaine',0,'','2012-07-08 11:18:00'),
(68,'PROPALE_ADDON',1,'mod_propale_marbre','chaine',0,'','2012-07-08 11:18:00'),
(69,'PROPALE_ADDON_PDF',1,'azur','chaine',0,'','2012-07-08 11:18:00'),
(70,'COMMANDE_ADDON',1,'mod_commande_marbre','chaine',0,'','2012-07-08 11:18:00'),
(71,'COMMANDE_ADDON_PDF',1,'einstein','chaine',0,'','2012-07-08 11:18:00'),
(72,'COMMANDE_SUPPLIER_ADDON',1,'mod_commande_fournisseur_muguet','chaine',0,'','2012-07-08 11:18:00'),
(73,'COMMANDE_SUPPLIER_ADDON_PDF',1,'muscadet','chaine',0,'','2012-07-08 11:18:00'),
(74,'EXPEDITION_ADDON',1,'enlevement','chaine',0,'','2012-07-08 11:18:00'),
(76,'FICHEINTER_ADDON',1,'pacific','chaine',0,'','2012-07-08 11:18:00'),
(77,'FICHEINTER_ADDON_PDF',1,'soleil','chaine',0,'','2012-07-08 11:18:00'),
(79,'FACTURE_ADDON_PDF',1,'crabe','chaine',0,'','2012-07-08 11:18:00'),
(80,'PROPALE_VALIDITY_DURATION',1,'15','chaine',0,'Durée de validitée des propales','2012-07-08 11:18:00'),
(230,'COMPANY_ADDON_PDF_ODT_PATH',1,'DOL_DATA_ROOT/doctemplates/thirdparties','chaine',0,NULL,'2012-07-08 11:26:20'),
(238,'LIVRAISON_ADDON_PDF',1,'typhon','chaine',0,'Nom du gestionnaire de generation des commandes en PDF','2012-07-08 11:26:27'),
(239,'DELIVERY_ADDON_NUMBER',1,'mod_delivery_jade','chaine',0,'Nom du gestionnaire de numerotation des bons de livraison','2020-12-10 12:24:40'),
(245,'FACTURE_ADDON_PDF_ODT_PATH',1,'DOL_DATA_ROOT/doctemplates/invoices','chaine',0,NULL,'2012-07-08 11:28:53'),
(249,'DON_FORM',1,'html_cerfafr','chaine',0,'Nom du gestionnaire de formulaire de dons','2017-09-06 16:12:22'),
(254,'ADHERENT_BANK_ACCOUNT',1,'','chaine',0,'ID du Compte banquaire utilise','2012-07-08 11:29:05'),
(255,'ADHERENT_BANK_CATEGORIE',1,'','chaine',0,'ID de la categorie banquaire des cotisations','2012-07-08 11:29:05'),
(269,'PROJECT_ADDON_PDF',1,'baleine','chaine',0,'Nom du gestionnaire de generation des projets en PDF','2012-07-08 11:29:33'),
(270,'PROJECT_ADDON',1,'mod_project_simple','chaine',0,'Nom du gestionnaire de numerotation des projets','2012-07-08 11:29:33'),
(369,'EXPEDITION_ADDON_PDF',1,'merou','chaine',0,'','2012-07-08 22:58:07'),
(377,'FACTURE_ADDON',1,'mod_facture_terre','chaine',0,'','2012-07-08 23:08:12'),
(386,'STOCK_CALCULATE_ON_SHIPMENT',1,'1','chaine',0,'','2012-07-08 23:23:21'),
(387,'STOCK_CALCULATE_ON_SUPPLIER_DISPATCH_ORDER',1,'1','chaine',0,'','2012-07-08 23:23:26'),
(392,'MAIN_AGENDA_XCAL_EXPORTKEY',1,'dolibarr','chaine',0,'','2012-07-08 23:27:50'),
(393,'MAIN_AGENDA_EXPORT_PAST_DELAY',1,'100','chaine',0,'','2012-07-08 23:27:50'),
(610,'CASHDESK_ID_THIRDPARTY',1,'7','chaine',0,'','2012-07-11 17:08:18'),
(611,'CASHDESK_ID_BANKACCOUNT_CASH',1,'3','chaine',0,'','2012-07-11 17:08:18'),
(612,'CASHDESK_ID_BANKACCOUNT_CHEQUE',1,'1','chaine',0,'','2012-07-11 17:08:18'),
(613,'CASHDESK_ID_BANKACCOUNT_CB',1,'1','chaine',0,'','2012-07-11 17:08:18'),
(614,'CASHDESK_ID_WAREHOUSE',1,'2','chaine',0,'','2012-07-11 17:08:18'),
(660,'LDAP_USER_DN',1,'ou=users,dc=my-domain,dc=com','chaine',0,NULL,'2012-07-18 10:25:27'),
(661,'LDAP_GROUP_DN',1,'ou=groups,dc=my-domain,dc=com','chaine',0,NULL,'2012-07-18 10:25:27'),
(662,'LDAP_FILTER_CONNECTION',1,'&(objectClass=user)(objectCategory=person)','chaine',0,NULL,'2012-07-18 10:25:27'),
(663,'LDAP_FIELD_LOGIN',1,'uid','chaine',0,NULL,'2012-07-18 10:25:27'),
(664,'LDAP_FIELD_FULLNAME',1,'cn','chaine',0,NULL,'2012-07-18 10:25:27'),
(665,'LDAP_FIELD_NAME',1,'sn','chaine',0,NULL,'2012-07-18 10:25:27'),
(666,'LDAP_FIELD_FIRSTNAME',1,'givenname','chaine',0,NULL,'2012-07-18 10:25:27'),
(667,'LDAP_FIELD_MAIL',1,'mail','chaine',0,NULL,'2012-07-18 10:25:27'),
(668,'LDAP_FIELD_PHONE',1,'telephonenumber','chaine',0,NULL,'2012-07-18 10:25:27'),
(669,'LDAP_FIELD_FAX',1,'facsimiletelephonenumber','chaine',0,NULL,'2012-07-18 10:25:27'),
(670,'LDAP_FIELD_MOBILE',1,'mobile','chaine',0,NULL,'2012-07-18 10:25:27'),
(671,'LDAP_SERVER_TYPE',1,'openldap','chaine',0,'','2012-07-18 10:25:46'),
(672,'LDAP_SERVER_PROTOCOLVERSION',1,'3','chaine',0,'','2012-07-18 10:25:47'),
(673,'LDAP_SERVER_HOST',1,'localhost','chaine',0,'','2012-07-18 10:25:47'),
(674,'LDAP_SERVER_PORT',1,'389','chaine',0,'','2012-07-18 10:25:47'),
(675,'LDAP_SERVER_USE_TLS',1,'0','chaine',0,'','2012-07-18 10:25:47'),
(676,'LDAP_SYNCHRO_ACTIVE',1,'dolibarr2ldap','chaine',0,'','2012-07-18 10:25:47'),
(677,'LDAP_CONTACT_ACTIVE',1,'1','chaine',0,'','2012-07-18 10:25:47'),
(678,'LDAP_MEMBER_ACTIVE',1,'1','chaine',0,'','2012-07-18 10:25:47'),
(974,'MAIN_MODULE_WORKFLOW_TRIGGERS',1,'1','chaine',0,NULL,'2013-07-18 18:02:20'),
(975,'WORKFLOW_PROPAL_AUTOCREATE_ORDER',1,'1','chaine',0,'','2013-07-18 18:02:24'),
(980,'PRELEVEMENT_NUMERO_NATIONAL_EMETTEUR',1,'1234567','chaine',0,'','2013-07-18 18:05:50'),
(983,'FACTURE_RIB_NUMBER',1,'1','chaine',0,'','2013-07-18 18:35:14'),
(984,'FACTURE_CHQ_NUMBER',1,'1','chaine',0,'','2013-07-18 18:35:14'),
(1016,'GOOGLE_DUPLICATE_INTO_GCAL',1,'1','chaine',0,'','2013-07-18 21:40:20'),
(1152,'SOCIETE_CODECLIENT_ADDON',1,'mod_codeclient_monkey','chaine',0,'','2013-07-29 20:50:02'),
(1248,'MAIN_LOGEVENTS_GROUP_CREATE',1,'1','chaine',0,'','2013-07-29 21:05:01'),
(1249,'MAIN_LOGEVENTS_GROUP_MODIFY',1,'1','chaine',0,'','2013-07-29 21:05:01'),
(1250,'MAIN_LOGEVENTS_GROUP_DELETE',1,'1','chaine',0,'','2013-07-29 21:05:01'),
(1251,'MAIN_BOXES_MAXLINES',1,'5','',0,'','2013-07-29 21:05:42'),
(1482,'EXPEDITION_ADDON_NUMBER',1,'mod_expedition_safor','chaine',0,'Nom du gestionnaire de numerotation des expeditions','2013-08-05 17:53:11'),
(1490,'CONTRACT_ADDON',1,'mod_contract_serpis','chaine',0,'Nom du gestionnaire de numerotation des contrats','2013-08-05 18:11:58'),
(1677,'COMMANDE_ADDON_PDF_ODT_PATH',1,'DOL_DATA_ROOT/doctemplates/orders','chaine',0,NULL,'2014-12-08 13:11:02'),
(1724,'PROPALE_ADDON_PDF_ODT_PATH',1,'DOL_DATA_ROOT/doctemplates/proposals','chaine',0,NULL,'2014-12-08 13:17:14'),
(1730,'OPENSTREETMAP_ENABLE_MAPS',1,'1','chaine',0,'','2014-12-08 13:22:47'),
(1731,'OPENSTREETMAP_ENABLE_MAPS_CONTACTS',1,'1','chaine',0,'','2014-12-08 13:22:47'),
(1732,'OPENSTREETMAP_ENABLE_MAPS_MEMBERS',1,'1','chaine',0,'','2014-12-08 13:22:47'),
(1733,'OPENSTREETMAP_MAPS_ZOOM_LEVEL',1,'15','chaine',0,'','2014-12-08 13:22:47'),
(1742,'MAIN_MAIL_EMAIL_FROM',2,'dolibarr-robot@domain.com','chaine',0,'EMail emetteur pour les emails automatiques Dolibarr','2014-12-08 14:08:14'),
(1743,'MAIN_MENU_STANDARD',2,'eldy_menu.php','chaine',0,'Module de gestion de la barre de menu du haut pour utilisateurs internes','2015-02-11 19:43:54'),
(1744,'MAIN_MENUFRONT_STANDARD',2,'eldy_menu.php','chaine',0,'Module de gestion de la barre de menu du haut pour utilisateurs externes','2015-02-11 19:43:54'),
(1745,'MAIN_MENU_SMARTPHONE',2,'iphone_backoffice.php','chaine',0,'Module de gestion de la barre de menu smartphone pour utilisateurs internes','2014-12-08 14:08:14'),
(1746,'MAIN_MENUFRONT_SMARTPHONE',2,'iphone_frontoffice.php','chaine',0,'Module de gestion de la barre de menu smartphone pour utilisateurs externes','2014-12-08 14:08:14'),
(1747,'MAIN_THEME',2,'eldy','chaine',0,'Default theme','2014-12-08 14:08:14'),
(1748,'MAIN_DELAY_ACTIONS_TODO',2,'7','chaine',0,'Tolérance de retard avant alerte (en jours) sur actions planifiées non réalisées','2014-12-08 14:08:14'),
(1749,'MAIN_DELAY_ORDERS_TO_PROCESS',2,'2','chaine',0,'Tolérance de retard avant alerte (en jours) sur commandes clients non traitées','2014-12-08 14:08:14'),
(1750,'MAIN_DELAY_SUPPLIER_ORDERS_TO_PROCESS',2,'7','chaine',0,'Tolérance de retard avant alerte (en jours) sur commandes fournisseurs non traitées','2014-12-08 14:08:14'),
(1751,'MAIN_DELAY_PROPALS_TO_CLOSE',2,'31','chaine',0,'Tolérance de retard avant alerte (en jours) sur propales à cloturer','2014-12-08 14:08:14'),
(1752,'MAIN_DELAY_PROPALS_TO_BILL',2,'7','chaine',0,'Tolérance de retard avant alerte (en jours) sur propales non facturées','2014-12-08 14:08:14'),
(1753,'MAIN_DELAY_CUSTOMER_BILLS_UNPAYED',2,'31','chaine',0,'Tolérance de retard avant alerte (en jours) sur factures client impayées','2014-12-08 14:08:14'),
(1754,'MAIN_DELAY_SUPPLIER_BILLS_TO_PAY',2,'2','chaine',0,'Tolérance de retard avant alerte (en jours) sur factures fournisseur impayées','2014-12-08 14:08:14'),
(1755,'MAIN_DELAY_NOT_ACTIVATED_SERVICES',2,'0','chaine',0,'Tolérance de retard avant alerte (en jours) sur services à activer','2014-12-08 14:08:14'),
(1756,'MAIN_DELAY_RUNNING_SERVICES',2,'0','chaine',0,'Tolérance de retard avant alerte (en jours) sur services expirés','2014-12-08 14:08:14'),
(1757,'MAIN_DELAY_MEMBERS',2,'31','chaine',0,'Tolérance de retard avant alerte (en jours) sur cotisations adhérent en retard','2014-12-08 14:08:14'),
(1758,'MAIN_DELAY_TRANSACTIONS_TO_CONCILIATE',2,'62','chaine',0,'Tolérance de retard avant alerte (en jours) sur rapprochements bancaires à faire','2014-12-08 14:08:14'),
(1759,'MAILING_EMAIL_FROM',2,'dolibarr@domain.com','chaine',0,'EMail emmetteur pour les envois d emailings','2014-12-08 14:08:14'),
(1760,'MAIN_INFO_SOCIETE_COUNTRY',3,'1:FR:France','chaine',0,'','2015-02-26 21:56:28'),
(1761,'MAIN_INFO_SOCIETE_NOM',3,'bbb','chaine',0,'','2014-12-08 14:08:20'),
(1762,'MAIN_INFO_SOCIETE_STATE',3,'0','chaine',0,'','2015-02-27 14:20:27'),
(1763,'MAIN_MONNAIE',3,'EUR','chaine',0,'','2014-12-08 14:08:20'),
(1764,'MAIN_LANG_DEFAULT',3,'auto','chaine',0,'','2014-12-08 14:08:20'),
(1765,'MAIN_MAIL_EMAIL_FROM',3,'dolibarr-robot@domain.com','chaine',0,'EMail emetteur pour les emails automatiques Dolibarr','2014-12-08 14:08:20'),
(1766,'MAIN_MENU_STANDARD',3,'eldy_menu.php','chaine',0,'Module de gestion de la barre de menu du haut pour utilisateurs internes','2015-02-11 19:43:54'),
(1767,'MAIN_MENUFRONT_STANDARD',3,'eldy_menu.php','chaine',0,'Module de gestion de la barre de menu du haut pour utilisateurs externes','2015-02-11 19:43:54'),
(1768,'MAIN_MENU_SMARTPHONE',3,'iphone_backoffice.php','chaine',0,'Module de gestion de la barre de menu smartphone pour utilisateurs internes','2014-12-08 14:08:20'),
(1769,'MAIN_MENUFRONT_SMARTPHONE',3,'iphone_frontoffice.php','chaine',0,'Module de gestion de la barre de menu smartphone pour utilisateurs externes','2014-12-08 14:08:20'),
(1770,'MAIN_THEME',3,'eldy','chaine',0,'Default theme','2014-12-08 14:08:20'),
(1771,'MAIN_DELAY_ACTIONS_TODO',3,'7','chaine',0,'Tolérance de retard avant alerte (en jours) sur actions planifiées non réalisées','2014-12-08 14:08:20'),
(1772,'MAIN_DELAY_ORDERS_TO_PROCESS',3,'2','chaine',0,'Tolérance de retard avant alerte (en jours) sur commandes clients non traitées','2014-12-08 14:08:20'),
(1773,'MAIN_DELAY_SUPPLIER_ORDERS_TO_PROCESS',3,'7','chaine',0,'Tolérance de retard avant alerte (en jours) sur commandes fournisseurs non traitées','2014-12-08 14:08:20'),
(1774,'MAIN_DELAY_PROPALS_TO_CLOSE',3,'31','chaine',0,'Tolérance de retard avant alerte (en jours) sur propales à cloturer','2014-12-08 14:08:20'),
(1775,'MAIN_DELAY_PROPALS_TO_BILL',3,'7','chaine',0,'Tolérance de retard avant alerte (en jours) sur propales non facturées','2014-12-08 14:08:20'),
(1776,'MAIN_DELAY_CUSTOMER_BILLS_UNPAYED',3,'31','chaine',0,'Tolérance de retard avant alerte (en jours) sur factures client impayées','2014-12-08 14:08:20'),
(1777,'MAIN_DELAY_SUPPLIER_BILLS_TO_PAY',3,'2','chaine',0,'Tolérance de retard avant alerte (en jours) sur factures fournisseur impayées','2014-12-08 14:08:20'),
(1778,'MAIN_DELAY_NOT_ACTIVATED_SERVICES',3,'0','chaine',0,'Tolérance de retard avant alerte (en jours) sur services à activer','2014-12-08 14:08:20'),
(1779,'MAIN_DELAY_RUNNING_SERVICES',3,'0','chaine',0,'Tolérance de retard avant alerte (en jours) sur services expirés','2014-12-08 14:08:20'),
(1780,'MAIN_DELAY_MEMBERS',3,'31','chaine',0,'Tolérance de retard avant alerte (en jours) sur cotisations adhérent en retard','2014-12-08 14:08:20'),
(1781,'MAIN_DELAY_TRANSACTIONS_TO_CONCILIATE',3,'62','chaine',0,'Tolérance de retard avant alerte (en jours) sur rapprochements bancaires à faire','2014-12-08 14:08:20'),
(1782,'MAILING_EMAIL_FROM',3,'dolibarr@domain.com','chaine',0,'EMail emmetteur pour les envois d emailings','2014-12-08 14:08:20'),
(1803,'SYSLOG_FILE',1,'DOL_DATA_ROOT/dolibarr.log','chaine',0,'','2014-12-08 14:15:08'),
(1804,'SYSLOG_HANDLERS',1,'[\"mod_syslog_file\"]','chaine',0,'','2014-12-08 14:15:08'),
(1805,'MAIN_MODULE_SKINCOLOREDITOR',3,'1',NULL,0,NULL,'2014-12-08 14:35:40'),
(1929,'PAYPAL_ADD_PAYMENT_URL',1,'1','chaine',0,'','2014-12-12 12:11:05'),
(1981,'MAIN_PROFID1_IN_ADDRESS',1,'0','chaine',0,'','2014-12-12 19:58:05'),
(1982,'MAIN_PROFID2_IN_ADDRESS',1,'0','chaine',0,'','2014-12-12 19:58:05'),
(1983,'MAIN_PROFID3_IN_ADDRESS',1,'0','chaine',0,'','2014-12-12 19:58:05'),
(1984,'MAIN_PROFID4_IN_ADDRESS',1,'0','chaine',0,'','2014-12-12 19:58:05'),
(1985,'MAIN_GENERATE_DOCUMENTS_WITHOUT_VAT',1,'0','chaine',0,'','2014-12-12 19:58:05'),
(2835,'MAIN_USE_CONNECT_TIMEOUT',1,'10','chaine',0,'','2015-01-16 19:28:50'),
(2836,'MAIN_USE_RESPONSE_TIMEOUT',1,'30','chaine',0,'','2015-01-16 19:28:50'),
(2837,'MAIN_PROXY_USE',1,'0','chaine',0,'','2015-01-16 19:28:50'),
(2838,'MAIN_PROXY_HOST',1,'localhost','chaine',0,'','2015-01-16 19:28:50'),
(2839,'MAIN_PROXY_PORT',1,'8080','chaine',0,'','2015-01-16 19:28:50'),
(2840,'MAIN_PROXY_USER',1,'aaa','chaine',0,'','2015-01-16 19:28:50'),
(2841,'MAIN_PROXY_PASS',1,'bbb','chaine',0,'','2015-01-16 19:28:50'),
(2854,'THEME_ELDY_RGB',1,'bfbf00','chaine',0,'','2015-01-18 10:02:53'),
(2855,'THEME_ELDY_ENABLE_PERSONALIZED',1,'0','chaine',0,'','2015-01-18 10:02:55'),
(2858,'MAIN_SESSION_TIMEOUT',1,'2000','chaine',0,'','2015-01-19 17:01:53'),
(2868,'POS_SERVICES',1,'0','chaine',0,'','2015-01-19 17:16:51'),
(2869,'POS_USE_TICKETS',1,'1','chaine',0,'','2015-01-19 17:16:51'),
(2870,'POS_MAX_TTC',1,'100','chaine',0,'','2015-01-19 17:16:51'),
(3190,'MAIN_MODULE_HOLIDAY',2,'1',NULL,0,NULL,'2015-02-01 08:52:34'),
(3195,'INVOICE_SUPPLIER_ADDON_PDF',1,'canelle','chaine',0,'','2015-02-10 19:50:27'),
(3199,'MAIN_FORCE_RELOAD_PAGE',1,'1','chaine',0,NULL,'2015-02-12 16:22:55'),
(3223,'OVH_THIRDPARTY_IMPORT',1,'2','chaine',0,'','2015-02-13 16:20:18'),
(4013,'MAIN_DELAY_ACTIONS_TODO',1,'7','chaine',0,'','2015-03-06 08:59:12'),
(4014,'MAIN_DELAY_PROPALS_TO_CLOSE',1,'31','chaine',0,'','2015-03-06 08:59:12'),
(4015,'MAIN_DELAY_PROPALS_TO_BILL',1,'7','chaine',0,'','2015-03-06 08:59:12'),
(4016,'MAIN_DELAY_ORDERS_TO_PROCESS',1,'2','chaine',0,'','2015-03-06 08:59:12'),
(4017,'MAIN_DELAY_CUSTOMER_BILLS_UNPAYED',1,'31','chaine',0,'','2015-03-06 08:59:12'),
(4018,'MAIN_DELAY_SUPPLIER_ORDERS_TO_PROCESS',1,'7','chaine',0,'','2015-03-06 08:59:12'),
(4019,'MAIN_DELAY_SUPPLIER_BILLS_TO_PAY',1,'2','chaine',0,'','2015-03-06 08:59:12'),
(4020,'MAIN_DELAY_RUNNING_SERVICES',1,'-15','chaine',0,'','2015-03-06 08:59:12'),
(4021,'MAIN_DELAY_TRANSACTIONS_TO_CONCILIATE',1,'62','chaine',0,'','2015-03-06 08:59:13'),
(4022,'MAIN_DELAY_MEMBERS',1,'31','chaine',0,'','2015-03-06 08:59:13'),
(4023,'MAIN_DISABLE_METEO',1,'0','chaine',0,'','2015-03-06 08:59:13'),
(4044,'ADHERENT_VAT_FOR_SUBSCRIPTIONS',1,'0','',0,'','2015-03-06 16:06:38'),
(4047,'ADHERENT_BANK_USE',1,'bankviainvoice','',0,'','2015-03-06 16:12:30'),
(4049,'PHPSANE_SCANIMAGE',1,'/usr/bin/scanimage','chaine',0,'','2015-03-06 21:54:13'),
(4050,'PHPSANE_PNMTOJPEG',1,'/usr/bin/pnmtojpeg','chaine',0,'','2015-03-06 21:54:13'),
(4051,'PHPSANE_PNMTOTIFF',1,'/usr/bin/pnmtotiff','chaine',0,'','2015-03-06 21:54:13'),
(4052,'PHPSANE_OCR',1,'/usr/bin/gocr','chaine',0,'','2015-03-06 21:54:13'),
(4548,'ECM_AUTO_TREE_ENABLED',1,'1','chaine',0,'','2015-03-10 15:57:21'),
(4579,'MAIN_MODULE_AGENDA',2,'1',NULL,0,NULL,'2015-03-13 15:29:19'),
(4580,'MAIN_AGENDA_ACTIONAUTO_COMPANY_CREATE',2,'1','chaine',0,NULL,'2015-03-13 15:29:19'),
(4581,'MAIN_AGENDA_ACTIONAUTO_CONTRACT_VALIDATE',2,'1','chaine',0,NULL,'2015-03-13 15:29:19'),
(4582,'MAIN_AGENDA_ACTIONAUTO_PROPAL_VALIDATE',2,'1','chaine',0,NULL,'2015-03-13 15:29:19'),
(4583,'MAIN_AGENDA_ACTIONAUTO_PROPAL_SENTBYMAIL',2,'1','chaine',0,NULL,'2015-03-13 15:29:19'),
(4584,'MAIN_AGENDA_ACTIONAUTO_ORDER_VALIDATE',2,'1','chaine',0,NULL,'2015-03-13 15:29:19'),
(4585,'MAIN_AGENDA_ACTIONAUTO_ORDER_SENTBYMAIL',2,'1','chaine',0,NULL,'2015-03-13 15:29:19'),
(4586,'MAIN_AGENDA_ACTIONAUTO_BILL_VALIDATE',2,'1','chaine',0,NULL,'2015-03-13 15:29:19'),
(4587,'MAIN_AGENDA_ACTIONAUTO_BILL_PAYED',2,'1','chaine',0,NULL,'2015-03-13 15:29:19'),
(4588,'MAIN_AGENDA_ACTIONAUTO_BILL_CANCEL',2,'1','chaine',0,NULL,'2015-03-13 15:29:19'),
(4589,'MAIN_AGENDA_ACTIONAUTO_BILL_SENTBYMAIL',2,'1','chaine',0,NULL,'2015-03-13 15:29:19'),
(4590,'MAIN_AGENDA_ACTIONAUTO_ORDER_SUPPLIER_VALIDATE',2,'1','chaine',0,NULL,'2015-03-13 15:29:19'),
(4591,'MAIN_AGENDA_ACTIONAUTO_BILL_SUPPLIER_VALIDATE',2,'1','chaine',0,NULL,'2015-03-13 15:29:19'),
(4592,'MAIN_AGENDA_ACTIONAUTO_SHIPPING_VALIDATE',2,'1','chaine',0,NULL,'2015-03-13 15:29:19'),
(4593,'MAIN_AGENDA_ACTIONAUTO_SHIPPING_SENTBYMAIL',2,'1','chaine',0,NULL,'2015-03-13 15:29:19'),
(4594,'MAIN_AGENDA_ACTIONAUTO_BILL_UNVALIDATE',2,'1','chaine',0,NULL,'2015-03-13 15:29:19'),
(4688,'GOOGLE_ENABLE_AGENDA',2,'1','chaine',0,'','2015-03-13 15:36:29'),
(4696,'GOOGLE_AGENDA_TIMEZONE',2,'Europe/Paris','chaine',0,'','2015-03-13 15:36:29'),
(4697,'GOOGLE_AGENDA_NB',2,'5','chaine',0,'','2015-03-13 15:36:29'),
(4725,'SOCIETE_CODECLIENT_ADDON',2,'mod_codeclient_leopard','chaine',0,'Module to control third parties codes','2015-03-13 20:21:35'),
(4726,'SOCIETE_CODECOMPTA_ADDON',2,'mod_codecompta_panicum','chaine',0,'Module to control third parties codes','2015-03-13 20:21:35'),
(4727,'SOCIETE_FISCAL_MONTH_START',2,'','chaine',0,'Mettre le numero du mois du debut d\\\'annee fiscale, ex: 9 pour septembre','2015-03-13 20:21:35'),
(4728,'MAIN_SEARCHFORM_SOCIETE',2,'1','yesno',0,'Show form for quick company search','2015-03-13 20:21:35'),
(4729,'MAIN_SEARCHFORM_CONTACT',2,'1','yesno',0,'Show form for quick contact search','2015-03-13 20:21:35'),
(4730,'COMPANY_ADDON_PDF_ODT_PATH',2,'DOL_DATA_ROOT/doctemplates/thirdparties','chaine',0,NULL,'2015-03-13 20:21:35'),
(4743,'MAIN_MODULE_CLICKTODIAL',2,'1',NULL,0,NULL,'2015-03-13 20:30:28'),
(4744,'MAIN_MODULE_NOTIFICATION',2,'1',NULL,0,NULL,'2015-03-13 20:30:34'),
(4745,'MAIN_MODULE_WEBSERVICES',2,'1',NULL,0,NULL,'2015-03-13 20:30:41'),
(4746,'MAIN_MODULE_PROPALE',2,'1',NULL,0,NULL,'2015-03-13 20:32:38'),
(4747,'PROPALE_ADDON_PDF',2,'azur','chaine',0,'Nom du gestionnaire de generation des propales en PDF','2015-03-13 20:32:38'),
(4748,'PROPALE_ADDON',2,'mod_propale_marbre','chaine',0,'Nom du gestionnaire de numerotation des propales','2015-03-13 20:32:38'),
(4749,'PROPALE_VALIDITY_DURATION',2,'15','chaine',0,'Duration of validity of business proposals','2015-03-13 20:32:38'),
(4750,'PROPALE_ADDON_PDF_ODT_PATH',2,'DOL_DATA_ROOT/doctemplates/proposals','chaine',0,NULL,'2015-03-13 20:32:38'),
(4752,'MAIN_MODULE_TAX',2,'1',NULL,0,NULL,'2015-03-13 20:32:47'),
(4753,'MAIN_MODULE_DON',2,'1',NULL,0,NULL,'2015-03-13 20:32:54'),
(4754,'DON_ADDON_MODEL',2,'html_cerfafr','chaine',0,'Nom du gestionnaire de generation de recu de dons','2015-03-13 20:32:54'),
(4755,'POS_USE_TICKETS',2,'1','chaine',0,'','2015-03-13 20:33:09'),
(4756,'POS_MAX_TTC',2,'100','chaine',0,'','2015-03-13 20:33:09'),
(4757,'MAIN_MODULE_POS',2,'1',NULL,0,NULL,'2015-03-13 20:33:09'),
(4758,'TICKET_ADDON',2,'mod_ticket_avenc','chaine',0,'Nom du gestionnaire de numerotation des tickets','2015-03-13 20:33:09'),
(4759,'MAIN_MODULE_BANQUE',2,'1',NULL,0,NULL,'2015-03-13 20:33:09'),
(4760,'MAIN_MODULE_FACTURE',2,'1',NULL,0,NULL,'2015-03-13 20:33:09'),
(4761,'FACTURE_ADDON_PDF',2,'crabe','chaine',0,'Name of PDF model of invoice','2015-03-13 20:33:09'),
(4762,'FACTURE_ADDON',2,'mod_facture_terre','chaine',0,'Name of numbering numerotation rules of invoice','2015-03-13 20:33:09'),
(4763,'FACTURE_ADDON_PDF_ODT_PATH',2,'DOL_DATA_ROOT/doctemplates/invoices','chaine',0,NULL,'2015-03-13 20:33:09'),
(4764,'MAIN_MODULE_SOCIETE',2,'1',NULL,0,NULL,'2015-03-13 20:33:09'),
(4765,'MAIN_MODULE_PRODUCT',2,'1',NULL,0,NULL,'2015-03-13 20:33:09'),
(4766,'PRODUCT_CODEPRODUCT_ADDON',2,'mod_codeproduct_leopard','chaine',0,'Module to control product codes','2015-03-13 20:33:09'),
(4767,'MAIN_SEARCHFORM_PRODUITSERVICE',2,'1','yesno',0,'Show form for quick product search','2015-03-13 20:33:09'),
(4773,'MAIN_MODULE_MAILING',2,'1',NULL,0,NULL,'2015-03-13 20:33:37'),
(4774,'MAIN_MODULE_OPENSURVEY',2,'1',NULL,0,NULL,'2015-03-13 20:33:42'),
(4782,'AGENDA_USE_EVENT_TYPE',2,'1','chaine',0,'','2015-03-13 20:53:36'),
(4884,'AGENDA_DISABLE_EXT',2,'1','chaine',0,'','2015-03-13 22:03:40'),
(4928,'COMMANDE_SUPPLIER_ADDON_NUMBER',1,'mod_commande_fournisseur_muguet','chaine',0,'Nom du gestionnaire de numerotation des commandes fournisseur','2015-03-22 09:24:29'),
(4929,'INVOICE_SUPPLIER_ADDON_NUMBER',1,'mod_facture_fournisseur_cactus','chaine',0,'Nom du gestionnaire de numerotation des factures fournisseur','2015-03-22 09:24:29'),
(5001,'MAIN_CRON_KEY',0,'bc54582fe30d5d4a830c6f582ec28810','chaine',0,'','2015-03-23 17:54:53'),
(5009,'CRON_KEY',0,'2c2e755c20be2014098f629865598006','chaine',0,'','2015-03-23 18:06:24'),
(5139,'SOCIETE_ADD_REF_IN_LIST',1,'','yesno',0,'Display customer ref into select list','2015-09-08 23:06:08'),
(5150,'PROJECT_TASK_ADDON_PDF',1,'','chaine',0,'Name of PDF/ODT tasks manager class','2015-09-08 23:06:14'),
(5151,'PROJECT_TASK_ADDON',1,'mod_task_simple','chaine',0,'Name of Numbering Rule task manager class','2015-09-08 23:06:14'),
(5152,'PROJECT_TASK_ADDON_PDF_ODT_PATH',1,'DOL_DATA_ROOT/doctemplates/tasks','chaine',0,'','2015-09-08 23:06:14'),
(5239,'BOOKMARKS_SHOW_IN_MENU',1,'10','chaine',0,'','2016-03-02 15:42:26'),
(5271,'DONATION_ART200',1,'','yesno',0,'Option Française - Eligibilité Art200 du CGI','2016-12-21 12:51:28'),
(5272,'DONATION_ART238',1,'','yesno',0,'Option Française - Eligibilité Art238 bis du CGI','2016-12-21 12:51:28'),
(5274,'DONATION_MESSAGE',1,'Thank you','chaine',0,'Message affiché sur le récépissé de versements ou dons','2016-12-21 12:51:28'),
(5349,'MAIN_SEARCHFORM_CONTACT',1,'1','chaine',0,'','2017-10-03 10:11:33'),
(5351,'MAIN_SEARCHFORM_PRODUITSERVICE',1,'1','chaine',0,'','2017-10-03 10:11:33'),
(5352,'MAIN_SEARCHFORM_PRODUITSERVICE_SUPPLIER',1,'0','chaine',0,'','2017-10-03 10:11:33'),
(5353,'MAIN_SEARCHFORM_ADHERENT',1,'1','chaine',0,'','2017-10-03 10:11:33'),
(5354,'MAIN_SEARCHFORM_PROJECT',1,'0','chaine',0,'','2017-10-03 10:11:33'),
(5394,'FCKEDITOR_ENABLE_DETAILS',1,'1','yesno',0,'WYSIWIG for products details lines for all entities','2017-11-04 15:27:44'),
(5395,'FCKEDITOR_ENABLE_USERSIGN',1,'1','yesno',0,'WYSIWIG for user signature','2017-11-04 15:27:44'),
(5396,'FCKEDITOR_ENABLE_MAIL',1,'1','yesno',0,'WYSIWIG for products details lines for all entities','2017-11-04 15:27:44'),
(5398,'CATEGORIE_RECURSIV_ADD',1,'','yesno',0,'Affect parent categories','2017-11-04 15:27:46'),
(5404,'MAIN_MODULE_CATEGORIE',1,'1',NULL,0,NULL,'2017-11-04 15:41:43'),
(5415,'EXPEDITION_ADDON_PDF_ODT_PATH',1,'DOL_DATA_ROOT/doctemplates/shipment','chaine',0,NULL,'2017-11-15 22:38:28'),
(5416,'LIVRAISON_ADDON_PDF_ODT_PATH',1,'DOL_DATA_ROOT/doctemplates/delivery','chaine',0,NULL,'2017-11-15 22:38:28'),
(5426,'MAIN_MODULE_PROJET',1,'1',NULL,0,NULL,'2017-11-15 22:38:44'),
(5427,'PROJECT_ADDON_PDF_ODT_PATH',1,'DOL_DATA_ROOT/doctemplates/projects','chaine',0,NULL,'2017-11-15 22:38:44'),
(5428,'PROJECT_USE_OPPORTUNIES',1,'1','chaine',0,NULL,'2017-11-15 22:38:44'),
(5430,'MAIN_MODULE_EXPORT',1,'1',NULL,0,NULL,'2017-11-15 22:38:56'),
(5431,'MAIN_MODULE_IMPORT',1,'1',NULL,0,NULL,'2017-11-15 22:38:58'),
(5434,'EXPENSEREPORT_ADDON_PDF',1,'standard','chaine',0,'Name of manager to build PDF expense reports documents','2017-11-15 22:39:05'),
(5437,'SALARIES_ACCOUNTING_ACCOUNT_CHARGE',1,'641','chaine',0,NULL,'2017-11-15 22:39:08'),
(5443,'MAIN_MODULE_PRELEVEMENT',1,'1',NULL,0,NULL,'2017-11-15 22:39:33'),
(5453,'MAIN_MODULE_CONTRAT',1,'1',NULL,0,NULL,'2017-11-15 22:39:52'),
(5459,'MAIN_MODULE_PAYPAL',1,'1',NULL,0,NULL,'2017-11-15 22:41:02'),
(5463,'MAIN_MODULE_PROPALE',1,'1',NULL,0,NULL,'2017-11-15 22:41:47'),
(5483,'GENBARCODE_BARCODETYPE_THIRDPARTY',1,'6','chaine',0,'','2018-01-16 15:49:43'),
(5484,'PRODUIT_DEFAULT_BARCODE_TYPE',1,'2','chaine',0,'','2018-01-16 15:49:46'),
(5586,'MAIN_DELAY_EXPENSEREPORTS_TO_PAY',1,'31','chaine',0,'Tolérance de retard avant alerte (en jours) sur les notes de frais impayées','2018-01-22 17:28:18'),
(5590,'MAIN_VERSION_LAST_INSTALL',0,'3.8.3','chaine',0,'Dolibarr version when install','2018-01-22 17:28:42'),
(5614,'MAIN_SIZE_SHORTLISTE_LIMIT',1,'4','chaine',0,'Longueur maximum des listes courtes (fiche client)','2018-03-13 10:54:46'),
(5627,'SUPPLIER_PROPOSAL_ADDON_PDF',1,'aurore','chaine',0,'Name of submodule to generate PDF for supplier quotation request','2018-07-30 11:13:20'),
(5628,'SUPPLIER_PROPOSAL_ADDON',1,'mod_supplier_proposal_marbre','chaine',0,'Name of submodule to number supplier quotation request','2018-07-30 11:13:20'),
(5629,'SUPPLIER_PROPOSAL_ADDON_PDF_ODT_PATH',1,'DOL_DATA_ROOT/doctemplates/supplier_proposal','chaine',0,NULL,'2018-07-30 11:13:20'),
(5633,'MAIN_MODULE_API',1,'1',NULL,0,NULL,'2018-07-30 11:13:54'),
(5634,'MAIN_MODULE_WEBSERVICES',1,'1',NULL,0,NULL,'2018-07-30 11:13:56'),
(5635,'WEBSERVICES_KEY',1,'dolibarrkey','chaine',0,'','2018-07-30 11:14:04'),
(5638,'MAIN_MODULE_EXTERNALRSS',1,'1',NULL,0,NULL,'2018-07-30 11:15:04'),
(5642,'SOCIETE_CODECOMPTA_ADDON',1,'mod_codecompta_aquarium','chaine',0,'','2018-07-30 11:16:42'),
(5707,'CASHDESK_NO_DECREASE_STOCK',1,'1','chaine',0,'','2018-07-30 13:38:11'),
(5711,'MAIN_MODULE_PRODUCT',1,'1',NULL,0,NULL,'2018-07-30 13:38:11'),
(5808,'MARGIN_TYPE',1,'costprice','chaine',0,'','2018-07-30 16:32:18'),
(5809,'DISPLAY_MARGIN_RATES',1,'1','chaine',0,'','2018-07-30 16:32:20'),
(5833,'ACCOUNTING_EXPORT_SEPARATORCSV',1,',','string',0,NULL,'2017-01-29 15:11:56'),
(5840,'CHARTOFACCOUNTS',1,'2','chaine',0,NULL,'2017-01-29 15:11:56'),
(5842,'ACCOUNTING_LENGTH_GACCOUNT',1,'','chaine',0,NULL,'2017-01-29 15:11:56'),
(5843,'ACCOUNTING_LENGTH_AACCOUNT',1,'','chaine',0,NULL,'2017-01-29 15:11:56'),
(5844,'ACCOUNTING_LIST_SORT_VENTILATION_TODO',1,'1','yesno',0,NULL,'2017-01-29 15:11:56'),
(5845,'ACCOUNTING_LIST_SORT_VENTILATION_DONE',1,'1','yesno',0,NULL,'2017-01-29 15:11:56'),
(5846,'ACCOUNTING_EXPORT_DATE',1,'%d%m%Y','chaine',0,NULL,'2017-01-29 15:11:56'),
(5853,'MAIN_MODULE_WORKFLOW',1,'1',NULL,0,NULL,'2017-01-29 15:12:12'),
(5854,'MAIN_MODULE_NOTIFICATION',1,'1',NULL,0,NULL,'2017-01-29 15:12:35'),
(5855,'MAIN_MODULE_OAUTH',1,'1',NULL,0,NULL,'2017-01-29 15:12:41'),
(5883,'MAILING_LIMIT_SENDBYWEB',0,'15','chaine',1,'Number of targets to defined packet size when sending mass email','2017-01-29 17:36:33'),
(5885,'MAIN_SOAP_DEBUG',1,'0','chaine',1,'','2017-01-29 18:53:02'),
(5925,'MAIN_AGENDA_ACTIONAUTO_MEMBER_SUBSCRIPTION',1,'1','chaine',0,'','2017-02-01 14:48:55'),
(5931,'DATABASE_PWD_ENCRYPTED',1,'1','chaine',0,'','2017-02-01 15:06:04'),
(5941,'PRELEVEMENT_ICS',1,'ICS123456','chaine',0,'','2017-02-06 04:04:47'),
(5942,'PRELEVEMENT_USER',1,'1','chaine',0,'','2017-02-06 04:04:47'),
(5943,'BANKADDON_PDF',1,'sepamandate','chaine',0,'','2017-02-06 04:13:52'),
(5947,'CHEQUERECEIPTS_THYME_MASK',1,'CHK{yy}{mm}-{0000@1}','chaine',0,'','2017-02-06 04:16:27'),
(5954,'MAIN_SUBMODULE_EXPEDITION',1,'1','chaine',0,'','2017-02-06 23:57:37'),
(5964,'MAIN_MODULE_TAX',1,'1',NULL,0,NULL,'2017-02-07 18:56:12'),
(6019,'MAIN_INFO_SOCIETE_COUNTRY',2,'1:FR:France','chaine',0,'','2017-02-15 17:18:22'),
(6020,'MAIN_INFO_SOCIETE_NOM',2,'MySecondCompany','chaine',0,'','2017-02-15 17:18:22'),
(6021,'MAIN_INFO_SOCIETE_STATE',2,'0','chaine',0,'','2017-02-15 17:18:22'),
(6022,'MAIN_MONNAIE',2,'EUR','chaine',0,'','2017-02-15 17:18:22'),
(6023,'MAIN_LANG_DEFAULT',2,'auto','chaine',0,'','2017-02-15 17:18:22'),
(6032,'MAIN_MODULE_MULTICURRENCY',1,'1',NULL,0,NULL,'2017-02-15 17:29:59'),
(6048,'SYSLOG_FACILITY',0,'LOG_USER','chaine',0,'','2017-02-15 22:37:01'),
(6050,'SYSLOG_FILE',0,'DOL_DATA_ROOT/dolibarr.log','chaine',0,'','2017-02-15 22:37:01'),
(6052,'SYSLOG_HANDLERS',0,'[\"mod_syslog_file\"]','chaine',0,'','2017-02-15 22:37:01'),
(6092,'MAIN_SIZE_SHORTLIST_LIMIT',0,'3','chaine',0,'Max length for small lists (tabs)','2017-05-12 09:02:38'),
(6099,'MAIN_MODULE_SKYPE',1,'1',NULL,0,NULL,'2017-05-12 09:03:51'),
(6100,'MAIN_MODULE_GRAVATAR',1,'1',NULL,0,NULL,'2017-05-12 09:03:54'),
(6102,'PRODUCT_ADDON_PDF_ODT_PATH',1,'DOL_DATA_ROOT/doctemplates/products','chaine',0,'','2017-08-27 13:29:07'),
(6103,'CONTRACT_ADDON_PDF_ODT_PATH',1,'DOL_DATA_ROOT/doctemplates/contracts','chaine',0,'','2017-08-27 13:29:07'),
(6104,'USERGROUP_ADDON_PDF_ODT_PATH',1,'DOL_DATA_ROOT/doctemplates/usergroups','chaine',0,'','2017-08-27 13:29:07'),
(6105,'USER_ADDON_PDF_ODT_PATH',1,'DOL_DATA_ROOT/doctemplates/users','chaine',0,'','2017-08-27 13:29:07'),
(6106,'MAIN_ENABLE_OVERWRITE_TRANSLATION',1,'1','chaine',0,'Enable overwrote of translation','2017-08-27 13:29:07'),
(6377,'COMMANDE_SAPHIR_MASK',1,'{yy}{mm}{000}{ttt}','chaine',0,'','2017-09-06 07:56:25'),
(6518,'GOOGLE_DUPLICATE_INTO_THIRDPARTIES',1,'1','chaine',0,'','2017-09-06 19:43:57'),
(6519,'GOOGLE_DUPLICATE_INTO_CONTACTS',1,'0','chaine',0,'','2017-09-06 19:43:57'),
(6520,'GOOGLE_TAG_PREFIX',1,'Dolibarr (Thirdparties)','chaine',0,'','2017-09-06 19:43:57'),
(6521,'GOOGLE_TAG_PREFIX_CONTACTS',1,'Dolibarr (Contacts/Addresses)','chaine',0,'','2017-09-06 19:43:57'),
(6522,'GOOGLE_ENABLE_AGENDA',1,'1','chaine',0,'','2017-09-06 19:44:12'),
(6523,'GOOGLE_AGENDA_COLOR1',1,'1B887A','chaine',0,'','2017-09-06 19:44:12'),
(6524,'GOOGLE_AGENDA_COLOR2',1,'7A367A','chaine',0,'','2017-09-06 19:44:12'),
(6525,'GOOGLE_AGENDA_COLOR3',1,'7A367A','chaine',0,'','2017-09-06 19:44:12'),
(6526,'GOOGLE_AGENDA_COLOR4',1,'7A367A','chaine',0,'','2017-09-06 19:44:12'),
(6527,'GOOGLE_AGENDA_COLOR5',1,'7A367A','chaine',0,'','2017-09-06 19:44:12'),
(6528,'GOOGLE_AGENDA_TIMEZONE',1,'Europe/Paris','chaine',0,'','2017-09-06 19:44:12'),
(6529,'GOOGLE_AGENDA_NB',1,'5','chaine',0,'','2017-09-06 19:44:12'),
(6543,'MAIN_SMS_DEBUG',0,'1','chaine',1,'This is to enable OVH SMS debug','2017-09-06 19:44:34'),
(6562,'BLOCKEDLOG_ENTITY_FINGERPRINT',1,'b63e359ffca54d5c2bab869916eaf23d4a736703028ccbf77ce1167c5f830e7b','chaine',0,'Numeric Unique Fingerprint','2018-01-19 11:27:15'),
(6564,'BLOCKEDLOG_DISABLE_NOT_ALLOWED_FOR_COUNTRY',1,'FR','chaine',0,'This is list of country code where the module may be mandatory','2018-01-19 11:27:15'),
(6565,'MAIN_MODULE_BOOKMARK',1,'1',NULL,0,'{\"authorid\":\"12\",\"ip\":\"82.240.38.230\"}','2018-01-19 11:27:34'),
(6567,'ADHERENT_ADDON_PDF',1,'standard','chaine',0,'Name of PDF model of member','2018-01-19 11:27:56'),
(6636,'MAIN_MODULE_TICKET_MODELS',1,'1','chaine',0,NULL,'2019-06-05 09:15:29'),
(6647,'MAIN_MODULE_SOCIALNETWORKS',1,'1','string',0,'{\"authorid\":\"12\",\"ip\":\"127.0.0.1\"}','2019-06-05 09:16:49'),
(6795,'TICKET_ADDON',1,'mod_ticket_simple','chaine',0,'','2019-09-26 12:07:59'),
(6796,'PRODUCT_CODEPRODUCT_ADDON',1,'mod_codeproduct_elephant','chaine',0,'','2019-09-26 12:59:00'),
(6800,'CASHDESK_ID_THIRDPARTY1',1,'7','chaine',0,'','2019-09-26 15:30:09'),
(6801,'CASHDESK_ID_BANKACCOUNT_CASH1',1,'3','chaine',0,'','2019-09-26 15:30:09'),
(6802,'CASHDESK_ID_BANKACCOUNT_CHEQUE1',1,'4','chaine',0,'','2019-09-26 15:30:09'),
(6803,'CASHDESK_ID_BANKACCOUNT_CB1',1,'4','chaine',0,'','2019-09-26 15:30:09'),
(6804,'CASHDESK_ID_BANKACCOUNT_PRE1',1,'4','chaine',0,'','2019-09-26 15:30:09'),
(6805,'CASHDESK_ID_BANKACCOUNT_VIR1',1,'1','chaine',0,'','2019-09-26 15:30:09'),
(6806,'CASHDESK_NO_DECREASE_STOCK1',1,'1','chaine',0,'','2019-09-26 15:30:09'),
(6811,'FORCEPROJECT_ON_PROPOSAL',1,'1','chaine',0,'','2019-09-27 14:52:57'),
(6813,'PROJECT_USE_OPPORTUNITIES',1,'1','chaine',0,'','2019-10-01 11:48:09'),
(6814,'PACKTHEMEACTIVATEDTHEME',0,'modOwnTheme','chaine',0,'','2019-10-02 11:41:58'),
(6815,'OWNTHEME_COL1',0,'#6a89cc','chaine',0,'','2019-10-02 11:41:58'),
(6816,'OWNTHEME_COL2',0,'#60a3bc','chaine',0,'','2019-10-02 11:41:58'),
(6817,'DOL_VERSION',0,'10.0.2','chaine',0,'Dolibarr version','2019-10-02 11:41:58'),
(6844,'MAIN_THEME',0,'eldy','chaine',0,'','2019-10-02 11:46:02'),
(6845,'MAIN_MENU_STANDARD',0,'eldy_menu.php','chaine',0,'','2019-10-02 11:46:02'),
(6846,'MAIN_MENUFRONT_STANDARD',0,'eldy_menu.php','chaine',0,'','2019-10-02 11:46:02'),
(6847,'MAIN_MENU_SMARTPHONE',0,'eldy_menu.php','chaine',0,'','2019-10-02 11:46:02'),
(6848,'MAIN_MENUFRONT_SMARTPHONE',0,'eldy_menu.php','chaine',0,'','2019-10-02 11:46:02'),
(6853,'DOL_VERSION',1,'10.0.2','chaine',0,'Dolibarr version','2019-10-02 11:47:10'),
(6881,'MAIN_MENU_STANDARD',1,'eldy_menu.php','chaine',0,'','2019-10-02 11:48:49'),
(6882,'MAIN_MENUFRONT_STANDARD',1,'eldy_menu.php','chaine',0,'','2019-10-02 11:48:49'),
(6883,'MAIN_MENU_SMARTPHONE',1,'eldy_menu.php','chaine',0,'','2019-10-02 11:48:49'),
(6884,'MAIN_MENUFRONT_SMARTPHONE',1,'eldy_menu.php','chaine',0,'','2019-10-02 11:48:49'),
(6912,'TICKET_ENABLE_PUBLIC_INTERFACE',1,'1','chaine',0,'','2019-10-04 11:44:33'),
(7028,'USER_PASSWORD_PATTERN',1,'12;1;0;1;0;1','chaine',0,'','2019-10-07 10:57:03'),
(7034,'BOM_ADDON',1,'mod_bom_standard','chaine',0,'Name of numbering rules of BOM','2019-10-08 18:49:41'),
(7035,'BOM_ADDON_PDF_ODT_PATH',1,'DOL_DATA_ROOT/doctemplates/boms','chaine',0,NULL,'2019-10-08 18:49:41'),
(7036,'MAIN_MODULE_GEOIPMAXMIND',1,'1','string',0,'{\"authorid\":\"12\",\"ip\":\"127.0.0.1\"}','2019-10-08 18:51:54'),
(7037,'MAIN_MODULE_DAV',1,'1','string',0,'{\"authorid\":\"12\",\"ip\":\"127.0.0.1\"}','2019-10-08 18:54:07'),
(7122,'BOM_ADDON_PDF',1,'generic_bom_odt','chaine',0,'','2019-11-28 14:00:58'),
(7195,'MAIN_AGENDA_ACTIONAUTO_MO_VALIDATE',1,'1','chaine',0,'','2019-11-29 08:44:37'),
(7196,'MAIN_AGENDA_ACTIONAUTO_MO_PRODUCED',1,'1','chaine',0,'','2019-11-29 08:44:37'),
(7197,'MAIN_AGENDA_ACTIONAUTO_MO_DELETE',1,'1','chaine',0,'','2019-11-29 08:44:37'),
(7198,'MAIN_AGENDA_ACTIONAUTO_MO_CANCEL',1,'1','chaine',0,'','2019-11-29 08:44:37'),
(7201,'TICKET_PUBLIC_INTERFACE_TOPIC',1,'MyBigCompany public interface for Ticket','chaine',0,'','2019-11-29 08:49:36'),
(7202,'TICKET_PUBLIC_TEXT_HOME',1,'You can create a support ticket or view existing from its identifier tracking ticket.','chaine',0,'','2019-11-29 08:49:36'),
(7203,'TICKET_PUBLIC_TEXT_HELP_MESSAGE',1,'Please accurately describe the problem. Provide the most information possible to allow us to correctly identify your request.','chaine',0,'','2019-11-29 08:49:36'),
(7204,'TICKET_MESSAGE_MAIL_NEW',1,'TicketMessageMailNewText','chaine',0,'','2019-11-29 08:49:36'),
(7220,'MRP_MO_ADDON',1,'mod_mo_standard','chaine',0,'Name of numbering rules of MO','2019-11-29 08:57:42'),
(7221,'MRP_MO_ADDON_PDF_ODT_PATH',1,'DOL_DATA_ROOT/doctemplates/mrps','chaine',0,NULL,'2019-11-29 08:57:42'),
(7222,'MRP_MO_ADDON_PDF',1,'generic_mo_odt','chaine',0,'','2019-11-29 08:57:47'),
(7254,'MAIN_INFO_OPENINGHOURS_MONDAY',1,'8-12 13-18','chaine',0,'','2019-12-19 11:14:21'),
(7255,'MAIN_INFO_OPENINGHOURS_TUESDAY',1,'8-12 13-18','chaine',0,'','2019-12-19 11:14:21'),
(7256,'MAIN_INFO_OPENINGHOURS_WEDNESDAY',1,'8-13','chaine',0,'','2019-12-19 11:14:21'),
(7257,'MAIN_INFO_OPENINGHOURS_THURSDAY',1,'8-12 13-18','chaine',0,'','2019-12-19 11:14:21'),
(7258,'MAIN_INFO_OPENINGHOURS_FRIDAY',1,'8-12 13-18','chaine',0,'','2019-12-19 11:14:21'),
(7264,'MAIN_INFO_ACCOUNTANT_NAME',1,'Bob Bookkeeper','chaine',0,'','2019-12-19 11:14:54'),
(7265,'MAIN_INFO_ACCOUNTANT_TOWN',1,'Berlin','chaine',0,'','2019-12-19 11:14:54'),
(7266,'MAIN_INFO_ACCOUNTANT_STATE',1,'0','chaine',0,'','2019-12-19 11:14:54'),
(7267,'MAIN_INFO_ACCOUNTANT_COUNTRY',1,'5','chaine',0,'','2019-12-19 11:14:54'),
(7268,'MAIN_INFO_ACCOUNTANT_MAIL',1,'mybookkeeper@example.com','chaine',0,'','2019-12-19 11:14:54'),
(7313,'MODULEBUILDER_ASCIIDOCTOR',1,'asciidoctor','chaine',0,'','2019-12-20 10:57:21'),
(7314,'MODULEBUILDER_ASCIIDOCTORPDF',1,'asciidoctor-pdf','chaine',0,'','2019-12-20 10:57:21'),
(7337,'EXTERNAL_RSS_TITLE_1',1,'Dolibarr.org News','chaine',0,'','2019-12-20 12:10:38'),
(7338,'EXTERNAL_RSS_URLRSS_1',1,'https://www.dolibarr.org/rss','chaine',0,'','2019-12-20 12:10:38'),
(7339,'EXPENSEREPORT_ADDON',1,'mod_expensereport_jade','chaine',0,'','2019-12-20 16:33:46'),
(7378,'COMPANY_USE_SEARCH_TO_SELECT',1,'0','chaine',0,'','2019-12-21 15:54:22'),
(7420,'CASHDESK_SERVICES',1,'0','chaine',0,'','2019-12-23 12:15:06'),
(7421,'TAKEPOS_ROOT_CATEGORY_ID',1,'31','chaine',0,'','2019-12-23 12:15:06'),
(7422,'TAKEPOSCONNECTOR',1,'0','chaine',0,'','2019-12-23 12:15:06'),
(7423,'TAKEPOS_BAR_RESTAURANT',1,'0','chaine',0,'','2019-12-23 12:15:06'),
(7424,'TAKEPOS_TICKET_VAT_GROUPPED',1,'0','chaine',0,'','2019-12-23 12:15:06'),
(7425,'TAKEPOS_AUTO_PRINT_TICKETS',1,'0','int',0,'','2019-12-23 12:15:06'),
(7426,'TAKEPOS_NUMPAD',1,'0','chaine',0,'','2019-12-23 12:15:06'),
(7427,'TAKEPOS_NUM_TERMINALS',1,'1','chaine',0,'','2019-12-23 12:15:06'),
(7428,'TAKEPOS_DIRECT_PAYMENT',1,'0','int',0,'','2019-12-23 12:15:06'),
(7429,'TAKEPOS_CUSTOM_RECEIPT',1,'0','int',0,'','2019-12-23 12:15:06'),
(7430,'TAKEPOS_EMAIL_TEMPLATE_INVOICE',1,'-1','chaine',0,'','2019-12-23 12:15:06'),
(7454,'MEMBER_NEWFORM_EDITAMOUNT',1,'0','chaine',0,'','2020-01-01 10:31:46'),
(7470,'STRIPE_TEST_PUBLISHABLE_KEY',1,'pk_test_123456789','chaine',0,'','2020-01-01 11:43:44'),
(7471,'STRIPE_TEST_SECRET_KEY',1,'sk_test_123456','chaine',0,'','2020-01-01 11:43:44'),
(7472,'STRIPE_BANK_ACCOUNT_FOR_PAYMENTS',1,'4','chaine',0,'','2020-01-01 11:43:44'),
(7473,'STRIPE_USER_ACCOUNT_FOR_ACTIONS',1,'1','chaine',0,'','2020-01-01 11:43:44'),
(7489,'CAPTURESERVER_SECURITY_KEY',1,'securitykey123','chaine',0,'','2020-01-01 12:00:49'),
(8136,'MAIN_AGENDA_ACTIONAUTO_EXPENSE_DELETE',1,'1','chaine',0,'','2020-01-02 19:56:28'),
(8190,'ACCOUNTING_PRODUCT_MODE',1,'ACCOUNTANCY_SELL_EXPORT','chaine',0,'','2020-01-06 01:23:30'),
(8210,'CABINETMED_RHEUMATOLOGY_ON',1,'0','texte',0,'','2020-01-06 16:51:43'),
(8213,'MAIN_SEARCHFORM_SOCIETE',1,'1','texte',0,'','2020-01-06 16:51:43'),
(8214,'CABINETMED_BANK_PATIENT_REQUIRED',1,'0','texte',0,'','2020-01-06 16:51:43'),
(8215,'DIAGNOSTIC_IS_NOT_MANDATORY',1,'1','texte',0,'','2020-01-06 16:51:43'),
(8216,'USER_ADDON_PDF_ODT',1,'generic_user_odt','chaine',0,'','2020-01-07 13:45:19'),
(8217,'USERGROUP_ADDON_PDF_ODT',1,'generic_usergroup_odt','chaine',0,'','2020-01-07 13:45:23'),
(8230,'MAIN_MODULE_EMAILCOLLECTOR',1,'1','string',0,'{\"authorid\":\"12\",\"ip\":\"127.0.0.1\"}','2020-01-12 20:13:55'),
(8232,'MAIN_MODULE_SUPPLIERPROPOSAL',1,'1','string',0,'{\"authorid\":\"12\",\"ip\":\"127.0.0.1\"}','2020-01-13 14:37:09'),
(8233,'MAIN_MODULE_EXPEDITION',1,'1','string',0,'{\"authorid\":\"12\",\"ip\":\"127.0.0.1\"}','2020-01-13 14:38:20'),
(8291,'PRODUIT_MULTIPRICES_LIMIT',1,'5','chaine',0,'','2020-01-17 14:21:46'),
(8293,'PRODUIT_CUSTOMER_PRICES_BY_QTY',1,'0','chaine',0,'','2020-01-17 14:21:46'),
(8306,'PRODUIT_SOUSPRODUITS',1,'0','chaine',0,'','2020-01-17 14:25:30'),
(8310,'PRODUIT_FOURN_TEXTS',1,'0','chaine',0,'','2020-01-17 14:25:30'),
(8313,'MAIN_MODULE_FCKEDITOR',1,'1','string',0,'{\"authorid\":\"12\",\"ip\":\"127.0.0.1\"}','2020-01-18 17:13:27'),
(8314,'FCKEDITOR_ENABLE_TICKET',1,'1','chaine',0,'','2020-01-18 19:39:54'),
(8321,'FCKEDITOR_SKIN',1,'moono-lisa','chaine',0,'','2020-01-18 19:41:15'),
(8322,'FCKEDITOR_TEST',1,'Test &lt; aaa<br />\r\n<br />\r\n<img alt=\"\" src=\"/dolibarr_11.0/htdocs/viewimage.php?modulepart=medias&amp;entity=1&amp;file=image/background_coder.jpg\" style=\"height:1280px; width:1920px\" />','chaine',0,'','2020-01-18 19:41:15'),
(8486,'MAIN_MULTILANGS',1,'1','chaine',0,'','2020-01-21 09:40:00'),
(8492,'MAIN_BUTTON_HIDE_UNAUTHORIZED',1,'0','chaine',0,'','2020-01-21 09:40:00'),
(8498,'MAIN_HELPCENTER_DISABLELINK',0,'0','chaine',0,'','2020-01-21 09:40:00'),
(8554,'MAIN_INFO_SOCIETE_FACEBOOK_URL',1,'dolibarr','chaine',0,'','2020-06-12 17:24:42'),
(8555,'MAIN_INFO_SOCIETE_TWITTER_URL',1,'dolibarr','chaine',0,'','2020-06-12 17:24:42'),
(8556,'MAIN_INFO_SOCIETE_LINKEDIN_URL',1,'https://www.linkedin.com/company/9400559/admin/','chaine',0,'','2020-06-12 17:24:42'),
(8557,'MAIN_INFO_SOCIETE_INSTAGRAM_URL',1,'dolibarr','chaine',0,'','2020-06-12 17:24:42'),
(8558,'MAIN_INFO_SOCIETE_YOUTUBE_URL',1,'DolibarrERPCRM','chaine',0,'','2020-06-12 17:24:42'),
(8559,'MAIN_INFO_SOCIETE_GITHUB_URL',1,'dolibarr','chaine',0,'','2020-06-12 17:24:42'),
(8577,'PRODUCT_PRICE_BASE_TYPE',0,'HT','string',0,NULL,'2020-12-10 12:24:38'),
(8633,'MAIN_MODULE_RECEPTION',1,'1','string',0,'{\"authorid\":\"12\",\"ip\":\"127.0.0.1\"}','2020-12-10 12:30:13'),
(8634,'RECEPTION_ADDON_PDF',1,'squille','chaine',0,'Nom du gestionnaire de generation des bons receptions en PDF','2020-12-10 12:30:13'),
(8635,'RECEPTION_ADDON_NUMBER',1,'mod_reception_beryl','chaine',0,'Name for numbering manager for receptions','2020-12-10 12:30:13'),
(8636,'RECEPTION_ADDON_PDF_ODT_PATH',1,'DOL_DATA_ROOT/doctemplates/receptions','chaine',0,NULL,'2020-12-10 12:30:13'),
(8637,'MAIN_SUBMODULE_RECEPTION',1,'1','chaine',0,'Enable receptions','2020-12-10 12:30:13'),
(8638,'MAIN_MODULE_PAYMENTBYBANKTRANSFER',1,'1','string',0,'{\"authorid\":\"12\",\"ip\":\"127.0.0.1\"}','2020-12-10 12:30:17'),
(8640,'MAIN_MODULE_MARGIN_TABS_0',1,'product:+margin:Margins:margins:$user->rights->margins->liretous:/margin/tabs/productMargins.php?id=__ID__','chaine',0,NULL,'2020-12-10 12:30:20'),
(8641,'MAIN_MODULE_MARGIN_TABS_1',1,'thirdparty:+margin:Margins:margins:empty($user->socid) && $user->rights->margins->liretous && ($object->client > 0):/margin/tabs/thirdpartyMargins.php?socid=__ID__','chaine',0,NULL,'2020-12-10 12:30:20'),
(8644,'MAIN_MODULE_INCOTERM',1,'1','string',0,'{\"authorid\":\"12\",\"ip\":\"127.0.0.1\"}','2020-12-10 12:31:36'),
(8645,'INCOTERM_ACTIVATE',1,'','chaine',0,'Description de INCOTERM_ACTIVATE','2020-12-10 12:31:36'),
(8716,'MAIN_SECURITY_HASH_ALGO',1,'password_hash','chaine',1,'','2021-04-15 10:38:33'),
(8877,'AGENDA_REMINDER_BROWSER',1,'1','chaine',0,'','2021-04-15 13:32:29'),
(9008,'MAIN_MODULE_KNOWLEDGEMANAGEMENT',1,'1','string',0,'{\"authorid\":\"12\",\"ip\":\"127.0.0.1\",\"lastactivationversion\":\"dolibarr\"}','2022-02-07 13:39:27'),
(9009,'MAIN_MODULE_KNOWLEDGEMANAGEMENT_TRIGGERS',1,'0','chaine',0,NULL,'2022-02-07 13:39:27'),
(9010,'MAIN_MODULE_KNOWLEDGEMANAGEMENT_LOGIN',1,'0','chaine',0,NULL,'2022-02-07 13:39:27'),
(9011,'MAIN_MODULE_KNOWLEDGEMANAGEMENT_SUBSTITUTIONS',1,'0','chaine',0,NULL,'2022-02-07 13:39:27'),
(9012,'MAIN_MODULE_KNOWLEDGEMANAGEMENT_MENUS',1,'0','chaine',0,NULL,'2022-02-07 13:39:27'),
(9013,'MAIN_MODULE_KNOWLEDGEMANAGEMENT_TPL',1,'0','chaine',0,NULL,'2022-02-07 13:39:27'),
(9014,'MAIN_MODULE_KNOWLEDGEMANAGEMENT_BARCODE',1,'0','chaine',0,NULL,'2022-02-07 13:39:27'),
(9015,'MAIN_MODULE_KNOWLEDGEMANAGEMENT_MODELS',1,'1','chaine',0,NULL,'2022-02-07 13:39:27'),
(9016,'MAIN_MODULE_KNOWLEDGEMANAGEMENT_PRINTING',1,'0','chaine',0,NULL,'2022-02-07 13:39:27'),
(9017,'MAIN_MODULE_KNOWLEDGEMANAGEMENT_THEME',1,'0','chaine',0,NULL,'2022-02-07 13:39:27'),
(9018,'MAIN_MODULE_KNOWLEDGEMANAGEMENT_MODULEFOREXTERNAL',1,'0','chaine',0,NULL,'2022-02-07 13:39:27'),
(9022,'PAYMENTBYBANKTRANSFER_ID_BANKACCOUNT',1,'1','chaine',0,'','2022-02-07 14:17:28'),
(9023,'PAYMENTBYBANKTRANSFER_USER',1,'13','chaine',0,'','2022-02-07 14:17:28'),
(9025,'MAIN_MODULE_BLOCKEDLOG',1,'1','string',0,'{\"authorid\":\"12\",\"ip\":\"127.0.0.1\",\"lastactivationversion\":\"dolibarr\"}','2022-02-07 14:32:50'),
(9294,'RECRUITMENT_RECRUITMENTCANDIDATURE_ADDON',1,'mod_recruitmentcandidature_standard','chaine',0,'Name of manager to generate recruitment candidature ref number','2022-07-04 01:12:19'),
(9451,'MAIN_SECURITY_MAX_IMG_IN_HTML_CONTENT',1,'1000','int',0,NULL,'2022-12-11 21:23:35'),
(9520,'USER_PASSWORD_GENERATED',1,'Perso','chaine',0,'','2022-12-12 08:30:14'),
(9521,'MAIN_LOGEVENTS_USER_LOGIN',1,'1','chaine',0,'','2022-12-12 09:08:15'),
(9522,'MAIN_LOGEVENTS_USER_LOGIN_FAILED',1,'1','chaine',0,'','2022-12-12 09:08:15'),
(9523,'MAIN_LOGEVENTS_USER_LOGOUT',1,'1','chaine',0,'','2022-12-12 09:08:15'),
(9524,'MAIN_LOGEVENTS_USER_CREATE',1,'1','chaine',0,'','2022-12-12 09:08:15'),
(9525,'MAIN_LOGEVENTS_USER_MODIFY',1,'1','chaine',0,'','2022-12-12 09:08:15'),
(9526,'MAIN_LOGEVENTS_USER_NEW_PASSWORD',1,'1','chaine',0,'','2022-12-12 09:08:15'),
(9527,'MAIN_LOGEVENTS_USER_ENABLEDISABLE',1,'1','chaine',0,'','2022-12-12 09:08:15'),
(9528,'MAIN_LOGEVENTS_USER_DELETE',1,'1','chaine',0,'','2022-12-12 09:08:15'),
(9529,'MAIN_LOGEVENTS_USERGROUP_CREATE',1,'1','chaine',0,'','2022-12-12 09:08:15'),
(9530,'MAIN_LOGEVENTS_USERGROUP_MODIFY',1,'1','chaine',0,'','2022-12-12 09:08:15'),
(9531,'MAIN_LOGEVENTS_USERGROUP_DELETE',1,'1','chaine',0,'','2022-12-12 09:08:15'),
(9624,'MAILING_EMAIL_FROM',1,'dolibarr@domain.com','chaine',0,'','2022-12-13 14:22:18'),
(9625,'MAILING_CONTACT_DEFAULT_BULK_STATUS',1,'0','chaine',0,'','2022-12-13 14:22:18'),
(9635,'PRODUIT_LIMIT_SIZE',1,'1000','chaine',0,'','2022-12-16 10:47:29'),
(9636,'PRODUCT_PRICE_UNIQ',1,'0','chaine',0,'','2022-12-16 10:47:29'),
(9637,'PRODUIT_MULTIPRICES',1,'0','chaine',0,'','2022-12-16 10:47:29'),
(9638,'PRODUIT_CUSTOMER_PRICES',1,'1','chaine',0,'','2022-12-16 10:47:29'),
(9639,'PRODUCT_PRICE_BASE_TYPE',1,'HT','chaine',0,'','2022-12-16 10:47:29'),
(9640,'PRODUIT_DESC_IN_FORM',1,'0','chaine',0,'','2022-12-16 10:47:29'),
(9641,'PRODUIT_TEXTS_IN_THIRDPARTY_LANGUAGE',1,'0','chaine',0,'','2022-12-16 10:47:29'),
(9642,'PRODUIT_USE_SEARCH_TO_SELECT',1,'1','chaine',0,'','2022-12-16 10:47:29'),
(9643,'PRODUIT_AUTOFILL_DESC',1,'0','chaine',0,'','2022-12-16 10:47:29'),
(9698,'PROJECT_ENABLE_PUBLIC',1,'1','chaine',0,'','2022-12-19 13:49:30'),
(9700,'SYSTEMTOOLS_MYSQLDUMP',1,'/usr/bin/mysqldump','chaine',0,'','2022-12-22 12:19:25'),
(9714,'EVENTORGANIZATION_TASK_LABEL',1,'','chaine',0,NULL,'2022-12-22 15:13:46'),
(9807,'MAIN_PDF_FORMAT',1,'EUA4','chaine',0,'','2022-12-24 14:05:01'),
(9808,'MAIN_PDF_MARGIN_LEFT',1,'10','chaine',0,'','2022-12-24 14:05:01'),
(9809,'MAIN_PDF_MARGIN_RIGHT',1,'10','chaine',0,'','2022-12-24 14:05:01'),
(9810,'MAIN_PDF_MARGIN_TOP',1,'10','chaine',0,'','2022-12-24 14:05:01'),
(9811,'MAIN_PDF_MARGIN_BOTTOM',1,'10','chaine',0,'','2022-12-24 14:05:01'),
(9812,'MAIN_DOCUMENTS_LOGO_HEIGHT',1,'20','chaine',0,'','2022-12-24 14:05:01'),
(9813,'MAIN_GENERATE_DOCUMENTS_SHOW_FOOT_DETAILS',1,'0','chaine',0,'','2022-12-24 14:05:01'),
(9814,'PDF_USE_ALSO_LANGUAGE_CODE',1,'0','chaine',0,'','2022-12-24 14:05:01'),
(9815,'PDF_INCLUDE_ALIAS_IN_THIRDPARTY_NAME',1,'0','chaine',0,'','2022-12-24 14:05:01'),
(9816,'PDF_USE_A',1,'0','chaine',0,'','2022-12-24 14:05:01'),
(10111,'FTP_PORT_1',1,'21','chaine',0,'','2022-12-27 17:50:00'),
(10112,'FTP_SERVER_1',1,'localhost','chaine',0,'','2022-12-27 17:50:00'),
(10113,'FTP_USER_1',1,'myftplogin','chaine',0,'','2022-12-27 17:50:00'),
(10114,'FTP_PASSWORD_1',1,'myftppassword','chaine',0,'','2022-12-27 17:50:00'),
(10115,'FTP_NAME_1',1,'aaa','chaine',0,'','2022-12-27 17:50:00'),
(10116,'FTP_PASSIVE_1',1,'0','chaine',0,'','2022-12-27 17:50:00'),
(10176,'RECRUITMENT_RECRUITMENTJOBPOSITION_ADDON',1,'mod_recruitmentjobposition_standard','chaine',0,'','2023-01-04 13:13:30'),
(10180,'TICKET_NOTIFICATION_EMAIL_FROM',1,'fff','chaine',0,'Sender of ticket replies sent from Dolibarr','2023-01-04 14:07:26'),
(10181,'TICKET_NOTIFICATION_EMAIL_TO',1,'ff','chaine',0,'Notified e-mail for ticket replies sent from Dolibarr','2023-01-04 14:07:26'),
(10182,'TICKET_MESSAGE_MAIL_INTRO',1,'Hello,<br />\r\nA new response was sent on a ticket that you contact. Here is the message:','chaine',0,'Introduction text of ticket replies sent from Dolibarr','2023-01-04 14:07:26'),
(10183,'TICKET_MESSAGE_MAIL_SIGNATURE',1,'<p>Sincerely,</p>\r\n\r\n<p>--<br />\r\n&nbsp;</p>\r\n','chaine',0,'Signature of ticket replies sent from Dolibarr','2023-01-04 14:07:26'),
(10184,'TICKET_UNIVERSAL_MASK',1,'TI{yy}{mm}-{000}','chaine',0,'','2023-01-04 14:07:56'),
(10191,'RECRUITMENT_RECRUITMENTJOBPOSITION_ADVANCED_MASK',1,'JBD{yy}{mm}-{0000}','chaine',0,'','2023-01-04 14:24:35'),
(10193,'RECRUITMENT_RECRUITMENTCANDIDATURE_ADVANCED_MASK',1,'JOA{yy}{mm}-{0000}','chaine',0,'','2023-01-04 14:25:12'),
(10364,'NLTECHNO_NOTE',0,'Welcome to SellYourSaas Home page<br><br>\n		        Link to the specification: https://framagit.org/eldy/sell-your-saas<br><br>\n		        ...You can enter content on this page to save any notes/information of your choices.','chaine',0,'This is another constant to add','2023-01-19 12:20:14'),
(10365,'CONTRACT_SYNC_PLANNED_DATE_OF_SERVICES',1,'1','chaine',0,'Sync the planned date of services to the same value for all lines in the same contract','2023-01-19 12:20:14'),
(10366,'THIRDPARTY_LOGO_ALLOW_EXTERNAL_DOWNLOAD',1,'1','chaine',0,'Allow to access thirdparty logo from external link','2023-01-19 12:20:14'),
(10367,'STRIPE_ALLOW_LOCAL_CARD',1,'1','chaine',0,'Allow to save stripe credit card locally','2023-01-19 12:20:14'),
(10369,'CONTRACT_DISABLE_AUTOSET_AS_CLIENT_ON_CONTRACT_VALIDATION',1,'1','chaine',0,'Disable autoset of client status on contract validation','2023-01-19 12:20:14'),
(10370,'INVOICE_ALLOW_EXTERNAL_DOWNLOAD',1,'1','chaine',0,'Invoice can be downloaded with a public link','2023-01-19 12:20:14'),
(10373,'AUDIT_ENABLE_PREFIX_SESSION',1,'1','chaine',1,'Enable column prefix session in audit view','2023-01-19 12:20:14'),
(10379,'FCKEDITOR_ENABLE_NOTE_PUBLIC',1,'0','chaine',0,'','2023-01-20 12:41:31'),
(10381,'FCKEDITOR_ENABLE_NOTE_PRIVATE',1,'0','chaine',0,'','2023-01-20 12:41:32'),
(10383,'MAIN_USE_VAT_COMPANIES_IN_EEC_USE_NO_VAT_EVEN_IF_VAT_ID_UNKNOWN',1,'1','chaine',1,'','2023-01-24 10:39:10'),
(10411,'ACCOUNTING_ACCOUNT_CUSTOMER',1,'411','chaine',0,'','2023-01-24 11:09:30'),
(10412,'ACCOUNTING_ACCOUNT_SUPPLIER',1,'401','chaine',0,'','2023-01-24 11:09:30'),
(10413,'SALARIES_ACCOUNTING_ACCOUNT_PAYMENT',1,'421','chaine',0,'','2023-01-24 11:09:30'),
(10414,'ACCOUNTING_PRODUCT_SOLD_ACCOUNT',1,'107','chaine',0,'','2023-01-24 11:09:30'),
(10415,'ACCOUNTING_PRODUCT_SOLD_INTRA_ACCOUNT',1,'108','chaine',0,'','2023-01-24 11:09:30'),
(10416,'ACCOUNTING_PRODUCT_SOLD_EXPORT_ACCOUNT',1,'109','chaine',0,'','2023-01-24 11:09:30'),
(10417,'ACCOUNTING_PRODUCT_BUY_ACCOUNT',1,'-1','chaine',0,'','2023-01-24 11:09:30'),
(10418,'ACCOUNTING_PRODUCT_BUY_INTRA_ACCOUNT',1,'-1','chaine',0,'','2023-01-24 11:09:30'),
(10419,'ACCOUNTING_PRODUCT_BUY_EXPORT_ACCOUNT',1,'-1','chaine',0,'','2023-01-24 11:09:30'),
(10420,'ACCOUNTING_SERVICE_SOLD_ACCOUNT',1,'107','chaine',0,'','2023-01-24 11:09:30'),
(10421,'ACCOUNTING_SERVICE_SOLD_INTRA_ACCOUNT',1,'108','chaine',0,'','2023-01-24 11:09:30'),
(10422,'ACCOUNTING_SERVICE_SOLD_EXPORT_ACCOUNT',1,'109','chaine',0,'','2023-01-24 11:09:30'),
(10423,'ACCOUNTING_SERVICE_BUY_ACCOUNT',1,'-1','chaine',0,'','2023-01-24 11:09:30'),
(10424,'ACCOUNTING_SERVICE_BUY_INTRA_ACCOUNT',1,'-1','chaine',0,'','2023-01-24 11:09:30'),
(10425,'ACCOUNTING_SERVICE_BUY_EXPORT_ACCOUNT',1,'-1','chaine',0,'','2023-01-24 11:09:30'),
(10426,'ACCOUNTING_VAT_BUY_ACCOUNT',1,'-1','chaine',0,'','2023-01-24 11:09:30'),
(10427,'ACCOUNTING_VAT_SOLD_ACCOUNT',1,'-1','chaine',0,'','2023-01-24 11:09:30'),
(10428,'ACCOUNTING_VAT_PAY_ACCOUNT',1,'-1','chaine',0,'','2023-01-24 11:09:30'),
(10429,'ACCOUNTING_ACCOUNT_TRANSFER_CASH',1,'58','chaine',0,'','2023-01-24 11:09:30'),
(10430,'DONATION_ACCOUNTINGACCOUNT',1,'-1','chaine',0,'','2023-01-24 11:09:30'),
(10431,'ADHERENT_SUBSCRIPTION_ACCOUNTINGACCOUNT',1,'-1','chaine',0,'','2023-01-24 11:09:30'),
(10432,'LOAN_ACCOUNTING_ACCOUNT_CAPITAL',1,'164','chaine',0,'','2023-01-24 11:09:30'),
(10433,'LOAN_ACCOUNTING_ACCOUNT_INTEREST',1,'-1','chaine',0,'','2023-01-24 11:09:30'),
(10434,'LOAN_ACCOUNTING_ACCOUNT_INSURANCE',1,'-1','chaine',0,'','2023-01-24 11:09:30'),
(10435,'ACCOUNTING_ACCOUNT_SUSPENSE',1,'471','chaine',0,'','2023-01-24 11:09:30'),
(10436,'ACCOUNTING_ACCOUNT_CUSTOMER_DEPOSIT',1,'-1','chaine',0,'','2023-01-24 11:09:30'),
(10437,'ACCOUNTING_ACCOUNT_SUPPLIER_DEPOSIT',1,'-1','chaine',0,'','2023-01-24 11:09:30'),
(10615,'MAIN_ALLOW_SVG_FILES_AS_IMAGES',1,'1','chaine',1,'','2023-01-25 16:12:52'),
(10618,'MAIN_HOME',1,'__(NoteSomeFeaturesAreDisabled)__<br />\r\n__(SomeTranslationAreUncomplete)__','chaine',0,'','2023-01-30 18:23:00'),
(11246,'MEMBER_ENABLE_PUBLIC',1,'1','chaine',0,'','2023-02-09 13:31:03'),
(11247,'MEMBER_NEWFORM_AMOUNT',1,'20','chaine',0,'','2023-02-09 13:31:03'),
(11248,'MEMBER_MIN_AMOUNT',1,'15','chaine',0,'','2023-02-09 13:31:03'),
(11249,'MEMBER_COUNTERS_ARE_PUBLIC',1,'0','chaine',0,'','2023-02-09 13:31:03'),
(11250,'MEMBER_NEWFORM_PAYONLINE',1,'all','chaine',0,'','2023-02-09 13:31:03'),
(11253,'MAIN_MODULE_MODULEBUILDER',1,'1','string',0,'{\"authorid\":\"12\",\"ip\":\"127.0.0.1\",\"lastactivationversion\":\"dolibarr\"}','2023-02-09 17:37:02'),
(11321,'SYSLOG_LEVEL',0,'7','chaine',0,'','2023-02-10 14:27:16'),
(11347,'CONTACT_USE_SEARCH_TO_SELECT',1,'2','chaine',0,'','2023-02-10 16:03:10'),
(11356,'MAIN_MODULE_HRM',1,'1','string',0,'{\"authorid\":\"12\",\"ip\":\"192.168.0.254\",\"lastactivationversion\":\"dolibarr\"}','2023-02-11 11:07:50'),
(11357,'MAIN_MODULE_HRM_TABS_0',1,'user:+skill_tab:Skills:hrm:1:/hrm/skill_tab.php?id=__ID__&objecttype=user','chaine',0,NULL,'2023-02-11 11:07:50'),
(11358,'MAIN_MODULE_HRM_TRIGGERS',1,'0','chaine',0,NULL,'2023-02-11 11:07:50'),
(11359,'MAIN_MODULE_HRM_LOGIN',1,'0','chaine',0,NULL,'2023-02-11 11:07:50'),
(11360,'MAIN_MODULE_HRM_SUBSTITUTIONS',1,'0','chaine',0,NULL,'2023-02-11 11:07:50'),
(11361,'MAIN_MODULE_HRM_MENUS',1,'0','chaine',0,NULL,'2023-02-11 11:07:50'),
(11362,'MAIN_MODULE_HRM_TPL',1,'0','chaine',0,NULL,'2023-02-11 11:07:50'),
(11363,'MAIN_MODULE_HRM_BARCODE',1,'0','chaine',0,NULL,'2023-02-11 11:07:50'),
(11364,'MAIN_MODULE_HRM_MODELS',1,'1','chaine',0,NULL,'2023-02-11 11:07:50'),
(11365,'MAIN_MODULE_HRM_PRINTING',1,'0','chaine',0,NULL,'2023-02-11 11:07:50'),
(11366,'MAIN_MODULE_HRM_THEME',1,'0','chaine',0,NULL,'2023-02-11 11:07:50'),
(11367,'MAIN_MODULE_HRM_MODULEFOREXTERNAL',1,'0','chaine',0,NULL,'2023-02-11 11:07:50'),
(11389,'MAIN_UPLOAD_DOC',1,'50000','chaine',0,'','2023-02-17 18:58:22'),
(11390,'MAIN_UMASK',1,'0664','chaine',0,'','2023-02-17 18:58:22'),
(11391,'MAIN_ANTIVIRUS_PARAM',1,'--fdpass','chaine',0,'','2023-02-17 18:58:22'),
(11396,'MAIN_MAIL_DEBUG',1,'1','chaine',1,'','2023-02-18 12:03:32'),
(11397,'MAIN_REMOVE_INSTALL_WARNING',1,'2','chaine',1,'','2023-02-18 12:03:32'),
(11417,'MAIN_CACHE_COUNT',1,'1','chaine',1,'','2023-02-20 00:04:52'),
(11420,'MAIN_MODULE_WEBHOOK',1,'1','string',0,'{\"authorid\":\"12\",\"ip\":\"127.0.0.1\",\"lastactivationversion\":\"experimental\"}','2023-02-20 00:48:16'),
(11421,'MAIN_MODULE_WEBHOOK_TRIGGERS',1,'1','chaine',0,NULL,'2023-02-20 00:48:16'),
(11422,'MAIN_MODULE_WEBHOOK_LOGIN',1,'0','chaine',0,NULL,'2023-02-20 00:48:16'),
(11423,'MAIN_MODULE_WEBHOOK_SUBSTITUTIONS',1,'0','chaine',0,NULL,'2023-02-20 00:48:16'),
(11424,'MAIN_MODULE_WEBHOOK_MENUS',1,'0','chaine',0,NULL,'2023-02-20 00:48:16'),
(11425,'MAIN_MODULE_WEBHOOK_TPL',1,'0','chaine',0,NULL,'2023-02-20 00:48:16'),
(11426,'MAIN_MODULE_WEBHOOK_BARCODE',1,'0','chaine',0,NULL,'2023-02-20 00:48:16'),
(11427,'MAIN_MODULE_WEBHOOK_MODELS',1,'1','chaine',0,NULL,'2023-02-20 00:48:16'),
(11428,'MAIN_MODULE_WEBHOOK_PRINTING',1,'0','chaine',0,NULL,'2023-02-20 00:48:16'),
(11429,'MAIN_MODULE_WEBHOOK_THEME',1,'0','chaine',0,NULL,'2023-02-20 00:48:16'),
(11430,'MAIN_MODULE_WEBHOOK_MODULEFOREXTERNAL',1,'0','chaine',0,NULL,'2023-02-20 00:48:16'),
(11440,'PARTNERSHIP_ENABLE_PUBLIC',1,'1','chaine',0,'','2023-02-21 09:10:03'),
(11444,'THEME_ELDY_USEBORDERONTABLE',1,'1','chaine',0,'','2023-02-21 09:56:21'),
(11480,'MAIN_MODULE_MAILING',1,'1','string',0,'{\"authorid\":\"12\",\"ip\":\"127.0.0.1\",\"lastactivationversion\":\"dolibarr\"}','2023-02-23 11:11:13'),
(11485,'MAIN_MODULE_NUMBERWORDS',1,'1','string',0,'{\"authorid\":\"12\",\"ip\":\"127.0.0.1\",\"lastactivationversion\":\"5.0.2\"}','2023-02-24 13:07:42'),
(11486,'MAIN_MODULE_NUMBERWORDS_SUBSTITUTIONS',1,'1','chaine',0,NULL,'2023-02-24 13:07:42'),
(11499,'MAIN_COMPANY_CODE_ALWAYS_REQUIRED',1,'1','chaine',0,'With this constants on, third party code is always required whatever is numbering module behaviour','2023-02-27 01:59:59'),
(11500,'MAIN_BANK_ACCOUNTANCY_CODE_ALWAYS_REQUIRED',1,'1','chaine',0,'With this constants on, bank account number is always required','2023-02-27 01:59:59'),
(11506,'ACCOUNTING_EXPORT_MODELCSV',1,'1000','chaine',0,'','2023-02-27 02:09:06'),
(11507,'ACCOUNTING_EXPORT_FORMAT',1,'txt','chaine',0,'','2023-02-27 02:09:06'),
(11511,'ACCOUNTING_REEXPORT',1,'1','yesno',0,'','2023-02-27 03:05:51'),
(11523,'PRELEVEMENT_ID_BANKACCOUNT',1,'5','chaine',0,'','2023-02-27 14:03:10'),
(11660,'AGENDA_USE_EVENT_TYPE',0,'1','chaine',0,'','2023-02-28 12:49:59'),
(11661,'AGENDA_USE_EVENT_TYPE',1,'1','chaine',0,'','2023-02-28 12:49:59'),
(11781,'PARTNERSHIP_IS_MANAGED_FOR',1,'thirdparty','chaine',0,'','2023-03-01 10:01:28'),
(11782,'PARTNERSHIP_NBDAYS_AFTER_MEMBER_EXPIRATION_BEFORE_CANCEL',1,'30','chaine',0,'','2023-03-01 10:01:28'),
(11783,'PARTNERSHIP_BACKLINKS_TO_CHECK',1,'dolibarr.org|dolibarr.fr|dolibarr.es','chaine',0,'','2023-03-01 10:01:28'),
(11786,'MAIN_AGENDA_ACTIONAUTO_COMPANY_SENTBYMAIL',1,'1','chaine',0,'','2023-03-01 16:57:33'),
(11787,'MAIN_AGENDA_ACTIONAUTO_COMPANY_MODIFY',1,'1','chaine',0,'','2023-03-01 16:57:33'),
(11788,'MAIN_AGENDA_ACTIONAUTO_COMPANY_DELETE',1,'1','chaine',0,'','2023-03-01 16:57:33'),
(11789,'MAIN_AGENDA_ACTIONAUTO_COMPANY_CREATE',1,'1','chaine',0,'','2023-03-01 16:57:33'),
(11790,'MAIN_AGENDA_ACTIONAUTO_PROPAL_CLASSIFY_BILLED',1,'1','chaine',0,'','2023-03-01 16:57:33'),
(11791,'MAIN_AGENDA_ACTIONAUTO_PROPAL_CLOSE_REFUSED',1,'1','chaine',0,'','2023-03-01 16:57:33'),
(11792,'MAIN_AGENDA_ACTIONAUTO_PROPAL_DELETE',1,'1','chaine',0,'','2023-03-01 16:57:33'),
(11793,'MAIN_AGENDA_ACTIONAUTO_PROPAL_MODIFY',1,'1','chaine',0,'','2023-03-01 16:57:33'),
(11794,'MAIN_AGENDA_ACTIONAUTO_PROPAL_VALIDATE',1,'1','chaine',0,'','2023-03-01 16:57:33'),
(11795,'MAIN_AGENDA_ACTIONAUTO_PROPAL_CLOSE_SIGNED',1,'1','chaine',0,'','2023-03-01 16:57:33'),
(11796,'MAIN_AGENDA_ACTIONAUTO_PROPAL_SENTBYMAIL',1,'1','chaine',0,'','2023-03-01 16:57:33'),
(11797,'MAIN_AGENDA_ACTIONAUTO_ORDER_VALIDATE',1,'1','chaine',0,'','2023-03-01 16:57:33'),
(11798,'MAIN_AGENDA_ACTIONAUTO_ORDER_DELETE',1,'1','chaine',0,'','2023-03-01 16:57:33'),
(11799,'MAIN_AGENDA_ACTIONAUTO_ORDER_MODIFY',1,'1','chaine',0,'','2023-03-01 16:57:33'),
(11800,'MAIN_AGENDA_ACTIONAUTO_ORDER_SENTBYMAIL',1,'1','chaine',0,'','2023-03-01 16:57:33'),
(11801,'MAIN_AGENDA_ACTIONAUTO_ORDER_CANCEL',1,'1','chaine',0,'','2023-03-01 16:57:33'),
(11802,'MAIN_AGENDA_ACTIONAUTO_ORDER_CLASSIFY_BILLED',1,'1','chaine',0,'','2023-03-01 16:57:33'),
(11803,'MAIN_AGENDA_ACTIONAUTO_ORDER_CLOSE',1,'1','chaine',0,'','2023-03-01 16:57:33'),
(11804,'MAIN_AGENDA_ACTIONAUTO_BILL_VALIDATE',1,'1','chaine',0,'','2023-03-01 16:57:33'),
(11805,'MAIN_AGENDA_ACTIONAUTO_BILL_MODIFY',1,'1','chaine',0,'','2023-03-01 16:57:33'),
(11806,'MAIN_AGENDA_ACTIONAUTO_BILL_PAYED',1,'1','chaine',0,'','2023-03-01 16:57:33'),
(11807,'MAIN_AGENDA_ACTIONAUTO_BILL_CANCEL',1,'1','chaine',0,'','2023-03-01 16:57:33'),
(11808,'MAIN_AGENDA_ACTIONAUTO_BILL_DELETE',1,'1','chaine',0,'','2023-03-01 16:57:33'),
(11809,'MAIN_AGENDA_ACTIONAUTO_BILL_UNVALIDATE',1,'1','chaine',0,'','2023-03-01 16:57:33'),
(11810,'MAIN_AGENDA_ACTIONAUTO_BILL_SENTBYMAIL',1,'1','chaine',0,'','2023-03-01 16:57:33'),
(11811,'MAIN_AGENDA_ACTIONAUTO_PROPOSAL_SUPPLIER_MODIFY',1,'1','chaine',0,'','2023-03-01 16:57:33'),
(11812,'MAIN_AGENDA_ACTIONAUTO_PROPOSAL_SUPPLIER_VALIDATE',1,'1','chaine',0,'','2023-03-01 16:57:33'),
(11813,'MAIN_AGENDA_ACTIONAUTO_PROPOSAL_SUPPLIER_SENTBYMAIL',1,'1','chaine',0,'','2023-03-01 16:57:33'),
(11814,'MAIN_AGENDA_ACTIONAUTO_PROPOSAL_SUPPLIER_CLOSE_SIGNED',1,'1','chaine',0,'','2023-03-01 16:57:33'),
(11815,'MAIN_AGENDA_ACTIONAUTO_PROPOSAL_SUPPLIER_DELETE',1,'1','chaine',0,'','2023-03-01 16:57:33'),
(11816,'MAIN_AGENDA_ACTIONAUTO_PROPOSAL_SUPPLIER_CLOSE_REFUSED',1,'1','chaine',0,'','2023-03-01 16:57:33'),
(11817,'MAIN_AGENDA_ACTIONAUTO_ORDER_SUPPLIER_CREATE',1,'1','chaine',0,'','2023-03-01 16:57:33'),
(11818,'MAIN_AGENDA_ACTIONAUTO_ORDER_SUPPLIER_VALIDATE',1,'1','chaine',0,'','2023-03-01 16:57:33'),
(11819,'MAIN_AGENDA_ACTIONAUTO_ORDER_SUPPLIER_SUBMIT',1,'1','chaine',0,'','2023-03-01 16:57:33'),
(11820,'MAIN_AGENDA_ACTIONAUTO_ORDER_SUPPLIER_RECEIVE',1,'1','chaine',0,'','2023-03-01 16:57:33'),
(11821,'MAIN_AGENDA_ACTIONAUTO_ORDER_SUPPLIER_APPROVE',1,'1','chaine',0,'','2023-03-01 16:57:33'),
(11822,'MAIN_AGENDA_ACTIONAUTO_ORDER_SUPPLIER_REFUSE',1,'1','chaine',0,'','2023-03-01 16:57:33'),
(11823,'MAIN_AGENDA_ACTIONAUTO_ORDER_SUPPLIER_CANCEL',1,'1','chaine',0,'','2023-03-01 16:57:33'),
(11824,'MAIN_AGENDA_ACTIONAUTO_ORDER_SUPPLIER_MODIFY',1,'1','chaine',0,'','2023-03-01 16:57:33'),
(11825,'MAIN_AGENDA_ACTIONAUTO_ORDER_SUPPLIER_CLASSIFY_BILLED',1,'1','chaine',0,'','2023-03-01 16:57:33'),
(11826,'MAIN_AGENDA_ACTIONAUTO_ORDER_SUPPLIER_DELETE',1,'1','chaine',0,'','2023-03-01 16:57:33'),
(11827,'MAIN_AGENDA_ACTIONAUTO_ORDER_SUPPLIER_SENTBYMAIL',1,'1','chaine',0,'','2023-03-01 16:57:33'),
(11828,'MAIN_AGENDA_ACTIONAUTO_BILL_SUPPLIER_UNVALIDATE',1,'1','chaine',0,'','2023-03-01 16:57:33'),
(11829,'MAIN_AGENDA_ACTIONAUTO_BILL_SUPPLIER_MODIFY',1,'1','chaine',0,'','2023-03-01 16:57:33'),
(11830,'MAIN_AGENDA_ACTIONAUTO_BILL_SUPPLIER_VALIDATE',1,'1','chaine',0,'','2023-03-01 16:57:33'),
(11831,'MAIN_AGENDA_ACTIONAUTO_BILL_SUPPLIER_PAYED',1,'1','chaine',0,'','2023-03-01 16:57:33'),
(11832,'MAIN_AGENDA_ACTIONAUTO_BILL_SUPPLIER_SENTBYMAIL',1,'1','chaine',0,'','2023-03-01 16:57:33'),
(11833,'MAIN_AGENDA_ACTIONAUTO_BILL_SUPPLIER_CANCELED',1,'1','chaine',0,'','2023-03-01 16:57:33'),
(11834,'MAIN_AGENDA_ACTIONAUTO_BILL_SUPPLIER_DELETE',1,'1','chaine',0,'','2023-03-01 16:57:33'),
(11835,'MAIN_AGENDA_ACTIONAUTO_CONTRACT_DELETE',1,'1','chaine',0,'','2023-03-01 16:57:33'),
(11836,'MAIN_AGENDA_ACTIONAUTO_CONTRACT_VALIDATE',1,'1','chaine',0,'','2023-03-01 16:57:33'),
(11837,'MAIN_AGENDA_ACTIONAUTO_CONTRACT_SENTBYMAIL',1,'1','chaine',0,'','2023-03-01 16:57:33'),
(11838,'MAIN_AGENDA_ACTIONAUTO_CONTRACT_MODIFY',1,'1','chaine',0,'','2023-03-01 16:57:33'),
(11839,'MAIN_AGENDA_ACTIONAUTO_FICHINTER_VALIDATE',1,'1','chaine',0,'','2023-03-01 16:57:33'),
(11840,'MAIN_AGENDA_ACTIONAUTO_FICHINTER_REOPEN',1,'1','chaine',0,'','2023-03-01 16:57:33'),
(11841,'MAIN_AGENDA_ACTIONAUTO_FICHINTER_SENTBYMAIL',1,'1','chaine',0,'','2023-03-01 16:57:33'),
(11842,'MAIN_AGENDA_ACTIONAUTO_SHIPPING_MODIFY',1,'1','chaine',0,'','2023-03-01 16:57:33'),
(11843,'MAIN_AGENDA_ACTIONAUTO_SHIPPING_VALIDATE',1,'1','chaine',0,'','2023-03-01 16:57:33'),
(11844,'MAIN_AGENDA_ACTIONAUTO_SHIPPING_DELETE',1,'1','chaine',0,'','2023-03-01 16:57:33'),
(11845,'MAIN_AGENDA_ACTIONAUTO_SHIPPING_SENTBYMAIL',1,'1','chaine',0,'','2023-03-01 16:57:33'),
(11846,'MAIN_AGENDA_ACTIONAUTO_RECEPTION_VALIDATE',1,'1','chaine',0,'','2023-03-01 16:57:33'),
(11847,'MAIN_AGENDA_ACTIONAUTO_RECEPTION_SENTBYMAIL',1,'1','chaine',0,'','2023-03-01 16:57:33'),
(11848,'MAIN_AGENDA_ACTIONAUTO_MEMBER_VALIDATE',1,'1','chaine',0,'','2023-03-01 16:57:33'),
(11849,'MAIN_AGENDA_ACTIONAUTO_MEMBER_SENTBYMAIL',1,'1','chaine',0,'','2023-03-01 16:57:33'),
(11850,'MAIN_AGENDA_ACTIONAUTO_MEMBER_SUBSCRIPTION_MODIFY',1,'1','chaine',0,'','2023-03-01 16:57:33'),
(11851,'MAIN_AGENDA_ACTIONAUTO_MEMBER_SUBSCRIPTION_DELETE',1,'1','chaine',0,'','2023-03-01 16:57:33'),
(11852,'MAIN_AGENDA_ACTIONAUTO_MEMBER_RESILIATE',1,'1','chaine',0,'','2023-03-01 16:57:33'),
(11853,'MAIN_AGENDA_ACTIONAUTO_MEMBER_MODIFY',1,'1','chaine',0,'','2023-03-01 16:57:33'),
(11854,'MAIN_AGENDA_ACTIONAUTO_MEMBER_SUBSCRIPTION_CREATE',1,'1','chaine',0,'','2023-03-01 16:57:33'),
(11855,'MAIN_AGENDA_ACTIONAUTO_MEMBER_DELETE',1,'1','chaine',0,'','2023-03-01 16:57:33'),
(11856,'MAIN_AGENDA_ACTIONAUTO_MEMBER_EXCLUDE',1,'1','chaine',0,'','2023-03-01 16:57:33'),
(11857,'MAIN_AGENDA_ACTIONAUTO_PRODUCT_CREATE',1,'1','chaine',0,'','2023-03-01 16:57:33'),
(11858,'MAIN_AGENDA_ACTIONAUTO_FICHINTER_MODIFY',1,'1','chaine',0,'','2023-03-01 16:57:33'),
(11859,'MAIN_AGENDA_ACTIONAUTO_PRODUCT_MODIFY',1,'1','chaine',0,'','2023-03-01 16:57:33'),
(11860,'MAIN_AGENDA_ACTIONAUTO_PRODUCT_DELETE',1,'1','chaine',0,'','2023-03-01 16:57:33'),
(11861,'MAIN_AGENDA_ACTIONAUTO_FICHINTER_DELETE',1,'1','chaine',0,'','2023-03-01 16:57:33'),
(11862,'MAIN_AGENDA_ACTIONAUTO_TASK_CREATE',1,'1','chaine',0,'','2023-03-01 16:57:33'),
(11863,'MAIN_AGENDA_ACTIONAUTO_TASK_MODIFY',1,'1','chaine',0,'','2023-03-01 16:57:33'),
(11864,'MAIN_AGENDA_ACTIONAUTO_TASK_DELETE',1,'1','chaine',0,'','2023-03-01 16:57:33'),
(11865,'MAIN_AGENDA_ACTIONAUTO_CONTACT_CREATE',1,'1','chaine',0,'','2023-03-01 16:57:33'),
(11866,'MAIN_AGENDA_ACTIONAUTO_CONTACT_SENTBYMAIL',1,'1','chaine',0,'','2023-03-01 16:57:33'),
(11867,'MAIN_AGENDA_ACTIONAUTO_CONTACT_MODIFY',1,'1','chaine',0,'','2023-03-01 16:57:33'),
(11868,'MAIN_AGENDA_ACTIONAUTO_CONTACT_DELETE',1,'1','chaine',0,'','2023-03-01 16:57:33'),
(11869,'MAIN_AGENDA_ACTIONAUTO_PROJECT_CREATE',1,'1','chaine',0,'','2023-03-01 16:57:33'),
(11870,'MAIN_AGENDA_ACTIONAUTO_PROJECT_VALIDATE',1,'1','chaine',0,'','2023-03-01 16:57:33'),
(11871,'MAIN_AGENDA_ACTIONAUTO_PROJECT_MODIFY',1,'1','chaine',0,'','2023-03-01 16:57:33'),
(11872,'MAIN_AGENDA_ACTIONAUTO_PROJECT_DELETE',1,'1','chaine',0,'','2023-03-01 16:57:33'),
(11873,'MAIN_AGENDA_ACTIONAUTO_PROJECT_SENTBYMAIL',1,'1','chaine',0,'','2023-03-01 16:57:33'),
(11874,'MAIN_AGENDA_ACTIONAUTO_TICKET_CREATE',1,'1','chaine',0,'','2023-03-01 16:57:33'),
(11875,'MAIN_AGENDA_ACTIONAUTO_TICKET_MODIFY',1,'1','chaine',0,'','2023-03-01 16:57:33'),
(11876,'MAIN_AGENDA_ACTIONAUTO_TICKET_ASSIGNED',1,'1','chaine',0,'','2023-03-01 16:57:33'),
(11877,'MAIN_AGENDA_ACTIONAUTO_TICKET_CLOSE',1,'1','chaine',0,'','2023-03-01 16:57:33'),
(11878,'MAIN_AGENDA_ACTIONAUTO_TICKET_SENTBYMAIL',1,'1','chaine',0,'','2023-03-01 16:57:33'),
(11879,'MAIN_AGENDA_ACTIONAUTO_TICKET_DELETE',1,'1','chaine',0,'','2023-03-01 16:57:33'),
(11880,'MAIN_AGENDA_ACTIONAUTO_EXPENSE_REPORT_CREATE',1,'1','chaine',0,'','2023-03-01 16:57:33'),
(11881,'MAIN_AGENDA_ACTIONAUTO_EXPENSE_REPORT_MODIFY',1,'1','chaine',0,'','2023-03-01 16:57:33'),
(11882,'MAIN_AGENDA_ACTIONAUTO_EXPENSE_REPORT_VALIDATE',1,'1','chaine',0,'','2023-03-01 16:57:33'),
(11883,'MAIN_AGENDA_ACTIONAUTO_EXPENSE_REPORT_APPROVE',1,'1','chaine',0,'','2023-03-01 16:57:33'),
(11884,'MAIN_AGENDA_ACTIONAUTO_EXPENSE_REPORT_PAID',1,'1','chaine',0,'','2023-03-01 16:57:33'),
(11885,'MAIN_AGENDA_ACTIONAUTO_EXPENSE_REPORT_DELETE',1,'1','chaine',0,'','2023-03-01 16:57:33'),
(11886,'MAIN_AGENDA_ACTIONAUTO_HOLIDAY_CREATE',1,'1','chaine',0,'','2023-03-01 16:57:33'),
(11887,'MAIN_AGENDA_ACTIONAUTO_HOLIDAY_VALIDATE',1,'1','chaine',0,'','2023-03-01 16:57:33'),
(11888,'MAIN_AGENDA_ACTIONAUTO_HOLIDAY_APPROVE',1,'1','chaine',0,'','2023-03-01 16:57:33'),
(11889,'MAIN_AGENDA_ACTIONAUTO_USER_SENTBYMAIL',1,'1','chaine',0,'','2023-03-01 16:57:33'),
(11890,'MAIN_AGENDA_ACTIONAUTO_USER_CREATE',1,'1','chaine',0,'','2023-03-01 16:57:33'),
(11891,'MAIN_AGENDA_ACTIONAUTO_USER_MODIFY',1,'1','chaine',0,'','2023-03-01 16:57:33'),
(11892,'MAIN_AGENDA_ACTIONAUTO_USER_DELETE',1,'1','chaine',0,'','2023-03-01 16:57:33'),
(11893,'MAIN_AGENDA_ACTIONAUTO_USER_NEW_PASSWORD',1,'dolcrypt:AES-256-CTR:9eebc9ac2c57a4ec:ww==','chaine',0,'','2023-03-01 16:57:33'),
(11894,'MAIN_AGENDA_ACTIONAUTO_USER_ENABLEDISABLE',1,'1','chaine',0,'','2023-03-01 16:57:33'),
(11895,'MAIN_AGENDA_ACTIONAUTO_BOM_VALIDATE',1,'1','chaine',0,'','2023-03-01 16:57:33'),
(11896,'MAIN_AGENDA_ACTIONAUTO_BOM_UNVALIDATE',1,'1','chaine',0,'','2023-03-01 16:57:33'),
(11897,'MAIN_AGENDA_ACTIONAUTO_BOM_CLOSE',1,'1','chaine',0,'','2023-03-01 16:57:33'),
(11898,'MAIN_AGENDA_ACTIONAUTO_BOM_REOPEN',1,'1','chaine',0,'','2023-03-01 16:57:33'),
(11899,'MAIN_AGENDA_ACTIONAUTO_BOM_DELETE',1,'1','chaine',0,'','2023-03-01 16:57:33'),
(11900,'MAIN_AGENDA_ACTIONAUTO_MRP_MO_VALIDATE',1,'1','chaine',0,'','2023-03-01 16:57:33'),
(11901,'MAIN_AGENDA_ACTIONAUTO_MRP_MO_PRODUCED',1,'1','chaine',0,'','2023-03-01 16:57:33'),
(11902,'MAIN_AGENDA_ACTIONAUTO_MRP_MO_DELETE',1,'1','chaine',0,'','2023-03-01 16:57:33'),
(11903,'MAIN_AGENDA_ACTIONAUTO_MRP_MO_CANCEL',1,'1','chaine',0,'','2023-03-01 16:57:33'),
(11904,'MAIN_AGENDA_ACTIONAUTO_HOLIDAY_MODIFY',1,'1','chaine',0,'','2023-03-01 16:57:33'),
(11905,'MAIN_AGENDA_ACTIONAUTO_HOLIDAY_CANCEL',1,'1','chaine',0,'','2023-03-01 16:57:33'),
(11906,'MAIN_AGENDA_ACTIONAUTO_HOLIDAY_DELETE',1,'1','chaine',0,'','2023-03-01 16:57:33'),
(11907,'MAIN_AGENDA_ACTIONAUTO_BILLREC_CREATE',1,'1','chaine',0,'','2023-03-01 16:57:33'),
(11908,'MAIN_AGENDA_ACTIONAUTO_BILLREC_MODIFY',1,'1','chaine',0,'','2023-03-01 16:57:33'),
(11909,'MAIN_AGENDA_ACTIONAUTO_BILLREC_DELETE',1,'1','chaine',0,'','2023-03-01 16:57:33'),
(11910,'MAIN_AGENDA_ACTIONAUTO_BILLREC_AUTOCREATEBILL',1,'1','chaine',0,'','2023-03-01 16:57:33'),
(11911,'MAIN_AGENDA_ACTIONAUTO_RECRUITMENTJOBPOSITION_CREATE',1,'1','chaine',0,'','2023-03-01 16:57:33'),
(11912,'MAIN_AGENDA_ACTIONAUTO_RECRUITMENTJOBPOSITION_MODIFY',1,'1','chaine',0,'','2023-03-01 16:57:33'),
(11913,'MAIN_AGENDA_ACTIONAUTO_RECRUITMENTJOBPOSITION_SENTBYMAIL',1,'1','chaine',0,'','2023-03-01 16:57:33'),
(11914,'MAIN_AGENDA_ACTIONAUTO_RECRUITMENTJOBPOSITION_DELETE',1,'1','chaine',0,'','2023-03-01 16:57:33'),
(11915,'MAIN_AGENDA_ACTIONAUTO_RECRUITMENTCANDIDATURE_CREATE',1,'1','chaine',0,'','2023-03-01 16:57:33'),
(11916,'MAIN_AGENDA_ACTIONAUTO_RECRUITMENTCANDIDATURE_MODIFY',1,'1','chaine',0,'','2023-03-01 16:57:33'),
(11917,'MAIN_AGENDA_ACTIONAUTO_RECRUITMENTCANDIDATURE_SENTBYMAIL',1,'1','chaine',0,'','2023-03-01 16:57:33'),
(11918,'MAIN_AGENDA_ACTIONAUTO_RECRUITMENTCANDIDATURE_DELETE',1,'1','chaine',0,'','2023-03-01 16:57:33'),
(11919,'MAIN_AGENDA_ACTIONAUTO_PARTNERSHIP_CREATE',1,'1','chaine',0,'','2023-03-01 16:57:33'),
(11920,'MAIN_AGENDA_ACTIONAUTO_PARTNERSHIP_MODIFY',1,'1','chaine',0,'','2023-03-01 16:57:33'),
(11921,'MAIN_AGENDA_ACTIONAUTO_PARTNERSHIP_SENTBYMAIL',1,'1','chaine',0,'','2023-03-01 16:57:33'),
(11922,'MAIN_AGENDA_ACTIONAUTO_PARTNERSHIP_DELETE',1,'1','chaine',0,'','2023-03-01 16:57:33'),
(11927,'MAIN_SECURITY_FORCECSP',1,'frame-ancestors \'self\'; img-src * data:; font-src *; default-src \'self\' \'unsafe-inline\' \'unsafe-eval\' *.paypal.com *.stripe.com *.google.com *.googleapis.com *.google-analytics.com *.googletagmanager.com;','chaine',1,'','2023-03-01 21:03:49'),
(11954,'MAIN_MODULE_CONCATPDF',1,'1','string',0,'{\"authorid\":\"12\",\"ip\":\"192.168.0.254\",\"lastactivationversion\":\"6.0.3\"}','2023-03-01 22:22:12'),
(11955,'MAIN_MODULE_CONCATPDF_HOOKS',1,'[\"invoicecard\",\"propalcard\",\"ordercard\",\"invoicesuppliercard\",\"ordersuppliercard\",\"supplier_proposalcard\",\"contractcard\",\"pdfgeneration\"]','chaine',0,NULL,'2023-03-01 22:22:12'),
(11961,'MAIN_DISABLE_ALL_MAILS',1,'0','chaine',0,'','2023-03-02 09:26:23'),
(11962,'MAIN_MAIL_ENABLED_USER_DEST_SELECT',1,'0','chaine',0,'','2023-03-02 09:26:23'),
(11963,'MAIN_MAIL_SENDMODE',1,'smtps','chaine',0,'','2023-03-02 09:26:23'),
(11964,'MAIN_MAIL_SMTP_PORT',1,'465','chaine',0,'','2023-03-02 09:26:23'),
(11965,'MAIN_MAIL_SMTP_SERVER',1,'smtp.mail.com','chaine',0,'','2023-03-02 09:26:23'),
(11966,'MAIN_MAIL_SMTPS_ID',1,'myemail@example.com','chaine',0,'','2023-03-15 15:18:48'),
(11968,'MAIN_MAIL_SMTPS_AUTH_TYPE',1,'LOGIN','chaine',0,'','2023-03-02 09:26:23'),
(11970,'MAIN_MAIL_EMAIL_TLS',1,'0','chaine',0,'','2023-03-02 09:26:23'),
(11971,'MAIN_MAIL_EMAIL_STARTTLS',1,'0','chaine',0,'','2023-03-02 09:26:23'),
(11972,'MAIN_MAIL_EMAIL_SMTP_ALLOW_SELF_SIGNED',1,'0','chaine',0,'','2023-03-02 09:26:23'),
(11973,'MAIN_MAIL_EMAIL_FROM',1,'robot@example.com','chaine',0,'','2023-03-02 09:26:23'),
(11974,'MAIN_MAIL_DEFAULT_FROMTYPE',1,'user','chaine',0,'','2023-03-02 09:26:23'),
(12029,'MAIN_INFO_SOCIETE_COUNTRY',1,'117:IN:Inde','chaine',0,'','2023-03-11 18:23:57'),
(12030,'MAIN_INFO_SOCIETE_NOM',1,'MyBigCompany','chaine',0,'','2023-03-11 18:23:57'),
(12031,'MAIN_INFO_SOCIETE_ADDRESS',1,'21 Jump street.','chaine',0,'','2023-03-11 18:23:57'),
(12032,'MAIN_INFO_SOCIETE_TOWN',1,'MyTown','chaine',0,'','2023-03-11 18:23:57'),
(12033,'MAIN_INFO_SOCIETE_ZIP',1,'75500','chaine',0,'','2023-03-11 18:23:57'),
(12034,'MAIN_MONNAIE',1,'EUR','chaine',0,'','2023-03-11 18:23:57'),
(12035,'MAIN_INFO_SOCIETE_TEL',1,'09123123','chaine',0,'','2023-03-11 18:23:57'),
(12036,'MAIN_INFO_SOCIETE_FAX',1,'09123124','chaine',0,'','2023-03-11 18:23:57'),
(12037,'MAIN_INFO_SOCIETE_MAIL',1,'myemail@mybigcompany.com','chaine',0,'','2023-03-11 18:23:57'),
(12038,'MAIN_INFO_SOCIETE_WEB',1,'https://www.dolibarr.org','chaine',0,'','2023-03-11 18:23:57'),
(12039,'MAIN_INFO_SOCIETE_NOTE',1,'This is note about my company','chaine',0,'','2023-03-11 18:23:57'),
(12040,'MAIN_INFO_SOCIETE_MANAGERS',1,'Zack Zeceo','chaine',0,'','2023-03-11 18:23:57'),
(12041,'MAIN_INFO_GDPR',1,'Zack Zeceo','chaine',0,'','2023-03-11 18:23:57'),
(12042,'MAIN_INFO_CAPITAL',1,'10000','chaine',0,'','2023-03-11 18:23:57'),
(12043,'MAIN_INFO_SOCIETE_FORME_JURIDIQUE',1,'0','chaine',0,'','2023-03-11 18:23:57'),
(12044,'MAIN_INFO_SIREN',1,'123456','chaine',0,'','2023-03-11 18:23:57'),
(12045,'MAIN_INFO_SIRET',1,'ABC-DEF','chaine',0,'','2023-03-11 18:23:57'),
(12046,'MAIN_INFO_APE',1,'15E-45-8D','chaine',0,'','2023-03-11 18:23:57'),
(12047,'MAIN_INFO_TVAINTRA',1,'FR12345678','chaine',0,'','2023-03-11 18:23:57'),
(12048,'MAIN_INFO_SOCIETE_OBJECT',1,'A company demo to show how Dolibarr ERP CRM is wonderfull','chaine',0,'','2023-03-11 18:23:57'),
(12049,'SOCIETE_FISCAL_MONTH_START',1,'4','chaine',0,'','2023-03-11 18:23:57'),
(12050,'FACTURE_TVAOPTION',1,'1','chaine',0,'','2023-03-11 18:23:57'),
(12051,'FACTURE_LOCAL_TAX1_OPTION',1,'localtax1on','chaine',0,'','2023-03-11 18:23:57'),
(12052,'FACTURE_LOCAL_TAX2_OPTION',1,'localtax2on','chaine',0,'','2023-03-11 18:23:57'),
(12053,'MAIN_INFO_VALUE_LOCALTAX1',1,'0','chaine',0,'','2023-03-11 18:23:57'),
(12054,'MAIN_INFO_LOCALTAX_CALC1',1,'0','chaine',0,'','2023-03-11 18:23:57'),
(12055,'MAIN_INFO_VALUE_LOCALTAX2',1,'0','chaine',0,'','2023-03-11 18:23:57'),
(12056,'MAIN_INFO_LOCALTAX_CALC2',1,'0','chaine',0,'','2023-03-11 18:23:57'),
(12062,'TICKET_SHOW_COMPANY_LOGO',1,'1','chaine',0,'','2023-03-12 20:57:40'),
(12071,'BANK_COLORIZE_MOVEMENT',1,'0','chaine',0,'','2023-03-13 18:57:54'),
(12073,'BANK_REPORT_LAST_NUM_RELEVE',1,'0','chaine',0,'','2023-03-13 18:57:59'),
(12143,'MAIN_MODULE_WORKSTATION',1,'1','string',0,'{\"authorid\":\"12\",\"ip\":\"127.0.0.1\",\"lastactivationversion\":\"experimental\"}','2023-08-13 15:40:21'),
(12144,'MAIN_MODULE_WORKSTATION_TRIGGERS',1,'0','chaine',0,NULL,'2023-08-13 15:40:21'),
(12145,'MAIN_MODULE_WORKSTATION_LOGIN',1,'0','chaine',0,NULL,'2023-08-13 15:40:21'),
(12146,'MAIN_MODULE_WORKSTATION_SUBSTITUTIONS',1,'0','chaine',0,NULL,'2023-08-13 15:40:21'),
(12147,'MAIN_MODULE_WORKSTATION_MENUS',1,'0','chaine',0,NULL,'2023-08-13 15:40:21'),
(12148,'MAIN_MODULE_WORKSTATION_TPL',1,'0','chaine',0,NULL,'2023-08-13 15:40:21'),
(12149,'MAIN_MODULE_WORKSTATION_BARCODE',1,'0','chaine',0,NULL,'2023-08-13 15:40:21'),
(12150,'MAIN_MODULE_WORKSTATION_MODELS',1,'1','chaine',0,NULL,'2023-08-13 15:40:21'),
(12151,'MAIN_MODULE_WORKSTATION_PRINTING',1,'0','chaine',0,NULL,'2023-08-13 15:40:21'),
(12152,'MAIN_MODULE_WORKSTATION_THEME',1,'0','chaine',0,NULL,'2023-08-13 15:40:21'),
(12153,'MAIN_MODULE_WORKSTATION_MODULEFOREXTERNAL',1,'0','chaine',0,NULL,'2023-08-13 15:40:21'),
(12157,'MAIN_MODULE_EVENTORGANIZATION',1,'1','string',0,'{\"authorid\":\"12\",\"ip\":\"127.0.0.1\",\"lastactivationversion\":\"dolibarr\"}','2023-08-13 15:40:29'),
(12158,'MAIN_MODULE_EVENTORGANIZATION_TRIGGERS',1,'1','chaine',0,NULL,'2023-08-13 15:40:29'),
(12159,'MAIN_MODULE_EVENTORGANIZATION_LOGIN',1,'0','chaine',0,NULL,'2023-08-13 15:40:29'),
(12160,'MAIN_MODULE_EVENTORGANIZATION_SUBSTITUTIONS',1,'0','chaine',0,NULL,'2023-08-13 15:40:29'),
(12161,'MAIN_MODULE_EVENTORGANIZATION_MENUS',1,'0','chaine',0,NULL,'2023-08-13 15:40:29'),
(12162,'MAIN_MODULE_EVENTORGANIZATION_TPL',1,'0','chaine',0,NULL,'2023-08-13 15:40:29'),
(12163,'MAIN_MODULE_EVENTORGANIZATION_BARCODE',1,'0','chaine',0,NULL,'2023-08-13 15:40:29'),
(12164,'MAIN_MODULE_EVENTORGANIZATION_MODELS',1,'1','chaine',0,NULL,'2023-08-13 15:40:29'),
(12165,'MAIN_MODULE_EVENTORGANIZATION_PRINTING',1,'0','chaine',0,NULL,'2023-08-13 15:40:29'),
(12166,'MAIN_MODULE_EVENTORGANIZATION_THEME',1,'0','chaine',0,NULL,'2023-08-13 15:40:29'),
(12167,'MAIN_MODULE_EVENTORGANIZATION_MODULEFOREXTERNAL',1,'0','chaine',0,NULL,'2023-08-13 15:40:29'),
(12168,'EVENTORGANIZATION_TEMPLATE_EMAIL_ASK_CONF',1,'31','chaine',0,'','2023-08-13 15:40:29'),
(12169,'EVENTORGANIZATION_TEMPLATE_EMAIL_ASK_BOOTH',1,'32','chaine',0,'','2023-08-13 15:40:29'),
(12170,'EVENTORGANIZATION_TEMPLATE_EMAIL_AFT_SUBS_BOOTH',1,'33','chaine',0,'','2023-08-13 15:40:29'),
(12171,'EVENTORGANIZATION_TEMPLATE_EMAIL_AFT_SUBS_EVENT',1,'34','chaine',0,'','2023-08-13 15:40:29'),
(12231,'MAIN_MODULE_PARTNERSHIP',1,'1','string',0,'{\"authorid\":\"12\",\"ip\":\"192.168.0.254\",\"lastactivationversion\":\"dolibarr\"}','2023-08-15 10:35:26'),
(12232,'MAIN_MODULE_PARTNERSHIP_TRIGGERS',1,'0','chaine',0,NULL,'2023-08-15 10:35:26'),
(12233,'MAIN_MODULE_PARTNERSHIP_LOGIN',1,'0','chaine',0,NULL,'2023-08-15 10:35:26'),
(12234,'MAIN_MODULE_PARTNERSHIP_SUBSTITUTIONS',1,'0','chaine',0,NULL,'2023-08-15 10:35:26'),
(12235,'MAIN_MODULE_PARTNERSHIP_MENUS',1,'0','chaine',0,NULL,'2023-08-15 10:35:26'),
(12236,'MAIN_MODULE_PARTNERSHIP_TPL',1,'0','chaine',0,NULL,'2023-08-15 10:35:26'),
(12237,'MAIN_MODULE_PARTNERSHIP_BARCODE',1,'0','chaine',0,NULL,'2023-08-15 10:35:26'),
(12238,'MAIN_MODULE_PARTNERSHIP_MODELS',1,'1','chaine',0,NULL,'2023-08-15 10:35:26'),
(12239,'MAIN_MODULE_PARTNERSHIP_PRINTING',1,'0','chaine',0,NULL,'2023-08-15 10:35:26'),
(12240,'MAIN_MODULE_PARTNERSHIP_THEME',1,'0','chaine',0,NULL,'2023-08-15 10:35:26'),
(12241,'MAIN_MODULE_PARTNERSHIP_MODULEFOREXTERNAL',1,'0','chaine',0,NULL,'2023-08-15 10:35:26'),
(12249,'OAUTH_GOOGLE-Login_ID',1,'À compléter','chaine',0,'','2023-08-15 10:37:03'),
(12250,'OAUTH_GOOGLE-Login_SCOPE',1,'openid,email','chaine',0,'','2023-08-15 10:37:03'),
(12263,'ADHERENT_EMAIL_TEMPLATE_AUTOREGISTER',1,'(SendingEmailOnAutoSubscription)','emailtemplate:member',0,NULL,'2023-08-15 10:38:17'),
(12264,'ADHERENT_EMAIL_TEMPLATE_SUBSCRIPTION',1,'(SendingEmailOnNewSubscription)','emailtemplate:member',0,NULL,'2023-08-15 10:38:17'),
(12265,'ADHERENT_EMAIL_TEMPLATE_REMIND_EXPIRATION',1,'(SendingReminderForExpiredSubscription)','emailtemplate:member',0,NULL,'2023-08-15 10:38:17'),
(12266,'ADHERENT_EMAIL_TEMPLATE_CANCELATION',1,'(SendingEmailOnCancelation)','emailtemplate:member',0,NULL,'2023-08-15 10:38:17'),
(12269,'MEMBER_ADDON_PDF_ODT_PATH',1,'DOL_DATA_ROOT/doctemplates/members','chaine',0,NULL,'2023-08-15 10:38:17'),
(12272,'ADHERENT_CARD_TYPE',1,'CARD','chaine',0,'','2023-08-15 10:38:56'),
(12273,'ADHERENT_CARD_HEADER_TEXT',1,'__YEAR__','chaine',0,'','2023-08-15 10:38:56'),
(12274,'ADHERENT_CARD_TEXT',1,'__FULLNAME__\r\nID: __ID__\r\n__EMAIL__\r\n__ADDRESS__\r\n__ZIP__ __TOWN__\r\n__COUNTRY__','chaine',0,'','2023-08-15 10:38:56'),
(12275,'ADHERENT_CARD_TEXT_RIGHT',1,'A super member !','chaine',0,'','2023-08-15 10:38:56'),
(12276,'ADHERENT_CARD_FOOTER_TEXT',1,'Association AZERTY','chaine',0,'','2023-08-15 10:38:56'),
(12283,'MAIN_MODULE_ADHERENT',1,'1','string',0,'{\"authorid\":\"12\",\"ip\":\"192.168.0.254\",\"lastactivationversion\":\"dolibarr\"}','2023-08-15 10:57:22'),
(12287,'ADHERENT_ETIQUETTE_TYPE',1,'L7163','chaine',0,'','2023-08-15 10:58:00'),
(12288,'ADHERENT_ETIQUETTE_TEXT',1,'__FULLNAME__\r\n__ADDRESS__\r\n__ZIP__ __TOWN__\r\n__COUNTRY__','chaine',0,'','2023-08-15 10:58:00'),
(12293,'MAIN_CHECKBOX_LEFT_COLUMN',1,'1','chaine',0,'','2023-08-15 11:06:18'),
(12360,'INVOICE_USE_SITUATION',1,'0','chaine',1,'','2023-08-15 13:04:41'),
(12377,'WEBSITE_SUBCONTAINERSINLINE',1,'1','chaine',0,'','2023-08-15 13:49:51'),
(12379,'PROPOSAL_ALLOW_ONLINESIGN',1,'1','string',0,NULL,'2024-01-03 16:32:40'),
(12493,'MAIN_LAST_PING_KO_DATE',1,'20240620093504','chaine',0,'','2024-06-20 09:35:04'),
(12500,'DONATION_ART978',1,'0','yesno',0,'Option Française - Eligibilité Art978 du CGI','2024-06-20 09:36:51'),
(12507,'MAIN_FEATURES_LEVEL',0,'1','chaine',1,'Level of features to show (0=stable only, 1=stable+experimental, 2=stable+experimental+development','2024-06-20 09:54:04'),
(12527,'MAIN_ENABLE_DEFAULT_VALUES',1,'1','chaine',0,'','2024-06-20 12:30:19'),
(12531,'ACCOUNTING_DISABLE_BINDING_ON_SALES',1,'0','yesno',0,'','2024-06-20 12:34:49'),
(12536,'ACCOUNTING_DISABLE_BINDING_ON_PURCHASES',1,'0','yesno',0,'','2024-06-20 12:36:37'),
(12549,'ACCOUNTING_DISABLE_BINDING_ON_EXPENSEREPORTS',1,'0','yesno',0,'','2024-06-20 12:38:12'),
(12637,'MAIN_THEME',1,'eldy','chaine',0,'','2024-06-22 12:19:39'),
(12639,'THEME_DARKMODEENABLED',1,'1','chaine',0,'','2024-06-22 12:19:39'),
(12653,'MAIN_USE_TOP_MENU_QUICKADD_DROPDOWN',1,'1','chaine',0,'','2024-06-22 13:08:42'),
(12665,'MAIN_LANG_DEFAULT',1,'auto','chaine',0,'','2024-06-22 13:15:40'),
(12667,'MAIN_SIZE_LISTE_LIMIT',1,'10','chaine',0,'','2024-06-22 13:15:40'),
(12668,'MAIN_SIZE_SHORTLIST_LIMIT',1,'3','chaine',0,'','2024-06-22 13:15:40'),
(12669,'MAIN_START_WEEK',1,'1','chaine',0,'','2024-06-22 13:15:40'),
(12670,'MAIN_DEFAULT_WORKING_DAYS',1,'1-5','chaine',0,'','2024-06-22 13:15:40'),
(12671,'MAIN_DEFAULT_WORKING_HOURS',1,'9-18','chaine',0,'','2024-06-22 13:15:40'),
(12672,'MAIN_FIRSTNAME_NAME_POSITION',1,'0','chaine',0,'','2024-06-22 13:15:40'),
(12694,'MAIN_MODULE_STOCK',1,'1','string',0,'{\"authorid\":\"12\",\"ip\":\"127.0.0.1\",\"lastactivationversion\":\"dolibarr\"}','2024-06-23 11:35:20'),
(12695,'STOCK_ALLOW_NEGATIVE_TRANSFER',1,'1','chaine',1,NULL,'2024-06-23 11:35:20'),
(12696,'STOCK_ADDON_PDF',1,'standard','chaine',0,'Name of PDF model of stock','2024-06-23 11:35:20'),
(12697,'MOUVEMENT_ADDON_PDF',1,'stdmovement','chaine',0,'Name of PDF model of stock movement','2024-06-23 11:35:20'),
(12698,'STOCK_ADDON_PDF_ODT_PATH',1,'DOL_DATA_ROOT/doctemplates/stocks','chaine',0,NULL,'2024-06-23 11:35:20'),
(12699,'MOUVEMENT_ADDON_PDF_ODT_PATH',1,'DOL_DATA_ROOT/doctemplates/stocks/movements','chaine',0,NULL,'2024-06-23 11:35:20'),
(12700,'MAIN_IHM_PARAMS_REV',1,'191','chaine',0,'','2024-06-23 11:35:20'),
(12702,'MAIN_MODULE_SETUP_ON_LIST_BY_DEFAULT',1,'commonkanban','chaine',0,'','2024-06-23 11:35:23'),
(12739,'MAIN_MODULE_ACCOUNTING',1,'1','string',0,'{\"authorid\":0,\"ip\":\"127.0.0.1\",\"lastactivationversion\":\"dolibarr\"}','2025-01-06 15:48:18'),
(12740,'MAIN_MODULE_AGENDA',1,'1','string',0,'{\"authorid\":0,\"ip\":\"127.0.0.1\",\"lastactivationversion\":\"dolibarr\"}','2025-01-06 15:48:18'),
(12741,'MAIN_MODULE_BOM',1,'1','string',0,'{\"authorid\":0,\"ip\":\"127.0.0.1\",\"lastactivationversion\":\"dolibarr\"}','2025-01-06 15:48:19'),
(12742,'MAIN_MODULE_BANQUE',1,'1','string',0,'{\"authorid\":0,\"ip\":\"127.0.0.1\",\"lastactivationversion\":\"dolibarr\"}','2025-01-06 15:48:19'),
(12743,'MAIN_MODULE_BARCODE',1,'1','string',0,'{\"authorid\":0,\"ip\":\"127.0.0.1\",\"lastactivationversion\":\"dolibarr\"}','2025-01-06 15:48:19'),
(12744,'MAIN_MODULE_CRON',1,'1','string',0,'{\"authorid\":0,\"ip\":\"127.0.0.1\",\"lastactivationversion\":\"dolibarr\"}','2025-01-06 15:48:19'),
(12745,'MAIN_MODULE_COMMANDE',1,'1','string',0,'{\"authorid\":0,\"ip\":\"127.0.0.1\",\"lastactivationversion\":\"dolibarr\"}','2025-01-06 15:48:19'),
(12746,'MAIN_MODULE_DON',1,'1','string',0,'{\"authorid\":0,\"ip\":\"127.0.0.1\",\"lastactivationversion\":\"dolibarr\"}','2025-01-06 15:48:19'),
(12747,'MAIN_MODULE_ECM',1,'1','string',0,'{\"authorid\":0,\"ip\":\"127.0.0.1\",\"lastactivationversion\":\"dolibarr\"}','2025-01-06 15:48:19'),
(12748,'MAIN_MODULE_EXPENSEREPORT',1,'1','string',0,'{\"authorid\":0,\"ip\":\"127.0.0.1\",\"lastactivationversion\":\"dolibarr\"}','2025-01-06 15:48:19'),
(12749,'MAIN_MODULE_FACTURE',1,'1','string',0,'{\"authorid\":0,\"ip\":\"127.0.0.1\",\"lastactivationversion\":\"dolibarr\"}','2025-01-06 15:48:19'),
(12750,'MAIN_MODULE_FOURNISSEUR',1,'1','string',0,'{\"authorid\":0,\"ip\":\"127.0.0.1\",\"lastactivationversion\":\"dolibarr\"}','2025-01-06 15:48:19'),
(12751,'MAIN_MODULE_FICHEINTER',1,'1','string',0,'{\"authorid\":0,\"ip\":\"127.0.0.1\",\"lastactivationversion\":\"dolibarr\"}','2025-01-06 15:48:19'),
(12752,'MAIN_MODULE_HOLIDAY',1,'1','string',0,'{\"authorid\":0,\"ip\":\"127.0.0.1\",\"lastactivationversion\":\"dolibarr\"}','2025-01-06 15:48:20'),
(12753,'MAIN_MODULE_LOAN',1,'1','string',0,'{\"authorid\":0,\"ip\":\"127.0.0.1\",\"lastactivationversion\":\"dolibarr\"}','2025-01-06 15:48:20'),
(12754,'MAIN_MODULE_MARGIN',1,'1','string',0,'{\"authorid\":0,\"ip\":\"127.0.0.1\",\"lastactivationversion\":\"dolibarr\"}','2025-01-06 15:48:20'),
(12757,'MAIN_MODULE_MRP',1,'1','string',0,'{\"authorid\":0,\"ip\":\"127.0.0.1\",\"lastactivationversion\":\"dolibarr\"}','2025-01-06 15:48:20'),
(12758,'MAIN_MODULE_OPENSURVEY',1,'1','string',0,'{\"authorid\":0,\"ip\":\"127.0.0.1\",\"lastactivationversion\":\"dolibarr\"}','2025-01-06 15:48:20'),
(12759,'MAIN_MODULE_PRINTING',1,'1','string',0,'{\"authorid\":0,\"ip\":\"127.0.0.1\",\"lastactivationversion\":\"dolibarr\"}','2025-01-06 15:48:20'),
(12760,'MAIN_MODULE_RECRUITMENT',1,'1','string',0,'{\"authorid\":0,\"ip\":\"127.0.0.1\",\"lastactivationversion\":\"dolibarr\"}','2025-01-06 15:48:20'),
(12761,'MAIN_MODULE_RECRUITMENT_MODELS',1,'1','chaine',0,NULL,'2025-01-06 15:48:20'),
(12762,'MAIN_MODULE_RESOURCE',1,'1','string',0,'{\"authorid\":0,\"ip\":\"127.0.0.1\",\"lastactivationversion\":\"dolibarr\"}','2025-01-06 15:48:20'),
(12763,'MAIN_MODULE_SALARIES',1,'1','string',0,'{\"authorid\":0,\"ip\":\"127.0.0.1\",\"lastactivationversion\":\"dolibarr\"}','2025-01-06 15:48:20'),
(12764,'MAIN_MODULE_SERVICE',1,'1','string',0,'{\"authorid\":0,\"ip\":\"127.0.0.1\",\"lastactivationversion\":\"dolibarr\"}','2025-01-06 15:48:20'),
(12765,'MAIN_MODULE_SYSLOG',0,'1','string',0,'{\"authorid\":0,\"ip\":\"127.0.0.1\",\"lastactivationversion\":\"dolibarr\"}','2025-01-06 15:48:20'),
(12766,'MAIN_MODULE_SOCIETE',1,'1','string',0,'{\"authorid\":0,\"ip\":\"127.0.0.1\",\"lastactivationversion\":\"dolibarr\"}','2025-01-06 15:48:20'),
(12767,'MAIN_MODULE_STRIPE',1,'1','string',0,'{\"authorid\":0,\"ip\":\"127.0.0.1\",\"lastactivationversion\":\"dolibarr\"}','2025-01-06 15:48:20'),
(12768,'MAIN_MODULE_TICKET',1,'1','string',0,'{\"authorid\":0,\"ip\":\"127.0.0.1\",\"lastactivationversion\":\"dolibarr\"}','2025-01-06 15:48:21'),
(12769,'MAIN_MODULE_TICKET_TRIGGERS',1,'1','chaine',0,NULL,'2025-01-06 15:48:21'),
(12770,'TAKEPOS_PRINT_METHOD',1,'browser','chaine',0,'','2025-01-06 15:48:21'),
(12771,'MAIN_MODULE_TAKEPOS',1,'1','string',0,'{\"authorid\":0,\"ip\":\"127.0.0.1\",\"lastactivationversion\":\"dolibarr\"}','2025-01-06 15:48:21'),
(12772,'MAIN_MODULE_TAKEPOS_SUBSTITUTIONS',1,'1','chaine',0,NULL,'2025-01-06 15:48:21'),
(12773,'MAIN_MODULE_USER',0,'1','string',0,'{\"authorid\":0,\"ip\":\"127.0.0.1\",\"lastactivationversion\":\"dolibarr\"}','2025-01-06 15:48:21'),
(12774,'MAIN_MODULE_VARIANTS',1,'1','string',0,'{\"authorid\":0,\"ip\":\"127.0.0.1\",\"lastactivationversion\":\"dolibarr\"}','2025-01-06 15:48:21'),
(12775,'MAIN_MODULE_WEBSITE',1,'1','string',0,'{\"authorid\":0,\"ip\":\"127.0.0.1\",\"lastactivationversion\":\"dolibarr\"}','2025-01-06 15:48:21'),
(12776,'MAIN_VERSION_LAST_UPGRADE',0,'21.0.0','chaine',0,'Dolibarr version for last upgrade','2025-01-06 15:48:34'),
(12777,'MAIN_FIRST_PING_OK_DATE',2,'20250106154835','chaine',0,'','2025-01-06 15:48:35'),
(12778,'MAIN_FIRST_PING_OK_ID',2,'disabled','chaine',0,'','2025-01-06 15:48:35'),
(12790,'MAIN_IHM_PARAMS_REV',2,'1','chaine',0,'','2025-01-06 15:50:15'),
(12791,'MAIN_MODULE_SETUP_ON_LIST_BY_DEFAULT',2,'commonkanban','chaine',0,'','2025-01-06 15:50:15'),
(12792,'MAIN_FIRST_PING_OK_DATE',1,'20250106155034','chaine',0,'','2025-01-06 15:50:34'),
(12793,'MAIN_FIRST_PING_OK_ID',1,'disabled','chaine',0,'','2025-01-06 15:50:34');

--
-- Table structure for table `llx_contrat`
--

CREATE TABLE `llx_contrat` (
  `rowid` int(11) NOT NULL AUTO_INCREMENT,
  `ref` varchar(50) DEFAULT NULL,
  `ref_ext` varchar(255) DEFAULT NULL,
  `ref_supplier` varchar(50) DEFAULT NULL,
  `entity` int(11) NOT NULL DEFAULT 1,
  `tms` timestamp NOT NULL DEFAULT current_timestamp() ON UPDATE current_timestamp(),
  `datec` datetime DEFAULT NULL,
  `date_contrat` datetime DEFAULT NULL,
  `signed_status` smallint(6) DEFAULT NULL,
  `statut` smallint(6) DEFAULT 0,
  `mise_en_service` datetime DEFAULT NULL,
  `fin_validite` datetime DEFAULT NULL,
  `date_cloture` datetime DEFAULT NULL,
  `fk_soc` int(11) NOT NULL,
  `fk_projet` int(11) DEFAULT NULL,
  `fk_commercial_signature` int(11) DEFAULT NULL,
  `fk_commercial_suivi` int(11) DEFAULT NULL,
  `fk_user_author` int(11) NOT NULL DEFAULT 0,
  `fk_user_mise_en_service` int(11) DEFAULT NULL,
  `fk_user_cloture` int(11) DEFAULT NULL,
  `note_private` text DEFAULT NULL,
  `note_public` text DEFAULT NULL,
  `model_pdf` varchar(255) DEFAULT NULL,
  `import_key` varchar(14) DEFAULT NULL,
  `extraparams` varchar(255) DEFAULT NULL,
  `ref_customer` varchar(128) DEFAULT NULL,
  `fk_user_modif` int(11) DEFAULT NULL,
  `last_main_doc` varchar(255) DEFAULT NULL,
  `online_sign_ip` varchar(48) DEFAULT NULL,
  `online_sign_name` varchar(64) DEFAULT NULL,
  `total_tva` double(24,8) DEFAULT 0.00000000,
  `localtax1` double(24,8) DEFAULT 0.00000000,
  `localtax2` double(24,8) DEFAULT 0.00000000,
  `revenuestamp` double(24,8) DEFAULT 0.00000000,
  `total_ht` double(24,8) DEFAULT 0.00000000,
  `total_ttc` double(24,8) DEFAULT 0.00000000,
  `denormalized_lower_planned_end_date` datetime DEFAULT NULL,
  PRIMARY KEY (`rowid`),
  UNIQUE KEY `uk_contrat_ref` (`ref`,`entity`),
  KEY `idx_contrat_fk_soc` (`fk_soc`),
  KEY `idx_contrat_fk_user_author` (`fk_user_author`),
  CONSTRAINT `fk_contrat_fk_soc` FOREIGN KEY (`fk_soc`) REFERENCES `llx_societe` (`rowid`),
  CONSTRAINT `fk_contrat_user_author` FOREIGN KEY (`fk_user_author`) REFERENCES `llx_user` (`rowid`)
) ENGINE=InnoDB AUTO_INCREMENT=4 DEFAULT CHARSET=utf8mb3 COLLATE=utf8mb3_unicode_ci;

--
-- Dumping data for table `llx_contrat`
--

INSERT INTO `llx_contrat` VALUES
(1,'CONTRACT1',NULL,NULL,1,'2020-01-13 14:41:33','2012-07-09 01:53:25','2012-07-09 00:00:00',NULL,0,NULL,NULL,NULL,3,NULL,2,2,1,NULL,NULL,NULL,NULL,NULL,NULL,NULL,NULL,NULL,NULL,NULL,NULL,0.00000000,0.00000000,0.00000000,0.00000000,0.00000000,0.00000000,NULL),
(2,'CONTRAT1',NULL,NULL,1,'2023-03-02 11:57:07','2012-07-10 18:13:37','2012-07-10 00:00:00',NULL,1,NULL,NULL,NULL,2,NULL,2,2,1,NULL,NULL,NULL,NULL,'strato',NULL,NULL,NULL,NULL,'contract/CONTRAT1/CONTRAT1.pdf',NULL,NULL,0.00000000,0.00000000,0.00000000,0.00000000,0.00000000,0.00000000,NULL),
(3,'CT1303-0001',NULL,NULL,1,'2015-03-06 09:05:07','2015-03-06 10:04:57','2015-03-06 00:00:00',NULL,1,NULL,NULL,NULL,19,NULL,1,1,1,NULL,NULL,NULL,NULL,NULL,NULL,NULL,NULL,NULL,NULL,NULL,NULL,0.00000000,0.00000000,0.00000000,0.00000000,0.00000000,0.00000000,NULL);

--
-- Table structure for table `llx_contratdet`
--

CREATE TABLE `llx_contratdet` (
  `rowid` int(11) NOT NULL AUTO_INCREMENT,
  `tms` timestamp NOT NULL DEFAULT current_timestamp() ON UPDATE current_timestamp(),
  `fk_contrat` int(11) NOT NULL,
  `fk_product` int(11) DEFAULT NULL,
  `statut` smallint(6) DEFAULT 0,
  `label` text DEFAULT NULL,
  `description` text DEFAULT NULL,
  `fk_remise_except` int(11) DEFAULT NULL,
  `date_commande` datetime DEFAULT NULL,
  `date_ouverture_prevue` datetime DEFAULT NULL,
  `date_ouverture` datetime DEFAULT NULL,
  `date_fin_validite` datetime DEFAULT NULL,
  `date_cloture` datetime DEFAULT NULL,
  `tva_tx` double(6,3) DEFAULT 0.000,
  `vat_src_code` varchar(10) DEFAULT '',
  `localtax1_tx` double(6,3) DEFAULT 0.000,
  `localtax1_type` varchar(10) NOT NULL DEFAULT '0',
  `localtax2_tx` double(6,3) DEFAULT 0.000,
  `localtax2_type` varchar(10) NOT NULL DEFAULT '0',
  `qty` double NOT NULL,
  `remise_percent` double DEFAULT 0,
  `subprice` double(24,8) DEFAULT 0.00000000,
  `subprice_ttc` double(24,8) DEFAULT 0.00000000,
  `price_ht` double DEFAULT NULL,
  `remise` double DEFAULT 0,
  `total_ht` double(24,8) DEFAULT 0.00000000,
  `total_tva` double(24,8) DEFAULT 0.00000000,
  `total_localtax1` double(24,8) DEFAULT 0.00000000,
  `total_localtax2` double(24,8) DEFAULT 0.00000000,
  `total_ttc` double(24,8) DEFAULT 0.00000000,
  `product_type` int(11) DEFAULT 1,
  `info_bits` int(11) DEFAULT 0,
  `rang` int(11) DEFAULT 0,
  `fk_product_fournisseur_price` int(11) DEFAULT NULL,
  `buy_price_ht` double(24,8) DEFAULT 0.00000000,
  `fk_user_author` int(11) NOT NULL DEFAULT 0,
  `fk_user_ouverture` int(11) DEFAULT NULL,
  `fk_user_cloture` int(11) DEFAULT NULL,
  `commentaire` text DEFAULT NULL,
  `fk_unit` int(11) DEFAULT NULL,
  `fk_multicurrency` int(11) DEFAULT NULL,
  `multicurrency_code` varchar(3) DEFAULT NULL,
  `multicurrency_subprice` double(24,8) DEFAULT 0.00000000,
  `multicurrency_subprice_ttc` double(24,8) DEFAULT 0.00000000,
  `multicurrency_total_ht` double(24,8) DEFAULT 0.00000000,
  `multicurrency_total_tva` double(24,8) DEFAULT 0.00000000,
  `multicurrency_total_ttc` double(24,8) DEFAULT 0.00000000,
  PRIMARY KEY (`rowid`),
  KEY `idx_contratdet_fk_contrat` (`fk_contrat`),
  KEY `idx_contratdet_fk_product` (`fk_product`),
  KEY `idx_contratdet_date_ouverture_prevue` (`date_ouverture_prevue`),
  KEY `idx_contratdet_date_ouverture` (`date_ouverture`),
  KEY `idx_contratdet_date_fin_validite` (`date_fin_validite`),
  KEY `fk_contratdet_fk_unit` (`fk_unit`),
  KEY `idx_contratdet_statut` (`statut`),
  CONSTRAINT `fk_contratdet_fk_contrat` FOREIGN KEY (`fk_contrat`) REFERENCES `llx_contrat` (`rowid`),
  CONSTRAINT `fk_contratdet_fk_product` FOREIGN KEY (`fk_product`) REFERENCES `llx_product` (`rowid`),
  CONSTRAINT `fk_contratdet_fk_unit` FOREIGN KEY (`fk_unit`) REFERENCES `llx_c_units` (`rowid`)
) ENGINE=InnoDB AUTO_INCREMENT=17 DEFAULT CHARSET=utf8mb3 COLLATE=utf8mb3_unicode_ci;

--
-- Dumping data for table `llx_contratdet`
--

INSERT INTO `llx_contratdet` VALUES
(2,'2023-01-25 15:43:02',2,NULL,4,'','Abonnement annuel assurance',NULL,NULL,'2012-07-10 00:00:00','2023-01-03 12:00:00','2023-01-04 12:00:00',NULL,1.000,'',0.000,'',0.000,'',1,0,10.00000000,0.00000000,10,0,10.00000000,0.10000000,0.00000000,0.00000000,10.10000000,1,0,1,NULL,0.00000000,0,12,NULL,'',NULL,NULL,NULL,0.00000000,0.00000000,0.00000000,0.00000000,0.00000000),
(3,'2023-01-25 15:43:02',2,3,4,'','gdfg',NULL,NULL,'2012-07-10 00:00:00','2023-01-03 12:00:00','2023-01-04 12:00:00',NULL,4.000,'',0.000,'',0.000,'',1,0,0.00000000,0.00000000,0,NULL,0.00000000,0.00000000,0.00000000,0.00000000,0.00000000,1,0,2,0,0.00000000,0,12,1,'',NULL,NULL,NULL,0.00000000,0.00000000,0.00000000,0.00000000,0.00000000),
(4,'2023-01-25 15:44:14',2,3,5,'','',NULL,NULL,'2012-07-10 00:00:00','2023-01-01 00:00:00','2023-01-02 00:00:00','2023-01-25 00:00:00',0.000,'',0.000,'',0.000,'',1,10,40.00000000,0.00000000,40,NULL,36.00000000,0.00000000,0.00000000,0.00000000,36.00000000,1,0,3,NULL,0.00000000,0,12,12,'',NULL,NULL,NULL,0.00000000,0.00000000,0.00000000,0.00000000,0.00000000),
(5,'2022-12-11 21:23:42',3,NULL,4,'','gfdg',NULL,NULL,NULL,'2015-03-06 12:00:00','2015-03-07 12:00:00',NULL,0.000,'',0.000,'',0.000,'',1,0,10.00000000,0.00000000,10,NULL,10.00000000,0.00000000,0.00000000,0.00000000,10.00000000,1,0,1,0,0.00000000,0,1,1,'',NULL,NULL,NULL,0.00000000,0.00000000,0.00000000,0.00000000,0.00000000),
(15,'2022-12-11 21:23:42',1,NULL,0,'','aaa',NULL,NULL,NULL,NULL,NULL,NULL,0.000,'CGST+SGST',9.000,'0',9.000,'0',1,0,10.00000000,0.00000000,10,NULL,10.00000000,0.00000000,0.00000000,0.00000000,10.00000000,1,0,1,NULL,0.00000000,0,NULL,12,'',NULL,NULL,NULL,0.00000000,0.00000000,0.00000000,0.00000000,0.00000000),
(16,'2022-12-11 21:23:42',1,NULL,0,'','aaa',NULL,NULL,NULL,NULL,NULL,NULL,18.000,'IGST',0.000,'1',0.000,'1',1,0,10.00000000,0.00000000,10,NULL,10.00000000,1.80000000,0.00000000,0.00000000,11.80000000,1,0,2,NULL,0.00000000,0,NULL,12,'',NULL,NULL,NULL,0.00000000,0.00000000,0.00000000,0.00000000,0.00000000);

--
-- Table structure for table `llx_contratdet_extrafields`
--

CREATE TABLE `llx_contratdet_extrafields` (
  `rowid` int(11) NOT NULL AUTO_INCREMENT,
  `tms` timestamp NOT NULL DEFAULT current_timestamp() ON UPDATE current_timestamp(),
  `fk_object` int(11) NOT NULL,
  `import_key` varchar(14) DEFAULT NULL,
  PRIMARY KEY (`rowid`),
  UNIQUE KEY `uk_contratdet_extrafields` (`fk_object`)
) ENGINE=InnoDB DEFAULT CHARSET=utf8mb3 COLLATE=utf8mb3_unicode_ci;

--
-- Dumping data for table `llx_contratdet_extrafields`
--


--
-- Table structure for table `llx_cronjob`
--

CREATE TABLE `llx_cronjob` (
  `rowid` int(11) NOT NULL AUTO_INCREMENT,
  `tms` timestamp NOT NULL DEFAULT current_timestamp() ON UPDATE current_timestamp(),
  `datec` datetime DEFAULT NULL,
  `jobtype` varchar(10) NOT NULL,
  `label` varchar(255) NOT NULL,
  `command` varchar(255) DEFAULT NULL,
  `classesname` varchar(255) DEFAULT NULL,
  `objectname` varchar(255) DEFAULT NULL,
  `methodename` varchar(255) DEFAULT NULL,
  `params` text DEFAULT NULL,
  `md5params` varchar(32) DEFAULT NULL,
  `module_name` varchar(255) DEFAULT NULL,
  `priority` int(11) DEFAULT 0,
  `datelastrun` datetime DEFAULT NULL,
  `datenextrun` datetime DEFAULT NULL,
  `datestart` datetime DEFAULT NULL,
  `dateend` datetime DEFAULT NULL,
  `datelastresult` datetime DEFAULT NULL,
  `lastresult` text DEFAULT NULL,
  `lastoutput` text DEFAULT NULL,
  `unitfrequency` varchar(255) NOT NULL DEFAULT '3600',
  `frequency` int(11) NOT NULL DEFAULT 0,
  `nbrun` int(11) DEFAULT NULL,
  `status` int(11) NOT NULL DEFAULT 1,
  `fk_user_author` int(11) DEFAULT NULL,
  `fk_user_mod` int(11) DEFAULT NULL,
  `note` text DEFAULT NULL,
  `libname` varchar(255) DEFAULT NULL,
  `entity` int(11) DEFAULT 0,
  `maxrun` int(11) NOT NULL DEFAULT 0,
  `autodelete` int(11) DEFAULT 0,
  `fk_mailing` int(11) DEFAULT NULL,
  `test` varchar(255) DEFAULT '1',
  `processing` int(11) NOT NULL DEFAULT 0,
  `email_alert` varchar(128) DEFAULT NULL,
  `pid` int(11) DEFAULT NULL,
  PRIMARY KEY (`rowid`),
  UNIQUE KEY `uk_cronjob` (`label`,`entity`)
) ENGINE=InnoDB AUTO_INCREMENT=70 DEFAULT CHARSET=utf8mb3 COLLATE=utf8mb3_unicode_ci;

--
-- Dumping data for table `llx_cronjob`
--

INSERT INTO `llx_cronjob` VALUES
(1,'2015-03-23 18:18:39','2015-03-23 19:18:39','command','aaa','aaaa','','','','','','',0,NULL,NULL,'2015-03-23 19:18:00',NULL,NULL,NULL,NULL,'3600',3600,0,0,1,1,'',NULL,0,0,0,NULL,'1',0,NULL,NULL),
(40,'2018-11-23 11:58:15','2018-11-23 12:58:15','method','SendEmailsReminders',NULL,'comm/action/class/actioncomm.class.php','ActionComm','sendEmailsReminder',NULL,NULL,'agenda',10,NULL,NULL,'2018-11-23 12:58:15',NULL,NULL,NULL,NULL,'60',10,NULL,1,NULL,NULL,'SendEMailsReminder',NULL,1,0,0,NULL,'$conf->agenda->enabled',0,NULL,NULL),
(41,'2018-11-23 11:58:16','2018-11-23 12:58:16','method','PurgeDeleteTemporaryFilesShort',NULL,'core/class/utils.class.php','Utils','purgeFiles',NULL,NULL,'cron',50,NULL,NULL,'2018-11-23 12:58:16',NULL,NULL,NULL,NULL,'604800',2,NULL,1,NULL,NULL,'PurgeDeleteTemporaryFiles',NULL,0,0,0,NULL,'1',0,NULL,NULL),
(42,'2020-01-15 15:43:12','2018-11-23 12:58:16','method','MakeLocalDatabaseDumpShort',NULL,'core/class/utils.class.php','Utils','dumpDatabase','none,auto,1,auto,10',NULL,'cron',90,'2020-01-15 19:43:12','2020-01-17 12:58:16','2018-11-23 12:58:16',NULL,'2020-01-15 19:43:12','-1','Failed to run external command. Check it is available and runnable by your PHP server. If PHP <b>Safe Mode</b> is enabled, check that command is inside a directory defined by parameter <b>safe_mode_exec_dir</b>.\nFailed to run external command. Check it is available and runnable by your PHP server. If PHP <b>Safe Mode</b> is enabled, check that command is inside a directory defined by parameter <b>safe_mode_exec_dir</b>.','604800',1,2,1,NULL,12,'MakeLocalDatabaseDump',NULL,0,0,0,NULL,'1',0,NULL,NULL),
(43,'2022-07-04 01:11:54','2018-11-23 12:58:17','method','RecurringInvoicesJob',NULL,'compta/facture/class/facture-rec.class.php','FactureRec','createRecurringInvoices',NULL,NULL,'facture',50,NULL,NULL,'2018-11-23 23:00:00',NULL,NULL,NULL,NULL,'86400',1,NULL,1,NULL,NULL,'Generate recurring invoices',NULL,1,0,0,NULL,'$conf->facture->enabled',0,NULL,NULL),
(45,'2020-01-01 12:00:34','2020-01-01 16:00:34','method','MyJob label',NULL,'/captureserver/class/myobject.class.php','MyObject','doScheduledJob',NULL,NULL,'captureserver',0,NULL,NULL,'2020-01-01 16:00:34',NULL,NULL,NULL,NULL,'3600',2,NULL,0,NULL,NULL,'Comment',NULL,1,0,0,NULL,'$conf->captureserver->enabled',0,NULL,NULL),
(46,'2020-01-12 20:13:55','2020-01-13 00:13:55','method','Email collector',NULL,'/emailcollector/class/emailcollector.class.php','EmailCollector','doCollect',NULL,NULL,'emailcollector',50,NULL,NULL,'2020-01-13 00:13:55',NULL,NULL,NULL,NULL,'60',5,NULL,1,NULL,NULL,'Comment',NULL,1,0,0,NULL,'$conf->emailcollector->enabled',0,NULL,NULL),
(47,'2021-04-15 10:34:00','2021-04-15 07:34:00','method','CompressSyslogs',NULL,'core/class/utils.class.php','Utils','compressSyslogs',NULL,NULL,'syslog',50,NULL,NULL,'2021-04-15 07:34:00',NULL,NULL,NULL,NULL,'86400',1,NULL,0,NULL,NULL,'Compress and archive log files. The number of versions to keep is defined into the setup of module. Warning: Main application cron script must be run with same account than your web server to avoid to get log files with different owner than required by web server. Another solution is to set web server Operating System group as the group of directory documents and set GROUP permission \"rws\" on this directory so log files will always have the group and permissions of the web server Operating System group.',NULL,1,0,0,NULL,'1',0,NULL,NULL),
(48,'2021-07-11 17:49:46','2021-07-11 19:49:46','method','SendEmailsRemindersOnInvoiceDueDate',NULL,'compta/facture/class/facture.class.php','Facture','sendEmailsRemindersOnInvoiceDueDate','10,all,EmailTemplateCode',NULL,'facture',50,NULL,NULL,'2021-07-11 23:00:00',NULL,NULL,NULL,NULL,'86400',1,NULL,0,NULL,NULL,'Send an emails when the unpaid invoices reach a due date + n days = today. First param is the offset n of days, second parameter is \"all\" or a payment mode code, last paramater is the code of email template to use (an email template with EmailTemplateCode must exists. the version in the language of the thirdparty will be used in priority).',NULL,1,0,0,NULL,'$conf->facture->enabled',0,NULL,NULL),
(49,'2022-02-07 13:38:17','2022-02-07 13:38:17','method','HolidayBalanceMonthlyUpdate',NULL,'holiday/class/holiday.class.php','Holiday','updateBalance',NULL,NULL,'holiday',50,NULL,NULL,'2022-02-07 04:00:00',NULL,NULL,NULL,NULL,'86400',1,NULL,1,NULL,NULL,'Update holiday balance every month',NULL,1,0,0,NULL,'$conf->holiday->enabled',0,NULL,NULL),
(50,'2022-07-04 01:12:18','2022-07-04 01:12:18','method','MakeSendLocalDatabaseDumpShort',NULL,'core/class/utils.class.php','Utils','sendDumpDatabase',',,,,,sql',NULL,'cron',91,NULL,NULL,'2022-07-04 01:12:18',NULL,NULL,NULL,NULL,'604800',1,NULL,0,NULL,NULL,'MakeSendLocalDatabaseDump',NULL,0,0,0,NULL,'!empty($conf->global->MAIN_ALLOW_BACKUP_BY_EMAIL) && in_array($conf->db->type, array(\'mysql\', \'mysqli\'))',0,NULL,NULL),
(51,'2022-07-04 01:12:18','2022-07-04 01:12:18','method','RecurringSupplierInvoicesJob',NULL,'fourn/class/fournisseur.facture-rec.class.php','FactureFournisseurRec','createRecurringInvoices',NULL,NULL,'fournisseur',51,NULL,NULL,'2022-07-04 23:00:00',NULL,NULL,NULL,NULL,'86400',1,NULL,1,NULL,NULL,'Generate recurring supplier invoices',NULL,1,0,0,NULL,'',0,NULL,NULL),
(52,'2022-12-11 21:23:42','2022-12-11 21:23:42','method','CleanUnfinishedCronjobShort',NULL,'core/class/utils.class.php','Utils','cleanUnfinishedCronjob',NULL,NULL,'cron',10,NULL,NULL,'2022-12-11 21:23:42',NULL,NULL,NULL,NULL,'60',5,NULL,0,NULL,NULL,'CleanUnfinishedCronjob',NULL,0,0,0,NULL,'getDolGlobalInt(\"MAIN_FEATURES_LEVEL\") >= 2',0,NULL,NULL),
(53,'2022-12-11 21:23:43','2022-12-11 21:23:43','method','HolidayBalanceMonthlyUpdate:holiday',NULL,'holiday/class/holiday.class.php','Holiday','updateBalance',NULL,NULL,'holiday',50,NULL,NULL,'2022-12-11 04:00:00',NULL,NULL,NULL,NULL,'86400',1,NULL,1,NULL,NULL,'Update holiday balance every month',NULL,1,0,0,NULL,'$conf->holiday->enabled',0,NULL,NULL),
(54,'2023-01-19 12:20:14','2023-01-19 09:20:14','method','SellYourSaasValidateDraftInvoices',NULL,'/sellyoursaas/class/sellyoursaasutils.class.php','SellYourSaasUtils','doValidateDraftInvoices',NULL,NULL,'sellyoursaas',61,NULL,NULL,'2023-01-19 21:15:00',NULL,NULL,NULL,NULL,'86400',1,NULL,1,NULL,NULL,'Search draft invoices on sellyoursaas customers and check they are linked to a not closed contract. Validate it if not and if there is not another validated invoice, do nothing if closed. You can set the id of a thirdparty as parameter to restrict the batch to a given thirdparty.',NULL,1,0,0,NULL,'$conf->sellyoursaas->enabled',0,NULL,NULL),
(55,'2023-01-19 12:20:14','2023-01-19 09:20:14','method','SellYourSaasAlertSoftEndTrial',NULL,'/sellyoursaas/class/sellyoursaasutils.class.php','SellYourSaasUtils','doAlertSoftEndTrial',NULL,NULL,'sellyoursaas',62,NULL,NULL,'2023-01-19 21:15:00',NULL,NULL,NULL,NULL,'60',30,NULL,1,NULL,NULL,'Search contracts of sellyoursaas customers that are deployed + with open lines + about to expired (= date between (end date - SELLYOURSAAS_NBDAYS_BEFORE_TRIAL_END_FOR_SOFT_ALERT) and (end date - SELLYOURSAAS_NBDAYS_BEFORE_TRIAL_END_FOR_SOFT_ALERT + 7)) + not yet already warned (date_softalert_endfreeperiod is null), then send email remind',NULL,1,0,0,NULL,'$conf->sellyoursaas->enabled',0,NULL,NULL),
(56,'2023-01-19 12:20:14','2023-01-19 09:20:14','method','SellYourSaasAlertCreditCardExpiration',NULL,'/sellyoursaas/class/sellyoursaasutils.class.php','SellYourSaasUtils','doAlertCreditCardExpiration','1, 20',NULL,'sellyoursaas',65,NULL,NULL,'2023-01-19 21:15:00',NULL,NULL,NULL,NULL,'86400',1,NULL,1,NULL,NULL,'Send warning to sellyoursaas customers with an active recurring invoice when default payment mode is credit card and it will expire at end of month',NULL,1,0,0,NULL,'$conf->sellyoursaas->enabled',0,NULL,NULL),
(57,'2023-01-19 12:20:14','2023-01-19 09:20:14','method','SellYourSaasTakePaymentStripe',NULL,'/sellyoursaas/class/sellyoursaasutils.class.php','SellYourSaasUtils','doTakePaymentStripe','0, 0',NULL,'sellyoursaas',75,NULL,NULL,'2023-01-19 21:15:00',NULL,NULL,NULL,NULL,'86400',1,NULL,1,NULL,NULL,'Loop on invoice for customer with default payment mode Stripe and take payment/send email. Unsuspend if it was suspended and all payments are now ok (done by trigger BILL_CANCEL or BILL_PAYED). First parameter is the maximum number of payments processed in one run. Second parameter is 1 to disable email to customer if payment fails.',NULL,1,0,0,NULL,'$conf->sellyoursaas->enabled',0,NULL,NULL),
(58,'2023-01-19 12:20:14','2023-01-19 09:20:14','method','SellYourSaasRefreshContracts',NULL,'/sellyoursaas/class/sellyoursaasutils.class.php','SellYourSaasUtils','doRefreshContracts',NULL,NULL,'sellyoursaas',77,NULL,NULL,'2023-01-19 21:15:00',NULL,NULL,NULL,NULL,'86400',1,NULL,1,NULL,NULL,'Loop on each contract. If it is a paid contract, and there is no unpaid invoice for contract, and line not suspended and end date <= today + 2 days (so expired or soon expired, we must be sure to make refresh before new generation of invoice), we update qty on contract + qty on linked template invoice',NULL,1,0,0,NULL,'$conf->sellyoursaas->enabled',0,NULL,NULL),
(59,'2023-01-19 12:20:14','2023-01-19 09:20:14','method','SellYourSaasRenewalContracts',NULL,'/sellyoursaas/class/sellyoursaasutils.class.php','SellYourSaasUtils','doRenewalContracts',NULL,NULL,'sellyoursaas',78,NULL,NULL,'2023-01-19 21:15:00',NULL,NULL,NULL,NULL,'86400',1,NULL,1,NULL,NULL,'Loop on each contract. If it is a paid contract, and there is no unpaid invoice for contract, and line not suspended and end date <= today - 1 day (so expired, we must be sure to make renewal after generation of invoice with 2 chances of invoice generation to not make renewal if payment error), we update qty on contract + qty on linked template invoice + the running contract service end date to end at next period',NULL,1,0,0,NULL,'$conf->sellyoursaas->enabled',0,NULL,NULL),
(60,'2023-01-19 12:20:14','2023-01-19 09:20:14','method','SellYourSaasSuspendExpiredTestInstances',NULL,'/sellyoursaas/class/sellyoursaasutils.class.php','SellYourSaasUtils','doSuspendExpiredTestInstances','0, 25',NULL,'sellyoursaas',81,NULL,NULL,'2023-01-19 21:15:00',NULL,NULL,NULL,NULL,'3600',4,NULL,1,NULL,NULL,'Suspend expired services of test instances (a test instance = instance without template neither standard invoice) if it is not a redirect instance and if we are after the planned end date (+ grace offset in SELLYOURSAAS_NBDAYS_AFTER_EXPIRATION_BEFORE_TRIAL_SUSPEND). Note that if a payment mode exists for customer, we do NOT suspend instance but create a template invoice instead. 1st parameter can be set to 1 to disable apache reload. 2nd parameter is maximum number of instance to suspend.',NULL,1,0,0,NULL,'$conf->sellyoursaas->enabled',0,NULL,NULL),
(61,'2023-01-19 12:20:14','2023-01-19 09:20:14','method','SellYourSaasUndeployOldSuspendedTestInstances',NULL,'/sellyoursaas/class/sellyoursaasutils.class.php','SellYourSaasUtils','doUndeployOldSuspendedTestInstances',NULL,NULL,'sellyoursaas',82,NULL,NULL,'2023-01-19 21:15:00',NULL,NULL,NULL,NULL,'3600',2,NULL,1,NULL,NULL,'Undeployed test instances if we are after planned end date (+ grace offset in SELLYOURSAAS_NBDAYS_AFTER_EXPIRATION_BEFORE_TRIAL_UNDEPLOYMENT)',NULL,1,0,0,NULL,'$conf->sellyoursaas->enabled',0,NULL,NULL),
(62,'2023-01-19 12:20:14','2023-01-19 09:20:14','method','SellYourSaasSuspendExpiredRealInstances',NULL,'/sellyoursaas/class/sellyoursaasutils.class.php','SellYourSaasUtils','doSuspendExpiredRealInstances',NULL,NULL,'sellyoursaas',85,NULL,NULL,'2023-01-19 21:15:00',NULL,NULL,NULL,NULL,'86400',1,NULL,1,NULL,NULL,'Suspend expired services of paid instances if we are after planned end date (+ grace offset in SELLYOURSAAS_NBDAYS_AFTER_EXPIRATION_BEFORE_PAID_SUSPEND)',NULL,1,0,0,NULL,'$conf->sellyoursaas->enabled',0,NULL,NULL),
(63,'2023-01-19 12:20:14','2023-01-19 09:20:14','method','SellYourSaasUndeployOldSuspendedRealInstances',NULL,'/sellyoursaas/class/sellyoursaasutils.class.php','SellYourSaasUtils','doUndeployOldSuspendedRealInstances',NULL,NULL,'sellyoursaas',86,NULL,NULL,'2023-01-19 21:15:00',NULL,NULL,NULL,NULL,'86400',1,NULL,1,NULL,NULL,'Undeployed paid instances if we are after planned end date (+ grace offset in SELLYOURSAAS_NBDAYS_AFTER_EXPIRATION_BEFORE_PAID_UNDEPLOYMENT)',NULL,1,0,0,NULL,'$conf->sellyoursaas->enabled',0,NULL,NULL),
(64,'2023-02-15 11:19:34','2023-02-15 08:19:34','method','CancelPartnershipForExpiredMembers',NULL,'/partnership/class/partnershiputils.class.php','PartnershipUtils','doCancelStatusOfMemberPartnership',NULL,NULL,'partnership',60,NULL,NULL,'2023-02-15 21:15:00',NULL,NULL,NULL,NULL,'86400',1,NULL,1,NULL,NULL,'Cancel status of partnership when subscription is expired + x days.',NULL,1,0,0,NULL,'$conf->partnership->enabled',0,NULL,NULL),
(65,'2023-02-15 11:19:34','2023-02-15 08:19:34','method','PartnershipCheckBacklink',NULL,'/partnership/class/partnershiputils.class.php','PartnershipUtils','doWarningOfPartnershipIfDolibarrBacklinkNotfound',NULL,NULL,'partnership',61,NULL,NULL,'2023-02-15 21:15:00',NULL,NULL,NULL,NULL,'86400',1,NULL,0,NULL,NULL,'Warning of partnership if Dolibarr backlink not found on partner website.',NULL,1,0,0,NULL,'$conf->partnership->enabled',0,NULL,NULL),
(66,'2023-02-27 16:28:21','2023-02-27 13:28:21','method','ScanInvoices_background_import_service',NULL,'/scaninvoices/class/filestoimport.class.php','Filestoimport','doScheduledJob',NULL,NULL,'scaninvoices',50,NULL,NULL,'2023-02-27 13:28:21',NULL,NULL,NULL,NULL,'3600',3,NULL,1,NULL,NULL,'SCANINVOICES_BACKGROUND_SERVER_DETAILS',NULL,1,0,0,NULL,'$conf->scaninvoices->enabled',0,NULL,NULL),
(67,'2023-02-27 16:28:21','2023-02-27 13:28:21','method','ScanInvoices auto pay supplier invoices (CB/LCR/PREV)',NULL,'/scaninvoices/class/supplierautopayinvoices.class.php','Supplierautopayinvoices','doScheduledJob',NULL,NULL,'scaninvoices',50,NULL,NULL,'2023-02-27 13:28:21',NULL,NULL,NULL,NULL,'3600',24,NULL,0,NULL,NULL,'Comment',NULL,1,0,0,NULL,'$conf->scaninvoices->enabled',0,NULL,NULL),
(68,'2023-08-15 10:38:17','2023-08-15 10:38:17','method','SendReminderForExpiredSubscriptionTitle',NULL,'adherents/class/adherent.class.php','Adherent','sendReminderForExpiredSubscription','10;0',NULL,'adherent',50,NULL,NULL,'2023-08-15 22:00:00',NULL,NULL,NULL,NULL,'86400',1,NULL,1,NULL,NULL,'SendReminderForExpiredSubscription',NULL,1,0,0,NULL,'$conf->adherent->enabled',0,NULL,NULL),
(69,'2024-06-20 09:34:55','2024-06-20 09:34:55','method','SendEmailsRemindersOnSupplierInvoiceDueDate',NULL,'fourn/class/fournisseur.facture.class.php','FactureFournisseur','sendEmailsRemindersOnSupplierInvoiceDueDate','10,all,EmailTemplateCode,duedate',NULL,'fournisseur',50,NULL,NULL,'2024-06-20 23:00:00',NULL,NULL,NULL,NULL,'86400',1,NULL,0,NULL,NULL,'Send an email when we reach the supplier invoice due date (or supplier invoice date) - n days. First param is n, the number of days before due date (or supplier invoice date) to send the remind (or after if value is negative), second parameter is \"all\" or a payment mode code, third parameter is the code of the email template to use (an email template with the EmailTemplateCode must exists. The version of the email template in the language of the thirdparty will be used in priority. Language of the thirdparty will be also used to update the PDF of the sent supplier invoice). The fourth parameter is the string \"duedate\" (default) or \"invoicedate\" to define which date of the supplier invoice to use.',NULL,1,0,0,NULL,'isModEnabled(\"supplier_invoice\")',0,NULL,NULL);

--
-- Table structure for table `llx_default_values`
--

CREATE TABLE `llx_default_values` (
  `rowid` int(11) NOT NULL AUTO_INCREMENT,
  `entity` int(11) NOT NULL DEFAULT 1,
  `type` varchar(10) DEFAULT NULL,
  `user_id` int(11) NOT NULL DEFAULT 0,
  `page` varchar(255) DEFAULT NULL,
  `param` varchar(255) DEFAULT NULL,
  `value` varchar(128) DEFAULT NULL,
  PRIMARY KEY (`rowid`),
  UNIQUE KEY `uk_default_values` (`type`,`entity`,`user_id`,`page`,`param`)
) ENGINE=InnoDB AUTO_INCREMENT=11 DEFAULT CHARSET=utf8mb3 COLLATE=utf8mb3_unicode_ci;

--
-- Dumping data for table `llx_default_values`
--

INSERT INTO `llx_default_values` VALUES
(1,1,'createform',0,'compta/facture/card.php?action=create&type=2','reday','__DAY__'),
(2,1,'createform',0,'compta/facture/card.php?action=create&type=2','remonth','__MONTH__'),
(3,1,'createform',0,'compta/facture/card.php?action=create&type=2','reyear','__YEAR__'),
(4,1,'createform',0,'compta/facture/card.php?action=create','fk_account','3'),
(6,1,'createform',0,'aaa/aao_card.php?action=create','label','3'),
(7,1,'createform',0,'fourn/facture/card.php?action=create','mode_reglement_id','4');

--
-- Table structure for table `llx_delivery`
--

CREATE TABLE `llx_delivery` (
  `rowid` int(11) NOT NULL AUTO_INCREMENT,
  `tms` timestamp NOT NULL DEFAULT current_timestamp() ON UPDATE current_timestamp(),
  `ref` varchar(30) NOT NULL,
  `entity` int(11) NOT NULL DEFAULT 1,
  `ref_customer` varchar(30) DEFAULT NULL,
  `fk_soc` int(11) NOT NULL,
  `ref_ext` varchar(255) DEFAULT NULL,
  `ref_int` varchar(30) DEFAULT NULL,
  `date_creation` datetime DEFAULT NULL,
  `fk_user_author` int(11) DEFAULT NULL,
  `date_valid` datetime DEFAULT NULL,
  `fk_user_valid` int(11) DEFAULT NULL,
  `date_delivery` datetime DEFAULT NULL,
  `fk_address` int(11) DEFAULT NULL,
  `fk_statut` smallint(6) DEFAULT 0,
  `total_ht` double(24,8) DEFAULT 0.00000000,
  `note_private` text DEFAULT NULL,
  `note_public` text DEFAULT NULL,
  `model_pdf` varchar(255) DEFAULT NULL,
  `fk_incoterms` int(11) DEFAULT NULL,
  `location_incoterms` varchar(255) DEFAULT NULL,
  `last_main_doc` varchar(255) DEFAULT NULL,
  `import_key` varchar(14) DEFAULT NULL,
  `extraparams` varchar(255) DEFAULT NULL,
  PRIMARY KEY (`rowid`),
  UNIQUE KEY `idx_delivery_uk_ref` (`ref`,`entity`),
  KEY `idx_delivery_fk_soc` (`fk_soc`),
  KEY `idx_delivery_fk_user_author` (`fk_user_author`),
  KEY `idx_delivery_fk_user_valid` (`fk_user_valid`),
  CONSTRAINT `fk_delivery_fk_soc` FOREIGN KEY (`fk_soc`) REFERENCES `llx_societe` (`rowid`),
  CONSTRAINT `fk_delivery_fk_user_author` FOREIGN KEY (`fk_user_author`) REFERENCES `llx_user` (`rowid`),
  CONSTRAINT `fk_delivery_fk_user_valid` FOREIGN KEY (`fk_user_valid`) REFERENCES `llx_user` (`rowid`)
) ENGINE=InnoDB DEFAULT CHARSET=utf8mb3 COLLATE=utf8mb3_unicode_ci;

--
-- Dumping data for table `llx_delivery`
--


--
-- Table structure for table `llx_delivery_extrafields`
--

CREATE TABLE `llx_delivery_extrafields` (
  `rowid` int(11) NOT NULL AUTO_INCREMENT,
  `tms` timestamp NOT NULL DEFAULT current_timestamp() ON UPDATE current_timestamp(),
  `fk_object` int(11) NOT NULL,
  `import_key` varchar(14) DEFAULT NULL,
  PRIMARY KEY (`rowid`),
  UNIQUE KEY `uk_delivery_extrafields` (`fk_object`)
) ENGINE=InnoDB DEFAULT CHARSET=utf8mb3 COLLATE=utf8mb3_unicode_ci;

--
-- Dumping data for table `llx_delivery_extrafields`
--


--
-- Table structure for table `llx_deliverydet`
--

CREATE TABLE `llx_deliverydet` (
  `rowid` int(11) NOT NULL AUTO_INCREMENT,
  `fk_delivery` int(11) DEFAULT NULL,
  `fk_origin_line` int(11) DEFAULT NULL,
  `fk_product` int(11) DEFAULT NULL,
  `description` text DEFAULT NULL,
  `qty` double DEFAULT NULL,
  `subprice` double(24,8) DEFAULT 0.00000000,
  `subprice_ttc` double(24,8) DEFAULT 0.00000000,
  `total_ht` double(24,8) DEFAULT 0.00000000,
  `rang` int(11) DEFAULT 0,
  PRIMARY KEY (`rowid`),
  KEY `idx_deliverydet_fk_expedition` (`fk_delivery`),
  KEY `idx_deliverydet_fk_delivery` (`fk_delivery`),
  CONSTRAINT `fk_deliverydet_fk_delivery` FOREIGN KEY (`fk_delivery`) REFERENCES `llx_delivery` (`rowid`)
) ENGINE=InnoDB DEFAULT CHARSET=utf8mb3 COLLATE=utf8mb3_unicode_ci;

--
-- Dumping data for table `llx_deliverydet`
--


--
-- Table structure for table `llx_deliverydet_extrafields`
--

CREATE TABLE `llx_deliverydet_extrafields` (
  `rowid` int(11) NOT NULL AUTO_INCREMENT,
  `tms` timestamp NOT NULL DEFAULT current_timestamp() ON UPDATE current_timestamp(),
  `fk_object` int(11) NOT NULL,
  `import_key` varchar(14) DEFAULT NULL,
  PRIMARY KEY (`rowid`),
  UNIQUE KEY `uk_deliverydet_extrafields` (`fk_object`)
) ENGINE=InnoDB DEFAULT CHARSET=utf8mb3 COLLATE=utf8mb3_unicode_ci;

--
-- Dumping data for table `llx_deliverydet_extrafields`
--


--
-- Table structure for table `llx_document_model`
--

CREATE TABLE `llx_document_model` (
  `rowid` int(11) NOT NULL AUTO_INCREMENT,
  `nom` varchar(50) DEFAULT NULL,
  `entity` int(11) NOT NULL DEFAULT 1,
  `type` varchar(64) DEFAULT NULL,
  `libelle` varchar(255) DEFAULT NULL,
  `description` text DEFAULT NULL,
  PRIMARY KEY (`rowid`),
  UNIQUE KEY `uk_document_model` (`nom`,`type`,`entity`)
) ENGINE=InnoDB AUTO_INCREMENT=539 DEFAULT CHARSET=utf8mb3 COLLATE=utf8mb3_unicode_ci;

--
-- Dumping data for table `llx_document_model`
--

INSERT INTO `llx_document_model` VALUES
(9,'merou',1,'shipping',NULL,NULL),
(181,'generic_invoice_odt',1,'invoice','ODT templates','FACTURE_ADDON_PDF_ODT_PATH'),
(193,'canelle2',1,'invoice_supplier','canelle2',NULL),
(195,'canelle',1,'invoice_supplier','canelle',NULL),
(198,'azur',2,'propal',NULL,NULL),
(199,'html_cerfafr',2,'donation',NULL,NULL),
(200,'crabe',2,'invoice',NULL,NULL),
(201,'generic_odt',1,'company','ODT templates','COMPANY_ADDON_PDF_ODT_PATH'),
(250,'baleine',1,'project',NULL,NULL),
(256,'azur',1,'propal',NULL,NULL),
(273,'beluga',1,'project','beluga',NULL),
(281,'sepamandate',1,'bankaccount','sepamandate',NULL),
(319,'generic_bom_odt',1,'bom','ODT templates','BOM_ADDON_PDF_ODT_PATH'),
(320,'generic_mo_odt',1,'mrp','ODT templates','MRP_MO_ADDON_PDF_ODT_PATH'),
(366,'generic_user_odt',1,'user',NULL,NULL),
(367,'generic_usergroup_odt',1,'group',NULL,NULL),
(370,'aurore',1,'supplier_proposal',NULL,NULL),
(371,'rouget',1,'shipping',NULL,NULL),
(372,'typhon',1,'delivery',NULL,NULL),
(393,'squille',1,'reception',NULL,NULL),
(459,'einstein',1,'order',NULL,NULL),
(462,'crabe',1,'invoice',NULL,NULL),
(463,'muscadet',1,'order_supplier',NULL,NULL),
(467,'fiche_equipement',1,'gestionparc',NULL,NULL),
(468,'strato',1,'contract','strato',NULL),
(479,'standard_member',1,'member',NULL,NULL),
(515,'generic_ticket_odt',1,'ticket','ODT templates','TICKET_ADDON_PDF_ODT_PATH'),
(517,'standard_stock',1,'stock',NULL,NULL),
(518,'stdmovement',1,'mouvement',NULL,NULL),
(529,'eratosthene',1,'order',NULL,NULL),
(530,'html_cerfafr',1,'donation',NULL,NULL),
(531,'standard_expensereport',1,'expensereport',NULL,NULL),
(532,'sponge',1,'invoice',NULL,NULL),
(533,'cornas',1,'order_supplier',NULL,NULL),
(534,'soleil',1,'ficheinter',NULL,NULL),
(535,'vinci',1,'mrp',NULL,NULL),
(536,'standard_recruitmentjobposition',1,'recruitmentjobposition',NULL,NULL),
(537,'generic_recruitmentjobposition_odt',1,'recruitmentjobposition',NULL,NULL);

--
-- Table structure for table `llx_don`
--

CREATE TABLE `llx_don` (
  `rowid` int(11) NOT NULL AUTO_INCREMENT,
  `ref` varchar(30) DEFAULT NULL,
  `entity` int(11) NOT NULL DEFAULT 1,
  `tms` timestamp NOT NULL DEFAULT current_timestamp() ON UPDATE current_timestamp(),
  `fk_statut` smallint(6) NOT NULL DEFAULT 0,
  `datec` datetime DEFAULT NULL,
  `datedon` datetime DEFAULT NULL,
  `amount` double(24,8) DEFAULT NULL,
  `fk_payment` int(11) DEFAULT NULL,
  `paid` smallint(6) NOT NULL DEFAULT 0,
  `firstname` varchar(50) DEFAULT NULL,
  `lastname` varchar(50) DEFAULT NULL,
  `societe` varchar(50) DEFAULT NULL,
  `address` text DEFAULT NULL,
  `zip` varchar(10) DEFAULT NULL,
  `town` varchar(50) DEFAULT NULL,
  `country` varchar(50) DEFAULT NULL,
  `fk_country` int(11) NOT NULL,
  `email` varchar(255) DEFAULT NULL,
  `phone` varchar(24) DEFAULT NULL,
  `phone_mobile` varchar(24) DEFAULT NULL,
  `public` smallint(6) NOT NULL DEFAULT 1,
  `fk_projet` int(11) DEFAULT NULL,
  `fk_user_author` int(11) NOT NULL,
  `fk_user_valid` int(11) DEFAULT NULL,
  `note_private` text DEFAULT NULL,
  `note_public` text DEFAULT NULL,
  `model_pdf` varchar(255) DEFAULT NULL,
  `import_key` varchar(14) DEFAULT NULL,
  `date_valid` datetime DEFAULT NULL,
  `extraparams` varchar(255) DEFAULT NULL,
  `fk_soc` int(11) DEFAULT NULL,
  `fk_user_modif` int(11) DEFAULT NULL,
  PRIMARY KEY (`rowid`),
  UNIQUE KEY `idx_don_uk_ref` (`ref`,`entity`),
  KEY `idx_don_fk_soc` (`fk_soc`),
  KEY `idx_don_fk_project` (`fk_projet`),
  KEY `idx_don_fk_user_author` (`fk_user_author`),
  KEY `idx_don_fk_user_valid` (`fk_user_valid`)
) ENGINE=InnoDB AUTO_INCREMENT=5 DEFAULT CHARSET=utf8mb3 COLLATE=utf8mb3_unicode_ci;

--
-- Dumping data for table `llx_don`
--

INSERT INTO `llx_don` VALUES
(1,NULL,1,'2012-07-08 23:57:17',1,'2012-07-09 01:55:33','2012-07-09 12:00:00',10.00000000,1,0,'Donator','','Guest company','','','','France',0,'',NULL,NULL,1,1,1,1,'',NULL,'html_cerfafr',NULL,NULL,NULL,NULL,NULL),
(2,NULL,1,'2017-02-06 04:05:29',0,'2017-02-06 08:05:29','2017-02-06 12:00:00',100.00000000,NULL,0,'','','','','','',NULL,0,'','','',1,NULL,12,NULL,NULL,NULL,NULL,NULL,NULL,NULL,NULL,NULL),
(3,NULL,1,'2017-09-06 16:18:19',2,'2017-09-06 20:05:17','2017-09-06 12:00:00',10.00000000,NULL,0,'','','','','','',NULL,0,'','','',1,NULL,12,12,NULL,NULL,'html_cerfafr',NULL,NULL,NULL,NULL,NULL),
(4,NULL,1,'2017-09-06 16:07:07',1,'2017-09-06 20:06:59','2017-09-06 12:00:00',10.00000000,NULL,0,'','','','','','',NULL,117,'','','',1,NULL,12,12,NULL,NULL,NULL,NULL,NULL,NULL,NULL,NULL);

--
-- Table structure for table `llx_don_extrafields`
--

CREATE TABLE `llx_don_extrafields` (
  `rowid` int(11) NOT NULL AUTO_INCREMENT,
  `tms` timestamp NOT NULL DEFAULT current_timestamp() ON UPDATE current_timestamp(),
  `fk_object` int(11) NOT NULL,
  `import_key` varchar(14) DEFAULT NULL,
  PRIMARY KEY (`rowid`),
  KEY `idx_don_extrafields` (`fk_object`)
) ENGINE=InnoDB DEFAULT CHARSET=utf8mb3 COLLATE=utf8mb3_unicode_ci;

--
-- Dumping data for table `llx_don_extrafields`
--


--
-- Table structure for table `llx_ecm_directories`
--

CREATE TABLE `llx_ecm_directories` (
  `rowid` int(11) NOT NULL AUTO_INCREMENT,
  `label` varchar(64) NOT NULL,
  `entity` int(11) NOT NULL DEFAULT 1,
  `fk_parent` int(11) DEFAULT NULL,
  `description` varchar(255) NOT NULL,
  `cachenbofdoc` int(11) NOT NULL DEFAULT 0,
  `fullpath` varchar(750) DEFAULT NULL,
  `extraparams` varchar(255) DEFAULT NULL,
  `date_c` datetime DEFAULT NULL,
  `tms` timestamp NOT NULL DEFAULT current_timestamp() ON UPDATE current_timestamp(),
  `fk_user_c` int(11) DEFAULT NULL,
  `fk_user_m` int(11) DEFAULT NULL,
  `note_private` text DEFAULT NULL,
  `note_public` text DEFAULT NULL,
  `acl` text DEFAULT NULL,
  PRIMARY KEY (`rowid`),
  UNIQUE KEY `uk_ecm_directories` (`label`,`fk_parent`,`entity`),
  KEY `idx_ecm_directories_fk_user_c` (`fk_user_c`),
  KEY `idx_ecm_directories_fk_user_m` (`fk_user_m`),
  CONSTRAINT `fk_ecm_directories_fk_user_c` FOREIGN KEY (`fk_user_c`) REFERENCES `llx_user` (`rowid`),
  CONSTRAINT `fk_ecm_directories_fk_user_m` FOREIGN KEY (`fk_user_m`) REFERENCES `llx_user` (`rowid`)
) ENGINE=InnoDB AUTO_INCREMENT=10 DEFAULT CHARSET=utf8mb3 COLLATE=utf8mb3_unicode_ci;

--
-- Dumping data for table `llx_ecm_directories`
--

INSERT INTO `llx_ecm_directories` VALUES
(8,'Administrative documents',1,0,'Directory to store administrative contacts',1,NULL,NULL,'2018-07-30 16:54:41','2022-12-13 16:20:21',12,NULL,NULL,NULL,NULL),
(9,'Images',1,0,'',34,NULL,NULL,'2018-07-30 16:55:33','2018-07-30 13:24:41',12,NULL,NULL,NULL,NULL);

--
-- Table structure for table `llx_ecm_directories_extrafields`
--

CREATE TABLE `llx_ecm_directories_extrafields` (
  `rowid` int(11) NOT NULL AUTO_INCREMENT,
  `tms` timestamp NOT NULL DEFAULT current_timestamp() ON UPDATE current_timestamp(),
  `fk_object` int(11) NOT NULL,
  `import_key` varchar(14) CHARACTER SET utf8mb4 COLLATE utf8mb4_general_ci DEFAULT NULL,
  PRIMARY KEY (`rowid`),
  UNIQUE KEY `uk_ecm_directories_extrafields` (`fk_object`)
) ENGINE=InnoDB DEFAULT CHARSET=utf8mb3 COLLATE=utf8mb3_unicode_ci;

--
-- Dumping data for table `llx_ecm_directories_extrafields`
--


--
-- Table structure for table `llx_ecm_files_extrafields`
--

CREATE TABLE `llx_ecm_files_extrafields` (
  `rowid` int(11) NOT NULL AUTO_INCREMENT,
  `tms` timestamp NOT NULL DEFAULT current_timestamp() ON UPDATE current_timestamp(),
  `fk_object` int(11) NOT NULL,
  `import_key` varchar(14) CHARACTER SET utf8mb4 COLLATE utf8mb4_general_ci DEFAULT NULL,
  PRIMARY KEY (`rowid`),
  UNIQUE KEY `uk_ecm_files_extrafields` (`fk_object`)
) ENGINE=InnoDB DEFAULT CHARSET=utf8mb3 COLLATE=utf8mb3_unicode_ci;

--
-- Dumping data for table `llx_ecm_files_extrafields`
--


--
-- Table structure for table `llx_element_categorie`
--

CREATE TABLE `llx_element_categorie` (
  `rowid` int(11) NOT NULL AUTO_INCREMENT,
  `fk_categorie` int(11) NOT NULL,
  `fk_element` int(11) NOT NULL,
  `import_key` varchar(14) DEFAULT NULL,
  PRIMARY KEY (`rowid`),
  UNIQUE KEY `idx_element_categorie_idx` (`fk_element`,`fk_categorie`),
  KEY `fk_element_categorie_fk_categorie` (`fk_categorie`),
  KEY `idx_element_categorie_fk_categorie` (`fk_categorie`),
  CONSTRAINT `fk_element_categorie_fk_categorie` FOREIGN KEY (`fk_categorie`) REFERENCES `llx_categorie` (`rowid`)
) ENGINE=InnoDB DEFAULT CHARSET=utf8mb3 COLLATE=utf8mb3_unicode_ci;

--
-- Dumping data for table `llx_element_categorie`
--


--
-- Table structure for table `llx_element_contact`
--

CREATE TABLE `llx_element_contact` (
  `rowid` int(11) NOT NULL AUTO_INCREMENT,
  `datecreate` datetime DEFAULT NULL,
  `statut` smallint(6) DEFAULT 5,
  `element_id` int(11) NOT NULL,
  `fk_c_type_contact` int(11) NOT NULL,
  `fk_socpeople` int(11) NOT NULL,
  PRIMARY KEY (`rowid`),
  UNIQUE KEY `idx_element_contact_idx1` (`element_id`,`fk_c_type_contact`,`fk_socpeople`),
  KEY `fk_element_contact_fk_c_type_contact` (`fk_c_type_contact`),
  KEY `idx_element_contact_fk_socpeople` (`fk_socpeople`),
  CONSTRAINT `fk_element_contact_fk_c_type_contact` FOREIGN KEY (`fk_c_type_contact`) REFERENCES `llx_c_type_contact` (`rowid`)
) ENGINE=InnoDB AUTO_INCREMENT=51 DEFAULT CHARSET=utf8mb3 COLLATE=utf8mb3_unicode_ci;

--
-- Dumping data for table `llx_element_contact`
--

INSERT INTO `llx_element_contact` VALUES
(1,'2012-07-09 00:49:43',4,1,160,1),
(2,'2012-07-09 00:49:56',4,2,160,1),
(3,'2012-07-09 00:50:19',4,3,160,1),
(4,'2012-07-09 00:50:42',4,4,160,1),
(5,'2012-07-09 01:52:36',4,1,120,1),
(6,'2012-07-09 01:53:25',4,1,10,2),
(7,'2012-07-09 01:53:25',4,1,11,2),
(8,'2012-07-10 18:13:37',4,2,10,2),
(9,'2012-07-10 18:13:37',4,2,11,2),
(11,'2012-07-11 16:22:36',4,5,160,1),
(12,'2012-07-11 16:23:53',4,2,180,1),
(13,'2015-01-23 15:04:27',4,19,200,5),
(14,'2015-01-23 16:06:37',4,19,210,2),
(15,'2015-01-23 16:12:43',4,19,220,2),
(16,'2015-03-06 10:04:57',4,3,10,1),
(17,'2015-03-06 10:04:57',4,3,11,1),
(18,'2016-12-21 13:52:41',4,3,180,1),
(19,'2016-12-21 13:55:39',4,4,180,1),
(20,'2016-12-21 14:16:58',4,5,180,1),
(21,'2018-07-30 15:29:07',4,6,160,12),
(22,'2018-07-30 15:29:48',4,7,160,12),
(23,'2018-07-30 15:30:25',4,8,160,12),
(24,'2018-07-30 15:33:27',4,6,180,12),
(25,'2018-07-30 15:33:39',4,7,180,12),
(26,'2018-07-30 15:33:54',4,8,180,12),
(27,'2018-07-30 15:34:09',4,9,180,12),
(28,'2018-07-31 18:27:20',4,9,160,12),
(29,'2019-09-26 14:09:02',4,2,155,12),
(30,'2019-09-26 14:10:31',4,3,157,1),
(31,'2019-09-26 14:10:57',4,3,155,14),
(33,'2019-11-29 12:52:53',4,7,155,16),
(34,'2019-12-21 19:46:33',4,10,160,12),
(35,'2019-12-21 19:49:28',4,11,160,12),
(36,'2019-12-21 19:52:12',4,12,160,12),
(37,'2019-12-21 19:53:21',4,13,160,12),
(38,'2020-06-12 19:13:21',4,4,180,12),
(39,'2020-06-12 19:13:21',4,1,161,12),
(40,'2023-01-04 13:58:48',4,6,156,4),
(42,'2023-01-04 13:58:57',4,6,155,3),
(43,'2023-01-04 14:00:23',4,6,156,12),
(45,'2023-01-17 08:16:16',4,6,161,1),
(46,'2023-01-17 08:16:16',4,6,181,1),
(47,'2023-01-17 08:16:16',4,7,181,1),
(48,'2023-01-17 08:16:16',4,8,181,1),
(49,'2023-01-17 08:16:16',4,9,181,1),
(50,'2023-01-17 08:16:16',4,7,161,1);

--
-- Table structure for table `llx_element_element`
--

CREATE TABLE `llx_element_element` (
  `rowid` int(11) NOT NULL AUTO_INCREMENT,
  `fk_source` int(11) NOT NULL,
  `sourcetype` varchar(64) NOT NULL,
  `fk_target` int(11) NOT NULL,
  `targettype` varchar(64) NOT NULL,
  `relationtype` varchar(64) DEFAULT NULL,
  PRIMARY KEY (`rowid`),
  UNIQUE KEY `idx_element_element_idx1` (`fk_source`,`sourcetype`,`fk_target`,`targettype`),
  KEY `idx_element_element_fk_target` (`fk_target`)
) ENGINE=InnoDB AUTO_INCREMENT=36 DEFAULT CHARSET=utf8mb3 COLLATE=utf8mb3_unicode_ci;

--
-- Dumping data for table `llx_element_element`
--

INSERT INTO `llx_element_element` VALUES
(1,2,'contrat',2,'facture',NULL),
(2,2,'propal',1,'commande',NULL),
(3,5,'commande',1,'shipping',NULL),
(4,1,'order_supplier',20,'invoice_supplier',NULL),
(5,2,'cabinetmed_cabinetmedcons',216,'facture',NULL),
(6,75,'commande',2,'shipping',NULL),
(9,28,'propal',90,'commande',NULL),
(10,29,'propal',91,'commande',NULL),
(11,25,'propal',92,'commande',NULL),
(12,1,'shipping',217,'facture',NULL),
(13,5,'commande',217,'facture',NULL),
(14,29,'propal',94,'commande',NULL),
(15,29,'propal',95,'commande',NULL),
(18,34,'propal',96,'commande',NULL),
(19,34,'propal',97,'commande',NULL),
(20,62,'commande',220,'facture',NULL),
(21,62,'commande',221,'facture',NULL),
(22,62,'commande',222,'facture',NULL),
(23,62,'commande',223,'facture',NULL),
(24,62,'commande',224,'facture',NULL),
(25,62,'commande',225,'facture',NULL),
(26,36,'propal',98,'commande',NULL),
(27,36,'propal',227,'facture',NULL),
(28,36,'propal',99,'commande',NULL),
(29,36,'propal',228,'facture',NULL),
(30,4,'subscription',229,'facture',NULL),
(31,5,'subscription',230,'facture',NULL),
(32,6,'subscription',231,'facture',NULL),
(33,2,'order_supplier',1,'reception',NULL),
(34,237,'facture',238,'facture',NULL),
(35,2,'contrat',239,'facture',NULL);

--
-- Table structure for table `llx_element_resources`
--

CREATE TABLE `llx_element_resources` (
  `rowid` int(11) NOT NULL AUTO_INCREMENT,
  `element_id` int(11) DEFAULT NULL,
  `element_type` varchar(64) DEFAULT NULL,
  `resource_id` int(11) DEFAULT NULL,
  `resource_type` varchar(64) DEFAULT NULL,
  `busy` int(11) DEFAULT NULL,
  `mandatory` int(11) DEFAULT NULL,
  `fk_user_create` int(11) DEFAULT NULL,
  `tms` timestamp NOT NULL DEFAULT current_timestamp() ON UPDATE current_timestamp(),
  `duree` double DEFAULT NULL,
  PRIMARY KEY (`rowid`),
  UNIQUE KEY `idx_element_resources_idx1` (`resource_id`,`resource_type`,`element_id`,`element_type`),
  KEY `idx_element_element_element_id` (`element_id`)
) ENGINE=InnoDB AUTO_INCREMENT=2 DEFAULT CHARSET=utf8mb3 COLLATE=utf8mb3_unicode_ci;

--
-- Dumping data for table `llx_element_resources`
--

INSERT INTO `llx_element_resources` VALUES
(1,604,'action',4,'dolresource',1,0,NULL,'2020-06-12 17:28:39',NULL);

--
-- Table structure for table `llx_element_time`
--

CREATE TABLE `llx_element_time` (
  `rowid` int(11) NOT NULL AUTO_INCREMENT,
  `fk_element` int(11) NOT NULL,
  `elementtype` varchar(32) NOT NULL DEFAULT 'task',
  `element_date` date DEFAULT NULL,
  `element_datehour` datetime DEFAULT NULL,
  `element_date_withhour` int(11) DEFAULT NULL,
  `element_duration` double DEFAULT NULL,
  `fk_user` int(11) DEFAULT NULL,
  `thm` double(24,8) DEFAULT NULL,
  `note` text DEFAULT NULL,
  `invoice_id` int(11) DEFAULT NULL,
  `invoice_line_id` int(11) DEFAULT NULL,
  `import_key` varchar(14) DEFAULT NULL,
  `datec` datetime DEFAULT NULL,
  `tms` timestamp NOT NULL DEFAULT current_timestamp() ON UPDATE current_timestamp(),
  `intervention_id` int(11) DEFAULT NULL,
  `intervention_line_id` int(11) DEFAULT NULL,
  `fk_product` int(11) DEFAULT NULL,
  `ref_ext` varchar(32) DEFAULT NULL,
  PRIMARY KEY (`rowid`),
  KEY `idx_element_time_task` (`fk_element`),
  KEY `idx_element_time_date` (`element_date`),
  KEY `idx_element_time_datehour` (`element_datehour`)
) ENGINE=InnoDB AUTO_INCREMENT=30 DEFAULT CHARSET=utf8mb3 COLLATE=utf8mb3_unicode_ci;

--
-- Dumping data for table `llx_element_time`
--

INSERT INTO `llx_element_time` VALUES
(2,4,'task','2016-12-21','2016-12-21 12:00:00',0,3600,1,NULL,'',NULL,NULL,NULL,NULL,'2020-12-10 12:24:40',NULL,NULL,NULL,NULL),
(3,4,'task','2016-12-18','2016-12-18 12:00:00',0,3600,1,NULL,NULL,NULL,NULL,NULL,NULL,'2020-12-10 12:24:40',NULL,NULL,NULL,NULL),
(4,3,'task','2016-12-21','2016-12-21 12:00:00',0,3600,1,NULL,NULL,NULL,NULL,NULL,NULL,'2020-12-10 12:24:40',NULL,NULL,NULL,NULL),
(5,3,'task','2016-12-21','2016-12-21 12:00:00',0,1800,1,NULL,NULL,NULL,NULL,NULL,NULL,'2020-12-10 12:24:40',NULL,NULL,NULL,NULL),
(6,3,'task','2016-12-21','2016-12-21 12:00:00',0,3600,1,NULL,NULL,NULL,NULL,NULL,NULL,'2020-12-10 12:24:40',NULL,NULL,NULL,NULL),
(7,6,'task','2018-07-25','2018-07-25 00:00:00',0,18000,12,NULL,NULL,NULL,NULL,NULL,NULL,'2020-12-10 12:24:40',NULL,NULL,NULL,NULL),
(15,7,'task','2017-01-30','2017-01-30 10:00:00',1,660,12,NULL,'',NULL,NULL,NULL,NULL,'2020-12-10 12:24:40',NULL,NULL,NULL,NULL),
(16,4,'task','2020-06-13','2020-06-13 00:00:00',0,3600,12,NULL,'',NULL,NULL,NULL,NULL,'2020-06-12 17:13:30',NULL,NULL,NULL,NULL),
(18,8,'task','2023-02-23','2023-02-23 12:00:00',0,7200,12,NULL,'',NULL,NULL,NULL,'2023-02-23 18:10:26','2023-02-23 21:10:26',NULL,NULL,0,NULL),
(29,6,'task','2023-08-15','2023-08-15 12:00:00',NULL,3720,12,NULL,'',NULL,NULL,NULL,'2023-08-15 11:50:21','2023-08-15 11:50:21',NULL,NULL,NULL,NULL);

--
-- Table structure for table `llx_emailcollector_emailcollectoraction`
--

CREATE TABLE `llx_emailcollector_emailcollectoraction` (
  `rowid` int(11) NOT NULL AUTO_INCREMENT,
  `fk_emailcollector` int(11) NOT NULL,
  `type` varchar(128) NOT NULL,
  `actionparam` text DEFAULT NULL,
  `date_creation` datetime NOT NULL,
  `tms` timestamp NOT NULL DEFAULT current_timestamp() ON UPDATE current_timestamp(),
  `fk_user_creat` int(11) NOT NULL,
  `fk_user_modif` int(11) DEFAULT NULL,
  `import_key` varchar(14) DEFAULT NULL,
  `status` int(11) NOT NULL,
  `position` int(11) DEFAULT 0,
  PRIMARY KEY (`rowid`),
  UNIQUE KEY `uk_emailcollector_emailcollectoraction` (`fk_emailcollector`,`type`),
  KEY `idx_emailcollector_fk_emailcollector` (`fk_emailcollector`),
  CONSTRAINT `fk_emailcollectoraction_fk_emailcollector` FOREIGN KEY (`fk_emailcollector`) REFERENCES `llx_emailcollector_emailcollector` (`rowid`)
) ENGINE=InnoDB AUTO_INCREMENT=22 DEFAULT CHARSET=utf8mb3 COLLATE=utf8mb3_unicode_ci;

--
-- Dumping data for table `llx_emailcollector_emailcollectoraction`
--

INSERT INTO `llx_emailcollector_emailcollectoraction` VALUES
(18,3,'ticket',NULL,'2020-01-13 00:13:55','2020-01-12 20:13:55',12,NULL,NULL,1,0),
(19,4,'recordevent',NULL,'2020-01-13 00:13:55','2020-01-12 20:13:55',12,NULL,NULL,1,0),
(20,5,'project','tmp_from=EXTRACT:HEADER:^From:(.*);socid=SETIFEMPTY:1;usage_opportunity=SET:1;description=EXTRACT:BODY:(.*);title=SET:Lead or message from __tmp_from__ received by email','2020-01-13 00:13:55','2020-01-13 10:57:14',12,NULL,NULL,1,2),
(21,5,'loadthirdparty',NULL,'2020-01-13 14:57:08','2020-01-13 10:57:14',12,NULL,NULL,1,1);

--
-- Table structure for table `llx_emailcollector_emailcollectorfilter`
--

CREATE TABLE `llx_emailcollector_emailcollectorfilter` (
  `rowid` int(11) NOT NULL AUTO_INCREMENT,
  `fk_emailcollector` int(11) NOT NULL,
  `type` varchar(128) NOT NULL,
  `rulevalue` varchar(255) DEFAULT NULL,
  `date_creation` datetime NOT NULL,
  `tms` timestamp NOT NULL DEFAULT current_timestamp() ON UPDATE current_timestamp(),
  `fk_user_creat` int(11) NOT NULL,
  `fk_user_modif` int(11) DEFAULT NULL,
  `import_key` varchar(14) DEFAULT NULL,
  `status` int(11) NOT NULL,
  PRIMARY KEY (`rowid`),
  UNIQUE KEY `uk_emailcollector_emailcollectorfilter` (`fk_emailcollector`,`type`,`rulevalue`),
  KEY `idx_emailcollector_fk_emailcollector` (`fk_emailcollector`),
  CONSTRAINT `fk_emailcollector_fk_emailcollector` FOREIGN KEY (`fk_emailcollector`) REFERENCES `llx_emailcollector_emailcollector` (`rowid`),
  CONSTRAINT `fk_emailcollectorfilter_fk_emailcollector` FOREIGN KEY (`fk_emailcollector`) REFERENCES `llx_emailcollector_emailcollector` (`rowid`)
) ENGINE=InnoDB AUTO_INCREMENT=26 DEFAULT CHARSET=utf8mb3 COLLATE=utf8mb3_unicode_ci;

--
-- Dumping data for table `llx_emailcollector_emailcollectorfilter`
--

INSERT INTO `llx_emailcollector_emailcollectorfilter` VALUES
(21,3,'withouttrackingid',NULL,'2020-01-13 00:13:55','2020-01-12 20:13:55',12,NULL,NULL,1),
(22,3,'to','support@example.com','2020-01-13 00:13:55','2020-01-12 20:13:55',12,NULL,NULL,1),
(23,4,'withtrackingid',NULL,'2020-01-13 00:13:55','2020-01-12 20:13:55',12,NULL,NULL,1),
(24,5,'withouttrackingid',NULL,'2020-01-13 00:13:55','2020-01-12 20:13:55',12,NULL,NULL,1),
(25,5,'to','sales@example.com','2020-01-13 00:13:55','2020-01-12 20:13:55',12,NULL,NULL,1);

--
-- Table structure for table `llx_entity_element_sharing`
--

CREATE TABLE `llx_entity_element_sharing` (
  `rowid` int(11) NOT NULL AUTO_INCREMENT,
  `entity` int(11) NOT NULL DEFAULT 1,
  `element` varchar(64) NOT NULL,
  `fk_element` int(11) NOT NULL,
  PRIMARY KEY (`rowid`),
  UNIQUE KEY `idx_entity_element_sharing_id` (`entity`,`fk_element`,`element`),
  CONSTRAINT `fk_entity_element_sharing_fk_entity` FOREIGN KEY (`entity`) REFERENCES `llx_entity` (`rowid`)
) ENGINE=InnoDB DEFAULT CHARSET=utf8mb3 COLLATE=utf8mb3_unicode_ci;

--
-- Dumping data for table `llx_entity_element_sharing`
--


--
-- Table structure for table `llx_entrepot`
--

CREATE TABLE `llx_entrepot` (
  `rowid` int(11) NOT NULL AUTO_INCREMENT,
  `datec` datetime DEFAULT NULL,
  `tms` timestamp NOT NULL DEFAULT current_timestamp() ON UPDATE current_timestamp(),
  `ref` varchar(255) DEFAULT NULL,
  `entity` int(11) NOT NULL DEFAULT 1,
  `fk_project` int(11) DEFAULT NULL,
  `description` text DEFAULT NULL,
  `lieu` varchar(64) DEFAULT NULL,
  `address` varchar(255) DEFAULT NULL,
  `zip` varchar(10) DEFAULT NULL,
  `town` varchar(50) DEFAULT NULL,
  `fk_departement` int(11) DEFAULT NULL,
  `fk_pays` int(11) DEFAULT 0,
  `statut` tinyint(4) DEFAULT 1,
  `fk_user_author` int(11) DEFAULT NULL,
  `model_pdf` varchar(255) DEFAULT NULL,
  `import_key` varchar(14) DEFAULT NULL,
  `fk_parent` int(11) DEFAULT 0,
  `fax` varchar(20) DEFAULT NULL,
  `phone` varchar(20) DEFAULT NULL,
  `warehouse_usage` int(11) DEFAULT 1,
  `barcode` varchar(180) DEFAULT NULL,
  `fk_barcode_type` int(11) DEFAULT NULL,
  PRIMARY KEY (`rowid`),
  UNIQUE KEY `uk_entrepot_label` (`ref`,`entity`)
) ENGINE=InnoDB AUTO_INCREMENT=21 DEFAULT CHARSET=utf8mb3 COLLATE=utf8mb3_unicode_ci;

--
-- Dumping data for table `llx_entrepot`
--

INSERT INTO `llx_entrepot` VALUES
(1,'2012-07-09 00:31:22','2020-06-12 17:18:30','WAREHOUSEHOUSTON',1,NULL,'Warehouse located at Houston','Warehouse houston','','','Houston',NULL,11,1,1,NULL,NULL,NULL,'','',1,NULL,NULL),
(2,'2012-07-09 00:41:03','2020-06-12 17:18:33','WAREHOUSEPARIS',1,NULL,'','Warehouse Paris','','75000','Paris',NULL,1,1,1,NULL,NULL,NULL,'','',1,NULL,NULL),
(3,'2012-07-11 16:18:59','2020-06-12 17:18:25','Stock personnel Dupont',1,NULL,'Cet entrepôt représente le stock personnel de Alain Dupont','','','','',NULL,2,1,1,NULL,NULL,NULL,'','',1,NULL,NULL),
(9,'2017-10-03 11:47:41','2017-10-03 09:47:41','Personal stock Marie Curie',1,NULL,'This warehouse represents personal stock of Marie Curie','','','','',NULL,1,1,1,NULL,NULL,0,NULL,NULL,1,NULL,NULL),
(10,'2017-10-05 09:07:52','2018-07-30 13:52:24','Personal stock Alex Theceo',1,NULL,'This warehouse represents personal stock of Alex Theceo','','','','',NULL,3,1,1,NULL,NULL,0,NULL,NULL,1,NULL,NULL),
(12,'2017-10-05 21:29:35','2017-10-05 19:29:35','Personal stock Charly Commery',1,NULL,'This warehouse represents personal stock of Charly Commery','','','','',NULL,1,1,11,NULL,NULL,0,NULL,NULL,1,NULL,NULL),
(13,'2017-10-05 21:33:33','2018-07-30 13:51:38','Personal stock Sam Scientol',1,NULL,'This warehouse represents personal stock of Sam Scientol','','','7500','Paris',NULL,1,0,11,NULL,NULL,0,NULL,NULL,1,NULL,NULL),
(18,'2018-01-22 17:27:02','2020-06-12 17:18:18','Personal stock Laurent Destailleur',1,NULL,'This warehouse represents personal stock of Laurent Destailleur','','','','',NULL,1,1,12,NULL,NULL,NULL,'','',1,NULL,NULL),
(19,'2018-07-30 16:50:23','2020-06-12 17:18:12','Personal stock Eldy',1,NULL,'This warehouse represents personal stock of Eldy','','','','',NULL,14,1,12,NULL,NULL,NULL,'','',1,NULL,NULL),
(20,'2017-02-02 03:55:45','2020-06-12 17:18:55','Personal stock Alex Boston',1,NULL,'This warehouse represents personal stock of Alex Boston','PSTOCKALEXB','','','',NULL,14,1,12,NULL,NULL,NULL,'','',1,NULL,NULL);

--
-- Table structure for table `llx_entrepot_extrafields`
--

CREATE TABLE `llx_entrepot_extrafields` (
  `rowid` int(11) NOT NULL AUTO_INCREMENT,
  `tms` timestamp NOT NULL DEFAULT current_timestamp() ON UPDATE current_timestamp(),
  `fk_object` int(11) NOT NULL,
  `import_key` varchar(14) DEFAULT NULL,
  PRIMARY KEY (`rowid`),
  UNIQUE KEY `uk_entrepot_extrafields` (`fk_object`)
) ENGINE=InnoDB DEFAULT CHARSET=utf8mb3 COLLATE=utf8mb3_unicode_ci;

--
-- Dumping data for table `llx_entrepot_extrafields`
--


--
-- Table structure for table `llx_establishment`
--

CREATE TABLE `llx_establishment` (
  `rowid` int(11) NOT NULL AUTO_INCREMENT,
  `entity` int(11) NOT NULL DEFAULT 1,
  `name` varchar(50) DEFAULT NULL,
  `address` varchar(255) DEFAULT NULL,
  `zip` varchar(25) DEFAULT NULL,
  `town` varchar(50) DEFAULT NULL,
  `fk_state` int(11) DEFAULT 0,
  `fk_country` int(11) DEFAULT 0,
  `profid1` varchar(20) DEFAULT NULL,
  `profid2` varchar(20) DEFAULT NULL,
  `profid3` varchar(20) DEFAULT NULL,
  `phone` varchar(20) DEFAULT NULL,
  `fk_user_author` int(11) NOT NULL,
  `fk_user_mod` int(11) DEFAULT NULL,
  `datec` datetime NOT NULL,
  `tms` timestamp NOT NULL DEFAULT current_timestamp() ON UPDATE current_timestamp(),
  `status` tinyint(4) DEFAULT 1,
  `ref` varchar(30) NOT NULL,
  `label` varchar(128) DEFAULT NULL,
  PRIMARY KEY (`rowid`)
) ENGINE=InnoDB DEFAULT CHARSET=utf8mb3 COLLATE=utf8mb3_unicode_ci;

--
-- Dumping data for table `llx_establishment`
--


--
-- Table structure for table `llx_event_element`
--

CREATE TABLE `llx_event_element` (
  `rowid` int(11) NOT NULL AUTO_INCREMENT,
  `fk_source` int(11) NOT NULL,
  `fk_target` int(11) NOT NULL,
  `targettype` varchar(32) NOT NULL,
  PRIMARY KEY (`rowid`)
) ENGINE=InnoDB DEFAULT CHARSET=utf8mb3 COLLATE=utf8mb3_unicode_ci;

--
-- Dumping data for table `llx_event_element`
--


--
-- Table structure for table `llx_eventorganization_conferenceorboothattendee`
--

CREATE TABLE `llx_eventorganization_conferenceorboothattendee` (
  `rowid` int(11) NOT NULL AUTO_INCREMENT,
  `ref` varchar(128) NOT NULL,
  `fk_soc` int(11) DEFAULT NULL,
  `fk_actioncomm` int(11) DEFAULT NULL,
  `email` varchar(100) DEFAULT NULL,
  `email_company` varchar(128) DEFAULT NULL,
  `date_subscription` datetime DEFAULT NULL,
  `amount` double DEFAULT NULL,
  `note_public` text DEFAULT NULL,
  `note_private` text DEFAULT NULL,
  `date_creation` datetime NOT NULL,
  `tms` timestamp NOT NULL DEFAULT current_timestamp() ON UPDATE current_timestamp(),
  `fk_user_creat` int(11) DEFAULT NULL,
  `fk_user_modif` int(11) DEFAULT NULL,
  `last_main_doc` varchar(255) DEFAULT NULL,
  `import_key` varchar(14) DEFAULT NULL,
  `model_pdf` varchar(255) DEFAULT NULL,
  `status` smallint(6) NOT NULL,
  `fk_project` int(11) NOT NULL,
  `fk_invoice` int(11) DEFAULT NULL,
  `firstname` varchar(100) DEFAULT NULL,
  `lastname` varchar(100) DEFAULT NULL,
  `ip` varchar(250) DEFAULT NULL,
  PRIMARY KEY (`rowid`),
  UNIQUE KEY `uk_eventorganization_conferenceorboothattendee` (`fk_project`,`email`,`fk_actioncomm`),
  KEY `idx_eventorganization_conferenceorboothattendee_rowid` (`rowid`),
  KEY `idx_eventorganization_conferenceorboothattendee_ref` (`ref`),
  KEY `idx_eventorganization_conferenceorboothattendee_fk_soc` (`fk_soc`),
  KEY `idx_eventorganization_conferenceorboothattendee_fk_actioncomm` (`fk_actioncomm`),
  KEY `idx_eventorganization_conferenceorboothattendee_email` (`email`),
  KEY `idx_eventorganization_conferenceorboothattendee_status` (`status`)
) ENGINE=InnoDB DEFAULT CHARSET=utf8mb3 COLLATE=utf8mb3_unicode_ci;

--
-- Dumping data for table `llx_eventorganization_conferenceorboothattendee`
--


--
-- Table structure for table `llx_eventorganization_conferenceorboothattendee_extrafields`
--

CREATE TABLE `llx_eventorganization_conferenceorboothattendee_extrafields` (
  `rowid` int(11) NOT NULL AUTO_INCREMENT,
  `tms` timestamp NOT NULL DEFAULT current_timestamp() ON UPDATE current_timestamp(),
  `fk_object` int(11) NOT NULL,
  `import_key` varchar(14) DEFAULT NULL,
  PRIMARY KEY (`rowid`),
  UNIQUE KEY `uk_conferenceorboothattendee_fk_object` (`fk_object`)
) ENGINE=InnoDB DEFAULT CHARSET=utf8mb3 COLLATE=utf8mb3_unicode_ci;

--
-- Dumping data for table `llx_eventorganization_conferenceorboothattendee_extrafields`
--


--
-- Table structure for table `llx_expedition`
--

CREATE TABLE `llx_expedition` (
  `rowid` int(11) NOT NULL AUTO_INCREMENT,
  `tms` timestamp NOT NULL DEFAULT current_timestamp() ON UPDATE current_timestamp(),
  `ref` varchar(30) NOT NULL,
  `entity` int(11) NOT NULL DEFAULT 1,
  `ref_customer` varchar(255) DEFAULT NULL,
  `fk_soc` int(11) NOT NULL,
  `fk_projet` int(11) DEFAULT NULL,
  `ref_ext` varchar(255) DEFAULT NULL,
  `ref_int` varchar(30) DEFAULT NULL,
  `date_creation` datetime DEFAULT NULL,
  `fk_user_author` int(11) DEFAULT NULL,
  `date_valid` datetime DEFAULT NULL,
  `fk_user_valid` int(11) DEFAULT NULL,
  `date_expedition` datetime DEFAULT NULL,
  `date_delivery` datetime DEFAULT NULL,
  `fk_address` int(11) DEFAULT NULL,
  `fk_shipping_method` int(11) DEFAULT NULL,
  `tracking_number` varchar(50) DEFAULT NULL,
  `fk_statut` smallint(6) DEFAULT 0,
  `height` float DEFAULT NULL,
  `height_unit` int(11) DEFAULT NULL,
  `width` float DEFAULT NULL,
  `size_units` int(11) DEFAULT NULL,
  `size` float DEFAULT NULL,
  `weight_units` int(11) DEFAULT NULL,
  `weight` float DEFAULT NULL,
  `note_private` text DEFAULT NULL,
  `note_public` text DEFAULT NULL,
  `model_pdf` varchar(255) DEFAULT NULL,
  `fk_incoterms` int(11) DEFAULT NULL,
  `location_incoterms` varchar(255) DEFAULT NULL,
  `import_key` varchar(14) DEFAULT NULL,
  `extraparams` varchar(255) DEFAULT NULL,
  `billed` smallint(6) DEFAULT 0,
  `signed_status` smallint(6) DEFAULT NULL,
  `fk_user_modif` int(11) DEFAULT NULL,
  `last_main_doc` varchar(255) DEFAULT NULL,
  `online_sign_ip` varchar(48) DEFAULT NULL,
  `online_sign_name` varchar(64) DEFAULT NULL,
  PRIMARY KEY (`rowid`),
  UNIQUE KEY `idx_expedition_uk_ref` (`ref`,`entity`),
  KEY `idx_expedition_fk_soc` (`fk_soc`),
  KEY `idx_expedition_fk_user_author` (`fk_user_author`),
  KEY `idx_expedition_fk_user_valid` (`fk_user_valid`),
  KEY `idx_expedition_fk_shipping_method` (`fk_shipping_method`),
  CONSTRAINT `fk_expedition_fk_shipping_method` FOREIGN KEY (`fk_shipping_method`) REFERENCES `llx_c_shipment_mode` (`rowid`),
  CONSTRAINT `fk_expedition_fk_soc` FOREIGN KEY (`fk_soc`) REFERENCES `llx_societe` (`rowid`),
  CONSTRAINT `fk_expedition_fk_user_author` FOREIGN KEY (`fk_user_author`) REFERENCES `llx_user` (`rowid`),
  CONSTRAINT `fk_expedition_fk_user_valid` FOREIGN KEY (`fk_user_valid`) REFERENCES `llx_user` (`rowid`)
) ENGINE=InnoDB AUTO_INCREMENT=3 DEFAULT CHARSET=utf8mb3 COLLATE=utf8mb3_unicode_ci;

--
-- Dumping data for table `llx_expedition`
--

INSERT INTO `llx_expedition` VALUES
(1,'2018-01-22 17:33:03','SH1302-0001',1,NULL,1,NULL,NULL,NULL,'2013-08-08 03:05:34',1,'2015-02-17 18:22:51',1,NULL,'2013-08-09 00:00:00',NULL,NULL,'',1,NULL,NULL,NULL,0,NULL,0,NULL,NULL,NULL,'merou',NULL,NULL,NULL,NULL,0,NULL,NULL,NULL,NULL,NULL),
(2,'2017-02-15 23:11:35','(PROV2)',1,NULL,4,NULL,NULL,NULL,'2017-02-16 03:11:35',12,NULL,NULL,NULL,NULL,NULL,1,'',0,NULL,NULL,NULL,0,NULL,0,NULL,NULL,NULL,'merou',0,'',NULL,NULL,0,NULL,NULL,NULL,NULL,NULL);

--
-- Table structure for table `llx_expedition_extrafields`
--

CREATE TABLE `llx_expedition_extrafields` (
  `rowid` int(11) NOT NULL AUTO_INCREMENT,
  `tms` timestamp NOT NULL DEFAULT current_timestamp() ON UPDATE current_timestamp(),
  `fk_object` int(11) NOT NULL,
  `import_key` varchar(14) DEFAULT NULL,
  PRIMARY KEY (`rowid`),
  UNIQUE KEY `uk_expedition_extrafields` (`fk_object`)
) ENGINE=InnoDB DEFAULT CHARSET=utf8mb3 COLLATE=utf8mb3_unicode_ci;

--
-- Dumping data for table `llx_expedition_extrafields`
--


--
-- Table structure for table `llx_expedition_package`
--

CREATE TABLE `llx_expedition_package` (
  `rowid` int(11) NOT NULL AUTO_INCREMENT,
  `fk_expedition` int(11) NOT NULL,
  `description` varchar(255) DEFAULT NULL,
  `value` double(24,8) DEFAULT 0.00000000,
  `fk_package_type` int(11) DEFAULT NULL,
  `height` float DEFAULT NULL,
  `width` float DEFAULT NULL,
  `size` float DEFAULT NULL,
  `size_units` int(11) DEFAULT NULL,
  `weight` float DEFAULT NULL,
  `weight_units` int(11) DEFAULT NULL,
  `dangerous_goods` varchar(60) DEFAULT '0',
  `tail_lift` smallint(6) DEFAULT 0,
  `rang` int(11) DEFAULT 0,
  PRIMARY KEY (`rowid`)
) ENGINE=InnoDB DEFAULT CHARSET=utf8mb3 COLLATE=utf8mb3_unicode_ci;

--
-- Dumping data for table `llx_expedition_package`
--


--
-- Table structure for table `llx_expeditiondet`
--

CREATE TABLE `llx_expeditiondet` (
  `rowid` int(11) NOT NULL AUTO_INCREMENT,
  `fk_expedition` int(11) NOT NULL,
  `fk_elementdet` int(11) DEFAULT NULL,
  `fk_entrepot` int(11) DEFAULT NULL,
  `qty` double DEFAULT NULL,
  `fk_unit` int(11) DEFAULT NULL,
  `rang` int(11) DEFAULT 0,
  `fk_product` int(11) DEFAULT NULL,
  `fk_element` int(11) DEFAULT NULL,
  `element_type` varchar(50) NOT NULL DEFAULT 'commande',
  PRIMARY KEY (`rowid`),
  KEY `idx_expeditiondet_fk_expedition` (`fk_expedition`),
  KEY `idx_expeditiondet_fk_elementdet` (`fk_elementdet`),
  CONSTRAINT `fk_expeditiondet_fk_expedition` FOREIGN KEY (`fk_expedition`) REFERENCES `llx_expedition` (`rowid`)
) ENGINE=InnoDB AUTO_INCREMENT=3 DEFAULT CHARSET=utf8mb3 COLLATE=utf8mb3_unicode_ci;

--
-- Dumping data for table `llx_expeditiondet`
--

INSERT INTO `llx_expeditiondet` VALUES
(1,1,10,3,1,NULL,0,NULL,NULL,'commande'),
(2,2,226,19,2,NULL,0,NULL,NULL,'commande');

--
-- Table structure for table `llx_expeditiondet_batch`
--

CREATE TABLE `llx_expeditiondet_batch` (
  `rowid` int(11) NOT NULL AUTO_INCREMENT,
  `fk_expeditiondet` int(11) NOT NULL,
  `eatby` date DEFAULT NULL,
  `sellby` date DEFAULT NULL,
  `batch` varchar(128) DEFAULT NULL,
  `qty` double NOT NULL DEFAULT 0,
  `fk_origin_stock` int(11) NOT NULL,
  `fk_warehouse` int(11) DEFAULT NULL,
  PRIMARY KEY (`rowid`),
  KEY `idx_fk_expeditiondet` (`fk_expeditiondet`),
  CONSTRAINT `fk_expeditiondet_batch_fk_expeditiondet` FOREIGN KEY (`fk_expeditiondet`) REFERENCES `llx_expeditiondet` (`rowid`)
) ENGINE=InnoDB DEFAULT CHARSET=utf8mb3 COLLATE=utf8mb3_unicode_ci;

--
-- Dumping data for table `llx_expeditiondet_batch`
--


--
-- Table structure for table `llx_expeditiondet_extrafields`
--

CREATE TABLE `llx_expeditiondet_extrafields` (
  `rowid` int(11) NOT NULL AUTO_INCREMENT,
  `tms` timestamp NOT NULL DEFAULT current_timestamp() ON UPDATE current_timestamp(),
  `fk_object` int(11) NOT NULL,
  `import_key` varchar(14) DEFAULT NULL,
  PRIMARY KEY (`rowid`),
  UNIQUE KEY `uk_expeditiondet_extrafields` (`fk_object`)
) ENGINE=InnoDB DEFAULT CHARSET=utf8mb3 COLLATE=utf8mb3_unicode_ci;

--
-- Dumping data for table `llx_expeditiondet_extrafields`
--


--
-- Table structure for table `llx_expensereport`
--

CREATE TABLE `llx_expensereport` (
  `rowid` int(11) NOT NULL AUTO_INCREMENT,
  `ref` varchar(50) NOT NULL,
  `entity` int(11) NOT NULL DEFAULT 1,
  `ref_number_int` int(11) DEFAULT NULL,
  `ref_ext` int(11) DEFAULT NULL,
  `total_ht` double(24,8) DEFAULT 0.00000000,
  `total_tva` double(24,8) DEFAULT 0.00000000,
  `localtax1` double(24,8) DEFAULT 0.00000000,
  `localtax2` double(24,8) DEFAULT 0.00000000,
  `total_ttc` double(24,8) DEFAULT 0.00000000,
  `date_debut` date NOT NULL,
  `date_fin` date NOT NULL,
  `date_create` datetime NOT NULL,
  `date_valid` datetime DEFAULT NULL,
  `date_approve` datetime DEFAULT NULL,
  `date_refuse` datetime DEFAULT NULL,
  `date_cancel` datetime DEFAULT NULL,
  `tms` timestamp NOT NULL DEFAULT current_timestamp() ON UPDATE current_timestamp(),
  `fk_user_author` int(11) NOT NULL,
  `fk_user_modif` int(11) DEFAULT NULL,
  `fk_user_valid` int(11) DEFAULT NULL,
  `fk_user_validator` int(11) DEFAULT NULL,
  `fk_user_approve` int(11) DEFAULT NULL,
  `fk_user_refuse` int(11) DEFAULT NULL,
  `fk_user_cancel` int(11) DEFAULT NULL,
  `fk_statut` int(11) NOT NULL,
  `fk_c_paiement` int(11) DEFAULT NULL,
  `paid` smallint(6) NOT NULL DEFAULT 0,
  `note_public` text DEFAULT NULL,
  `note_private` text DEFAULT NULL,
  `detail_refuse` varchar(255) DEFAULT NULL,
  `detail_cancel` varchar(255) DEFAULT NULL,
  `integration_compta` int(11) DEFAULT NULL,
  `fk_bank_account` int(11) DEFAULT NULL,
  `model_pdf` varchar(255) DEFAULT NULL,
  `last_main_doc` varchar(255) DEFAULT NULL,
  `fk_multicurrency` int(11) DEFAULT NULL,
  `multicurrency_code` varchar(3) DEFAULT NULL,
  `multicurrency_tx` double(24,8) DEFAULT 1.00000000,
  `multicurrency_total_ht` double(24,8) DEFAULT 0.00000000,
  `multicurrency_total_tva` double(24,8) DEFAULT 0.00000000,
  `multicurrency_total_ttc` double(24,8) DEFAULT 0.00000000,
  `import_key` varchar(14) DEFAULT NULL,
  `extraparams` varchar(255) DEFAULT NULL,
  `fk_user_creat` int(11) DEFAULT NULL,
  PRIMARY KEY (`rowid`),
  UNIQUE KEY `idx_expensereport_uk_ref` (`ref`,`entity`),
  KEY `idx_expensereport_date_debut` (`date_debut`),
  KEY `idx_expensereport_date_fin` (`date_fin`),
  KEY `idx_expensereport_fk_statut` (`fk_statut`),
  KEY `idx_expensereport_fk_user_author` (`fk_user_author`),
  KEY `idx_expensereport_fk_user_valid` (`fk_user_valid`),
  KEY `idx_expensereport_fk_user_approve` (`fk_user_approve`),
  KEY `idx_expensereport_fk_refuse` (`fk_user_refuse`)
) ENGINE=InnoDB AUTO_INCREMENT=4 DEFAULT CHARSET=utf8mb3 COLLATE=utf8mb3_unicode_ci;

--
-- Dumping data for table `llx_expensereport`
--

INSERT INTO `llx_expensereport` VALUES
(1,'ADMIN-ER00002-150101',1,2,NULL,8.33000000,1.67000000,0.00000000,0.00000000,10.00000000,'2025-01-01','2025-01-03','2024-01-22 19:03:37','2024-01-22 19:06:50','2024-02-16 02:12:40',NULL,NULL,'2025-01-06 15:48:05',12,NULL,12,12,12,NULL,NULL,5,NULL,0,'Holidays',NULL,NULL,NULL,NULL,NULL,NULL,NULL,NULL,NULL,1.00000000,0.00000000,0.00000000,0.00000000,NULL,NULL,NULL),
(2,'ER1912-0001',1,NULL,NULL,141.67000000,28.33000000,0.00000000,0.00000000,170.00000000,'2024-02-01','2023-02-28','2024-01-22 19:04:44','2023-12-20 20:34:13','2023-12-20 20:34:19',NULL,'2023-12-21 00:34:26','2024-06-20 09:34:25',12,12,12,12,12,NULL,12,4,NULL,0,'Work on projet X','','','aaaa',NULL,NULL,NULL,NULL,NULL,NULL,1.00000000,0.00000000,0.00000000,0.00000000,NULL,NULL,NULL),
(3,'(PROV3)',1,NULL,NULL,40.00000000,0.00000000,0.00000000,0.00000000,40.00000000,'2024-02-02','2024-02-02','2024-02-02 03:57:03','2024-02-02 00:00:00',NULL,NULL,NULL,'2024-06-20 09:34:25',19,NULL,NULL,NULL,NULL,NULL,NULL,0,NULL,0,NULL,NULL,NULL,NULL,NULL,NULL,NULL,'expensereport/(PROV3)/(PROV3).pdf',NULL,NULL,1.00000000,0.00000000,0.00000000,0.00000000,NULL,NULL,NULL);

--
-- Table structure for table `llx_expensereport_det`
--

CREATE TABLE `llx_expensereport_det` (
  `rowid` int(11) NOT NULL AUTO_INCREMENT,
  `fk_expensereport` int(11) NOT NULL,
  `docnumber` varchar(128) DEFAULT NULL,
  `fk_c_type_fees` int(11) NOT NULL,
  `fk_projet` int(11) DEFAULT NULL,
  `comments` text NOT NULL,
  `product_type` int(11) DEFAULT -1,
  `qty` double NOT NULL,
  `subprice` double(24,8) NOT NULL DEFAULT 0.00000000,
  `subprice_ttc` double(24,8) DEFAULT 0.00000000,
  `value_unit` double(24,8) NOT NULL,
  `remise_percent` double DEFAULT NULL,
  `tva_tx` double(6,3) DEFAULT NULL,
  `localtax1_tx` double(6,3) DEFAULT 0.000,
  `localtax1_type` varchar(10) DEFAULT NULL,
  `localtax2_tx` double(6,3) DEFAULT 0.000,
  `localtax2_type` varchar(10) DEFAULT NULL,
  `total_ht` double(24,8) NOT NULL DEFAULT 0.00000000,
  `total_tva` double(24,8) NOT NULL DEFAULT 0.00000000,
  `total_localtax1` double(24,8) DEFAULT 0.00000000,
  `total_localtax2` double(24,8) DEFAULT 0.00000000,
  `total_ttc` double(24,8) NOT NULL DEFAULT 0.00000000,
  `date` date NOT NULL,
  `info_bits` int(11) DEFAULT 0,
  `special_code` int(11) DEFAULT 0,
  `rang` int(11) DEFAULT 0,
  `import_key` varchar(14) DEFAULT NULL,
  `fk_multicurrency` int(11) DEFAULT NULL,
  `multicurrency_code` varchar(3) DEFAULT NULL,
  `multicurrency_subprice` double(24,8) DEFAULT 0.00000000,
  `multicurrency_subprice_ttc` double(24,8) DEFAULT 0.00000000,
  `multicurrency_total_ht` double(24,8) DEFAULT 0.00000000,
  `multicurrency_total_tva` double(24,8) DEFAULT 0.00000000,
  `multicurrency_total_ttc` double(24,8) DEFAULT 0.00000000,
  `fk_facture` int(11) DEFAULT 0,
  `fk_code_ventilation` int(11) DEFAULT 0,
  `vat_src_code` varchar(10) DEFAULT '',
  `rule_warning_message` text DEFAULT NULL,
  `fk_c_exp_tax_cat` int(11) DEFAULT NULL,
  `fk_ecm_files` int(11) DEFAULT NULL,
  PRIMARY KEY (`rowid`)
) ENGINE=InnoDB AUTO_INCREMENT=8 DEFAULT CHARSET=utf8mb3 COLLATE=utf8mb3_unicode_ci;

--
-- Dumping data for table `llx_expensereport_det`
--

INSERT INTO `llx_expensereport_det` VALUES
(1,1,NULL,3,1,'',-1,1,0.00000000,0.00000000,10.00000000,NULL,20.000,0.000,NULL,0.000,NULL,8.33000000,1.67000000,0.00000000,0.00000000,10.00000000,'2017-01-01',0,0,0,NULL,NULL,NULL,0.00000000,0.00000000,0.00000000,0.00000000,0.00000000,0,0,'',NULL,NULL,NULL),
(2,2,NULL,3,4,'',-1,1,0.00000000,0.00000000,20.00000000,NULL,20.000,0.000,NULL,0.000,NULL,16.67000000,3.33000000,0.00000000,0.00000000,20.00000000,'2017-01-07',0,0,0,NULL,NULL,NULL,0.00000000,0.00000000,0.00000000,0.00000000,0.00000000,0,0,'',NULL,NULL,NULL),
(3,2,NULL,2,5,'Train',-1,1,0.00000000,0.00000000,150.00000000,NULL,20.000,0.000,NULL,0.000,NULL,125.00000000,25.00000000,0.00000000,0.00000000,150.00000000,'2017-02-05',0,0,0,NULL,NULL,NULL,0.00000000,0.00000000,0.00000000,0.00000000,0.00000000,0,0,'','',0,73),
(4,3,NULL,1,NULL,'',-1,1,0.00000000,0.00000000,10.00000000,NULL,0.000,0.000,'0',0.000,'0',10.00000000,0.00000000,0.00000000,0.00000000,10.00000000,'2022-12-19',0,0,0,NULL,NULL,NULL,0.00000000,0.00000000,0.00000000,0.00000000,0.00000000,0,0,'',NULL,0,163),
(5,3,NULL,1,NULL,'',-1,1,0.00000000,0.00000000,10.00000000,NULL,0.000,0.000,'0',0.000,'0',10.00000000,0.00000000,0.00000000,0.00000000,10.00000000,'2022-12-19',0,0,0,NULL,NULL,NULL,0.00000000,0.00000000,0.00000000,0.00000000,0.00000000,0,0,'',NULL,0,163),
(6,3,NULL,1,NULL,'',-1,1,0.00000000,0.00000000,10.00000000,NULL,0.000,0.000,'0',0.000,'0',10.00000000,0.00000000,0.00000000,0.00000000,10.00000000,'2022-12-19',0,0,0,NULL,NULL,NULL,0.00000000,0.00000000,0.00000000,0.00000000,0.00000000,0,0,'',NULL,0,163),
(7,3,NULL,1,NULL,'',-1,1,0.00000000,0.00000000,10.00000000,NULL,0.000,0.000,'0',0.000,'0',10.00000000,0.00000000,0.00000000,0.00000000,10.00000000,'2022-12-19',0,0,0,NULL,NULL,NULL,0.00000000,0.00000000,0.00000000,0.00000000,0.00000000,0,0,'',NULL,0,163);

--
-- Table structure for table `llx_expensereport_extrafields`
--

CREATE TABLE `llx_expensereport_extrafields` (
  `rowid` int(11) NOT NULL AUTO_INCREMENT,
  `tms` timestamp NOT NULL DEFAULT current_timestamp() ON UPDATE current_timestamp(),
  `fk_object` int(11) NOT NULL,
  `import_key` varchar(14) DEFAULT NULL,
  PRIMARY KEY (`rowid`),
  UNIQUE KEY `uk_expensereport_extrafields` (`fk_object`)
) ENGINE=InnoDB DEFAULT CHARSET=utf8mb3 COLLATE=utf8mb3_unicode_ci;

--
-- Dumping data for table `llx_expensereport_extrafields`
--


--
-- Table structure for table `llx_expensereport_ik`
--

CREATE TABLE `llx_expensereport_ik` (
  `rowid` int(11) NOT NULL AUTO_INCREMENT,
  `datec` datetime DEFAULT NULL,
  `tms` timestamp NOT NULL DEFAULT current_timestamp() ON UPDATE current_timestamp(),
  `fk_c_exp_tax_cat` int(11) NOT NULL DEFAULT 0,
  `fk_range` int(11) NOT NULL DEFAULT 0,
  `coef` double NOT NULL DEFAULT 0,
  `ikoffset` double NOT NULL DEFAULT 0,
  `active` int(11) DEFAULT 1,
  PRIMARY KEY (`rowid`)
) ENGINE=InnoDB AUTO_INCREMENT=16 DEFAULT CHARSET=utf8mb3 COLLATE=utf8mb3_unicode_ci;

--
-- Dumping data for table `llx_expensereport_ik`
--

INSERT INTO `llx_expensereport_ik` VALUES
(1,NULL,'2018-01-19 11:09:35',4,1,0.41,0,1),
(2,NULL,'2018-01-19 11:09:35',4,2,0.244,824,1),
(3,NULL,'2018-01-19 11:09:35',4,3,0.286,0,1),
(4,NULL,'2018-01-19 11:09:35',5,4,0.493,0,1),
(5,NULL,'2018-01-19 11:09:35',5,5,0.277,1082,1),
(6,NULL,'2018-01-19 11:09:35',5,6,0.332,0,1),
(7,NULL,'2018-01-19 11:09:35',6,7,0.543,0,1),
(8,NULL,'2018-01-19 11:09:35',6,8,0.305,1180,1),
(9,NULL,'2018-01-19 11:09:35',6,9,0.364,0,1),
(10,NULL,'2018-01-19 11:09:35',7,10,0.568,0,1),
(11,NULL,'2018-01-19 11:09:35',7,11,0.32,1244,1),
(12,NULL,'2018-01-19 11:09:35',7,12,0.382,0,1),
(13,NULL,'2018-01-19 11:09:35',8,13,0.595,0,1),
(14,NULL,'2018-01-19 11:09:35',8,14,0.337,1288,1),
(15,NULL,'2018-01-19 11:09:35',8,15,0.401,0,1);

--
-- Table structure for table `llx_expensereport_rules`
--

CREATE TABLE `llx_expensereport_rules` (
  `rowid` int(11) NOT NULL AUTO_INCREMENT,
  `datec` datetime DEFAULT NULL,
  `tms` timestamp NOT NULL DEFAULT current_timestamp() ON UPDATE current_timestamp(),
  `dates` datetime NOT NULL,
  `datee` datetime NOT NULL,
  `amount` double(24,8) DEFAULT NULL,
  `restrictive` tinyint(4) NOT NULL,
  `fk_user` int(11) DEFAULT NULL,
  `fk_usergroup` int(11) DEFAULT NULL,
  `fk_c_type_fees` int(11) NOT NULL,
  `code_expense_rules_type` varchar(50) NOT NULL,
  `is_for_all` tinyint(4) DEFAULT 0,
  `entity` int(11) DEFAULT 1,
  PRIMARY KEY (`rowid`)
) ENGINE=InnoDB DEFAULT CHARSET=utf8mb3 COLLATE=utf8mb3_unicode_ci;

--
-- Dumping data for table `llx_expensereport_rules`
--


--
-- Table structure for table `llx_export_model`
--

CREATE TABLE `llx_export_model` (
  `rowid` int(11) NOT NULL AUTO_INCREMENT,
  `fk_user` int(11) NOT NULL DEFAULT 0,
  `label` varchar(50) NOT NULL,
  `type` varchar(64) DEFAULT NULL,
  `field` text NOT NULL,
  `filter` text DEFAULT NULL,
  `entity` int(11) NOT NULL DEFAULT 0,
  PRIMARY KEY (`rowid`),
  UNIQUE KEY `uk_export_model` (`label`,`type`)
) ENGINE=InnoDB AUTO_INCREMENT=4 DEFAULT CHARSET=utf8mb3 COLLATE=utf8mb3_unicode_ci;

--
-- Dumping data for table `llx_export_model`
--

INSERT INTO `llx_export_model` VALUES
(1,0,'MyExport','facture_2','s.rowid,s.nom,s.code_client,s.address,s.zip,s.town,c.code,cd.nom,s.phone,s.siren,s.siret,s.ape,s.idprof4,s.code_compta,s.code_compta_fournisseur,s.tva_intra,f.rowid,f.ref,f.ref_client,f.type,f.datec,f.datef,f.date_lim_reglement,f.total_ht,f.total_ttc,f.total_tva,f.localtax1,f.localtax2,none.rest,f.paye,f.fk_statut,f.note_private,f.note_public,f.fk_user_author,uc.login,f.fk_user_valid,uv.login,pj.ref,pj.title,p.rowid,p.ref,p.amount,pf.amount,p.datep,p.num_paiement,pt.code,pt.libelle,p.note,p.fk_bank,ba.ref,f.multicurrency_code,f.multicurrency_tx,f.multicurrency_total_ht,f.multicurrency_total_tva,f.multicurrency_total_ttc,f.module_source,f.pos_source','',0),
(2,11,'Export by joe','facture_2','s.rowid,s.nom,s.code_client,s.address,s.zip,s.town,c.code,cd.nom,s.phone,s.siren,s.siret,s.ape,s.idprof4,s.code_compta,s.code_compta_fournisseur,s.tva_intra,f.rowid,f.ref,f.ref_client,f.type,f.datec,f.datef,f.date_lim_reglement,f.total_ht,f.total_ttc,f.total_tva,f.localtax1,f.localtax2,none.rest,f.paye,f.fk_statut,f.note_private,f.note_public,f.fk_user_author,uc.login,f.fk_user_valid,uv.login,pj.ref,pj.title,p.rowid,p.ref,p.amount,pf.amount,p.datep,p.num_paiement,pt.code,pt.libelle,p.note,p.fk_bank,ba.ref,f.multicurrency_code,f.multicurrency_tx,f.multicurrency_total_ht,f.multicurrency_total_tva,f.multicurrency_total_ttc,f.module_source,f.pos_source','',0),
(3,12,'test','societe_1','s.rowid,s.nom,s.name_alias,s.status,s.client,s.fournisseur,s.datec,s.tms,s.code_client,s.code_fournisseur,s.code_compta,s.code_compta_fournisseur,s.address,s.zip,s.town,d.nom,c.label,c.code,s.phone,s.fax,s.url,s.email,s.default_lang,s.siren,s.siret,s.ape,s.idprof4,s.idprof5,s.idprof6,s.tva_intra,s.capital,s.note_private,s.note_public,t.libelle,ce.code,cfj.libelle,s.fk_prospectlevel,st.code,payterm.libelle,paymode.libelle,s.price_level,extra.height,extra.weight,extra.prof,extra.birthdate,u.login,u.firstname,u.lastname','s.nom=%a%',0);

--
-- Table structure for table `llx_extrafields`
--

CREATE TABLE `llx_extrafields` (
  `rowid` int(11) NOT NULL AUTO_INCREMENT,
  `elementtype` varchar(64) NOT NULL DEFAULT 'member',
  `name` varchar(64) NOT NULL,
  `entity` int(11) NOT NULL DEFAULT 1,
  `tms` timestamp NOT NULL DEFAULT current_timestamp() ON UPDATE current_timestamp(),
  `label` varchar(255) NOT NULL,
  `type` varchar(8) DEFAULT NULL,
  `size` varchar(8) DEFAULT NULL,
  `pos` int(11) DEFAULT 0,
  `alwayseditable` int(11) DEFAULT 0,
  `param` text DEFAULT NULL,
  `fieldunique` int(11) DEFAULT 0,
  `fieldrequired` int(11) DEFAULT 0,
  `perms` varchar(255) DEFAULT NULL,
  `list` varchar(128) DEFAULT NULL,
  `totalizable` tinyint(1) DEFAULT 0,
  `ishidden` int(11) DEFAULT 0,
  `fieldcomputed` text DEFAULT NULL,
  `fielddefault` text DEFAULT NULL,
  `langs` varchar(64) DEFAULT NULL,
  `fk_user_author` int(11) DEFAULT NULL,
  `fk_user_modif` int(11) DEFAULT NULL,
  `datec` datetime DEFAULT NULL,
  `enabled` varchar(255) DEFAULT '1',
  `help` text DEFAULT NULL,
  `printable` int(11) DEFAULT 0,
  `css` varchar(128) DEFAULT NULL,
  `cssview` varchar(128) DEFAULT NULL,
  `csslist` varchar(128) DEFAULT NULL,
  `module` varchar(64) DEFAULT NULL,
  PRIMARY KEY (`rowid`),
  UNIQUE KEY `uk_extrafields_name` (`name`,`entity`,`elementtype`)
) ENGINE=InnoDB AUTO_INCREMENT=167 DEFAULT CHARSET=utf8mb3 COLLATE=utf8mb3_unicode_ci;

--
-- Dumping data for table `llx_extrafields`
--

INSERT INTO `llx_extrafields` VALUES
(27,'projet','priority',1,'2018-01-19 11:17:49','Priority','select','',0,1,'a:1:{s:7:\"options\";a:5:{i:1;s:1:\"1\";i:2;s:1:\"2\";i:3;s:1:\"3\";i:4;s:1:\"4\";i:5;s:1:\"5\";}}',0,0,NULL,'1',0,0,NULL,NULL,NULL,NULL,NULL,NULL,'1',NULL,0,NULL,NULL,NULL,NULL),
(33,'adherent','extradatamember',1,'2019-10-08 18:47:11','Extra personalized data','varchar','10',100,1,'a:1:{s:7:\"options\";a:1:{s:0:\"\";N;}}',0,0,NULL,'1',0,0,NULL,NULL,NULL,12,12,'2019-10-08 20:47:11','1',NULL,0,NULL,NULL,NULL,NULL),
(34,'adherent_type','extradatamembertype',1,'2019-10-08 18:47:43','Extra personalized data','varchar','32',100,1,'a:1:{s:7:\"options\";a:1:{s:0:\"\";N;}}',0,0,NULL,'1',0,0,NULL,NULL,NULL,12,12,'2019-10-08 20:47:43','1',NULL,0,NULL,NULL,NULL,NULL),
(35,'commande','custom1',1,'2019-12-21 13:31:31','Custom field 1','varchar','10',100,1,'a:1:{s:7:\"options\";a:1:{s:0:\"\";N;}}',0,0,NULL,'1',0,0,NULL,NULL,NULL,12,12,'2019-12-21 17:31:31','1',NULL,0,NULL,NULL,NULL,NULL),
(36,'societe','height',1,'2020-01-05 20:37:18','Height','varchar','128',1,0,'',0,0,NULL,'-1',0,0,NULL,NULL,NULL,12,12,'2020-01-06 00:37:18','1',NULL,0,NULL,NULL,NULL,NULL),
(37,'societe','weight',1,'2020-01-05 20:37:18','Weigth','varchar','128',2,0,'',0,0,NULL,'-1',0,0,NULL,NULL,NULL,12,12,'2020-01-06 00:37:18','1',NULL,0,NULL,NULL,NULL,NULL),
(38,'societe','prof',1,'2020-01-05 20:37:18','Profession','varchar','128',3,0,'',0,0,NULL,'-1',0,0,NULL,NULL,NULL,12,12,'2020-01-06 00:37:18','1',NULL,0,NULL,NULL,NULL,NULL),
(39,'societe','birthdate',1,'2020-01-05 20:37:19','Birth date','date','0',4,0,'',0,0,NULL,'-1',0,0,NULL,NULL,NULL,12,12,'2020-01-06 00:37:19','1',NULL,0,NULL,NULL,NULL,NULL),
(45,'commande','aaa',1,'2023-01-12 11:33:26','aaa','varchar','255',100,1,'a:1:{s:7:\"options\";a:1:{s:0:\"\";N;}}',0,0,NULL,'1',0,0,NULL,NULL,NULL,12,12,'2023-01-12 08:33:26','1',NULL,0,NULL,NULL,NULL,NULL),
(48,'product','availabelforresellers',1,'2023-01-19 12:20:13','AvailableForResellers','boolean','',111,1,'',0,0,NULL,'1',0,0,NULL,NULL,'sellyoursaas@sellyoursaas',12,12,'2023-01-19 09:20:13','$conf->sellyoursaas->enabled',NULL,0,NULL,NULL,NULL,NULL),
(61,'societe','separatorthirdparty',1,'2023-01-19 12:20:13','SELLYOURSAAS_NAME','separate','',100,1,'a:1:{s:7:\"options\";a:1:{i:1;i:1;}}',0,0,NULL,'1',0,0,NULL,NULL,'sellyoursaas@sellyoursaas',12,12,'2023-01-19 09:20:13','$conf->sellyoursaas->enabled',NULL,0,NULL,NULL,NULL,NULL),
(79,'societe','checkboxnonprofitorga',1,'2023-01-19 12:20:13','NonProfitOrganization','select','10',199,1,'a:1:{s:7:\"options\";a:2:{s:6:\"profit\";s:18:\"ProfitOrganization\";s:9:\"nonprofit\";s:21:\"NonProfitOrganization\";}}',0,0,NULL,'-1',0,0,NULL,NULL,'sellyoursaas@sellyoursaas',12,12,'2023-01-19 09:20:13','$conf->sellyoursaas->enabled',NULL,0,NULL,NULL,NULL,NULL),
(80,'contrat','separatorcontract',1,'2023-01-19 12:20:13','SELLYOURSAAS_NAME','separate','',100,1,'a:1:{s:7:\"options\";a:1:{i:1;i:1;}}',0,0,NULL,'1',0,0,NULL,NULL,'sellyoursaas@sellyoursaas',12,12,'2023-01-19 09:20:13','$conf->sellyoursaas->enabled',NULL,0,NULL,NULL,NULL,NULL),
(81,'contrat','plan',1,'2023-01-19 12:20:13','Plan','varchar','64',102,1,'',0,0,NULL,'1',0,0,NULL,NULL,'sellyoursaas@sellyoursaas',12,12,'2023-01-19 09:20:13','$conf->sellyoursaas->enabled',NULL,0,NULL,NULL,'tdoverflowmax150',NULL),
(82,'contrat','deployment_init_adminpass',1,'2023-01-19 12:20:13','DeploymentInitPassword','varchar','64',103,1,'',0,0,NULL,'-2',0,0,NULL,NULL,'sellyoursaas@sellyoursaas',12,12,'2023-01-19 09:20:13','$conf->sellyoursaas->enabled',NULL,0,NULL,NULL,NULL,NULL),
(83,'contrat','deployment_status',1,'2023-01-19 12:20:13','DeploymentStatus','select','',104,1,'a:1:{s:7:\"options\";a:3:{s:10:\"processing\";s:10:\"Processing\";s:4:\"done\";s:4:\"Done\";s:10:\"undeployed\";s:10:\"Undeployed\";}}',0,0,NULL,'1',0,0,NULL,NULL,'sellyoursaas@sellyoursaas',12,12,'2023-01-19 09:20:13','$conf->sellyoursaas->enabled',NULL,0,NULL,NULL,NULL,NULL),
(84,'contrat','deployment_host',1,'2023-01-19 12:20:13','DeploymentHost','varchar','128',105,1,'',0,0,NULL,'-1',0,0,NULL,NULL,'sellyoursaas@sellyoursaas',12,12,'2023-01-19 09:20:13','$conf->sellyoursaas->enabled','DeploymentHostDesc',0,NULL,NULL,NULL,NULL),
(131,'facture','commission',1,'2023-01-19 12:20:14','PartnerCommissionForThisInvoice','int','3',1020,1,'',0,0,NULL,'1',0,0,NULL,NULL,'sellyoursaas@sellyoursaas',12,12,'2023-01-19 09:20:14','$conf->sellyoursaas->enabled',NULL,0,NULL,NULL,NULL,NULL),
(132,'facture','reseller',1,'2023-01-19 12:20:14','Reseller','link','3',1030,1,'a:1:{s:7:\"options\";a:1:{s:39:\"Societe:societe/class/societe.class.php\";N;}}',0,0,NULL,'1',0,0,NULL,NULL,'sellyoursaas@sellyoursaas',12,12,'2023-01-19 09:20:14','$conf->sellyoursaas->enabled',NULL,0,NULL,NULL,NULL,NULL),
(133,'facture','delayautopayment',1,'2023-01-19 12:20:14','DelayAutomaticPayment','date','',1035,1,'',0,0,NULL,'-1',0,0,NULL,NULL,'sellyoursaas@sellyoursaas',12,12,'2023-01-19 09:20:14','$conf->sellyoursaas->enabled','DelayAutomaticPaymentDesc',0,NULL,NULL,NULL,NULL),
(134,'facture_rec','discountcode',1,'2023-01-19 12:20:14','DiscountCode','varchar','255',200,1,'',0,0,NULL,'1',0,0,NULL,NULL,'sellyoursaas@sellyoursaas',12,12,'2023-01-19 09:20:14','$conf->sellyoursaas->enabled','DiscountCodeDesc',0,NULL,NULL,NULL,NULL),
(135,'facture_rec','commentonqty',1,'2023-01-19 12:20:14','CommentOnQty','text','8192',220,1,'',0,0,NULL,'1',0,0,NULL,NULL,'sellyoursaas@sellyoursaas',12,12,'2023-01-19 09:20:14','$conf->sellyoursaas->enabled','CommentOnQtyDesc',0,NULL,NULL,NULL,NULL),
(137,'user','ippublicmain',1,'2023-01-19 12:20:14','IPPublicMain','varchar','255',105,1,'',0,0,NULL,'1',0,0,NULL,NULL,'sellyoursaas@sellyoursaas',12,12,'2023-01-19 09:20:14','$conf->sellyoursaas->enabled','IPPublicMainDesc',0,NULL,NULL,NULL,NULL),
(138,'facture','separatorinvoice',1,'2023-02-04 13:58:54','SELLYOURSAAS_NAME','separate','',1000,0,'a:1:{s:7:\"options\";a:1:{s:0:\"\";N;}}',0,0,NULL,'3',0,0,NULL,NULL,'sellyoursaas@sellyoursaas',12,12,'2023-02-04 10:58:54','$conf->sellyoursaas->enabled',NULL,0,NULL,NULL,NULL,NULL),
(140,'user','a_custom_field',1,'2023-08-15 12:10:00','a_custom_field','varchar','255',100,1,'a:1:{s:7:\"options\";a:1:{s:0:\"\";N;}}',0,0,NULL,'1',0,0,'$objectoffield->fk_user',NULL,NULL,12,12,'2023-02-06 21:41:52','1',NULL,0,NULL,NULL,NULL,NULL),
(141,'societe','stripeaccount',1,'2023-02-10 23:45:28','StripeAccount','varchar','255',197,1,'a:1:{s:7:\"options\";a:1:{s:0:\"\";N;}}',0,0,NULL,'-1',0,0,NULL,NULL,'sellyoursaas@sellyoursaas',12,12,'2023-02-10 20:45:28','$conf->sellyoursaas->enabled','Ceci est un texte',0,NULL,NULL,NULL,NULL),
(142,'partnership','a_custom_field',1,'2023-08-15 12:10:00','a_custom_field','varchar','255',100,1,'a:1:{s:7:\"options\";a:1:{s:0:\"\";N;}}',0,0,NULL,'1',0,0,NULL,NULL,NULL,12,12,'2023-02-21 06:25:48','1',NULL,0,NULL,NULL,NULL,NULL),
(143,'user','news_viewed',1,'2023-02-28 12:49:59','Nouveautés vues','boolean','2',100,0,'',0,0,NULL,'0',0,0,NULL,NULL,NULL,12,12,'2023-02-28 09:49:59','1',NULL,0,NULL,NULL,NULL,NULL),
(161,'commande_fournisseurdet','ddm',1,'2023-03-08 01:39:52','ddm','double','24,8',100,1,'a:1:{s:7:\"options\";a:1:{s:0:\"\";N;}}',0,0,NULL,'1',0,0,'(($reloadedobj = new CommandeFournisseur($db)) && ($reloadedobj->fetchNoCompute($objectoffield->fk_commande))) ? dol_print_date($reloadedobj->delivery_date + 3600 * 24 * 18 * 30, \'day\') : \'error\'',NULL,NULL,12,12,'2023-03-07 22:39:52','1',NULL,0,NULL,NULL,NULL,NULL),
(166,'user','rsapublicmain',1,'2023-08-15 13:06:02','PublicRSAKey','text','2000',100,1,'a:1:{s:7:\"options\";a:1:{s:0:\"\";N;}}',0,0,NULL,'1',0,0,NULL,NULL,'sellyoursaas@sellyoursaas',12,12,'2023-08-15 13:06:02','$conf->sellyoursaas->enabled','PublicRSAKeyDesc',0,NULL,NULL,'tdoverflowmax100',NULL);

--
-- Table structure for table `llx_facture`
--

CREATE TABLE `llx_facture` (
  `rowid` int(11) NOT NULL AUTO_INCREMENT,
  `ref` varchar(30) NOT NULL,
  `entity` int(11) NOT NULL DEFAULT 1,
  `ref_ext` varchar(255) DEFAULT NULL,
  `ref_int` varchar(255) DEFAULT NULL,
  `type` smallint(6) NOT NULL DEFAULT 0,
  `ref_client` varchar(255) DEFAULT NULL,
  `increment` varchar(10) DEFAULT NULL,
  `fk_soc` int(11) NOT NULL,
  `datec` datetime DEFAULT NULL,
  `datef` date DEFAULT NULL,
  `date_valid` datetime DEFAULT NULL,
  `date_closing` datetime DEFAULT NULL,
  `tms` timestamp NOT NULL DEFAULT current_timestamp() ON UPDATE current_timestamp(),
  `paye` smallint(6) NOT NULL DEFAULT 0,
  `remise_percent` double DEFAULT 0,
  `remise_absolue` double DEFAULT 0,
  `remise` double DEFAULT 0,
  `close_code` varchar(16) DEFAULT NULL,
  `close_missing_amount` double(24,8) DEFAULT NULL,
  `close_note` varchar(128) DEFAULT NULL,
  `total_tva` double(24,8) DEFAULT 0.00000000,
  `localtax1` double(24,8) DEFAULT 0.00000000,
  `localtax2` double(24,8) DEFAULT 0.00000000,
  `revenuestamp` double(24,8) DEFAULT 0.00000000,
  `total_ht` double(24,8) DEFAULT 0.00000000,
  `total_ttc` double(24,8) DEFAULT 0.00000000,
  `fk_statut` smallint(6) NOT NULL DEFAULT 0,
  `fk_user_author` int(11) DEFAULT NULL,
  `fk_user_modif` int(11) DEFAULT NULL,
  `fk_user_valid` int(11) DEFAULT NULL,
  `fk_user_closing` int(11) DEFAULT NULL,
  `fk_facture_source` int(11) DEFAULT NULL,
  `fk_projet` int(11) DEFAULT NULL,
  `fk_account` int(11) DEFAULT NULL,
  `fk_currency` varchar(3) DEFAULT NULL,
  `fk_cond_reglement` int(11) NOT NULL DEFAULT 1,
  `fk_mode_reglement` int(11) DEFAULT NULL,
  `date_lim_reglement` date DEFAULT NULL,
  `payment_reference` varchar(25) DEFAULT NULL,
  `note_private` text DEFAULT NULL,
  `note_public` text DEFAULT NULL,
  `model_pdf` varchar(255) DEFAULT NULL,
  `import_key` varchar(14) DEFAULT NULL,
  `extraparams` varchar(255) DEFAULT NULL,
  `situation_cycle_ref` int(11) DEFAULT NULL,
  `situation_counter` smallint(6) DEFAULT NULL,
  `situation_final` smallint(6) DEFAULT NULL,
  `retained_warranty` double DEFAULT NULL,
  `retained_warranty_date_limit` date DEFAULT NULL,
  `retained_warranty_fk_cond_reglement` int(11) DEFAULT NULL,
  `fk_incoterms` int(11) DEFAULT NULL,
  `location_incoterms` varchar(255) DEFAULT NULL,
  `fk_transport_mode` int(11) DEFAULT NULL,
  `date_pointoftax` date DEFAULT NULL,
  `fk_multicurrency` int(11) DEFAULT NULL,
  `multicurrency_code` varchar(3) DEFAULT NULL,
  `multicurrency_tx` double(24,8) DEFAULT 1.00000000,
  `multicurrency_total_ht` double(24,8) DEFAULT 0.00000000,
  `multicurrency_total_tva` double(24,8) DEFAULT 0.00000000,
  `multicurrency_total_ttc` double(24,8) DEFAULT 0.00000000,
  `fk_fac_rec_source` int(11) DEFAULT NULL,
  `last_main_doc` varchar(255) DEFAULT NULL,
  `module_source` varchar(32) DEFAULT NULL,
  `pos_source` varchar(32) DEFAULT NULL,
  `prorata_discount` double DEFAULT NULL,
  `subtype` smallint(6) DEFAULT NULL,
  `is_also_delivery_note` tinyint(4) NOT NULL DEFAULT 0,
  PRIMARY KEY (`rowid`),
  UNIQUE KEY `uk_facture_ref` (`ref`,`entity`),
  KEY `idx_facture_fk_soc` (`fk_soc`),
  KEY `idx_facture_fk_user_author` (`fk_user_author`),
  KEY `idx_facture_fk_user_valid` (`fk_user_valid`),
  KEY `idx_facture_fk_facture_source` (`fk_facture_source`),
  KEY `idx_facture_fk_projet` (`fk_projet`),
  KEY `idx_facture_fk_account` (`fk_account`),
  KEY `idx_facture_fk_currency` (`fk_currency`),
  KEY `idx_facture_fk_statut` (`fk_statut`),
  KEY `idx_facture_datef` (`datef`),
  KEY `idx_facture_tms` (`tms`),
  CONSTRAINT `fk_facture_fk_facture_source` FOREIGN KEY (`fk_facture_source`) REFERENCES `llx_facture` (`rowid`),
  CONSTRAINT `fk_facture_fk_projet` FOREIGN KEY (`fk_projet`) REFERENCES `llx_projet` (`rowid`),
  CONSTRAINT `fk_facture_fk_soc` FOREIGN KEY (`fk_soc`) REFERENCES `llx_societe` (`rowid`),
  CONSTRAINT `fk_facture_fk_user_author` FOREIGN KEY (`fk_user_author`) REFERENCES `llx_user` (`rowid`),
  CONSTRAINT `fk_facture_fk_user_valid` FOREIGN KEY (`fk_user_valid`) REFERENCES `llx_user` (`rowid`)
) ENGINE=InnoDB AUTO_INCREMENT=241 DEFAULT CHARSET=utf8mb3 COLLATE=utf8mb3_unicode_ci;

--
-- Dumping data for table `llx_facture`
--

INSERT INTO `llx_facture` VALUES
(2,'FA1007-0002',1,NULL,NULL,0,NULL,NULL,2,'2024-07-10 18:20:13','2035-07-10',NULL,NULL,'2025-01-06 15:48:05',1,NULL,NULL,0,NULL,NULL,NULL,0.10000000,0.00000000,0.00000000,0.00000000,46.00000000,46.10000000,2,1,NULL,1,NULL,NULL,NULL,NULL,NULL,1,0,'2035-07-10',NULL,NULL,NULL,'crabe',NULL,NULL,NULL,NULL,NULL,NULL,NULL,NULL,NULL,NULL,NULL,NULL,NULL,NULL,1.00000000,0.00000000,0.00000000,0.00000000,NULL,'facture/FA1007-0002/FA1007-0002.pdf',NULL,NULL,NULL,NULL,0),
(3,'FA1107-0006',1,NULL,NULL,0,NULL,NULL,10,'2024-07-18 20:33:35','2034-07-18',NULL,NULL,'2025-01-06 15:48:05',1,NULL,NULL,0,NULL,NULL,NULL,0.00000000,0.00000000,0.00000000,0.00000000,15.00000000,15.00000000,2,1,NULL,1,NULL,NULL,1,NULL,NULL,1,0,'2034-07-18',NULL,NULL,NULL,'crabe',NULL,NULL,NULL,NULL,NULL,NULL,NULL,NULL,NULL,NULL,NULL,NULL,NULL,NULL,1.00000000,0.00000000,0.00000000,0.00000000,NULL,NULL,NULL,NULL,NULL,NULL,0),
(5,'FA1108-0003',1,NULL,NULL,0,NULL,NULL,7,'2024-08-01 03:34:11','2034-08-01',NULL,NULL,'2025-01-06 15:48:05',1,NULL,NULL,0,NULL,NULL,NULL,0.63000000,0.00000000,0.00000000,0.00000000,5.00000000,5.63000000,2,1,NULL,1,NULL,NULL,NULL,NULL,NULL,0,6,'2034-08-01',NULL,NULL,NULL,'crabe',NULL,NULL,NULL,NULL,NULL,NULL,NULL,NULL,NULL,NULL,NULL,NULL,NULL,NULL,1.00000000,0.00000000,0.00000000,0.00000000,NULL,NULL,NULL,NULL,NULL,NULL,0),
(6,'FA1108-0004',1,NULL,NULL,0,NULL,NULL,7,'2024-08-06 20:33:53','2034-08-06',NULL,NULL,'2025-01-06 15:48:05',1,NULL,NULL,0,NULL,NULL,NULL,0.98000000,0.00000000,0.00000000,0.00000000,5.00000000,5.98000000,2,1,NULL,1,NULL,NULL,NULL,NULL,NULL,0,4,'2034-08-06',NULL,'Cash\nReceived : 6 EUR\nRendu : 0.02 EUR\n\n--------------------------------------',NULL,'crabe',NULL,NULL,NULL,NULL,NULL,NULL,NULL,NULL,NULL,NULL,NULL,NULL,NULL,NULL,1.00000000,0.00000000,0.00000000,0.00000000,NULL,NULL,NULL,NULL,NULL,NULL,0),
(8,'FA1108-0005',1,NULL,NULL,3,NULL,NULL,2,'2024-08-08 02:41:44','2034-08-08',NULL,NULL,'2025-01-06 15:48:05',1,NULL,NULL,0,NULL,NULL,NULL,0.00000000,0.00000000,0.00000000,0.00000000,10.00000000,10.00000000,2,1,NULL,1,NULL,NULL,NULL,NULL,NULL,1,0,'2034-08-08',NULL,NULL,NULL,'crabe',NULL,NULL,NULL,NULL,NULL,NULL,NULL,NULL,NULL,NULL,NULL,NULL,NULL,NULL,1.00000000,0.00000000,0.00000000,0.00000000,NULL,NULL,NULL,NULL,NULL,NULL,0),
(9,'FA1108-0007',1,NULL,NULL,3,NULL,NULL,10,'2024-08-08 02:55:14','2034-08-08',NULL,NULL,'2025-01-06 15:48:05',0,NULL,NULL,0,NULL,NULL,NULL,1.96000000,0.00000000,0.00000000,0.00000000,10.00000000,11.96000000,1,1,NULL,1,NULL,NULL,NULL,NULL,NULL,1,0,'2034-08-08',NULL,NULL,NULL,'crabe',NULL,NULL,NULL,NULL,NULL,NULL,NULL,NULL,NULL,NULL,NULL,NULL,NULL,NULL,1.00000000,0.00000000,0.00000000,0.00000000,NULL,NULL,NULL,NULL,NULL,NULL,0),
(10,'AV1212-0001',1,NULL,NULL,2,NULL,NULL,10,'2024-12-08 17:45:20','2032-12-08','2032-12-08 00:00:00',NULL,'2025-01-06 15:48:05',0,NULL,NULL,0,NULL,NULL,NULL,-0.63000000,0.00000000,0.00000000,0.00000000,-11.00000000,-11.63000000,1,1,NULL,1,NULL,3,NULL,NULL,NULL,0,0,'2032-12-08',NULL,NULL,NULL,'crabe',NULL,NULL,NULL,NULL,NULL,NULL,NULL,NULL,NULL,NULL,NULL,NULL,NULL,NULL,1.00000000,0.00000000,0.00000000,0.00000000,NULL,NULL,NULL,NULL,NULL,NULL,0),
(12,'AV1212-0002',1,NULL,NULL,2,NULL,NULL,10,'2024-12-08 18:20:14','2032-12-08','2032-12-08 00:00:00',NULL,'2025-01-06 15:48:05',1,NULL,NULL,0,NULL,NULL,NULL,0.00000000,0.00000000,0.00000000,0.00000000,-5.00000000,-5.00000000,2,1,NULL,1,NULL,3,NULL,NULL,NULL,0,0,'2032-12-08',NULL,NULL,NULL,'crabe',NULL,NULL,NULL,NULL,NULL,NULL,NULL,NULL,NULL,NULL,NULL,NULL,NULL,NULL,1.00000000,0.00000000,0.00000000,0.00000000,NULL,NULL,NULL,NULL,NULL,NULL,0),
(13,'FA1212-0011',1,NULL,NULL,0,NULL,NULL,7,'2024-12-09 20:04:19','2032-12-09','2032-02-12 00:00:00',NULL,'2025-01-06 15:48:05',0,NULL,NULL,0,NULL,NULL,NULL,2.74000000,0.00000000,0.00000000,0.00000000,14.00000000,16.74000000,1,1,NULL,1,NULL,NULL,NULL,NULL,NULL,1,0,'2032-12-09',NULL,NULL,NULL,'crabe',NULL,NULL,NULL,NULL,NULL,NULL,NULL,NULL,NULL,NULL,NULL,NULL,NULL,NULL,1.00000000,0.00000000,0.00000000,0.00000000,NULL,NULL,NULL,NULL,NULL,NULL,0),
(32,'FA1212-0021',1,NULL,NULL,0,NULL,NULL,1,'2024-12-11 09:34:23','2032-12-11','2032-03-24 00:00:00',NULL,'2025-01-06 15:48:05',0,NULL,NULL,0,NULL,NULL,NULL,90.00000000,0.00000000,0.00000000,0.60000000,520.00000000,610.60000000,1,1,NULL,1,NULL,NULL,NULL,NULL,NULL,1,0,'2032-12-11',NULL,'This is a comment (private)','This is a comment (public)','crabe',NULL,NULL,NULL,NULL,NULL,NULL,NULL,NULL,NULL,NULL,NULL,NULL,NULL,NULL,1.00000000,0.00000000,0.00000000,0.00000000,NULL,NULL,NULL,NULL,NULL,NULL,0),
(33,'FA1212-0023',1,NULL,NULL,0,NULL,NULL,1,'2024-12-11 09:34:23','2032-12-11','2032-03-03 00:00:00',NULL,'2025-01-06 15:48:05',0,NULL,NULL,0,'abandon',NULL,NULL,0.24000000,0.00000000,0.00000000,0.00000000,2.48000000,2.72000000,3,1,NULL,1,NULL,NULL,NULL,NULL,NULL,1,0,'2032-12-11',NULL,'This is a comment (private)','This is a comment (public)','crabe',NULL,NULL,NULL,NULL,NULL,NULL,NULL,NULL,NULL,NULL,NULL,NULL,NULL,NULL,1.00000000,0.00000000,0.00000000,0.00000000,NULL,NULL,NULL,NULL,NULL,NULL,0),
(55,'FA1212-0009',1,NULL,NULL,0,NULL,NULL,1,'2024-12-11 09:35:51','2032-12-11','2033-02-04 12:42:34',NULL,'2025-01-06 15:48:05',0,NULL,NULL,0,NULL,NULL,NULL,0.36000000,0.00000000,0.00000000,0.00000000,4.48000000,4.84000000,1,1,NULL,12,NULL,NULL,NULL,NULL,NULL,1,3,'2032-12-11',NULL,'This is a comment (private)','This is a comment (public)','crabe',NULL,NULL,NULL,NULL,NULL,NULL,NULL,NULL,NULL,NULL,NULL,NULL,NULL,NULL,1.00000000,2.00000000,0.12000000,2.12000000,NULL,NULL,NULL,NULL,NULL,NULL,0),
(148,'FS1301-0001',1,NULL,NULL,0,NULL,NULL,1,'2024-01-19 18:22:48','2031-01-19','2031-01-19 00:00:00',NULL,'2024-06-20 09:34:25',0,NULL,NULL,0,NULL,NULL,NULL,0.63000000,0.00000000,0.00000000,0.00000000,5.00000000,5.63000000,1,1,NULL,1,NULL,NULL,NULL,NULL,NULL,0,1,'2031-01-19',NULL,NULL,NULL,'crabe',NULL,NULL,NULL,NULL,NULL,NULL,NULL,NULL,NULL,NULL,NULL,NULL,NULL,NULL,1.00000000,0.00000000,0.00000000,0.00000000,NULL,'facture/FS1301-0001/FS1301-0001.pdf',NULL,NULL,NULL,NULL,0),
(149,'FA1601-0024',1,NULL,NULL,0,NULL,NULL,1,'2024-01-19 18:30:05','2031-01-19','2030-08-29 00:00:00','2020-01-02 20:49:34','2024-06-20 09:34:25',0,NULL,NULL,0,'other',NULL,'test',1.80000000,0.90000000,0.90000000,0.00000000,20.00000000,23.60000000,2,1,NULL,12,12,NULL,NULL,NULL,NULL,0,0,'2031-01-19',NULL,NULL,NULL,'crabe',NULL,NULL,NULL,NULL,NULL,NULL,NULL,NULL,NULL,NULL,NULL,NULL,NULL,NULL,1.00000000,20.00000000,1.80000000,23.60000000,NULL,'facture/FA1601-0024/FA1601-0024.pdf',NULL,NULL,NULL,NULL,0),
(150,'FA6801-0010',1,NULL,NULL,0,NULL,NULL,1,'2024-01-19 18:31:10','2031-01-19','2030-10-04 00:00:00',NULL,'2024-06-20 09:34:25',0,NULL,NULL,0,NULL,NULL,NULL,0.63000000,0.00000000,0.00000000,0.00000000,5.00000000,5.63000000,1,1,NULL,12,NULL,NULL,NULL,NULL,NULL,0,1,'2031-01-19',NULL,NULL,NULL,'',NULL,NULL,NULL,NULL,NULL,NULL,NULL,NULL,NULL,NULL,NULL,NULL,NULL,NULL,1.00000000,5.00000000,0.63000000,5.63000000,NULL,'facture/FA6801-0010/FA6801-0010.pdf',NULL,NULL,NULL,NULL,0),
(151,'FS1301-0002',1,NULL,NULL,0,NULL,NULL,1,'2024-01-19 18:31:58','2031-01-19','2031-01-19 00:00:00',NULL,'2024-06-20 09:34:25',1,NULL,NULL,0,NULL,NULL,NULL,0.00000000,0.00000000,0.00000000,0.00000000,0.00000000,0.00000000,2,1,NULL,1,NULL,NULL,NULL,NULL,NULL,0,1,'2031-01-19',NULL,NULL,NULL,'',NULL,NULL,NULL,NULL,NULL,NULL,NULL,NULL,NULL,NULL,NULL,NULL,NULL,NULL,1.00000000,0.00000000,0.00000000,0.00000000,NULL,NULL,NULL,NULL,NULL,NULL,0),
(160,'FA1507-0015',1,NULL,NULL,0,NULL,NULL,12,'2024-03-06 16:47:48','2031-07-18','2031-03-06 00:00:00',NULL,'2024-06-20 09:34:25',0,NULL,NULL,0,NULL,NULL,NULL,1.11000000,0.00000000,0.00000000,0.00000000,8.89000000,10.00000000,1,1,NULL,1,NULL,NULL,NULL,NULL,NULL,1,0,'2031-07-18',NULL,NULL,NULL,'crabe',NULL,NULL,NULL,NULL,NULL,NULL,NULL,NULL,NULL,NULL,NULL,NULL,NULL,NULL,1.00000000,0.00000000,0.00000000,0.00000000,NULL,NULL,NULL,NULL,NULL,NULL,0),
(210,'FA1107-0019',1,NULL,NULL,0,NULL,NULL,10,'2024-03-20 14:30:11','2031-07-10','2031-03-20 00:00:00',NULL,'2024-06-20 09:34:25',0,NULL,NULL,0,NULL,NULL,NULL,0.00000000,0.00000000,0.00000000,0.00000000,10.00000000,10.00000000,1,1,NULL,1,NULL,NULL,NULL,NULL,NULL,1,0,'2031-07-10',NULL,NULL,NULL,'generic_invoice_odt:/home/ldestailleur/git/dolibarr_3.8/documents/doctemplates/invoices/template_invoice.odt',NULL,NULL,NULL,NULL,NULL,NULL,NULL,NULL,NULL,NULL,NULL,NULL,NULL,NULL,1.00000000,0.00000000,0.00000000,0.00000000,NULL,NULL,NULL,NULL,NULL,NULL,0),
(211,'FA1303-0020',1,NULL,NULL,0,NULL,NULL,19,'2024-03-22 09:40:10','2031-03-22','2030-03-02 00:00:00',NULL,'2024-06-20 09:34:25',0,NULL,NULL,0,NULL,NULL,NULL,17.64000000,0.00000000,0.00000000,0.40000000,340.00000000,358.04000000,1,1,NULL,1,NULL,NULL,NULL,NULL,NULL,1,3,'2031-03-22',NULL,NULL,NULL,'crabe',NULL,NULL,NULL,NULL,NULL,NULL,NULL,NULL,NULL,NULL,NULL,NULL,NULL,NULL,1.00000000,0.00000000,0.00000000,0.00000000,NULL,NULL,NULL,NULL,NULL,NULL,0),
(213,'AV1303-0003',1,NULL,NULL,2,NULL,NULL,1,'2024-03-03 19:22:03','2030-03-03','2029-03-03 00:00:00',NULL,'2024-06-20 09:34:25',0,NULL,NULL,0,NULL,NULL,NULL,0.00000000,0.00000000,0.00000000,0.00000000,-1000.00000000,-1000.00000000,1,1,NULL,1,NULL,32,NULL,NULL,NULL,0,0,'2030-03-03',NULL,NULL,NULL,'crabe',NULL,NULL,NULL,NULL,NULL,NULL,NULL,NULL,NULL,NULL,NULL,NULL,NULL,NULL,1.00000000,0.00000000,0.00000000,0.00000000,NULL,NULL,NULL,NULL,NULL,NULL,0),
(216,'(PROV216)',1,NULL,NULL,0,NULL,NULL,26,'2024-02-12 23:21:27','2029-02-12',NULL,NULL,'2024-06-20 09:34:25',0,NULL,NULL,0,NULL,NULL,NULL,0.00000000,0.00000000,0.00000000,0.00000000,0.00000000,0.00000000,0,12,NULL,NULL,NULL,NULL,NULL,NULL,NULL,1,0,'2029-02-12',NULL,NULL,NULL,'crabe',NULL,NULL,NULL,NULL,0,NULL,NULL,NULL,0,'',NULL,NULL,0,'EUR',1.00000000,0.00000000,0.00000000,0.00000000,NULL,NULL,NULL,NULL,NULL,NULL,0),
(217,'(PROV217)',1,NULL,NULL,0,NULL,NULL,1,'2024-08-31 13:26:17','2029-08-31',NULL,NULL,'2025-01-06 15:48:05',0,NULL,NULL,0,NULL,NULL,NULL,1.13000000,0.00000000,0.00000000,0.00000000,21.00000000,22.13000000,0,12,NULL,NULL,NULL,NULL,NULL,NULL,NULL,1,0,'2029-08-31',NULL,NULL,NULL,'crabe',NULL,NULL,NULL,NULL,0,NULL,NULL,NULL,0,'',NULL,NULL,1,'EUR',1.00000000,21.00000000,1.13000000,22.13000000,NULL,'facture/(PROV217)/(PROV217).pdf',NULL,NULL,NULL,NULL,0),
(218,'FA1909-0025',1,NULL,NULL,0,NULL,NULL,12,'2024-09-26 17:30:14','2027-09-26','2027-09-26 00:00:00',NULL,'2025-01-06 15:48:05',0,NULL,NULL,0,NULL,NULL,NULL,1.08000000,0.00000000,0.00000000,0.00000000,42.50000000,43.58000000,1,12,NULL,12,NULL,NULL,NULL,NULL,NULL,0,0,'2027-09-26',NULL,NULL,NULL,'',NULL,NULL,NULL,NULL,0,NULL,NULL,NULL,0,'',NULL,NULL,0,'EUR',1.00000000,42.50000000,1.08000000,43.58000000,NULL,NULL,'takepos','1',NULL,NULL,0),
(219,'(PROV-POS1-0)',1,NULL,NULL,0,NULL,NULL,1,'2024-11-28 19:04:03','2027-11-28',NULL,NULL,'2025-01-06 15:48:05',0,NULL,NULL,0,NULL,NULL,NULL,6.87000000,0.00000000,0.00000000,0.00000000,34.33000000,41.20000000,0,12,NULL,NULL,NULL,NULL,NULL,NULL,NULL,0,0,'2027-11-28',NULL,NULL,NULL,'',NULL,NULL,NULL,NULL,0,0,NULL,0,0,'',NULL,NULL,0,'USD',1.30000000,44.63000000,8.93000000,53.56000000,NULL,NULL,'takepos','1',NULL,NULL,0),
(220,'(PROV220)',1,NULL,NULL,3,NULL,NULL,19,'2024-01-16 02:03:17','2026-01-16',NULL,NULL,'2024-06-20 09:34:25',0,NULL,NULL,0,NULL,NULL,NULL,0.00000000,0.00000000,0.00000000,0.00000000,100.00000000,100.00000000,0,12,NULL,NULL,NULL,NULL,NULL,NULL,NULL,1,0,'2026-01-16',NULL,NULL,NULL,'crabe',NULL,NULL,NULL,NULL,0,0,NULL,0,0,'',NULL,NULL,1,'EUR',1.00000000,100.00000000,0.00000000,100.00000000,NULL,NULL,NULL,NULL,NULL,NULL,0),
(221,'AC2001-0001',1,NULL,NULL,3,NULL,NULL,19,'2024-01-16 02:21:05','2026-01-16','2026-01-16 00:00:00',NULL,'2024-06-20 09:34:25',0,NULL,NULL,0,NULL,NULL,NULL,0.00000000,0.00000000,0.00000000,0.00000000,123.00000000,123.00000000,0,12,NULL,12,NULL,NULL,NULL,NULL,NULL,1,0,'2026-01-16',NULL,NULL,NULL,'crabe',NULL,NULL,NULL,NULL,0,0,NULL,0,0,'',NULL,NULL,1,'EUR',1.00000000,123.00000000,0.00000000,123.00000000,NULL,'facture/AC2001-0001/AC2001-0001.pdf',NULL,NULL,NULL,NULL,0),
(222,'AC2301-0005',1,NULL,NULL,3,NULL,NULL,19,'2024-01-16 02:21:28','2026-01-16','2026-08-15 13:29:54',NULL,'2024-06-20 09:34:25',0,NULL,NULL,0,NULL,NULL,NULL,0.00000000,0.00000000,0.00000000,0.00000000,100.00000000,100.00000000,1,12,NULL,12,NULL,NULL,NULL,NULL,NULL,1,0,'2026-01-16',NULL,NULL,NULL,'crabe',NULL,NULL,NULL,NULL,0,0,NULL,0,0,'',NULL,NULL,1,'EUR',1.00000000,100.00000000,0.00000000,100.00000000,NULL,'facture/AC2301-0005/AC2301-0005.pdf',NULL,NULL,NULL,NULL,0),
(223,'(PROV223)',1,NULL,NULL,0,NULL,NULL,19,'2024-01-16 02:32:04','2026-01-16',NULL,NULL,'2024-06-20 09:34:25',0,NULL,NULL,0,NULL,NULL,NULL,0.00000000,0.00000000,0.00000000,0.00000000,410.00000000,410.00000000,0,12,NULL,NULL,NULL,NULL,NULL,NULL,NULL,2,0,'2025-02-15',NULL,NULL,NULL,'crabe',NULL,NULL,NULL,NULL,0,0,NULL,0,0,'',NULL,NULL,1,'EUR',1.00000000,410.00000000,0.00000000,410.00000000,NULL,NULL,NULL,NULL,NULL,NULL,0),
(224,'AC2001-0002',1,NULL,NULL,3,NULL,NULL,19,'2024-01-16 02:33:19','2026-01-16','2026-01-16 00:00:00','2020-01-16 02:36:48','2024-06-20 09:34:25',1,NULL,NULL,0,NULL,NULL,NULL,0.00000000,0.00000000,0.00000000,0.00000000,20.50000000,20.50000000,2,12,NULL,12,12,NULL,NULL,NULL,NULL,1,0,'2026-01-16',NULL,NULL,NULL,'crabe',NULL,NULL,NULL,NULL,0,0,NULL,0,0,'',NULL,NULL,1,'EUR',1.00000000,20.50000000,0.00000000,20.50000000,NULL,'facture/AC2001-0002/AC2001-0002.pdf',NULL,NULL,NULL,NULL,0),
(225,'(PROV225)',1,NULL,NULL,0,NULL,NULL,19,'2024-01-16 02:37:48','2026-01-16',NULL,NULL,'2024-06-20 09:34:25',0,NULL,NULL,0,NULL,NULL,NULL,0.00000000,0.00000000,0.00000000,0.00000000,389.50000000,389.50000000,0,12,NULL,NULL,NULL,NULL,NULL,NULL,NULL,2,0,'2025-02-15',NULL,NULL,NULL,'crabe',NULL,NULL,NULL,NULL,0,0,NULL,0,0,'',NULL,NULL,1,'EUR',1.00000000,389.50000000,0.00000000,389.50000000,NULL,'facture/(PROV225)/(PROV225).pdf',NULL,NULL,NULL,NULL,0),
(226,'(PROV226)',1,NULL,NULL,3,NULL,NULL,11,'2024-01-19 14:20:54','2026-01-19',NULL,NULL,'2024-06-20 09:34:25',0,NULL,NULL,0,NULL,NULL,NULL,12.50000000,0.00000000,0.00000000,0.00000000,120.00000000,132.50000000,0,12,NULL,NULL,NULL,NULL,NULL,NULL,NULL,1,0,'2026-01-19',NULL,NULL,NULL,'crabe',NULL,NULL,NULL,NULL,0,0,NULL,0,0,'',NULL,NULL,1,'EUR',1.00000000,120.00000000,12.50000000,132.50000000,NULL,'facture/(PROV226)/(PROV226).pdf',NULL,NULL,NULL,NULL,0),
(227,'AC2001-0003',1,NULL,NULL,3,NULL,NULL,1,'2024-01-19 14:22:54','2026-01-19','2026-01-19 00:00:00',NULL,'2024-06-20 09:34:25',0,NULL,NULL,0,NULL,NULL,NULL,39.20000000,0.00000000,0.00000000,0.00000000,200.00000000,239.20000000,0,12,NULL,12,NULL,NULL,NULL,NULL,NULL,1,0,'2026-01-19',NULL,NULL,NULL,'crabe',NULL,NULL,NULL,NULL,0,0,NULL,0,0,'',NULL,NULL,1,'EUR',1.00000000,200.00000000,39.20000000,239.20000000,NULL,'facture/AC2001-0003/AC2001-0003.pdf',NULL,NULL,NULL,NULL,0),
(228,'AC2001-0004',1,NULL,NULL,3,NULL,NULL,1,'2024-01-19 14:24:49','2026-01-19','2026-01-19 00:00:00',NULL,'2024-06-20 09:34:25',0,NULL,NULL,0,NULL,NULL,NULL,1.94000000,0.00000000,0.00000000,0.00000000,48.60000000,50.54000000,1,12,NULL,12,NULL,NULL,NULL,NULL,NULL,1,0,'2026-01-19',NULL,NULL,NULL,'crabe',NULL,NULL,NULL,NULL,0,0,NULL,0,0,'',NULL,NULL,1,'EUR',1.00000000,48.60000000,1.94000000,50.54000000,NULL,'facture/AC2001-0004/AC2001-0004.pdf',NULL,NULL,NULL,NULL,0),
(229,'FA1707-0026',1,NULL,NULL,0,NULL,NULL,12,'2024-01-21 10:23:17','2026-07-18','2026-01-21 00:00:00','2020-01-21 10:23:17','2024-06-20 09:34:25',1,NULL,NULL,0,NULL,NULL,NULL,0.00000000,0.00000000,0.00000000,0.00000000,50.00000000,50.00000000,2,12,NULL,12,12,NULL,NULL,NULL,NULL,1,0,'2026-07-18',NULL,NULL,NULL,'',NULL,NULL,NULL,NULL,0,0,NULL,0,0,'',NULL,NULL,0,'EUR',1.00000000,50.00000000,0.00000000,50.00000000,NULL,'facture/FA1707-0026/FA1707-0026.pdf',NULL,NULL,NULL,NULL,0),
(230,'FA1807-0027',1,NULL,NULL,0,NULL,NULL,12,'2024-01-21 10:23:28','2026-07-18','2026-01-21 00:00:00','2020-01-21 10:23:28','2024-06-20 09:34:25',1,NULL,NULL,0,NULL,NULL,NULL,0.00000000,0.00000000,0.00000000,0.00000000,50.00000000,50.00000000,2,12,NULL,12,12,NULL,NULL,NULL,NULL,1,0,'2026-07-18',NULL,NULL,NULL,'',NULL,NULL,NULL,NULL,0,0,NULL,0,0,'',NULL,NULL,0,'EUR',1.00000000,50.00000000,0.00000000,50.00000000,NULL,'facture/FA1807-0027/FA1807-0027.pdf',NULL,NULL,NULL,NULL,0),
(231,'FA1907-0028',1,NULL,NULL,0,NULL,NULL,12,'2024-01-21 10:23:49','2026-07-18','2026-01-21 00:00:00','2020-01-21 10:23:49','2024-06-20 09:34:25',1,NULL,NULL,0,NULL,NULL,NULL,0.00000000,0.00000000,0.00000000,0.00000000,50.00000000,50.00000000,2,12,NULL,12,12,NULL,NULL,NULL,NULL,1,0,'2026-07-18',NULL,NULL,NULL,'',NULL,NULL,NULL,NULL,0,0,NULL,0,0,'',NULL,NULL,0,'EUR',1.00000000,50.00000000,0.00000000,50.00000000,NULL,'facture/FA1907-0028/FA1907-0028.pdf',NULL,NULL,NULL,NULL,0),
(232,'FA2301-0029',1,NULL,NULL,0,NULL,NULL,36,'2024-01-18 07:53:53','2024-01-18','2024-01-18 07:54:02',NULL,'2024-06-20 09:34:25',0,NULL,NULL,0,NULL,NULL,NULL,200.00000000,0.00000000,0.00000000,0.00000000,1000.00000000,1200.00000000,1,12,NULL,12,NULL,NULL,NULL,NULL,NULL,1,0,'2024-01-18',NULL,NULL,NULL,'crabe',NULL,NULL,NULL,NULL,0,0,'2023-01-18',0,0,'',NULL,NULL,1,'EUR',1.00000000,1000.00000000,200.00000000,1200.00000000,NULL,'facture/FA2301-0029/FA2301-0029.pdf',NULL,NULL,NULL,NULL,0),
(233,'AV2301-0004',1,NULL,NULL,2,NULL,NULL,36,'2024-01-18 07:54:15','2024-01-18','2024-01-18 07:54:30',NULL,'2024-06-20 09:34:25',0,NULL,NULL,0,NULL,NULL,NULL,-200.00000000,0.00000000,0.00000000,0.00000000,-1000.00000000,-1200.00000000,1,12,NULL,12,NULL,232,NULL,NULL,NULL,0,0,'2024-01-18',NULL,NULL,NULL,'crabe',NULL,NULL,NULL,NULL,0,0,NULL,0,0,'',NULL,NULL,1,'EUR',1.00000000,-1000.00000000,-200.00000000,-1200.00000000,NULL,'facture/AV2301-0004/AV2301-0004.pdf',NULL,NULL,NULL,NULL,0),
(234,'(PROV-POS1-0-1)',1,NULL,NULL,0,NULL,NULL,7,'2024-01-31 16:48:47','2024-01-31',NULL,NULL,'2024-06-21 22:09:18',0,NULL,NULL,0,NULL,NULL,NULL,8.58000000,0.00000000,0.00000000,0.00000000,42.82000000,51.40000000,0,12,NULL,NULL,NULL,NULL,NULL,NULL,NULL,0,0,'2024-01-31',NULL,NULL,NULL,NULL,NULL,NULL,NULL,NULL,0,0,NULL,0,0,'',NULL,NULL,0,'USD',1.30000000,55.69000000,11.13000000,66.82000000,NULL,NULL,'takepos','1',NULL,NULL,0),
(235,'FA2302-0030',1,NULL,NULL,0,'fdfd',NULL,34,'2024-02-15 13:05:13','2024-02-15','2024-02-15 13:05:21',NULL,'2024-06-20 09:34:25',0,NULL,NULL,0,NULL,NULL,NULL,2.00000000,0.00000000,0.00000000,0.00000000,10.00000000,12.00000000,1,12,NULL,12,NULL,NULL,NULL,3,NULL,1,3,'2024-02-15',NULL,NULL,NULL,'crabe',NULL,NULL,NULL,NULL,0,0,'2023-02-15',0,0,'',NULL,NULL,1,'EUR',1.00000000,10.00000000,2.00000000,12.00000000,NULL,'facture/FA2302-0030/FA2302-0030.pdf',NULL,NULL,NULL,NULL,0),
(236,'FA2302-0031',1,NULL,NULL,0,NULL,NULL,34,'2024-02-15 13:17:22','2024-02-15','2024-02-15 13:17:31',NULL,'2024-06-20 09:34:25',0,NULL,NULL,0,NULL,NULL,NULL,2.00000000,0.00000000,0.00000000,0.00000000,10.00000000,12.00000000,1,12,NULL,12,NULL,NULL,4,3,NULL,1,0,'2024-02-15',NULL,NULL,NULL,'crabe',NULL,NULL,NULL,NULL,0,0,'2023-02-15',0,0,'',NULL,NULL,1,'EUR',1.00000000,10.00000000,2.00000000,12.00000000,NULL,'facture/FA2302-0031/FA2302-0031.pdf',NULL,NULL,NULL,NULL,0),
(237,'FA2303-0032',1,NULL,NULL,5,NULL,NULL,1,'2024-03-02 13:11:22','2024-03-02','2024-03-02 13:16:15',NULL,'2024-06-20 09:34:25',0,NULL,NULL,0,NULL,NULL,NULL,0.00000000,0.00000000,0.00000000,0.00000000,50.00000000,50.00000000,1,12,NULL,12,NULL,NULL,NULL,3,NULL,1,0,'2024-03-02',NULL,NULL,NULL,'crabe',NULL,NULL,1,1,0,0,'2023-03-02',0,0,'',NULL,NULL,1,'EUR',1.00000000,50.00000000,0.00000000,50.00000000,NULL,'facture/FA2303-0032/FA2303-0032.pdf',NULL,NULL,NULL,NULL,0),
(238,'FA2303-0033',1,NULL,NULL,5,NULL,NULL,1,'2024-03-02 13:20:59','2024-03-02','2024-03-02 13:21:13','2024-06-21 10:52:47','2024-06-21 10:52:47',1,NULL,NULL,0,NULL,NULL,NULL,0.00000000,0.00000000,0.00000000,0.00000000,30.00000000,30.00000000,2,12,NULL,12,12,237,NULL,NULL,NULL,1,3,'2024-03-02',NULL,NULL,NULL,'crabe',NULL,NULL,1,2,0,0,'2023-03-02',0,0,'',NULL,NULL,0,'EUR',1.00000000,30.00000000,0.00000000,30.00000000,NULL,'facture/FA2303-0033/FA2303-0033.pdf',NULL,NULL,NULL,NULL,0),
(239,'(PROV239)',1,NULL,NULL,2,NULL,NULL,2,'2024-03-15 08:24:26','2024-03-15',NULL,NULL,'2024-06-20 09:34:25',0,NULL,NULL,0,NULL,NULL,NULL,0.00000000,0.09000000,0.09000000,0.00000000,-1.00000000,-1.18000000,0,12,NULL,NULL,NULL,2,NULL,3,NULL,0,0,'2024-03-15',NULL,NULL,NULL,'crabe',NULL,NULL,NULL,NULL,0,0,NULL,0,0,'',NULL,NULL,1,'EUR',1.00000000,-1.00000000,0.00000000,-1.18000000,NULL,'facture/(PROV239)/(PROV239).pdf',NULL,NULL,NULL,NULL,0),
(240,'(PROV240)',1,NULL,NULL,0,NULL,NULL,2,'2024-03-15 09:42:22','2024-03-15',NULL,NULL,'2024-06-20 09:34:25',0,NULL,NULL,0,NULL,NULL,NULL,0.00000000,0.00000000,0.00000000,0.00000000,0.00000000,0.00000000,0,12,NULL,NULL,NULL,NULL,NULL,3,NULL,1,0,'2024-03-15',NULL,NULL,NULL,'crabe',NULL,NULL,NULL,NULL,0,0,'2023-03-15',0,0,'',NULL,NULL,1,'EUR',1.00000000,0.00000000,0.00000000,0.00000000,NULL,'facture/(PROV240)/(PROV240).pdf',NULL,NULL,NULL,NULL,0);

--
-- Table structure for table `llx_facture_extrafields`
--

CREATE TABLE `llx_facture_extrafields` (
  `rowid` int(11) NOT NULL AUTO_INCREMENT,
  `tms` timestamp NOT NULL DEFAULT current_timestamp() ON UPDATE current_timestamp(),
  `fk_object` int(11) NOT NULL,
  `import_key` varchar(14) DEFAULT NULL,
  `commission` int(3) DEFAULT NULL,
  `reseller` int(11) DEFAULT NULL,
  `delayautopayment` date DEFAULT NULL,
  PRIMARY KEY (`rowid`),
  UNIQUE KEY `uk_facture_extrafields` (`fk_object`)
) ENGINE=InnoDB AUTO_INCREMENT=8 DEFAULT CHARSET=utf8mb3 COLLATE=utf8mb3_unicode_ci;

--
-- Dumping data for table `llx_facture_extrafields`
--

INSERT INTO `llx_facture_extrafields` VALUES
(1,'2023-02-15 16:05:13',235,NULL,NULL,NULL,NULL),
(2,'2023-02-15 16:17:22',236,NULL,NULL,NULL,NULL),
(3,'2023-03-02 16:11:22',237,NULL,NULL,NULL,NULL),
(5,'2023-03-02 16:20:59',238,NULL,NULL,NULL,NULL),
(6,'2023-03-15 11:24:26',239,NULL,NULL,NULL,NULL),
(7,'2023-03-15 12:42:22',240,NULL,NULL,NULL,NULL);

--
-- Table structure for table `llx_facture_fourn`
--

CREATE TABLE `llx_facture_fourn` (
  `rowid` int(11) NOT NULL AUTO_INCREMENT,
  `ref` varchar(255) NOT NULL,
  `ref_supplier` varchar(255) DEFAULT NULL,
  `entity` int(11) NOT NULL DEFAULT 1,
  `ref_ext` varchar(255) DEFAULT NULL,
  `type` smallint(6) NOT NULL DEFAULT 0,
  `fk_soc` int(11) NOT NULL,
  `datec` datetime DEFAULT NULL,
  `datef` date DEFAULT NULL,
  `tms` timestamp NOT NULL DEFAULT current_timestamp() ON UPDATE current_timestamp(),
  `libelle` varchar(255) DEFAULT NULL,
  `paye` smallint(6) NOT NULL DEFAULT 0,
  `amount` double(24,8) NOT NULL DEFAULT 0.00000000,
  `remise` double(24,8) DEFAULT 0.00000000,
  `close_code` varchar(16) DEFAULT NULL,
  `close_missing_amount` double(24,8) DEFAULT NULL,
  `close_note` varchar(128) DEFAULT NULL,
  `vat_reverse_charge` tinyint(4) DEFAULT 0,
  `tva` double(24,8) DEFAULT 0.00000000,
  `localtax1` double(24,8) DEFAULT 0.00000000,
  `localtax2` double(24,8) DEFAULT 0.00000000,
  `total_ht` double(24,8) DEFAULT 0.00000000,
  `total_tva` double(24,8) DEFAULT 0.00000000,
  `total_ttc` double(24,8) DEFAULT 0.00000000,
  `fk_statut` smallint(6) NOT NULL DEFAULT 0,
  `fk_user_author` int(11) DEFAULT NULL,
  `fk_user_modif` int(11) DEFAULT NULL,
  `fk_user_valid` int(11) DEFAULT NULL,
  `fk_user_closing` int(11) DEFAULT NULL,
  `fk_facture_source` int(11) DEFAULT NULL,
  `fk_projet` int(11) DEFAULT NULL,
  `fk_account` int(11) DEFAULT NULL,
  `fk_cond_reglement` int(11) DEFAULT NULL,
  `fk_mode_reglement` int(11) DEFAULT NULL,
  `date_lim_reglement` date DEFAULT NULL,
  `note_private` text DEFAULT NULL,
  `note_public` text DEFAULT NULL,
  `model_pdf` varchar(255) DEFAULT NULL,
  `import_key` varchar(14) DEFAULT NULL,
  `extraparams` varchar(255) DEFAULT NULL,
  `fk_incoterms` int(11) DEFAULT NULL,
  `location_incoterms` varchar(255) DEFAULT NULL,
  `fk_transport_mode` int(11) DEFAULT NULL,
  `fk_multicurrency` int(11) DEFAULT NULL,
  `multicurrency_code` varchar(3) DEFAULT NULL,
  `multicurrency_tx` double(24,8) DEFAULT 1.00000000,
  `multicurrency_total_ht` double(24,8) DEFAULT 0.00000000,
  `multicurrency_total_tva` double(24,8) DEFAULT 0.00000000,
  `multicurrency_total_ttc` double(24,8) DEFAULT 0.00000000,
  `last_main_doc` varchar(255) DEFAULT NULL,
  `date_pointoftax` date DEFAULT NULL,
  `date_valid` date DEFAULT NULL,
  `date_closing` datetime DEFAULT NULL,
  `fk_fac_rec_source` int(11) DEFAULT NULL,
  `revenuestamp` double(24,8) DEFAULT 0.00000000,
  `subtype` smallint(6) DEFAULT NULL,
  PRIMARY KEY (`rowid`),
  UNIQUE KEY `uk_facture_fourn_ref` (`ref`,`entity`),
  UNIQUE KEY `uk_facture_fourn_ref_supplier` (`ref_supplier`,`fk_soc`,`entity`),
  KEY `idx_facture_fourn_date_lim_reglement` (`date_lim_reglement`),
  KEY `idx_facture_fourn_fk_soc` (`fk_soc`),
  KEY `idx_facture_fourn_fk_user_author` (`fk_user_author`),
  KEY `idx_facture_fourn_fk_user_valid` (`fk_user_valid`),
  KEY `idx_facture_fourn_fk_projet` (`fk_projet`),
  KEY `idx_facture_fourn_tms` (`tms`),
  CONSTRAINT `fk_facture_fourn_fk_projet` FOREIGN KEY (`fk_projet`) REFERENCES `llx_projet` (`rowid`),
  CONSTRAINT `fk_facture_fourn_fk_soc` FOREIGN KEY (`fk_soc`) REFERENCES `llx_societe` (`rowid`),
  CONSTRAINT `fk_facture_fourn_fk_user_author` FOREIGN KEY (`fk_user_author`) REFERENCES `llx_user` (`rowid`),
  CONSTRAINT `fk_facture_fourn_fk_user_valid` FOREIGN KEY (`fk_user_valid`) REFERENCES `llx_user` (`rowid`)
) ENGINE=InnoDB AUTO_INCREMENT=40 DEFAULT CHARSET=utf8mb3 COLLATE=utf8mb3_unicode_ci;

--
-- Dumping data for table `llx_facture_fourn`
--

INSERT INTO `llx_facture_fourn` VALUES
(16,'SI1601-0001','FR70813',1,NULL,0,1,'2014-12-19 15:24:11','2003-04-11','2017-02-06 04:08:22','OVH FR70813',0,0.00000000,0.00000000,NULL,NULL,NULL,0,0.00000000,0.00000000,0.00000000,829.00000000,162.48000000,991.48000000,1,1,NULL,12,NULL,NULL,NULL,NULL,1,NULL,'2003-04-11','','',NULL,NULL,NULL,NULL,NULL,NULL,NULL,NULL,1.00000000,0.00000000,0.00000000,0.00000000,NULL,NULL,NULL,NULL,NULL,0.00000000,NULL),
(17,'SI1601-0002','FR81385',1,NULL,0,1,'2015-02-13 17:19:35','2003-06-04','2019-10-04 08:31:30','OVH FR81385',0,0.00000000,0.00000000,NULL,NULL,NULL,0,0.00000000,NULL,NULL,26.00000000,5.10000000,31.10000000,1,1,NULL,12,NULL,NULL,NULL,NULL,4,NULL,'2003-08-03','','','canelle',NULL,NULL,NULL,NULL,NULL,NULL,NULL,1.00000000,0.00000000,0.00000000,0.00000000,NULL,NULL,'2019-10-04',NULL,NULL,0.00000000,NULL),
(18,'SI1601-0003','FR81385',1,NULL,0,2,'2015-02-13 17:20:25','2003-06-04','2017-02-06 04:08:35','OVH FR81385',0,0.00000000,0.00000000,NULL,NULL,NULL,0,0.00000000,0.00000000,0.00000000,26.00000000,5.10000000,31.10000000,0,1,NULL,NULL,NULL,NULL,NULL,NULL,1,NULL,'2003-06-04','','',NULL,NULL,NULL,NULL,NULL,NULL,NULL,NULL,1.00000000,0.00000000,0.00000000,0.00000000,NULL,NULL,NULL,NULL,NULL,0.00000000,NULL),
(19,'SI1601-0004','FR813852',1,NULL,0,2,'2015-03-16 17:59:02','2015-03-16','2017-02-06 04:08:38','OVH FR81385',0,0.00000000,0.00000000,NULL,NULL,NULL,0,0.00000000,0.00000000,0.00000000,26.00000000,5.10000000,31.10000000,0,1,NULL,NULL,NULL,NULL,NULL,NULL,1,NULL,NULL,'','',NULL,NULL,NULL,NULL,NULL,NULL,NULL,NULL,1.00000000,0.00000000,0.00000000,0.00000000,NULL,NULL,NULL,NULL,NULL,0.00000000,NULL),
(20,'SI1702-0001','INV-AE56ER08',1,NULL,0,13,'2017-02-01 19:00:31','2017-02-01','2017-02-01 15:05:28','',0,0.00000000,0.00000000,NULL,NULL,NULL,0,0.00000000,0.00000000,0.00000000,200.00000000,39.20000000,239.20000000,1,12,NULL,12,NULL,NULL,5,NULL,1,0,'2017-02-01','The customer has called us the 24th april. He agree us to not pay the remain of invoice due to default.<br />\r\nLet\'s see with our book keeper, if we must cancel invoice or ask the supplier a credit note...',NULL,'canelle',NULL,NULL,0,'',NULL,0,'EUR',1.00000000,200.00000000,39.20000000,239.20000000,NULL,NULL,NULL,NULL,NULL,0.00000000,NULL),
(21,'SI1911-0005','NL-123',1,NULL,0,10,'2019-11-28 15:54:30','2019-11-28','2019-11-28 11:54:46','',0,0.00000000,0.00000000,NULL,NULL,NULL,0,0.00000000,0.00000000,0.00000000,450.00000000,0.00000000,450.00000000,1,12,NULL,12,NULL,NULL,NULL,NULL,1,NULL,'2019-11-28','','',NULL,NULL,NULL,0,'',NULL,1,'EUR',1.00000000,450.00000000,0.00000000,450.00000000,NULL,NULL,'2019-11-28',NULL,NULL,0.00000000,NULL),
(22,'SI2001-0006','INV20200101',1,NULL,0,17,'2020-01-01 17:48:01','2020-01-01','2023-01-10 16:24:45','',0,0.00000000,0.00000000,NULL,NULL,NULL,0,0.00000000,0.00000000,0.00000000,361.00000000,70.93000000,431.93000000,0,12,NULL,12,NULL,NULL,NULL,1,1,2,'2020-01-01','','',NULL,NULL,NULL,0,'',NULL,1,'EUR',1.00000000,361.00000000,70.93000000,431.93000000,'fournisseur/facture/2/2/SI2001-0006/SI2001-0006.pdf',NULL,'2022-12-29',NULL,NULL,0.00000000,NULL),
(27,'SA2001-0001','CN01',1,NULL,2,17,'2020-01-01 20:21:51','2020-01-01','2022-02-07 13:38:10','',1,0.00000000,0.00000000,NULL,NULL,NULL,0,0.00000000,0.00000000,0.00000000,-350.00000000,-43.75000000,-393.75000000,2,12,12,12,NULL,22,NULL,NULL,1,NULL,NULL,'','ddd',NULL,NULL,NULL,0,'',NULL,1,'EUR',1.00000000,-350.00000000,-43.75000000,-393.75000000,NULL,NULL,'2020-01-01',NULL,NULL,0.00000000,NULL),
(28,'SI2001-0007','INV02',1,NULL,0,17,'2020-01-01 20:22:48','2020-01-01','2020-01-01 18:06:02','',0,0.00000000,0.00000000,NULL,NULL,NULL,0,0.00000000,0.00000000,0.00000000,79.17000000,9.89000000,89.06000000,1,12,NULL,12,NULL,NULL,NULL,NULL,1,NULL,'2020-01-01','','',NULL,NULL,NULL,0,'',NULL,1,'EUR',1.00000000,79.17000000,9.89000000,89.06000000,NULL,NULL,'2020-01-01',NULL,NULL,0.00000000,NULL),
(30,'SA2001-0002','555',1,NULL,2,1,'2020-01-01 20:51:32','2020-01-01','2020-01-01 17:15:57','',0,0.00000000,0.00000000,NULL,NULL,NULL,0,0.00000000,0.00000000,0.00000000,-26.00000000,-5.10000000,-31.10000000,1,12,NULL,12,NULL,17,NULL,NULL,1,NULL,NULL,'','',NULL,NULL,NULL,0,'',NULL,1,'EUR',1.00000000,0.00000000,0.00000000,0.00000000,NULL,NULL,'2020-01-01',NULL,NULL,0.00000000,NULL),
(31,'(PROV31)','aaaa',1,'',3,13,'2023-02-11 08:27:18','2023-02-11','2023-02-11 11:27:18','',0,0.00000000,0.00000000,NULL,NULL,NULL,0,0.00000000,0.00000000,0.00000000,0.00000000,0.00000000,0.00000000,0,12,NULL,NULL,NULL,NULL,NULL,NULL,2,NULL,'2023-03-13','','',NULL,NULL,NULL,0,'',NULL,1,'EUR',1.00000000,0.00000000,0.00000000,0.00000000,'fournisseur/facture/1/3/(PROV31)/(PROV31).pdf',NULL,NULL,NULL,NULL,0.00000000,NULL),
(32,'SI2302-0008','aaaa',1,'',0,17,'2023-02-15 13:18:16','2023-02-15','2023-02-15 16:54:52','',0,0.00000000,0.00000000,NULL,NULL,NULL,0,0.00000000,0.00000000,0.00000000,50.00000000,10.00000000,60.00000000,1,12,NULL,12,NULL,NULL,4,NULL,1,4,'2023-02-15','','',NULL,NULL,NULL,0,'',NULL,1,'EUR',1.00000000,50.00000000,10.00000000,60.00000000,'fournisseur/facture/2/3/SI2302-0008/SI2302-0008.pdf',NULL,'2023-02-15',NULL,NULL,0.00000000,NULL),
(34,'(PROV34)','Copy of FR81385',1,'',0,1,'2023-02-21 08:01:43','2023-02-21','2023-02-21 11:01:43','OVH FR81385',0,0.00000000,0.00000000,NULL,NULL,NULL,0,0.00000000,0.00000000,0.00000000,26.00000000,5.10000000,31.10000000,0,12,NULL,NULL,NULL,NULL,NULL,NULL,4,NULL,NULL,'','',NULL,NULL,NULL,0,'',NULL,0,'EUR',1.00000000,26.00000000,5.10000000,31.10000000,NULL,NULL,NULL,NULL,NULL,0.00000000,NULL),
(38,'(PROV38)','Copy of FR81385c',1,'',0,1,'2023-02-21 08:10:59','2023-02-21','2023-02-21 11:10:59','OVH FR81385',0,0.00000000,0.00000000,NULL,NULL,NULL,0,0.00000000,NULL,NULL,26.00000000,5.10000000,31.10000000,0,12,NULL,NULL,NULL,NULL,NULL,NULL,1,NULL,'2023-02-21','','',NULL,NULL,NULL,0,'',NULL,0,'EUR',1.00000000,26.00000000,5.10000000,31.10000000,NULL,NULL,NULL,NULL,NULL,0.00000000,NULL),
(39,'(PROV39)','Copy of Copy of FR81385c',1,'',0,1,'2023-02-21 08:14:59','2023-02-21','2023-02-21 11:14:59','OVH FR81385',0,0.00000000,0.00000000,NULL,NULL,NULL,0,0.00000000,0.00000000,0.00000000,26.00000000,5.10000000,31.10000000,0,12,NULL,NULL,NULL,NULL,NULL,NULL,1,NULL,'2023-02-21','','',NULL,NULL,NULL,0,'',NULL,1,'EUR',1.00000000,26.00000000,5.10000000,31.10000000,NULL,NULL,NULL,NULL,NULL,0.00000000,NULL);

--
-- Table structure for table `llx_facture_fourn_det`
--

CREATE TABLE `llx_facture_fourn_det` (
  `rowid` int(11) NOT NULL AUTO_INCREMENT,
  `fk_facture_fourn` int(11) NOT NULL,
  `fk_parent_line` int(11) DEFAULT NULL,
  `fk_product` int(11) DEFAULT NULL,
  `ref` varchar(128) DEFAULT NULL,
  `label` varchar(255) DEFAULT NULL,
  `description` text DEFAULT NULL,
  `pu_ht` double(24,8) DEFAULT NULL,
  `pu_ttc` double(24,8) DEFAULT NULL,
  `qty` double DEFAULT NULL,
  `remise_percent` double DEFAULT 0,
  `fk_remise_except` int(11) DEFAULT NULL,
  `tva_tx` double(6,3) DEFAULT NULL,
  `vat_src_code` varchar(10) DEFAULT '',
  `localtax1_tx` double(6,3) DEFAULT 0.000,
  `localtax1_type` varchar(10) NOT NULL DEFAULT '0',
  `localtax2_tx` double(6,3) DEFAULT 0.000,
  `localtax2_type` varchar(10) NOT NULL DEFAULT '0',
  `total_ht` double(24,8) DEFAULT NULL,
  `tva` double(24,8) DEFAULT NULL,
  `total_localtax1` double(24,8) DEFAULT 0.00000000,
  `total_localtax2` double(24,8) DEFAULT 0.00000000,
  `total_ttc` double(24,8) DEFAULT NULL,
  `product_type` int(11) DEFAULT 0,
  `date_start` datetime DEFAULT NULL,
  `date_end` datetime DEFAULT NULL,
  `info_bits` int(11) NOT NULL DEFAULT 0,
  `import_key` varchar(14) DEFAULT NULL,
  `fk_code_ventilation` int(11) NOT NULL DEFAULT 0,
  `special_code` int(11) DEFAULT 0,
  `rang` int(11) DEFAULT 0,
  `fk_unit` int(11) DEFAULT NULL,
  `fk_multicurrency` int(11) DEFAULT NULL,
  `multicurrency_code` varchar(3) DEFAULT NULL,
  `multicurrency_subprice` double(24,8) DEFAULT 0.00000000,
  `multicurrency_subprice_ttc` double(24,8) DEFAULT 0.00000000,
  `multicurrency_total_ht` double(24,8) DEFAULT 0.00000000,
  `multicurrency_total_tva` double(24,8) DEFAULT 0.00000000,
  `multicurrency_total_ttc` double(24,8) DEFAULT 0.00000000,
  PRIMARY KEY (`rowid`),
  UNIQUE KEY `uk_fk_remise_except` (`fk_remise_except`,`fk_facture_fourn`),
  KEY `idx_facture_fourn_det_fk_facture` (`fk_facture_fourn`),
  KEY `fk_facture_fourn_det_fk_unit` (`fk_unit`),
  KEY `idx_facture_fourn_det_fk_code_ventilation` (`fk_code_ventilation`),
  KEY `idx_facture_fourn_det_fk_product` (`fk_product`),
  CONSTRAINT `fk_facture_fourn_det_fk_facture` FOREIGN KEY (`fk_facture_fourn`) REFERENCES `llx_facture_fourn` (`rowid`),
  CONSTRAINT `fk_facture_fourn_det_fk_unit` FOREIGN KEY (`fk_unit`) REFERENCES `llx_c_units` (`rowid`)
) ENGINE=InnoDB AUTO_INCREMENT=104 DEFAULT CHARSET=utf8mb3 COLLATE=utf8mb3_unicode_ci;

--
-- Dumping data for table `llx_facture_fourn_det`
--

INSERT INTO `llx_facture_fourn_det` VALUES
(44,16,NULL,NULL,NULL,NULL,'<strong>ref :sd.loc.sp.512.6</strong><br>6 mois - Location de SuperPlan avec la connexion 512kbs<br>Du 11/04/2003 &agrave; 11/10/2003',414.00000000,495.14400000,1,0,NULL,19.600,'',0.000,'',0.000,'',414.00000000,81.14000000,0.00000000,0.00000000,495.14000000,0,NULL,NULL,0,NULL,105,0,0,NULL,NULL,NULL,0.00000000,0.00000000,0.00000000,0.00000000,0.00000000),
(45,16,NULL,NULL,NULL,NULL,'<strong>ref :sd.loc.sp.512.6</strong><br>6 mois - Location de SuperPlan avec la connexion 512kbs<br>Du 11/10/2003 &agrave; 11/04/2004',414.00000000,495.14400000,1,0,NULL,19.600,'',0.000,'',0.000,'',414.00000000,81.14000000,0.00000000,0.00000000,495.14000000,0,NULL,NULL,0,NULL,104,0,0,NULL,NULL,NULL,0.00000000,0.00000000,0.00000000,0.00000000,0.00000000),
(46,16,NULL,NULL,NULL,NULL,'<strong>ref :sd.installation.annuel</strong><br>Frais de mise en service d\'un serveur dédié pour un paiement annuel<br>',1.00000000,1.19600000,1,0,NULL,19.600,'',0.000,'',0.000,'',1.00000000,0.20000000,0.00000000,0.00000000,1.20000000,0,NULL,NULL,0,NULL,105,0,0,NULL,NULL,NULL,0.00000000,0.00000000,0.00000000,0.00000000,0.00000000),
(47,17,NULL,NULL,NULL,NULL,'<strong>ref :bk.full250.creation</strong><br>Création du compte backup ftp 250Mo.<br>',1.00000000,1.19600000,1,0,NULL,19.600,'',0.000,'',0.000,'',1.00000000,0.20000000,0.00000000,0.00000000,1.20000000,0,NULL,NULL,0,NULL,106,0,0,NULL,NULL,NULL,0.00000000,0.00000000,0.00000000,0.00000000,0.00000000),
(48,17,NULL,NULL,NULL,NULL,'<strong>ref :bk.full250.12</strong><br>Redevance pour un backup de 250Mo sur 12 mois<br>',25.00000000,29.90000000,1,0,NULL,19.600,'',0.000,'',0.000,'',25.00000000,4.90000000,0.00000000,0.00000000,29.90000000,0,NULL,NULL,0,NULL,103,0,0,NULL,NULL,NULL,0.00000000,0.00000000,0.00000000,0.00000000,0.00000000),
(49,18,NULL,NULL,NULL,NULL,'<strong>ref :bk.full250.creation</strong><br>Création du compte backup ftp 250Mo.<br>',1.00000000,1.19600000,1,0,NULL,19.600,'',0.000,'',0.000,'',1.00000000,0.20000000,0.00000000,0.00000000,1.20000000,0,NULL,NULL,0,NULL,0,0,0,NULL,NULL,NULL,0.00000000,0.00000000,0.00000000,0.00000000,0.00000000),
(50,18,NULL,NULL,NULL,NULL,'<strong>ref :bk.full250.12</strong><br>Redevance pour un backup de 250Mo sur 12 mois<br>',25.00000000,29.90000000,1,0,NULL,19.600,'',0.000,'',0.000,'',25.00000000,4.90000000,0.00000000,0.00000000,29.90000000,0,NULL,NULL,0,NULL,0,0,0,NULL,NULL,NULL,0.00000000,0.00000000,0.00000000,0.00000000,0.00000000),
(51,19,NULL,NULL,NULL,NULL,'<strong>ref :bk.full250.creation</strong><br>Création du compte backup ftp 250Mo.<br>',1.00000000,1.19600000,1,0,NULL,19.600,'',0.000,'0',0.000,'0',1.00000000,0.20000000,0.00000000,0.00000000,1.20000000,0,NULL,NULL,0,NULL,0,0,0,NULL,NULL,NULL,0.00000000,0.00000000,0.00000000,0.00000000,0.00000000),
(52,19,NULL,NULL,NULL,NULL,'<strong>ref :bk.full250.12</strong><br>Redevance pour un backup de 250Mo sur 12 mois<br>',25.00000000,29.90000000,1,0,NULL,19.600,'',0.000,'0',0.000,'0',25.00000000,4.90000000,0.00000000,0.00000000,29.90000000,0,NULL,NULL,0,NULL,0,0,0,NULL,NULL,NULL,0.00000000,0.00000000,0.00000000,0.00000000,0.00000000),
(53,20,NULL,NULL,NULL,NULL,'Chips',20.00000000,23.92000000,10,0,NULL,19.600,'',0.000,'0',0.000,'0',200.00000000,39.20000000,0.00000000,0.00000000,239.20000000,0,NULL,NULL,0,NULL,323,0,0,NULL,0,'EUR',20.00000000,0.00000000,200.00000000,39.20000000,239.20000000),
(54,21,NULL,1,'aaa',NULL,'A beatifull pink dress',100.00000000,90.00000000,5,10,NULL,0.000,'',0.000,'0',0.000,'0',450.00000000,0.00000000,0.00000000,0.00000000,450.00000000,0,NULL,NULL,0,NULL,323,0,1,NULL,1,'EUR',100.00000000,0.00000000,450.00000000,0.00000000,450.00000000),
(78,22,NULL,1,'BK01',NULL,'A beatifull pink dress',70.00000000,84.00000000,5,0,NULL,20.000,'',0.000,'',0.000,'',350.00000000,70.00000000,0.00000000,0.00000000,420.00000000,0,NULL,NULL,0,NULL,323,0,2,NULL,1,'EUR',70.00000000,0.00000000,350.00000000,70.00000000,420.00000000),
(83,27,NULL,1,'BK01','Pink dress','A beatifull pink dress',-70.00000000,-78.75000000,5,0,NULL,12.500,'',0.000,'0',0.000,'0',-350.00000000,-43.75000000,0.00000000,0.00000000,-393.75000000,0,NULL,NULL,0,NULL,323,0,2,NULL,1,'EUR',-70.00000000,0.00000000,-350.00000000,-43.75000000,-393.75000000),
(84,28,NULL,1,'BK01',NULL,'A beatifull pink dress',79.16667000,89.06000000,1,0,NULL,12.500,'',0.000,'0',0.000,'0',79.17000000,9.89000000,0.00000000,0.00000000,89.06000000,0,NULL,NULL,0,NULL,323,0,1,NULL,1,'EUR',79.16667000,0.00000000,79.17000000,9.89000000,89.06000000),
(86,30,NULL,NULL,'',NULL,'<strong>ref :bk.full250.creation</strong><br>Création du compte backup ftp 250Mo.<br>',-1.00000000,-1.20000000,1,0,NULL,19.600,'',0.000,'0',0.000,'0',-1.00000000,-0.20000000,0.00000000,0.00000000,-1.20000000,0,NULL,NULL,0,NULL,325,0,0,NULL,0,'',0.00000000,0.00000000,0.00000000,0.00000000,0.00000000),
(87,30,NULL,NULL,'',NULL,'<strong>ref :bk.full250.12</strong><br>Redevance pour un backup de 250Mo sur 12 mois<br>',-25.00000000,-29.90000000,1,0,NULL,19.600,'',0.000,'0',0.000,'0',-25.00000000,-4.90000000,0.00000000,0.00000000,-29.90000000,0,NULL,NULL,0,NULL,325,0,0,NULL,0,'',0.00000000,0.00000000,0.00000000,0.00000000,0.00000000),
(89,22,NULL,2,'BKPEARPIE',NULL,'',7.00000000,7.70000000,1,0,NULL,10.000,'',0.000,'',0.000,'',7.00000000,0.70000000,0.00000000,0.00000000,7.70000000,0,NULL,NULL,0,NULL,324,0,3,NULL,1,'EUR',7.00000000,0.00000000,7.00000000,0.70000000,7.70000000),
(90,22,NULL,NULL,'',NULL,'aaa',1.00000000,1.06000000,1,0,NULL,5.500,'aaa',0.000,'0',0.000,'0',1.00000000,0.06000000,0.00000000,0.00000000,1.06000000,0,NULL,NULL,0,NULL,0,0,4,NULL,1,'EUR',1.00000000,0.00000000,1.00000000,0.06000000,1.06000000),
(91,22,NULL,NULL,'',NULL,'aa',2.00000000,2.11000000,1,0,NULL,5.500,'bbb',0.000,'0',0.000,'0',2.00000000,0.11000000,0.00000000,0.00000000,2.11000000,1,NULL,NULL,0,NULL,0,0,5,NULL,1,'EUR',2.00000000,0.00000000,2.00000000,0.11000000,2.11000000),
(92,22,NULL,NULL,'',NULL,'1',1.00000000,1.06000000,1,0,NULL,5.500,'aaa',0.000,'0',0.000,'0',1.00000000,0.06000000,0.00000000,0.00000000,1.06000000,0,NULL,NULL,0,NULL,0,0,6,NULL,1,'EUR',1.00000000,0.00000000,1.00000000,0.06000000,1.06000000),
(93,32,NULL,NULL,'aaa',NULL,'fsdfds',50.00000000,60.00000000,1,0,NULL,20.000,'',0.000,'',0.000,'',50.00000000,10.00000000,0.00000000,0.00000000,60.00000000,0,NULL,NULL,0,NULL,0,0,1,NULL,1,'EUR',50.00000000,0.00000000,50.00000000,10.00000000,60.00000000),
(96,34,NULL,NULL,'',NULL,'<strong>ref :bk.full250.creation</strong><br>Création du compte backup ftp 250Mo.<br>',1.00000000,1.19600000,1,0,NULL,19.600,'',0.000,'',0.000,'',1.00000000,0.20000000,0.00000000,0.00000000,1.20000000,0,NULL,NULL,0,NULL,0,0,0,NULL,NULL,NULL,1.00000000,0.00000000,1.00000000,0.20000000,1.20000000),
(97,34,NULL,NULL,'',NULL,'<strong>ref :bk.full250.12</strong><br>Redevance pour un backup de 250Mo sur 12 mois<br>',25.00000000,29.90000000,1,0,NULL,19.600,'',0.000,'',0.000,'',25.00000000,4.90000000,0.00000000,0.00000000,29.90000000,0,NULL,NULL,0,NULL,0,0,0,NULL,NULL,NULL,25.00000000,0.00000000,25.00000000,4.90000000,29.90000000),
(100,38,NULL,NULL,'',NULL,'<strong>ref :bk.full250.creation</strong><br>Création du compte backup ftp 250Mo.<br>',1.00000000,1.19600000,1,0,NULL,19.600,'',0.000,'',0.000,'',1.00000000,0.20000000,0.00000000,0.00000000,1.20000000,0,NULL,NULL,0,NULL,0,0,0,NULL,NULL,NULL,1.00000000,0.00000000,1.00000000,0.20000000,1.20000000),
(101,38,NULL,NULL,'',NULL,'<strong>ref :bk.full250.12</strong><br>Redevance pour un backup de 250Mo sur 12 mois<br>',25.00000000,29.90000000,1,0,NULL,19.600,'',0.000,'',0.000,'',25.00000000,4.90000000,0.00000000,0.00000000,29.90000000,0,NULL,NULL,0,NULL,0,0,0,NULL,NULL,NULL,25.00000000,0.00000000,25.00000000,4.90000000,29.90000000),
(102,39,NULL,NULL,'',NULL,'<strong>ref :bk.full250.creation</strong><br>Création du compte backup ftp 250Mo.<br>',1.00000000,1.19600000,1,0,NULL,19.600,'',0.000,'',0.000,'',1.00000000,0.20000000,0.00000000,0.00000000,1.20000000,0,NULL,NULL,0,NULL,0,0,0,NULL,NULL,NULL,1.00000000,0.00000000,1.00000000,0.20000000,1.20000000),
(103,39,NULL,NULL,'',NULL,'<strong>ref :bk.full250.12</strong><br>Redevance pour un backup de 250Mo sur 12 mois<br>',25.00000000,29.90000000,1,0,NULL,19.600,'',0.000,'',0.000,'',25.00000000,4.90000000,0.00000000,0.00000000,29.90000000,0,NULL,NULL,0,NULL,0,0,0,NULL,NULL,NULL,25.00000000,0.00000000,25.00000000,4.90000000,29.90000000);

--
-- Table structure for table `llx_facture_fourn_det_extrafields`
--

CREATE TABLE `llx_facture_fourn_det_extrafields` (
  `rowid` int(11) NOT NULL AUTO_INCREMENT,
  `tms` timestamp NOT NULL DEFAULT current_timestamp() ON UPDATE current_timestamp(),
  `fk_object` int(11) NOT NULL,
  `import_key` varchar(14) DEFAULT NULL,
  PRIMARY KEY (`rowid`),
  UNIQUE KEY `uk_facture_fourn_det_extrafields` (`fk_object`)
) ENGINE=InnoDB DEFAULT CHARSET=utf8mb3 COLLATE=utf8mb3_unicode_ci;

--
-- Dumping data for table `llx_facture_fourn_det_extrafields`
--


--
-- Table structure for table `llx_facture_fourn_det_rec`
--

CREATE TABLE `llx_facture_fourn_det_rec` (
  `rowid` int(11) NOT NULL AUTO_INCREMENT,
  `fk_facture_fourn` int(11) NOT NULL,
  `fk_parent_line` int(11) DEFAULT NULL,
  `fk_product` int(11) DEFAULT NULL,
  `ref` varchar(50) DEFAULT NULL,
  `label` varchar(255) DEFAULT NULL,
  `description` text DEFAULT NULL,
  `pu_ht` double(24,8) DEFAULT NULL,
  `pu_ttc` double(24,8) DEFAULT NULL,
  `qty` double DEFAULT NULL,
  `remise_percent` double DEFAULT 0,
  `fk_remise_except` int(11) DEFAULT NULL,
  `vat_src_code` varchar(10) DEFAULT '',
  `tva_tx` double(7,4) DEFAULT NULL,
  `localtax1_tx` double(7,4) DEFAULT 0.0000,
  `localtax1_type` varchar(10) DEFAULT NULL,
  `localtax2_tx` double(7,4) DEFAULT 0.0000,
  `localtax2_type` varchar(10) DEFAULT NULL,
  `total_ht` double(24,8) DEFAULT NULL,
  `total_tva` double(24,8) DEFAULT NULL,
  `total_localtax1` double(24,8) DEFAULT 0.00000000,
  `total_localtax2` double(24,8) DEFAULT 0.00000000,
  `total_ttc` double(24,8) DEFAULT NULL,
  `product_type` int(11) DEFAULT 0,
  `date_start` int(11) DEFAULT NULL,
  `date_end` int(11) DEFAULT NULL,
  `info_bits` int(11) DEFAULT 0,
  `special_code` int(10) unsigned DEFAULT 0,
  `rang` int(11) DEFAULT 0,
  `fk_unit` int(11) DEFAULT NULL,
  `import_key` varchar(14) DEFAULT NULL,
  `fk_user_author` int(11) DEFAULT NULL,
  `fk_user_modif` int(11) DEFAULT NULL,
  `fk_multicurrency` int(11) DEFAULT NULL,
  `multicurrency_code` varchar(3) DEFAULT NULL,
  `multicurrency_subprice` double(24,8) DEFAULT 0.00000000,
  `multicurrency_subprice_ttc` double(24,8) DEFAULT 0.00000000,
  `multicurrency_total_ht` double(24,8) DEFAULT 0.00000000,
  `multicurrency_total_tva` double(24,8) DEFAULT 0.00000000,
  `multicurrency_total_ttc` double(24,8) DEFAULT 0.00000000,
  PRIMARY KEY (`rowid`),
  KEY `fk_facture_fourn_det_rec_fk_unit` (`fk_unit`),
  CONSTRAINT `fk_facture_fourn_det_rec_fk_unit` FOREIGN KEY (`fk_unit`) REFERENCES `llx_c_units` (`rowid`)
) ENGINE=InnoDB AUTO_INCREMENT=3 DEFAULT CHARSET=utf8mb3 COLLATE=utf8mb3_unicode_ci;

--
-- Dumping data for table `llx_facture_fourn_det_rec`
--

INSERT INTO `llx_facture_fourn_det_rec` VALUES
(1,1,NULL,NULL,NULL,NULL,'<strong>ref :bk.full250.creation</strong><br>Création du compte backup ftp 250Mo.<br>',1.00000000,1.19600000,1,0,NULL,'',19.6000,0.0000,'0',0.0000,'0',1.00000000,0.20000000,0.00000000,0.00000000,1.20000000,0,NULL,NULL,0,0,0,NULL,NULL,1,NULL,0,'EUR',1.00000000,0.00000000,1.00000000,0.20000000,1.20000000),
(2,1,NULL,NULL,NULL,NULL,'<strong>ref :bk.full250.12</strong><br>Redevance pour un backup de 250Mo sur 12 mois<br>',25.00000000,29.90000000,1,0,NULL,'',19.6000,0.0000,'0',0.0000,'0',25.00000000,4.90000000,0.00000000,0.00000000,29.90000000,0,NULL,NULL,0,0,0,NULL,NULL,1,NULL,0,'EUR',25.00000000,0.00000000,25.00000000,4.90000000,29.90000000);

--
-- Table structure for table `llx_facture_fourn_det_rec_extrafields`
--

CREATE TABLE `llx_facture_fourn_det_rec_extrafields` (
  `rowid` int(11) NOT NULL AUTO_INCREMENT,
  `tms` timestamp NOT NULL DEFAULT current_timestamp() ON UPDATE current_timestamp(),
  `fk_object` int(11) NOT NULL,
  `import_key` varchar(14) DEFAULT NULL,
  PRIMARY KEY (`rowid`),
  UNIQUE KEY `uk_facture_fourn_det_rec_extrafields` (`fk_object`),
  KEY `llx_facture_fourn_det_rec_extrafields` (`fk_object`)
) ENGINE=InnoDB DEFAULT CHARSET=utf8mb3 COLLATE=utf8mb3_unicode_ci;

--
-- Dumping data for table `llx_facture_fourn_det_rec_extrafields`
--


--
-- Table structure for table `llx_facture_fourn_extrafields`
--

CREATE TABLE `llx_facture_fourn_extrafields` (
  `rowid` int(11) NOT NULL AUTO_INCREMENT,
  `tms` timestamp NOT NULL DEFAULT current_timestamp() ON UPDATE current_timestamp(),
  `fk_object` int(11) NOT NULL,
  `import_key` varchar(14) DEFAULT NULL,
  PRIMARY KEY (`rowid`),
  UNIQUE KEY `uk_facture_fourn_extrafields` (`fk_object`)
) ENGINE=InnoDB DEFAULT CHARSET=utf8mb3 COLLATE=utf8mb3_unicode_ci;

--
-- Dumping data for table `llx_facture_fourn_extrafields`
--


--
-- Table structure for table `llx_facture_fourn_rec`
--

CREATE TABLE `llx_facture_fourn_rec` (
  `rowid` int(11) NOT NULL AUTO_INCREMENT,
  `titre` varchar(200) NOT NULL,
  `ref_supplier` varchar(180) NOT NULL,
  `entity` int(11) NOT NULL DEFAULT 1,
  `subtype` smallint(6) DEFAULT NULL,
  `fk_soc` int(11) NOT NULL,
  `datec` datetime DEFAULT NULL,
  `tms` timestamp NOT NULL DEFAULT current_timestamp() ON UPDATE current_timestamp(),
  `suspended` int(11) DEFAULT 0,
  `libelle` varchar(255) DEFAULT NULL,
  `amount` double(24,8) NOT NULL DEFAULT 0.00000000,
  `remise` double DEFAULT 0,
  `vat_src_code` varchar(10) DEFAULT '',
  `localtax1` double(24,8) DEFAULT 0.00000000,
  `localtax2` double(24,8) DEFAULT 0.00000000,
  `total_ht` double(24,8) DEFAULT 0.00000000,
  `total_tva` double(24,8) DEFAULT 0.00000000,
  `total_ttc` double(24,8) DEFAULT 0.00000000,
  `fk_user_author` int(11) DEFAULT NULL,
  `fk_user_modif` int(11) DEFAULT NULL,
  `fk_projet` int(11) DEFAULT NULL,
  `fk_account` int(11) DEFAULT NULL,
  `fk_cond_reglement` int(11) DEFAULT NULL,
  `fk_mode_reglement` int(11) DEFAULT NULL,
  `date_lim_reglement` date DEFAULT NULL,
  `note_private` text DEFAULT NULL,
  `note_public` text DEFAULT NULL,
  `modelpdf` varchar(255) DEFAULT NULL,
  `fk_multicurrency` int(11) DEFAULT NULL,
  `multicurrency_code` varchar(3) DEFAULT NULL,
  `multicurrency_tx` double(24,8) DEFAULT 1.00000000,
  `multicurrency_total_ht` double(24,8) DEFAULT 0.00000000,
  `multicurrency_total_tva` double(24,8) DEFAULT 0.00000000,
  `multicurrency_total_ttc` double(24,8) DEFAULT 0.00000000,
  `usenewprice` int(11) DEFAULT 0,
  `frequency` int(11) DEFAULT NULL,
  `unit_frequency` varchar(2) DEFAULT 'm',
  `date_when` datetime DEFAULT NULL,
  `date_last_gen` datetime DEFAULT NULL,
  `nb_gen_done` int(11) DEFAULT NULL,
  `nb_gen_max` int(11) DEFAULT NULL,
  `auto_validate` int(11) DEFAULT 0,
  `generate_pdf` int(11) DEFAULT 1,
  PRIMARY KEY (`rowid`),
  UNIQUE KEY `uk_facture_fourn_rec_ref` (`titre`,`entity`),
  UNIQUE KEY `uk_facture_fourn_rec_ref_supplier` (`ref_supplier`,`fk_soc`,`entity`),
  KEY `idx_facture_fourn_rec_fk_soc` (`fk_soc`),
  KEY `idx_facture_fourn_rec_fk_user_author` (`fk_user_author`),
  KEY `idx_facture_fourn_rec_fk_projet` (`fk_projet`),
  KEY `idx_facture_fourn_rec_date_lim_reglement` (`date_lim_reglement`),
  CONSTRAINT `fk_facture_fourn_rec_fk_projet` FOREIGN KEY (`fk_projet`) REFERENCES `llx_projet` (`rowid`),
  CONSTRAINT `fk_facture_fourn_rec_fk_soc` FOREIGN KEY (`fk_soc`) REFERENCES `llx_societe` (`rowid`),
  CONSTRAINT `fk_facture_fourn_rec_fk_user_author` FOREIGN KEY (`fk_user_author`) REFERENCES `llx_user` (`rowid`)
) ENGINE=InnoDB AUTO_INCREMENT=2 DEFAULT CHARSET=utf8mb3 COLLATE=utf8mb3_unicode_ci;

--
-- Dumping data for table `llx_facture_fourn_rec`
--

INSERT INTO `llx_facture_fourn_rec` VALUES
(1,'Monthly subscription server OVH','FR81386',1,NULL,1,'2023-08-15 12:19:18','2023-08-15 12:19:18',0,'OVH FR81386',0.00000000,0,'',0.00000000,0.00000000,26.00000000,5.10000000,31.10000000,12,NULL,NULL,NULL,4,NULL,NULL,NULL,NULL,'canelle',0,'EUR',1.00000000,26.00000000,5.10000000,31.10000000,0,1,'m','2023-08-15 14:19:00',NULL,0,0,0,1);

--
-- Table structure for table `llx_facture_fourn_rec_extrafields`
--

CREATE TABLE `llx_facture_fourn_rec_extrafields` (
  `rowid` int(11) NOT NULL AUTO_INCREMENT,
  `tms` timestamp NOT NULL DEFAULT current_timestamp() ON UPDATE current_timestamp(),
  `fk_object` int(11) NOT NULL,
  `import_key` varchar(14) DEFAULT NULL,
  PRIMARY KEY (`rowid`),
  UNIQUE KEY `uk_facture_fourn_rec_extrafields` (`fk_object`)
) ENGINE=InnoDB DEFAULT CHARSET=utf8mb3 COLLATE=utf8mb3_unicode_ci;

--
-- Dumping data for table `llx_facture_fourn_rec_extrafields`
--


--
-- Table structure for table `llx_facture_rec`
--

CREATE TABLE `llx_facture_rec` (
  `rowid` int(11) NOT NULL AUTO_INCREMENT,
  `titre` varchar(200) NOT NULL,
  `entity` int(11) NOT NULL DEFAULT 1,
  `subtype` smallint(6) DEFAULT NULL,
  `fk_soc` int(11) NOT NULL,
  `datec` datetime DEFAULT NULL,
  `amount` double(24,8) NOT NULL DEFAULT 0.00000000,
  `remise` double DEFAULT 0,
  `remise_percent` double DEFAULT 0,
  `remise_absolue` double DEFAULT 0,
  `total_tva` double(24,8) DEFAULT 0.00000000,
  `localtax1` double(24,8) DEFAULT 0.00000000,
  `localtax2` double(24,8) DEFAULT 0.00000000,
  `total_ht` double(24,8) DEFAULT 0.00000000,
  `total_ttc` double(24,8) DEFAULT 0.00000000,
  `fk_user_author` int(11) DEFAULT NULL,
  `fk_projet` int(11) DEFAULT NULL,
  `fk_cond_reglement` int(11) NOT NULL DEFAULT 1,
  `fk_mode_reglement` int(11) DEFAULT 0,
  `date_lim_reglement` date DEFAULT NULL,
  `note_private` text DEFAULT NULL,
  `note_public` text DEFAULT NULL,
  `modelpdf` varchar(255) DEFAULT NULL,
  `last_gen` varchar(7) DEFAULT NULL,
  `unit_frequency` varchar(2) DEFAULT 'd',
  `date_when` datetime DEFAULT NULL,
  `date_last_gen` datetime DEFAULT NULL,
  `nb_gen_done` int(11) DEFAULT NULL,
  `nb_gen_max` int(11) DEFAULT NULL,
  `frequency` int(11) DEFAULT NULL,
  `usenewprice` int(11) DEFAULT 0,
  `revenuestamp` double(24,8) DEFAULT 0.00000000,
  `auto_validate` int(11) DEFAULT 0,
  `generate_pdf` int(11) DEFAULT 1,
  `fk_account` int(11) DEFAULT 0,
  `fk_multicurrency` int(11) DEFAULT NULL,
  `multicurrency_code` varchar(3) DEFAULT NULL,
  `multicurrency_tx` double(24,8) DEFAULT 1.00000000,
  `multicurrency_total_ht` double(24,8) DEFAULT 0.00000000,
  `multicurrency_total_tva` double(24,8) DEFAULT 0.00000000,
  `multicurrency_total_ttc` double(24,8) DEFAULT 0.00000000,
  `fk_user_modif` int(11) DEFAULT NULL,
  `tms` timestamp NOT NULL DEFAULT current_timestamp() ON UPDATE current_timestamp(),
  `vat_src_code` varchar(10) DEFAULT '',
  `suspended` int(11) DEFAULT 0,
  `fk_societe_rib` int(11) DEFAULT NULL,
  PRIMARY KEY (`rowid`),
  UNIQUE KEY `idx_facture_rec_uk_titre` (`titre`,`entity`),
  KEY `idx_facture_rec_fk_soc` (`fk_soc`),
  KEY `idx_facture_rec_fk_user_author` (`fk_user_author`),
  KEY `idx_facture_rec_fk_projet` (`fk_projet`),
  KEY `idx_facture_rec_datec` (`datec`),
  CONSTRAINT `fk_facture_rec_fk_projet` FOREIGN KEY (`fk_projet`) REFERENCES `llx_projet` (`rowid`),
  CONSTRAINT `fk_facture_rec_fk_soc` FOREIGN KEY (`fk_soc`) REFERENCES `llx_societe` (`rowid`),
  CONSTRAINT `fk_facture_rec_fk_user_author` FOREIGN KEY (`fk_user_author`) REFERENCES `llx_user` (`rowid`)
) ENGINE=InnoDB AUTO_INCREMENT=3 DEFAULT CHARSET=utf8mb3 COLLATE=utf8mb3_unicode_ci;

--
