-- Table structure for table `llx_mrp_mo`
--

CREATE TABLE `llx_mrp_mo` (
  `rowid` int(11) NOT NULL AUTO_INCREMENT,
  `ref` varchar(128) NOT NULL DEFAULT '(PROV)',
  `entity` int(11) NOT NULL DEFAULT 1,
  `label` varchar(255) DEFAULT NULL,
  `qty` double NOT NULL,
  `fk_warehouse` int(11) DEFAULT NULL,
  `fk_soc` int(11) DEFAULT NULL,
  `note_public` text DEFAULT NULL,
  `note_private` text DEFAULT NULL,
  `date_creation` datetime NOT NULL,
  `tms` timestamp NOT NULL DEFAULT current_timestamp() ON UPDATE current_timestamp(),
  `fk_user_creat` int(11) NOT NULL,
  `fk_user_modif` int(11) DEFAULT NULL,
  `import_key` varchar(14) DEFAULT NULL,
  `model_pdf` varchar(255) DEFAULT NULL,
  `status` int(11) NOT NULL,
  `fk_product` int(11) NOT NULL,
  `date_start_planned` datetime DEFAULT NULL,
  `date_end_planned` datetime DEFAULT NULL,
  `fk_bom` int(11) DEFAULT NULL,
  `fk_project` int(11) DEFAULT NULL,
  `date_valid` datetime DEFAULT NULL,
  `fk_user_valid` int(11) DEFAULT NULL,
  `last_main_doc` varchar(255) DEFAULT NULL,
  `mrptype` int(11) DEFAULT 0,
  `fk_parent_line` int(11) DEFAULT NULL,
  `extraparams` varchar(255) DEFAULT NULL,
  PRIMARY KEY (`rowid`),
  KEY `idx_mrp_mo_ref` (`ref`),
  KEY `idx_mrp_mo_entity` (`entity`),
  KEY `idx_mrp_mo_fk_soc` (`fk_soc`),
  KEY `fk_mrp_mo_fk_user_creat` (`fk_user_creat`),
  KEY `idx_mrp_mo_status` (`status`),
  KEY `idx_mrp_mo_fk_product` (`fk_product`),
  KEY `idx_mrp_mo_date_start_planned` (`date_start_planned`),
  KEY `idx_mrp_mo_date_end_planned` (`date_end_planned`),
  KEY `idx_mrp_mo_fk_bom` (`fk_bom`),
  KEY `idx_mrp_mo_fk_project` (`fk_project`),
  CONSTRAINT `fk_mrp_mo_fk_user_creat` FOREIGN KEY (`fk_user_creat`) REFERENCES `llx_user` (`rowid`)
) ENGINE=InnoDB AUTO_INCREMENT=85 DEFAULT CHARSET=utf8mb3 COLLATE=utf8mb3_unicode_ci;

--
-- Dumping data for table `llx_mrp_mo`
--

INSERT INTO `llx_mrp_mo` VALUES
(5,'MO1912-0002',1,'Build 2 apple pies for CIO birthday',3,2,10,NULL,NULL,'2019-12-20 16:42:08','2020-01-13 11:29:30',12,12,NULL,NULL,3,4,NULL,NULL,6,7,'2019-12-20 20:32:09',12,NULL,0,NULL,NULL),
(8,'MO1912-0001',1,NULL,1,NULL,NULL,NULL,NULL,'2019-12-20 17:01:21','2019-12-20 13:25:47',12,NULL,NULL,NULL,1,3,NULL,NULL,6,NULL,'2019-12-20 17:25:47',12,NULL,0,NULL,NULL),
(14,'MO2001-0003',1,NULL,10,NULL,NULL,NULL,'Production very dangerous','2020-01-02 23:46:54','2020-01-06 02:48:22',12,12,NULL,NULL,2,4,NULL,NULL,6,NULL,'2020-01-02 23:57:42',12,NULL,0,NULL,NULL),
(18,'MO2001-0004',1,NULL,2,2,NULL,NULL,NULL,'2020-01-03 13:34:34','2020-01-03 10:10:41',12,12,NULL,NULL,1,4,NULL,NULL,6,NULL,'2020-01-03 14:10:41',12,NULL,0,NULL,NULL),
(22,'(PROV22)',1,'label',1,NULL,26,NULL,NULL,'2020-01-08 19:42:15','2023-01-17 12:47:53',12,NULL,NULL,NULL,0,4,'2020-01-08 16:41:00','2020-01-08 17:41:00',6,4,NULL,NULL,NULL,0,NULL,NULL),
(23,'(PROV23)',1,NULL,1,NULL,26,NULL,NULL,'2020-01-08 19:45:04','2022-12-26 11:20:09',12,NULL,NULL,NULL,0,4,'2020-01-08 16:42:00','2020-01-08 17:42:00',6,4,NULL,NULL,NULL,0,NULL,NULL),
(24,'MO2001-0006',1,NULL,1,NULL,26,NULL,NULL,'2020-01-08 19:46:41','2020-01-13 11:13:19',12,NULL,NULL,NULL,2,4,NULL,NULL,6,6,'2020-01-13 15:11:54',12,NULL,0,NULL,NULL),
(26,'(PROV26)',1,NULL,1,NULL,NULL,NULL,NULL,'2020-01-08 19:49:22','2020-01-08 15:49:22',12,NULL,NULL,NULL,0,4,NULL,NULL,6,NULL,NULL,NULL,NULL,0,NULL,NULL),
(27,'MO2001-0007',1,NULL,1,NULL,NULL,NULL,NULL,'2020-01-08 19:49:50','2024-12-13 16:32:26',12,NULL,NULL,NULL,1,4,NULL,NULL,6,NULL,'2024-12-13 16:32:26',12,NULL,0,NULL,NULL),
(28,'MO2001-0005',1,NULL,1,NULL,NULL,NULL,NULL,'2020-01-08 20:09:40','2020-01-08 16:21:22',12,NULL,NULL,NULL,2,4,NULL,NULL,6,NULL,'2020-01-08 20:12:55',12,NULL,0,NULL,NULL),
(29,'(PROV29)',1,NULL,3,NULL,NULL,NULL,NULL,'2020-01-08 21:00:55','2020-01-08 17:00:55',12,NULL,NULL,NULL,0,4,NULL,NULL,NULL,NULL,NULL,NULL,NULL,0,NULL,NULL),
(30,'MO2412-0008',1,NULL,1,NULL,NULL,NULL,NULL,'2024-12-13 16:38:29','2024-12-13 17:13:55',12,NULL,NULL,NULL,1,1,NULL,NULL,8,NULL,'2024-12-13 17:13:55',12,NULL,0,NULL,NULL),
(66,'Try1',1,NULL,1,NULL,NULL,NULL,NULL,'2025-03-24 19:29:13','2025-03-24 19:29:13',12,NULL,NULL,NULL,0,1,NULL,NULL,NULL,NULL,NULL,NULL,NULL,0,NULL,NULL),
(67,'Try1',1,NULL,1,NULL,NULL,NULL,NULL,'2025-03-24 19:29:34','2025-03-24 19:29:34',12,NULL,NULL,NULL,0,1,NULL,NULL,NULL,NULL,NULL,NULL,NULL,0,NULL,NULL),
(68,'Try1',1,NULL,1,NULL,NULL,NULL,NULL,'2025-03-24 19:30:16','2025-03-24 19:30:16',12,NULL,NULL,NULL,0,1,NULL,NULL,NULL,NULL,NULL,NULL,NULL,0,NULL,NULL),
(69,'Try1',1,NULL,1,NULL,NULL,NULL,NULL,'2025-03-24 19:31:14','2025-03-24 19:31:14',12,NULL,NULL,NULL,0,1,NULL,NULL,NULL,NULL,NULL,NULL,NULL,0,NULL,NULL),
(70,'Try1',1,NULL,1,NULL,NULL,NULL,NULL,'2025-03-24 19:35:19','2025-03-24 19:35:19',12,NULL,NULL,NULL,0,1,NULL,NULL,NULL,NULL,NULL,NULL,NULL,0,NULL,NULL),
(71,'Try1',1,NULL,1,NULL,NULL,NULL,NULL,'2025-03-24 19:35:37','2025-03-24 19:35:37',12,NULL,NULL,NULL,0,1,NULL,NULL,NULL,NULL,NULL,NULL,NULL,0,NULL,NULL),
(72,'Try1',1,NULL,1,NULL,NULL,NULL,NULL,'2025-03-24 19:39:41','2025-03-24 19:39:41',12,NULL,NULL,NULL,0,1,NULL,NULL,NULL,NULL,NULL,NULL,NULL,0,NULL,NULL),
(73,'Try1',1,NULL,1,NULL,NULL,NULL,NULL,'2025-03-24 19:40:15','2025-03-24 19:40:15',12,NULL,NULL,NULL,0,1,NULL,NULL,NULL,NULL,NULL,NULL,NULL,0,NULL,NULL),
(74,'Try1',1,NULL,1,NULL,NULL,NULL,NULL,'2025-03-24 19:40:41','2025-03-24 19:40:41',12,NULL,NULL,NULL,0,1,NULL,NULL,NULL,NULL,NULL,NULL,NULL,0,NULL,NULL),
(75,'Try1',1,NULL,1,NULL,NULL,NULL,NULL,'2025-03-24 19:41:28','2025-03-24 19:41:28',12,NULL,NULL,NULL,0,1,NULL,NULL,NULL,NULL,NULL,NULL,NULL,0,NULL,NULL),
(76,'Try1',1,NULL,1,NULL,NULL,NULL,NULL,'2025-03-24 19:41:46','2025-03-24 19:41:46',12,NULL,NULL,NULL,0,1,NULL,NULL,NULL,NULL,NULL,NULL,NULL,0,NULL,NULL),
(77,'Try1',1,NULL,1,NULL,NULL,NULL,NULL,'2025-03-24 19:42:34','2025-03-24 19:42:34',12,NULL,NULL,NULL,0,1,NULL,NULL,NULL,NULL,NULL,NULL,NULL,0,NULL,NULL),
(78,'Try1',1,NULL,1,NULL,NULL,NULL,NULL,'2025-03-24 19:43:07','2025-03-24 19:43:07',12,NULL,NULL,NULL,0,1,NULL,NULL,NULL,NULL,NULL,NULL,NULL,0,NULL,NULL),
(79,'Try1',1,NULL,1,NULL,NULL,NULL,NULL,'2025-03-24 19:43:41','2025-03-24 19:43:41',12,NULL,NULL,NULL,0,1,NULL,NULL,NULL,NULL,NULL,NULL,NULL,0,NULL,NULL),
(80,'Try1',1,NULL,1,NULL,NULL,NULL,NULL,'2025-03-24 19:44:30','2025-03-24 19:44:30',12,NULL,NULL,NULL,0,1,NULL,NULL,NULL,NULL,NULL,NULL,NULL,0,NULL,NULL),
(81,'Try1',1,NULL,1,NULL,NULL,NULL,NULL,'2025-03-24 19:50:15','2025-03-24 19:50:15',12,NULL,NULL,NULL,0,1,NULL,NULL,NULL,NULL,NULL,NULL,NULL,0,NULL,NULL),
(82,'Try1',1,NULL,1,NULL,NULL,NULL,NULL,'2025-03-24 19:50:36','2025-03-24 19:50:36',12,NULL,NULL,NULL,0,1,NULL,NULL,NULL,NULL,NULL,NULL,NULL,0,NULL,NULL),
(83,'Try1',1,NULL,1,NULL,NULL,NULL,NULL,'2025-03-24 19:51:28','2025-03-24 19:51:28',12,NULL,NULL,NULL,0,1,NULL,NULL,NULL,NULL,NULL,NULL,NULL,0,NULL,NULL),
(84,'Try1',1,NULL,1,NULL,NULL,NULL,NULL,'2025-03-24 20:44:45','2025-03-24 20:44:45',12,NULL,NULL,NULL,0,1,NULL,NULL,NULL,NULL,NULL,NULL,NULL,0,NULL,NULL);

--
-- Table structure for table `llx_mrp_mo_extrafields`
--

CREATE TABLE `llx_mrp_mo_extrafields` (
  `rowid` int(11) NOT NULL AUTO_INCREMENT,
  `tms` timestamp NOT NULL DEFAULT current_timestamp() ON UPDATE current_timestamp(),
  `fk_object` int(11) NOT NULL,
  `import_key` varchar(14) DEFAULT NULL,
  PRIMARY KEY (`rowid`),
  UNIQUE KEY `uk_mrp_mo_fk_object` (`fk_object`)
) ENGINE=InnoDB DEFAULT CHARSET=utf8mb3 COLLATE=utf8mb3_unicode_ci;

--
-- Dumping data for table `llx_mrp_mo_extrafields`
--


--
-- Table structure for table `llx_mrp_myobject_extrafields`
--

CREATE TABLE `llx_mrp_myobject_extrafields` (
  `rowid` int(11) NOT NULL AUTO_INCREMENT,
  `tms` timestamp NOT NULL DEFAULT current_timestamp() ON UPDATE current_timestamp(),
  `fk_object` int(11) NOT NULL,
  `import_key` varchar(14) DEFAULT NULL,
  PRIMARY KEY (`rowid`),
  KEY `idx_fk_object` (`fk_object`)
) ENGINE=InnoDB DEFAULT CHARSET=utf8mb4 COLLATE=utf8mb4_unicode_ci ROW_FORMAT=DYNAMIC;

--
-- Dumping data for table `llx_mrp_myobject_extrafields`
--


--
-- Table structure for table `llx_mrp_production`
--

CREATE TABLE `llx_mrp_production` (
  `rowid` int(11) NOT NULL AUTO_INCREMENT,
  `fk_mo` int(11) NOT NULL,
  `origin_id` int(11) DEFAULT NULL,
  `origin_type` varchar(10) DEFAULT NULL,
  `position` int(11) NOT NULL DEFAULT 0,
  `fk_product` int(11) NOT NULL,
  `fk_warehouse` int(11) DEFAULT NULL,
  `qty` double NOT NULL DEFAULT 1,
  `batch` varchar(128) DEFAULT NULL,
  `role` varchar(10) DEFAULT NULL,
  `fk_mrp_production` int(11) DEFAULT NULL,
  `fk_stock_movement` int(11) DEFAULT NULL,
  `date_creation` datetime NOT NULL,
  `tms` timestamp NOT NULL DEFAULT current_timestamp() ON UPDATE current_timestamp(),
  `fk_user_creat` int(11) NOT NULL,
  `fk_user_modif` int(11) DEFAULT NULL,
  `import_key` varchar(14) DEFAULT NULL,
  `qty_frozen` smallint(6) DEFAULT 0,
  `disable_stock_change` smallint(6) DEFAULT 0,
  `fk_default_workstation` int(11) DEFAULT NULL,
  `fk_unit` int(11) DEFAULT NULL,
  PRIMARY KEY (`rowid`),
  KEY `fk_mrp_production_product` (`fk_product`),
  KEY `fk_mrp_production_stock_movement` (`fk_stock_movement`),
  KEY `idx_mrp_production_fk_mo` (`fk_mo`),
  CONSTRAINT `fk_mrp_production_mo` FOREIGN KEY (`fk_mo`) REFERENCES `llx_mrp_mo` (`rowid`),
  CONSTRAINT `fk_mrp_production_product` FOREIGN KEY (`fk_product`) REFERENCES `llx_product` (`rowid`),
  CONSTRAINT `fk_mrp_production_stock_movement` FOREIGN KEY (`fk_stock_movement`) REFERENCES `llx_stock_mouvement` (`rowid`)
) ENGINE=InnoDB AUTO_INCREMENT=244 DEFAULT CHARSET=utf8mb3 COLLATE=utf8mb3_unicode_ci;

--
-- Dumping data for table `llx_mrp_production`
--

INSERT INTO `llx_mrp_production` VALUES
(13,8,NULL,NULL,1,3,NULL,1,NULL,'toproduce',NULL,NULL,'2019-12-20 17:01:21','2024-06-20 09:34:39',12,NULL,NULL,NULL,0,NULL,NULL),
(14,8,NULL,NULL,0,25,NULL,4,NULL,'toconsume',NULL,NULL,'2019-12-20 17:01:21','2019-12-20 13:01:21',12,NULL,NULL,0,0,NULL,NULL),
(15,8,NULL,NULL,0,3,NULL,1,NULL,'toconsume',NULL,NULL,'2019-12-20 17:01:21','2019-12-20 13:01:21',12,NULL,NULL,0,1,NULL,NULL),
(49,5,NULL,NULL,1,4,NULL,3,NULL,'toproduce',NULL,NULL,'2019-12-20 20:32:00','2024-06-20 09:34:39',12,NULL,NULL,NULL,0,NULL,NULL),
(50,5,NULL,NULL,0,25,NULL,12,NULL,'toconsume',NULL,NULL,'2019-12-20 20:32:00','2019-12-20 16:32:00',12,NULL,NULL,0,0,NULL,NULL),
(51,5,NULL,NULL,0,3,NULL,3,NULL,'toconsume',NULL,NULL,'2019-12-20 20:32:00','2019-12-20 16:32:00',12,NULL,NULL,0,1,NULL,NULL),
(52,14,NULL,NULL,1,4,NULL,10,NULL,'toproduce',NULL,NULL,'2020-01-02 23:46:54','2024-06-20 09:34:39',12,NULL,NULL,NULL,0,NULL,NULL),
(53,14,NULL,NULL,0,25,NULL,40,NULL,'toconsume',NULL,NULL,'2020-01-02 23:46:54','2020-01-02 19:46:54',12,NULL,NULL,0,0,NULL,NULL),
(54,14,NULL,NULL,0,3,NULL,10,NULL,'toconsume',NULL,NULL,'2020-01-02 23:46:54','2020-01-02 19:46:54',12,NULL,NULL,0,1,NULL,NULL),
(68,18,NULL,NULL,1,4,NULL,2,NULL,'toproduce',NULL,NULL,'2020-01-03 14:10:33','2024-06-20 09:34:39',12,NULL,NULL,NULL,0,NULL,NULL),
(69,18,NULL,NULL,1,25,NULL,8,NULL,'toconsume',NULL,NULL,'2020-01-03 14:10:33','2020-01-03 10:10:33',12,NULL,NULL,0,0,NULL,NULL),
(70,18,NULL,NULL,3,3,NULL,2,NULL,'toconsume',NULL,NULL,'2020-01-03 14:10:33','2020-01-03 10:10:33',12,NULL,NULL,0,1,NULL,NULL),
(71,18,NULL,NULL,2,2,NULL,1,NULL,'toconsume',NULL,NULL,'2020-01-03 14:10:33','2020-01-03 10:10:33',12,NULL,NULL,1,0,NULL,NULL),
(93,5,NULL,NULL,0,25,1,12,'','consumed',50,23,'2020-01-06 05:44:30','2024-06-20 09:34:39',12,NULL,NULL,NULL,0,NULL,NULL),
(95,5,NULL,NULL,0,4,2,3,'','produced',49,24,'2020-01-06 05:44:30','2024-06-20 09:34:39',12,NULL,NULL,NULL,0,NULL,NULL),
(96,5,NULL,NULL,0,25,1,2,'','consumed',50,25,'2020-01-06 05:54:05','2024-06-20 09:34:39',12,NULL,NULL,NULL,0,NULL,NULL),
(97,5,NULL,NULL,0,3,NULL,2,'','consumed',51,NULL,'2020-01-06 05:54:05','2024-06-20 09:34:39',12,NULL,NULL,NULL,0,NULL,NULL),
(98,5,NULL,NULL,0,4,2,3,'','produced',49,26,'2020-01-06 05:54:05','2024-06-20 09:34:39',12,NULL,NULL,NULL,0,NULL,NULL),
(99,14,NULL,NULL,0,25,1,1,'','consumed',53,27,'2020-01-06 06:44:49','2024-06-20 09:34:39',12,NULL,NULL,NULL,0,NULL,NULL),
(100,14,NULL,NULL,0,3,NULL,10,'','consumed',54,NULL,'2020-01-06 06:44:49','2024-06-20 09:34:39',12,NULL,NULL,NULL,0,NULL,NULL),
(101,14,NULL,NULL,0,4,1,1,'','produced',52,28,'2020-01-06 06:44:49','2024-06-20 09:34:39',12,NULL,NULL,NULL,0,NULL,NULL),
(102,14,NULL,NULL,0,25,1,1,'','consumed',53,29,'2020-01-06 06:46:03','2024-06-20 09:34:39',12,NULL,NULL,NULL,0,NULL,NULL),
(103,14,NULL,NULL,0,3,NULL,1,'','consumed',54,NULL,'2020-01-06 06:46:03','2024-06-20 09:34:39',12,NULL,NULL,NULL,0,NULL,NULL),
(104,14,NULL,NULL,0,4,1,1,'','produced',52,30,'2020-01-06 06:46:03','2024-06-20 09:34:39',12,NULL,NULL,NULL,0,NULL,NULL),
(105,14,NULL,NULL,0,25,1,1,'','consumed',53,31,'2020-01-06 06:48:22','2024-06-20 09:34:39',12,NULL,NULL,NULL,0,NULL,NULL),
(106,14,NULL,NULL,0,3,NULL,1,'','consumed',54,NULL,'2020-01-06 06:48:22','2024-06-20 09:34:39',12,NULL,NULL,NULL,0,NULL,NULL),
(107,14,NULL,NULL,0,4,1,1,'','produced',52,32,'2020-01-06 06:48:22','2024-06-20 09:34:39',12,NULL,NULL,NULL,0,NULL,NULL),
(108,14,NULL,NULL,0,25,1,1,'','consumed',53,33,'2020-01-06 06:50:05','2024-06-20 09:34:39',12,NULL,NULL,NULL,0,NULL,NULL),
(109,14,NULL,NULL,0,3,NULL,1,'','consumed',54,NULL,'2020-01-06 06:50:05','2024-06-20 09:34:39',12,NULL,NULL,NULL,0,NULL,NULL),
(110,14,NULL,NULL,0,4,1,1,'','produced',52,34,'2020-01-06 06:50:05','2024-06-20 09:34:39',12,NULL,NULL,NULL,0,NULL,NULL),
(111,5,NULL,NULL,0,25,1,2,'','consumed',50,35,'2020-01-07 20:25:02','2024-06-20 09:34:39',12,NULL,NULL,NULL,0,NULL,NULL),
(112,5,NULL,NULL,0,3,NULL,1,'','consumed',51,NULL,'2020-01-07 20:25:02','2024-06-20 09:34:39',12,NULL,NULL,NULL,0,NULL,NULL),
(113,5,NULL,NULL,0,4,2,1,'','produced',49,36,'2020-01-07 20:25:02','2024-06-20 09:34:39',12,NULL,NULL,NULL,0,NULL,NULL),
(132,5,NULL,NULL,0,25,1,1,'','consumed',50,46,'2020-01-07 21:53:58','2024-06-20 09:34:39',12,NULL,NULL,NULL,0,NULL,NULL),
(135,5,NULL,NULL,0,25,1,1,'','consumed',50,48,'2020-01-07 21:54:12','2024-06-20 09:34:39',12,NULL,NULL,NULL,0,NULL,NULL),
(140,5,NULL,NULL,0,25,1,1,'','consumed',50,51,'2020-01-07 22:00:55','2024-06-20 09:34:39',12,NULL,NULL,NULL,0,NULL,NULL),
(142,5,NULL,NULL,0,4,1,1,'','produced',49,52,'2020-01-07 22:00:55','2024-06-20 09:34:39',12,NULL,NULL,NULL,0,NULL,NULL),
(143,14,NULL,NULL,0,25,1,1,'','consumed',53,53,'2020-01-07 22:39:52','2024-06-20 09:34:39',12,NULL,NULL,NULL,0,NULL,NULL),
(144,14,NULL,NULL,0,3,NULL,1,'','consumed',54,NULL,'2020-01-07 22:39:52','2024-06-20 09:34:39',12,NULL,NULL,NULL,0,NULL,NULL),
(145,14,NULL,NULL,0,4,1,2,'','produced',52,54,'2020-01-07 22:39:52','2024-06-20 09:34:39',12,NULL,NULL,NULL,0,NULL,NULL),
(146,14,NULL,NULL,0,25,1,2,'','consumed',53,55,'2020-01-07 23:09:04','2024-06-20 09:34:39',12,NULL,NULL,NULL,0,NULL,NULL),
(148,14,NULL,NULL,0,4,1,4,'','produced',52,56,'2020-01-07 23:09:04','2024-06-20 09:34:39',12,NULL,NULL,NULL,0,NULL,NULL),
(149,5,NULL,NULL,0,25,1,1,'','consumed',50,57,'2020-01-07 23:50:40','2024-06-20 09:34:39',12,NULL,NULL,NULL,0,NULL,NULL),
(152,5,NULL,NULL,0,25,1,1,'','consumed',50,59,'2020-01-07 23:51:27','2024-06-20 09:34:39',12,NULL,NULL,NULL,0,NULL,NULL),
(161,5,NULL,NULL,0,25,1,1,'','consumed',50,63,'2020-01-08 00:29:24','2024-06-20 09:34:39',12,NULL,NULL,NULL,0,NULL,NULL),
(167,5,NULL,NULL,0,25,1,1,'','consumed',50,66,'2020-01-08 01:09:15','2024-06-20 09:34:39',12,NULL,NULL,NULL,0,NULL,NULL),
(170,5,NULL,NULL,0,25,1,1,'','consumed',50,68,'2020-01-08 01:15:02','2024-06-20 09:34:39',12,NULL,NULL,NULL,0,NULL,NULL),
(171,5,NULL,NULL,0,25,1,1.1,'','consumed',50,69,'2020-01-08 01:17:16','2024-06-20 09:34:39',12,NULL,NULL,NULL,0,NULL,NULL),
(172,22,NULL,NULL,1,4,NULL,1,NULL,'toproduce',NULL,NULL,'2020-01-08 19:42:15','2024-06-20 09:34:39',12,NULL,NULL,NULL,0,NULL,NULL),
(173,22,NULL,NULL,1,25,NULL,4,NULL,'toconsume',NULL,NULL,'2020-01-08 19:42:15','2020-01-08 15:42:15',12,NULL,NULL,0,0,NULL,NULL),
(174,22,NULL,NULL,3,3,NULL,1,NULL,'toconsume',NULL,NULL,'2020-01-08 19:42:15','2020-01-08 15:42:15',12,NULL,NULL,0,1,NULL,NULL),
(175,22,NULL,NULL,2,2,NULL,1,NULL,'toconsume',NULL,NULL,'2020-01-08 19:42:15','2020-01-08 15:42:15',12,NULL,NULL,1,0,NULL,NULL),
(176,22,NULL,NULL,0,1,NULL,3,NULL,'toconsume',NULL,NULL,'2020-01-08 19:42:15','2020-01-08 15:42:15',12,NULL,NULL,0,0,NULL,NULL),
(177,23,NULL,NULL,1,4,NULL,1,NULL,'toproduce',NULL,NULL,'2020-01-08 19:45:04','2024-06-20 09:34:39',12,NULL,NULL,NULL,0,NULL,NULL),
(178,23,NULL,NULL,1,25,NULL,4,NULL,'toconsume',NULL,NULL,'2020-01-08 19:45:04','2020-01-08 15:45:04',12,NULL,NULL,0,0,NULL,NULL),
(179,23,NULL,NULL,3,3,NULL,1,NULL,'toconsume',NULL,NULL,'2020-01-08 19:45:04','2020-01-08 15:45:04',12,NULL,NULL,0,1,NULL,NULL),
(180,23,NULL,NULL,2,2,NULL,1,NULL,'toconsume',NULL,NULL,'2020-01-08 19:45:04','2020-01-08 15:45:04',12,NULL,NULL,1,0,NULL,NULL),
(181,23,NULL,NULL,0,1,NULL,3,NULL,'toconsume',NULL,NULL,'2020-01-08 19:45:04','2020-01-08 15:45:04',12,NULL,NULL,0,0,NULL,NULL),
(182,24,NULL,NULL,1,4,NULL,1,NULL,'toproduce',NULL,NULL,'2020-01-08 19:46:41','2024-06-20 09:34:39',12,NULL,NULL,NULL,0,NULL,NULL),
(183,24,NULL,NULL,1,25,NULL,4,NULL,'toconsume',NULL,NULL,'2020-01-08 19:46:41','2020-01-08 15:46:41',12,NULL,NULL,0,0,NULL,NULL),
(184,24,NULL,NULL,3,3,NULL,1,NULL,'toconsume',NULL,NULL,'2020-01-08 19:46:41','2020-01-08 15:46:41',12,NULL,NULL,0,1,NULL,NULL),
(185,24,NULL,NULL,2,2,NULL,1,NULL,'toconsume',NULL,NULL,'2020-01-08 19:46:41','2020-01-08 15:46:41',12,NULL,NULL,1,0,NULL,NULL),
(186,24,NULL,NULL,0,1,NULL,3,NULL,'toconsume',NULL,NULL,'2020-01-08 19:46:41','2020-01-08 15:46:41',12,NULL,NULL,0,0,NULL,NULL),
(192,26,NULL,NULL,1,4,NULL,1,NULL,'toproduce',NULL,NULL,'2020-01-08 19:49:22','2024-06-20 09:34:39',12,NULL,NULL,NULL,0,NULL,NULL),
(193,26,NULL,NULL,1,25,NULL,4,NULL,'toconsume',NULL,NULL,'2020-01-08 19:49:22','2020-01-08 15:49:22',12,NULL,NULL,0,0,NULL,NULL),
(194,26,NULL,NULL,3,3,NULL,3,NULL,'toconsume',NULL,NULL,'2020-01-08 19:49:22','2020-01-08 15:49:22',12,12,NULL,0,1,0,NULL),
(195,26,NULL,NULL,2,2,NULL,1,NULL,'toconsume',NULL,NULL,'2020-01-08 19:49:22','2020-01-08 15:49:22',12,NULL,NULL,1,0,NULL,NULL),
(196,26,NULL,NULL,0,1,NULL,3,NULL,'toconsume',NULL,NULL,'2020-01-08 19:49:22','2020-01-08 15:49:22',12,NULL,NULL,0,0,NULL,NULL),
(197,27,NULL,NULL,1,4,NULL,1,NULL,'toproduce',NULL,NULL,'2020-01-08 19:49:50','2024-06-20 09:34:39',12,NULL,NULL,NULL,0,NULL,NULL),
(198,27,NULL,NULL,1,25,NULL,4,NULL,'toconsume',NULL,NULL,'2020-01-08 19:49:50','2020-01-08 15:49:50',12,NULL,NULL,0,0,NULL,NULL),
(199,27,NULL,NULL,3,3,NULL,1,NULL,'toconsume',NULL,NULL,'2020-01-08 19:49:50','2020-01-08 15:49:50',12,NULL,NULL,0,1,NULL,NULL),
(200,27,NULL,NULL,2,2,NULL,1,NULL,'toconsume',NULL,NULL,'2020-01-08 19:49:50','2020-01-08 15:49:50',12,NULL,NULL,1,0,NULL,NULL),
(201,27,NULL,NULL,0,1,NULL,3,NULL,'toconsume',NULL,NULL,'2020-01-08 19:49:50','2020-01-08 15:49:50',12,NULL,NULL,0,0,NULL,NULL),
(202,28,NULL,NULL,1,4,NULL,1,NULL,'toproduce',NULL,NULL,'2020-01-08 20:09:40','2024-06-20 09:34:39',12,NULL,NULL,NULL,0,NULL,NULL),
(203,28,NULL,NULL,1,25,NULL,4,NULL,'toconsume',NULL,NULL,'2020-01-08 20:09:40','2020-01-08 16:09:40',12,NULL,NULL,0,0,NULL,NULL),
(204,28,NULL,NULL,3,3,NULL,1,NULL,'toconsume',NULL,NULL,'2020-01-08 20:09:40','2020-01-08 16:09:40',12,NULL,NULL,0,1,NULL,NULL),
(205,28,NULL,NULL,2,2,NULL,1,NULL,'toconsume',NULL,NULL,'2020-01-08 20:09:40','2020-01-08 16:09:40',12,NULL,NULL,1,0,NULL,NULL),
(206,28,NULL,NULL,0,1,NULL,3,NULL,'toconsume',NULL,NULL,'2020-01-08 20:09:40','2020-01-08 16:09:40',12,NULL,NULL,0,0,NULL,NULL),
(207,28,NULL,NULL,0,25,1,1,'','consumed',203,70,'2020-01-08 20:21:22','2024-06-20 09:34:39',12,NULL,NULL,NULL,0,NULL,NULL),
(210,28,NULL,NULL,0,1,1,1.1,'000000','consumed',206,73,'2020-01-08 20:41:18','2024-06-20 09:34:39',12,NULL,NULL,NULL,0,NULL,NULL),
(211,28,NULL,NULL,0,4,1,1.2,'aaa','produced',202,74,'2020-01-08 20:41:19','2024-06-20 09:34:39',12,NULL,NULL,NULL,0,NULL,NULL),
(212,24,NULL,NULL,0,25,1,1,'','consumed',183,75,'2020-01-13 15:13:19','2024-06-20 09:34:39',12,NULL,NULL,NULL,0,NULL,NULL),
(213,24,NULL,NULL,0,1,1,0.1,'000000','consumed',186,76,'2020-01-13 15:14:15','2024-06-20 09:34:39',12,NULL,NULL,NULL,0,NULL,NULL),
(214,22,NULL,'free',0,1,NULL,1,NULL,'toconsume',NULL,NULL,'2022-12-26 11:49:33','2024-06-20 09:34:39',12,NULL,NULL,NULL,0,NULL,NULL),
(215,27,NULL,'free',0,3,NULL,1,NULL,'toconsume',NULL,NULL,'2024-12-13 16:32:11','2024-12-13 16:32:11',12,NULL,NULL,0,1,NULL,NULL),
(216,29,NULL,'free',0,3,NULL,1,NULL,'toconsume',NULL,NULL,'2024-12-13 16:33:32','2024-12-13 16:33:32',12,NULL,NULL,0,1,NULL,NULL),
(217,30,NULL,NULL,1,1,NULL,1,NULL,'toproduce',NULL,NULL,'2024-12-13 16:38:29','2024-12-13 16:38:29',12,NULL,NULL,0,0,NULL,NULL),
(218,30,12,'bomline',1,12,NULL,1,NULL,'toconsume',NULL,NULL,'2024-12-13 16:38:29','2024-12-13 16:38:29',12,NULL,NULL,0,0,NULL,4),
(219,30,13,'bomline',2,5,9,1,NULL,'toconsume',NULL,NULL,'2024-12-13 16:38:29','2024-12-13 16:38:29',12,12,NULL,0,0,NULL,NULL),
(220,30,14,'bomline',3,3,NULL,1,NULL,'toconsume',NULL,NULL,'2024-12-13 16:38:29','2024-12-13 18:42:52',12,12,NULL,0,0,3,47),
(223,26,NULL,'free',0,3,NULL,1,NULL,'toconsume',NULL,NULL,'2024-12-13 18:49:41','2024-12-13 18:49:41',12,NULL,NULL,0,1,NULL,NULL),
(224,30,NULL,'free',0,12,NULL,1,NULL,'toconsume',NULL,NULL,'2024-12-13 19:22:49','2024-12-13 19:22:49',12,NULL,NULL,0,1,3,47),
(225,66,NULL,NULL,1,1,NULL,1,NULL,'toproduce',NULL,NULL,'2025-03-24 19:29:13','2025-03-24 19:29:13',12,NULL,NULL,0,0,NULL,NULL),
(226,67,NULL,NULL,1,1,NULL,1,NULL,'toproduce',NULL,NULL,'2025-03-24 19:29:34','2025-03-24 19:29:34',12,NULL,NULL,0,0,NULL,NULL),
(227,68,NULL,NULL,1,1,NULL,1,NULL,'toproduce',NULL,NULL,'2025-03-24 19:30:16','2025-03-24 19:30:16',12,NULL,NULL,0,0,NULL,NULL),
(228,69,NULL,NULL,1,1,NULL,1,NULL,'toproduce',NULL,NULL,'2025-03-24 19:31:14','2025-03-24 19:31:14',12,NULL,NULL,0,0,NULL,NULL),
(229,70,NULL,NULL,1,1,NULL,1,NULL,'toproduce',NULL,NULL,'2025-03-24 19:35:19','2025-03-24 19:35:19',12,NULL,NULL,0,0,NULL,NULL),
(230,71,NULL,NULL,1,1,NULL,1,NULL,'toproduce',NULL,NULL,'2025-03-24 19:35:37','2025-03-24 19:35:37',12,NULL,NULL,0,0,NULL,NULL),
(231,72,NULL,NULL,1,1,NULL,1,NULL,'toproduce',NULL,NULL,'2025-03-24 19:39:41','2025-03-24 19:39:41',12,NULL,NULL,0,0,NULL,NULL),
(232,73,NULL,NULL,1,1,NULL,1,NULL,'toproduce',NULL,NULL,'2025-03-24 19:40:15','2025-03-24 19:40:15',12,NULL,NULL,0,0,NULL,NULL),
(233,74,NULL,NULL,1,1,NULL,1,NULL,'toproduce',NULL,NULL,'2025-03-24 19:40:41','2025-03-24 19:40:41',12,NULL,NULL,0,0,NULL,NULL),
(234,75,NULL,NULL,1,1,NULL,1,NULL,'toproduce',NULL,NULL,'2025-03-24 19:41:28','2025-03-24 19:41:28',12,NULL,NULL,0,0,NULL,NULL),
(235,76,NULL,NULL,1,1,NULL,1,NULL,'toproduce',NULL,NULL,'2025-03-24 19:41:46','2025-03-24 19:41:46',12,NULL,NULL,0,0,NULL,NULL),
(236,77,NULL,NULL,1,1,NULL,1,NULL,'toproduce',NULL,NULL,'2025-03-24 19:42:34','2025-03-24 19:42:34',12,NULL,NULL,0,0,NULL,NULL),
(237,78,NULL,NULL,1,1,NULL,1,NULL,'toproduce',NULL,NULL,'2025-03-24 19:43:07','2025-03-24 19:43:07',12,NULL,NULL,0,0,NULL,NULL),
(238,79,NULL,NULL,1,1,NULL,1,NULL,'toproduce',NULL,NULL,'2025-03-24 19:43:41','2025-03-24 19:43:41',12,NULL,NULL,0,0,NULL,NULL),
(239,80,NULL,NULL,1,1,NULL,1,NULL,'toproduce',NULL,NULL,'2025-03-24 19:44:30','2025-03-24 19:44:30',12,NULL,NULL,0,0,NULL,NULL),
(240,81,NULL,NULL,1,1,NULL,1,NULL,'toproduce',NULL,NULL,'2025-03-24 19:50:15','2025-03-24 19:50:15',12,NULL,NULL,0,0,NULL,NULL),
(241,82,NULL,NULL,1,1,NULL,1,NULL,'toproduce',NULL,NULL,'2025-03-24 19:50:36','2025-03-24 19:50:36',12,NULL,NULL,0,0,NULL,NULL),
(242,83,NULL,NULL,1,1,NULL,1,NULL,'toproduce',NULL,NULL,'2025-03-24 19:51:28','2025-03-24 19:51:28',12,NULL,NULL,0,0,NULL,NULL),
(243,84,NULL,NULL,1,1,NULL,1,NULL,'toproduce',NULL,NULL,'2025-03-24 20:44:45','2025-03-24 20:44:45',12,NULL,NULL,0,0,NULL,NULL);

--
-- Table structure for table `llx_mrp_production_extrafields`
--

CREATE TABLE `llx_mrp_production_extrafields` (
  `rowid` int(11) NOT NULL AUTO_INCREMENT,
  `tms` timestamp NOT NULL DEFAULT current_timestamp() ON UPDATE current_timestamp(),
  `fk_object` int(11) NOT NULL,
  `import_key` varchar(14) DEFAULT NULL,
  PRIMARY KEY (`rowid`),
  UNIQUE KEY `uk_mrp_production_fk_object` (`fk_object`)
) ENGINE=InnoDB DEFAULT CHARSET=utf8mb3 COLLATE=utf8mb3_unicode_ci;

--
-- Dumping data for table `llx_mrp_production_extrafields`
--


--
-- Table structure for table `llx_multicurrency`
--

CREATE TABLE `llx_multicurrency` (
  `rowid` int(11) NOT NULL AUTO_INCREMENT,
  `date_create` datetime DEFAULT NULL,
  `code` varchar(255) DEFAULT NULL,
  `name` varchar(255) DEFAULT NULL,
  `entity` int(11) DEFAULT 1,
  `fk_user` int(11) DEFAULT NULL,
  `tms` timestamp NULL DEFAULT current_timestamp() ON UPDATE current_timestamp(),
  PRIMARY KEY (`rowid`)
) ENGINE=InnoDB AUTO_INCREMENT=4 DEFAULT CHARSET=utf8mb3 COLLATE=utf8mb3_unicode_ci;

--
-- Dumping data for table `llx_multicurrency`
--

INSERT INTO `llx_multicurrency` VALUES
(1,'2017-02-15 21:17:16','EUR','Euros (€)',1,12,'2024-11-27 15:37:30'),
(2,'2020-01-01 19:20:09','USD','US Dollars ($)',1,12,'2024-11-27 15:37:30'),
(3,'2022-12-31 11:35:01','AED','United Arab Emirates Dirham (AED)',1,12,'2024-11-27 15:37:30');

--
-- Table structure for table `llx_multicurrency_rate`
--

CREATE TABLE `llx_multicurrency_rate` (
  `rowid` int(11) NOT NULL AUTO_INCREMENT,
  `date_sync` datetime DEFAULT NULL,
  `rate` double NOT NULL DEFAULT 0,
  `rate_direct` double DEFAULT 0,
  `fk_multicurrency` int(11) NOT NULL,
  `entity` int(11) DEFAULT 1,
  `rate_indirect` double DEFAULT 0,
  `tms` timestamp NULL DEFAULT current_timestamp() ON UPDATE current_timestamp(),
  PRIMARY KEY (`rowid`)
) ENGINE=InnoDB AUTO_INCREMENT=15 DEFAULT CHARSET=utf8mb3 COLLATE=utf8mb3_unicode_ci;

--
-- Dumping data for table `llx_multicurrency_rate`
--

INSERT INTO `llx_multicurrency_rate` VALUES
(1,'2017-02-15 21:17:16',1,0,1,1,0,'2024-11-27 15:37:30'),
(2,'2020-01-01 19:20:09',1.2,0,2,1,0,'2024-11-27 15:37:30'),
(3,'2022-12-31 11:35:01',1.2,0,3,1,0,'2024-11-27 15:37:30'),
(4,'2022-12-31 00:00:00',1.3,0,2,1,0,'2024-11-27 15:37:30'),
(5,'2025-03-21 12:19:37',3.9859413236,0,3,1,0,'2025-03-21 12:19:37'),
(6,'2025-03-21 12:19:37',1,0,1,1,0,'2025-03-21 12:19:37'),
(7,'2025-03-21 12:19:37',1.085193083,0,2,1,0,'2025-03-21 12:19:37'),
(8,'2025-03-21 13:04:45',3.9775620374,0,3,1,0,'2025-03-21 13:04:45'),
(9,'2025-03-21 13:04:45',1,0,1,1,0,'2025-03-21 13:04:45'),
(10,'2025-03-21 13:04:45',1.0829132532,0,2,1,0,'2025-03-21 13:04:45'),
(11,'2025-03-21 13:26:36',3.9773304385,0,3,1,0,'2025-03-21 13:26:36'),
(12,'2025-03-21 13:26:36',1,0,1,1,0,'2025-03-21 13:26:36'),
(13,'2025-03-21 13:26:36',1.0828546214,0,2,1,0,'2025-03-21 13:26:36'),
(14,'2025-03-21 13:29:20',1.2,0,2,1,0,'2025-03-21 13:29:20');

--
-- Table structure for table `llx_notify`
--

CREATE TABLE `llx_notify` (
  `rowid` int(11) NOT NULL AUTO_INCREMENT,
  `tms` timestamp NOT NULL DEFAULT current_timestamp() ON UPDATE current_timestamp(),
  `daten` datetime DEFAULT NULL,
  `fk_action` int(11) NOT NULL,
  `fk_soc` int(11) DEFAULT NULL,
  `fk_contact` int(11) DEFAULT NULL,
  `fk_user` int(11) DEFAULT NULL,
  `objet_type` varchar(24) NOT NULL,
  `objet_id` int(11) NOT NULL,
  `email` varchar(255) DEFAULT NULL,
  `type` varchar(16) DEFAULT 'email',
  `type_target` varchar(16) DEFAULT NULL,
  PRIMARY KEY (`rowid`)
) ENGINE=InnoDB DEFAULT CHARSET=utf8mb3 COLLATE=utf8mb3_unicode_ci;

--
-- Dumping data for table `llx_notify`
--


--
-- Table structure for table `llx_notify_def`
--

CREATE TABLE `llx_notify_def` (
  `rowid` int(11) NOT NULL AUTO_INCREMENT,
  `tms` timestamp NOT NULL DEFAULT current_timestamp() ON UPDATE current_timestamp(),
  `datec` date DEFAULT NULL,
  `fk_action` int(11) NOT NULL,
  `fk_soc` int(11) DEFAULT NULL,
  `fk_contact` int(11) DEFAULT NULL,
  `fk_user` int(11) DEFAULT NULL,
  `type` varchar(16) DEFAULT 'email',
  `email` varchar(255) DEFAULT NULL,
  `threshold` double(24,8) DEFAULT NULL,
  `context` varchar(128) DEFAULT NULL,
  `entity` int(11) DEFAULT 1,
  PRIMARY KEY (`rowid`)
) ENGINE=InnoDB DEFAULT CHARSET=utf8mb3 COLLATE=utf8mb3_unicode_ci;

--
-- Dumping data for table `llx_notify_def`
--


--
-- Table structure for table `llx_notify_def_object`
--

CREATE TABLE `llx_notify_def_object` (
  `id` int(11) NOT NULL AUTO_INCREMENT,
  `entity` int(11) NOT NULL DEFAULT 1,
  `objet_type` varchar(16) DEFAULT NULL,
  `objet_id` int(11) NOT NULL,
  `type_notif` varchar(16) DEFAULT 'browser',
  `date_notif` datetime DEFAULT NULL,
  `user_id` int(11) DEFAULT NULL,
  `moreparam` varchar(255) DEFAULT NULL,
  PRIMARY KEY (`id`)
) ENGINE=InnoDB DEFAULT CHARSET=utf8mb3 COLLATE=utf8mb3_unicode_ci;

--
-- Dumping data for table `llx_notify_def_object`
--


--
-- Table structure for table `llx_oauth_state`
--

CREATE TABLE `llx_oauth_state` (
  `rowid` int(11) NOT NULL AUTO_INCREMENT,
  `service` varchar(36) DEFAULT NULL,
  `state` varchar(128) DEFAULT NULL,
  `fk_user` int(11) DEFAULT NULL,
  `fk_adherent` int(11) DEFAULT NULL,
  `entity` int(11) DEFAULT NULL,
  PRIMARY KEY (`rowid`)
) ENGINE=InnoDB DEFAULT CHARSET=utf8mb3 COLLATE=utf8mb3_unicode_ci;

--
-- Dumping data for table `llx_oauth_state`
--


--
-- Table structure for table `llx_oauth_token`
--

CREATE TABLE `llx_oauth_token` (
  `rowid` int(11) NOT NULL AUTO_INCREMENT,
  `service` varchar(36) DEFAULT NULL,
  `token` text DEFAULT NULL,
  `fk_soc` int(11) DEFAULT NULL,
  `fk_user` int(11) DEFAULT NULL,
  `fk_adherent` int(11) DEFAULT NULL,
  `entity` int(11) DEFAULT NULL,
  `tokenstring` text DEFAULT NULL,
  `tokenstring_refresh` text DEFAULT NULL,
  `state` text DEFAULT NULL,
  `restricted_ips` varchar(200) DEFAULT NULL,
  `datec` datetime DEFAULT NULL,
  `tms` timestamp NOT NULL DEFAULT current_timestamp() ON UPDATE current_timestamp(),
  `lastaccess` datetime DEFAULT NULL,
  `expire_at` datetime DEFAULT NULL,
  `apicount_previous_month` bigint(20) unsigned DEFAULT 0,
  `apicount_month` bigint(20) unsigned DEFAULT 0,
  `apicount_total` bigint(20) unsigned DEFAULT 0,
  PRIMARY KEY (`rowid`)
) ENGINE=InnoDB AUTO_INCREMENT=31 DEFAULT CHARSET=utf8mb3 COLLATE=utf8mb3_unicode_ci;

--
-- Dumping data for table `llx_oauth_token`
--


--
-- Table structure for table `llx_object_lang`
--

CREATE TABLE `llx_object_lang` (
  `rowid` int(11) NOT NULL AUTO_INCREMENT,
  `fk_object` int(11) NOT NULL DEFAULT 0,
  `type_object` varchar(32) NOT NULL,
  `property` varchar(32) NOT NULL,
  `lang` varchar(5) NOT NULL DEFAULT '0',
  `value` text DEFAULT NULL,
  `import_key` varchar(14) DEFAULT NULL,
  PRIMARY KEY (`rowid`),
  UNIQUE KEY `uk_object_lang` (`fk_object`,`type_object`,`property`,`lang`)
) ENGINE=InnoDB DEFAULT CHARSET=utf8mb3 COLLATE=utf8mb3_unicode_ci;

--
-- Dumping data for table `llx_object_lang`
--


--
-- Table structure for table `llx_onlinesignature`
--

CREATE TABLE `llx_onlinesignature` (
  `rowid` int(11) NOT NULL AUTO_INCREMENT,
  `entity` int(11) NOT NULL DEFAULT 1,
  `object_type` varchar(32) NOT NULL,
  `object_id` int(11) NOT NULL,
  `datec` datetime NOT NULL,
  `tms` timestamp NOT NULL DEFAULT current_timestamp() ON UPDATE current_timestamp(),
  `name` varchar(255) NOT NULL,
  `ip` varchar(128) DEFAULT NULL,
  `pathoffile` varchar(255) DEFAULT NULL,
  PRIMARY KEY (`rowid`)
) ENGINE=InnoDB DEFAULT CHARSET=utf8mb3 COLLATE=utf8mb3_unicode_ci;

--
-- Dumping data for table `llx_onlinesignature`
--


--
-- Table structure for table `llx_opensurvey_comments`
--

CREATE TABLE `llx_opensurvey_comments` (
  `id_comment` int(10) unsigned NOT NULL AUTO_INCREMENT,
  `id_sondage` char(16) NOT NULL,
  `comment` text NOT NULL,
  `usercomment` text DEFAULT NULL,
  `ip` varchar(250) DEFAULT NULL,
  `date_creation` datetime DEFAULT NULL,
  PRIMARY KEY (`id_comment`),
  KEY `idx_id_comment` (`id_comment`),
  KEY `idx_id_sondage` (`id_sondage`)
) ENGINE=InnoDB AUTO_INCREMENT=31 DEFAULT CHARSET=utf8mb3 COLLATE=utf8mb3_unicode_ci;

--
-- Dumping data for table `llx_opensurvey_comments`
--

INSERT INTO `llx_opensurvey_comments` VALUES
(2,'434dio8rxfljs3p1','aaa','aaa',NULL,NULL),
(5,'434dio8rxfljs3p1','aaa','aaa',NULL,NULL),
(6,'434dio8rxfljs3p1','gfh','jj',NULL,NULL),
(11,'434dio8rxfljs3p1','fsdf','fdsf',NULL,NULL),
(12,'3imby4hf7joiilsu','fsdf','aa',NULL,NULL),
(16,'3imby4hf7joiilsu','gdfg','gfdg',NULL,NULL),
(17,'3imby4hf7joiilsu','gfdgd','gdfgd',NULL,NULL),
(18,'om4e7azfiurnjtqe','fds','fdsf',NULL,NULL),
(26,'qgsfrgb922rqzocy','gfdg','gfdg',NULL,NULL),
(27,'qgsfrgb922rqzocy','gfdg','gfd',NULL,NULL),
(30,'ckanvbe7kt3rdb3h','hfgh','fdfds',NULL,NULL);

--
-- Table structure for table `llx_opensurvey_formquestions`
--

CREATE TABLE `llx_opensurvey_formquestions` (
  `rowid` int(11) NOT NULL AUTO_INCREMENT,
  `id_sondage` varchar(16) DEFAULT NULL,
  `question` text DEFAULT NULL,
  `available_answers` text DEFAULT NULL,
  PRIMARY KEY (`rowid`)
) ENGINE=InnoDB DEFAULT CHARSET=utf8mb3 COLLATE=utf8mb3_unicode_ci;

--
-- Dumping data for table `llx_opensurvey_formquestions`
--


--
-- Table structure for table `llx_opensurvey_sondage`
--

CREATE TABLE `llx_opensurvey_sondage` (
  `id_sondage` varchar(16) NOT NULL,
  `commentaires` text DEFAULT NULL,
  `mail_admin` varchar(128) DEFAULT NULL,
  `nom_admin` varchar(64) DEFAULT NULL,
  `fk_user_creat` int(11) NOT NULL,
  `titre` text NOT NULL,
  `date_fin` datetime DEFAULT NULL,
  `status` int(11) DEFAULT 1,
  `format` varchar(2) NOT NULL,
  `mailsonde` tinyint(4) NOT NULL DEFAULT 0,
  `tms` timestamp NOT NULL DEFAULT current_timestamp() ON UPDATE current_timestamp(),
  `entity` int(11) NOT NULL DEFAULT 1,
  `allow_comments` tinyint(4) NOT NULL DEFAULT 1,
  `allow_spy` tinyint(4) NOT NULL DEFAULT 1,
  `sujet` text DEFAULT NULL,
  PRIMARY KEY (`id_sondage`),
  KEY `idx_date_fin` (`date_fin`)
) ENGINE=InnoDB DEFAULT CHARSET=utf8mb3 COLLATE=utf8mb3_unicode_ci;

--
-- Dumping data for table `llx_opensurvey_sondage`
--

INSERT INTO `llx_opensurvey_sondage` VALUES
('m4467s2mtk6khmxc','What is your prefered date for a brunch','myemail@aaa.com','fdfds',0,'Date of next brunch','2015-03-07 00:00:00',2,'D',1,'2026-02-15 20:03:34',1,1,1,',1483473600'),
('tim1dye8x5eeetxu','Please vote for the candidate you want to have for our new president this year.','','',12,'Election of new president','2026-12-31 00:00:00',1,'A',0,'2026-02-15 20:03:34',1,1,0,'Alan Candide@foragainst,Alex Candor@foragainst');

--
-- Table structure for table `llx_opensurvey_user_formanswers`
--

CREATE TABLE `llx_opensurvey_user_formanswers` (
  `fk_user_survey` int(11) NOT NULL,
  `fk_question` int(11) NOT NULL,
  `reponses` text DEFAULT NULL
) ENGINE=InnoDB DEFAULT CHARSET=utf8mb3 COLLATE=utf8mb3_unicode_ci;

--
-- Dumping data for table `llx_opensurvey_user_formanswers`
--


--
-- Table structure for table `llx_opensurvey_user_studs`
--

CREATE TABLE `llx_opensurvey_user_studs` (
  `id_users` int(11) NOT NULL AUTO_INCREMENT,
  `nom` varchar(64) NOT NULL,
  `id_sondage` varchar(16) NOT NULL,
  `reponses` varchar(200) NOT NULL,
  `ip` varchar(250) DEFAULT NULL,
  `date_creation` datetime DEFAULT NULL,
  `tms` timestamp NULL DEFAULT current_timestamp() ON UPDATE current_timestamp(),
  PRIMARY KEY (`id_users`),
  KEY `idx_id_users` (`id_users`),
  KEY `idx_nom` (`nom`),
  KEY `idx_id_sondage` (`id_sondage`),
  KEY `idx_opensurvey_user_studs_id_users` (`id_users`),
  KEY `idx_opensurvey_user_studs_nom` (`nom`),
  KEY `idx_opensurvey_user_studs_id_sondage` (`id_sondage`)
) ENGINE=InnoDB AUTO_INCREMENT=31 DEFAULT CHARSET=utf8mb3 COLLATE=utf8mb3_unicode_ci;

--
-- Dumping data for table `llx_opensurvey_user_studs`
--

INSERT INTO `llx_opensurvey_user_studs` VALUES
(1,'gfdgdf','om4e7azfiurnjtqe','01',NULL,NULL,'2026-01-11 17:46:25'),
(2,'aa','3imby4hf7joiilsu','210',NULL,NULL,'2026-01-11 17:46:25'),
(3,'fsdf','z2qcqjh5pm1q4p99','0110',NULL,NULL,'2026-01-11 17:46:25'),
(5,'hfghf','z2qcqjh5pm1q4p99','1110',NULL,NULL,'2026-01-11 17:46:25'),
(6,'qqqq','ah9xvaqu1ajjrqse','000111',NULL,NULL,'2026-01-11 17:46:25'),
(7,'hjgh','ah9xvaqu1ajjrqse','000010',NULL,NULL,'2026-01-11 17:46:25'),
(8,'bcvb','qgsfrgb922rqzocy','011000',NULL,NULL,'2026-01-11 17:46:25'),
(9,'gdfg','ah9xvaqu1ajjrqse','001000',NULL,NULL,'2026-01-11 17:46:25'),
(10,'ggg','ah9xvaqu1ajjrqse','000100',NULL,NULL,'2026-01-11 17:46:25'),
(11,'gfdgd','ah9xvaqu1ajjrqse','001000',NULL,NULL,'2026-01-11 17:46:25'),
(12,'hhhh','ah9xvaqu1ajjrqse','010000',NULL,NULL,'2026-01-11 17:46:25'),
(13,'iii','ah9xvaqu1ajjrqse','000100',NULL,NULL,'2026-01-11 17:46:25'),
(14,'kkk','ah9xvaqu1ajjrqse','001000',NULL,NULL,'2026-01-11 17:46:25'),
(15,'lllll','ah9xvaqu1ajjrqse','000001',NULL,NULL,'2026-01-11 17:46:25'),
(16,'kk','ah9xvaqu1ajjrqse','000001',NULL,NULL,'2026-01-11 17:46:25'),
(17,'gggg','ah9xvaqu1ajjrqse','001000',NULL,NULL,'2026-01-11 17:46:25'),
(18,'mmmm','ah9xvaqu1ajjrqse','000000',NULL,NULL,'2026-01-11 17:46:25'),
(19,'jkjkj','ah9xvaqu1ajjrqse','000001',NULL,NULL,'2026-01-11 17:46:25'),
(20,'azerty','8mcdnf2hgcntfibe','012',NULL,NULL,'2026-01-11 17:46:25'),
(21,'hfghfg','8mcdnf2hgcntfibe','012',NULL,NULL,'2026-01-11 17:46:25'),
(22,'fd','ckanvbe7kt3rdb3h','10',NULL,NULL,'2026-01-11 17:46:25'),
(25,'John Doe','m4467s2mtk6khmxc','1',NULL,NULL,'2026-01-11 17:46:25'),
(26,'Martial Bill','m4467s2mtk6khmxc','01',NULL,NULL,'2026-01-11 17:46:25'),
(27,'Marissa Campbell','m4467s2mtk6khmxc','11',NULL,NULL,'2026-01-11 17:46:25'),
(28,'Leonard Cast','m4467s2mtk6khmxc','01',NULL,NULL,'2026-01-11 17:46:25'),
(29,'John Doe','tim1dye8x5eeetxu','01',NULL,NULL,'2026-01-11 17:46:25'),
(30,'Eldy','tim1dye8x5eeetxu','11',NULL,NULL,'2026-01-11 17:46:25');

--
-- Table structure for table `llx_overwrite_trans`
--

CREATE TABLE `llx_overwrite_trans` (
  `rowid` int(11) NOT NULL AUTO_INCREMENT,
  `entity` int(11) NOT NULL DEFAULT 1,
  `lang` varchar(5) DEFAULT NULL,
  `transkey` varchar(128) DEFAULT NULL,
  `transvalue` text DEFAULT NULL,
  PRIMARY KEY (`rowid`),
  UNIQUE KEY `uk_overwrite_trans` (`entity`,`lang`,`transkey`)
) ENGINE=InnoDB DEFAULT CHARSET=utf8mb3 COLLATE=utf8mb3_unicode_ci;

--
-- Dumping data for table `llx_overwrite_trans`
--


--
-- Table structure for table `llx_paiement`
--

CREATE TABLE `llx_paiement` (
  `rowid` int(11) NOT NULL AUTO_INCREMENT,
  `ref` varchar(30) NOT NULL DEFAULT '',
  `ref_ext` varchar(255) DEFAULT NULL,
  `entity` int(11) NOT NULL DEFAULT 1,
  `datec` datetime DEFAULT NULL,
  `tms` timestamp NOT NULL DEFAULT current_timestamp() ON UPDATE current_timestamp(),
  `datep` datetime DEFAULT NULL,
  `amount` double(24,8) DEFAULT NULL,
  `fk_paiement` int(11) NOT NULL,
  `num_paiement` varchar(50) DEFAULT NULL,
  `note` text DEFAULT NULL,
  `fk_bank` int(11) NOT NULL DEFAULT 0,
  `fk_user_creat` int(11) DEFAULT NULL,
  `fk_user_modif` int(11) DEFAULT NULL,
  `statut` smallint(6) NOT NULL DEFAULT 0,
  `fk_export_compta` int(11) NOT NULL DEFAULT 0,
  `pos_change` double(24,8) DEFAULT 0.00000000,
  `multicurrency_amount` double(24,8) DEFAULT 0.00000000,
  `ext_payment_id` varchar(255) DEFAULT NULL,
  `ext_payment_site` varchar(128) DEFAULT NULL,
  PRIMARY KEY (`rowid`)
) ENGINE=InnoDB AUTO_INCREMENT=106 DEFAULT CHARSET=utf8mb3 COLLATE=utf8mb3_unicode_ci;

--
-- Dumping data for table `llx_paiement`
--

INSERT INTO `llx_paiement` VALUES
(17,'17',NULL,1,'2014-12-09 15:28:44','2026-02-15 18:44:54',NULL,2.00000000,4,'','',16,1,NULL,0,0,0.00000000,0.00000000,NULL,NULL),
(18,'18',NULL,1,'2014-12-09 15:28:53','2026-02-15 18:44:54',NULL,-2.00000000,4,'','',17,1,NULL,0,0,0.00000000,0.00000000,NULL,NULL),
(19,'19',NULL,1,'2014-12-09 17:35:55','2026-02-15 18:44:54',NULL,-2.00000000,4,'','',18,1,NULL,0,0,0.00000000,0.00000000,NULL,NULL),
(21,'21',NULL,1,'2014-12-09 18:35:07','2026-02-15 18:44:54',NULL,-2.00000000,4,'','',20,1,NULL,0,0,0.00000000,0.00000000,NULL,NULL),
(23,'23',NULL,1,'2014-12-12 18:54:33','2026-02-15 18:44:54',NULL,1.00000000,1,'','',21,1,NULL,0,0,0.00000000,0.00000000,NULL,NULL),
(24,'24',NULL,1,'2015-03-06 16:48:16','2026-02-15 18:44:54',NULL,20.00000000,4,'','Adhésion/cotisation 2016',22,1,NULL,0,0,0.00000000,0.00000000,NULL,NULL),
(25,'25',NULL,1,'2015-03-20 14:30:11','2026-02-15 18:44:54',NULL,10.00000000,2,'','Adhésion/cotisation 2011',23,1,NULL,0,0,0.00000000,0.00000000,NULL,NULL),
(32,'32',NULL,1,'2016-03-03 19:22:32','2026-02-15 18:44:54',NULL,-400.00000000,4,'','',28,1,NULL,0,0,0.00000000,0.00000000,NULL,NULL),
(33,'33',NULL,1,'2016-03-03 19:23:16','2026-02-15 18:44:54',NULL,-300.00000000,4,'','',29,1,NULL,0,0,0.00000000,0.00000000,NULL,NULL),
(89,'PAY2501-0001','',1,'2025-01-16 10:07:13','2025-01-16 09:07:13','2025-01-16 00:00:00',11.00000000,7,'','',98,12,NULL,0,0,0.00000000,11.00000000,NULL,NULL),
(90,'PAY2501-0002','',1,'2025-01-16 10:08:56','2025-01-16 09:08:56','2025-01-16 10:08:55',1.50000000,4,'','',99,12,NULL,0,0,0.00000000,1.50000000,NULL,NULL),
(91,'PAY2501-0003','',1,'2025-01-17 09:36:03','2025-01-17 08:36:03','2025-01-17 09:36:03',2.80000000,4,'','',102,12,NULL,0,0,0.00000000,2.80000000,NULL,NULL),
(92,'PAY2502-0004','',1,'2025-02-05 15:37:58','2025-02-05 14:37:58','2025-02-05 15:37:58',2.80000000,4,'','',103,12,NULL,0,0,0.00000000,2.80000000,NULL,NULL),
(93,'PAY2502-0005','',1,'2025-02-05 15:38:19','2025-02-05 14:38:19','2025-02-05 15:38:19',5.00000000,4,'','',104,12,NULL,0,0,0.00000000,5.00000000,NULL,NULL),
(94,'PAY2502-0006','',1,'2025-02-05 15:39:09','2025-02-05 14:39:09','2025-02-05 15:39:09',10.30000000,4,'','',105,12,NULL,0,0,0.00000000,10.30000000,NULL,NULL),
(95,'PAY2502-0007','',1,'2025-02-05 15:39:50','2025-02-05 14:39:50','2025-02-05 15:39:50',6.30000000,7,'','',106,12,NULL,0,0,0.00000000,6.30000000,NULL,NULL),
(96,'PAY2502-0008','',1,'2025-02-05 15:40:02','2025-02-05 14:40:02','2025-02-05 15:40:02',3.70000000,4,'','',107,12,NULL,0,0,0.00000000,3.70000000,NULL,NULL),
(97,'PAY2502-0009','',1,'2025-02-05 15:40:15','2025-02-05 14:40:15','2025-02-05 15:40:14',9.30000000,4,'','',108,12,NULL,0,0,0.00000000,9.30000000,NULL,NULL),
(98,'PAY2502-0010','',1,'2025-02-15 09:31:13','2025-02-15 08:31:13','2025-02-15 09:31:12',2.80000000,4,'','',109,12,NULL,0,0,0.00000000,2.80000000,NULL,NULL),
(99,'PAY2502-0011','',1,'2025-02-15 09:31:18','2025-02-15 08:31:19','2025-02-15 09:31:18',2.60000000,4,'','',110,12,NULL,0,0,0.00000000,2.60000000,NULL,NULL),
(100,'PAY2502-0012','',1,'2025-02-15 09:31:26','2025-02-15 08:31:26','2025-02-15 09:31:26',0.50000000,4,'','',111,12,NULL,0,0,0.00000000,0.50000000,NULL,NULL),
(101,'PAY2503-0013','',1,'2025-03-05 09:32:24','2025-03-05 08:32:24','2025-03-05 09:32:23',5.00000000,6,'','',112,12,NULL,0,0,0.00000000,5.00000000,NULL,NULL),
(102,'PAY2503-0014','',1,'2025-03-05 09:33:00','2025-03-05 08:33:00','2025-03-05 09:33:00',9.00000000,7,'','',113,12,NULL,0,0,0.00000000,9.00000000,NULL,NULL),
(103,'PAY2503-0015','',1,'2025-03-05 09:33:07','2025-03-05 08:33:07','2025-03-05 09:33:07',9.99000000,4,'','',114,12,NULL,0,0,0.00000000,9.99000000,NULL,NULL),
(105,'PAY2503-0016','',1,'2025-03-15 11:01:07','2025-03-15 10:01:07','2025-03-15 12:00:00',2.40000000,4,'','',116,12,NULL,0,0,0.00000000,2.40000000,NULL,NULL);

--
-- Table structure for table `llx_paiement_extrafields`
--

CREATE TABLE `llx_paiement_extrafields` (
  `rowid` int(11) NOT NULL AUTO_INCREMENT,
  `tms` timestamp NULL DEFAULT current_timestamp() ON UPDATE current_timestamp(),
  `fk_object` int(11) NOT NULL,
  `import_key` varchar(14) DEFAULT NULL,
  PRIMARY KEY (`rowid`),
  UNIQUE KEY `uk_paiement_extrafields` (`fk_object`)
) ENGINE=InnoDB DEFAULT CHARSET=utf8mb3 COLLATE=utf8mb3_unicode_ci;

--
-- Dumping data for table `llx_paiement_extrafields`
--


--
-- Table structure for table `llx_paiement_facture`
--

CREATE TABLE `llx_paiement_facture` (
  `rowid` int(11) NOT NULL AUTO_INCREMENT,
  `fk_paiement` int(11) DEFAULT NULL,
  `fk_facture` int(11) DEFAULT NULL,
  `amount` double(24,8) DEFAULT NULL,
  `multicurrency_amount` double(24,8) DEFAULT 0.00000000,
  `multicurrency_code` varchar(3) DEFAULT NULL,
  `multicurrency_tx` double(24,8) DEFAULT 1.00000000,
  PRIMARY KEY (`rowid`),
  UNIQUE KEY `uk_paiement_facture` (`fk_paiement`,`fk_facture`),
  KEY `idx_paiement_facture_fk_facture` (`fk_facture`),
  KEY `idx_paiement_facture_fk_paiement` (`fk_paiement`),
  CONSTRAINT `fk_paiement_facture_fk_facture` FOREIGN KEY (`fk_facture`) REFERENCES `llx_facture` (`rowid`),
  CONSTRAINT `fk_paiement_facture_fk_paiement` FOREIGN KEY (`fk_paiement`) REFERENCES `llx_paiement` (`rowid`)
) ENGINE=InnoDB AUTO_INCREMENT=113 DEFAULT CHARSET=utf8mb3 COLLATE=utf8mb3_unicode_ci;

--
-- Dumping data for table `llx_paiement_facture`
--

INSERT INTO `llx_paiement_facture` VALUES
(96,89,459,11.00000000,11.00000000,'EUR',1.00000000),
(97,90,460,1.50000000,1.50000000,'EUR',1.00000000),
(98,91,461,2.80000000,2.80000000,'EUR',1.00000000),
(99,92,463,2.80000000,2.80000000,'EUR',1.00000000),
(100,93,464,5.00000000,5.00000000,'EUR',1.00000000),
(101,94,465,10.30000000,10.30000000,'EUR',1.00000000),
(102,95,466,6.30000000,6.30000000,'EUR',1.00000000),
(103,96,467,3.70000000,3.70000000,'EUR',1.00000000),
(104,97,468,9.30000000,9.30000000,'EUR',1.00000000),
(105,98,469,2.80000000,2.80000000,'EUR',1.00000000),
(106,99,470,2.60000000,2.60000000,'EUR',1.00000000),
(107,100,471,0.50000000,0.50000000,'EUR',1.00000000),
(108,101,472,5.00000000,5.00000000,'EUR',1.00000000),
(109,102,472,9.00000000,9.00000000,'EUR',1.00000000),
(110,103,472,9.99000000,9.99000000,'EUR',1.00000000),
(112,105,475,2.40000000,2.40000000,'EUR',1.00000000);

--
-- Table structure for table `llx_paiementcharge`
--

CREATE TABLE `llx_paiementcharge` (
  `rowid` int(11) NOT NULL AUTO_INCREMENT,
  `fk_charge` int(11) DEFAULT NULL,
  `datec` datetime DEFAULT NULL,
  `tms` timestamp NOT NULL DEFAULT current_timestamp() ON UPDATE current_timestamp(),
  `datep` datetime DEFAULT NULL,
  `amount` double(24,8) DEFAULT NULL,
  `fk_typepaiement` int(11) NOT NULL,
  `num_paiement` varchar(50) DEFAULT NULL,
  `note` text DEFAULT NULL,
  `fk_bank` int(11) NOT NULL,
  `fk_user_creat` int(11) DEFAULT NULL,
  `fk_user_modif` int(11) DEFAULT NULL,
  PRIMARY KEY (`rowid`),
  KEY `idx_paiementcharge_fk_charge` (`fk_charge`)
) ENGINE=InnoDB AUTO_INCREMENT=8 DEFAULT CHARSET=utf8mb3 COLLATE=utf8mb3_unicode_ci;

--
-- Dumping data for table `llx_paiementcharge`
--

INSERT INTO `llx_paiementcharge` VALUES
(4,4,'2013-08-05 23:11:37','2013-08-05 21:11:37','2013-08-05 12:00:00',10.00000000,2,'','',12,1,NULL),
(6,6,'2019-12-26 01:48:30','2019-12-25 21:48:30','2019-12-25 12:00:00',5.00000000,2,'','',43,12,NULL),
(7,6,'2019-12-26 01:48:46','2019-12-25 21:48:46','2019-12-25 12:00:00',5.00000000,4,'','',44,12,NULL);

--
-- Table structure for table `llx_paiementfourn`
--

CREATE TABLE `llx_paiementfourn` (
  `rowid` int(11) NOT NULL AUTO_INCREMENT,
  `ref` varchar(30) DEFAULT NULL,
  `entity` int(11) DEFAULT NULL,
  `tms` timestamp NOT NULL DEFAULT current_timestamp() ON UPDATE current_timestamp(),
  `datec` datetime DEFAULT NULL,
  `datep` datetime DEFAULT NULL,
  `amount` double(24,8) DEFAULT NULL,
  `fk_user_author` int(11) DEFAULT NULL,
  `fk_user_modif` int(11) DEFAULT NULL,
  `fk_paiement` int(11) NOT NULL,
  `num_paiement` varchar(50) DEFAULT NULL,
  `note` text DEFAULT NULL,
  `fk_bank` int(11) NOT NULL,
  `statut` smallint(6) NOT NULL DEFAULT 0,
  `multicurrency_amount` double(24,8) DEFAULT 0.00000000,
  `model_pdf` varchar(255) DEFAULT NULL,
  PRIMARY KEY (`rowid`)
) ENGINE=InnoDB AUTO_INCREMENT=5 DEFAULT CHARSET=utf8mb3 COLLATE=utf8mb3_unicode_ci;

--
-- Dumping data for table `llx_paiementfourn`
--

INSERT INTO `llx_paiementfourn` VALUES
(1,'1',1,'2018-01-19 11:17:47','2018-01-22 18:56:34','2018-01-22 12:00:00',900.00000000,12,NULL,4,'','',30,0,0.00000000,NULL),
(2,'SPAY1702-0001',1,'2017-02-01 15:02:45','2017-02-01 19:02:44','2017-02-01 12:00:00',200.00000000,12,NULL,4,'','',32,0,200.00000000,NULL),
(4,'SPAY2001-0002',1,'2020-01-01 16:28:49','2020-01-01 20:28:49','2020-01-01 12:00:00',-304.69000000,12,NULL,2,'','',47,0,-304.69000000,NULL);

--
-- Table structure for table `llx_paiementfourn_facturefourn`
--

CREATE TABLE `llx_paiementfourn_facturefourn` (
  `rowid` int(11) NOT NULL AUTO_INCREMENT,
  `fk_paiementfourn` int(11) DEFAULT NULL,
  `fk_facturefourn` int(11) DEFAULT NULL,
  `amount` double DEFAULT 0,
  `multicurrency_amount` double(24,8) DEFAULT 0.00000000,
  `multicurrency_code` varchar(3) DEFAULT NULL,
  `multicurrency_tx` double(24,8) DEFAULT 1.00000000,
  PRIMARY KEY (`rowid`),
  UNIQUE KEY `uk_paiementfourn_facturefourn` (`fk_paiementfourn`,`fk_facturefourn`),
  KEY `idx_paiementfourn_facturefourn_fk_facture` (`fk_facturefourn`),
  KEY `idx_paiementfourn_facturefourn_fk_paiement` (`fk_paiementfourn`)
) ENGINE=InnoDB AUTO_INCREMENT=5 DEFAULT CHARSET=utf8mb3 COLLATE=utf8mb3_unicode_ci;

--
-- Dumping data for table `llx_paiementfourn_facturefourn`
--

INSERT INTO `llx_paiementfourn_facturefourn` VALUES
(1,1,16,900,0.00000000,NULL,1.00000000),
(2,2,20,200,200.00000000,NULL,1.00000000),
(4,4,27,-304.69,-304.69000000,NULL,1.00000000);

--
-- Table structure for table `llx_partnership`
--

CREATE TABLE `llx_partnership` (
  `rowid` int(11) NOT NULL AUTO_INCREMENT,
  `ref` varchar(128) NOT NULL DEFAULT '(PROV)',
  `status` smallint(6) NOT NULL DEFAULT 0,
  `fk_soc` int(11) DEFAULT NULL,
  `fk_member` int(11) DEFAULT NULL,
  `email_partnership` varchar(64) DEFAULT NULL,
  `date_partnership_start` date NOT NULL,
  `date_partnership_end` date DEFAULT NULL,
  `entity` int(11) NOT NULL DEFAULT 1,
  `reason_decline_or_cancel` text DEFAULT NULL,
  `date_creation` datetime NOT NULL,
  `fk_user_creat` int(11) DEFAULT NULL,
  `tms` timestamp NOT NULL DEFAULT current_timestamp() ON UPDATE current_timestamp(),
  `fk_user_modif` int(11) DEFAULT NULL,
  `note_private` text DEFAULT NULL,
  `note_public` text DEFAULT NULL,
  `last_main_doc` varchar(255) DEFAULT NULL,
  `count_last_url_check_error` int(11) DEFAULT 0,
  `import_key` varchar(14) DEFAULT NULL,
  `model_pdf` varchar(255) DEFAULT NULL,
  `last_check_backlink` datetime DEFAULT NULL,
  `fk_type` int(11) NOT NULL DEFAULT 0,
  `url_to_check` varchar(255) DEFAULT NULL,
  `ip` varchar(250) DEFAULT NULL,
  PRIMARY KEY (`rowid`),
  UNIQUE KEY `uk_partnership_ref` (`ref`,`entity`),
  UNIQUE KEY `uk_fk_type_fk_soc` (`fk_type`,`fk_soc`,`date_partnership_start`),
  UNIQUE KEY `uk_fk_type_fk_member` (`fk_type`,`fk_member`,`date_partnership_start`),
  KEY `idx_partnership_rowid` (`rowid`),
  KEY `idx_partnership_ref` (`ref`),
  KEY `idx_partnership_fk_soc` (`fk_soc`),
  KEY `llx_partnership_fk_user_creat` (`fk_user_creat`),
  KEY `idx_partnership_status` (`status`),
  KEY `idx_partnership_fk_member` (`fk_member`),
  KEY `idx_partnership_entity` (`entity`),
  CONSTRAINT `llx_partnership_fk_user_creat` FOREIGN KEY (`fk_user_creat`) REFERENCES `llx_user` (`rowid`)
) ENGINE=InnoDB AUTO_INCREMENT=2 DEFAULT CHARSET=utf8mb3 COLLATE=utf8mb3_unicode_ci;

--
-- Dumping data for table `llx_partnership`
--

INSERT INTO `llx_partnership` VALUES
(1,'PSHIP2302-0001',2,26,NULL,NULL,'2023-02-15','2023-03-01',1,NULL,'2023-02-15 08:19:48',12,'2023-02-26 00:09:00',12,NULL,NULL,NULL,NULL,NULL,NULL,NULL,1,'mmmmhh',NULL);

--
-- Table structure for table `llx_partnership_extrafields`
--

CREATE TABLE `llx_partnership_extrafields` (
  `rowid` int(11) NOT NULL AUTO_INCREMENT,
  `tms` timestamp NOT NULL DEFAULT current_timestamp() ON UPDATE current_timestamp(),
  `fk_object` int(11) NOT NULL,
  `import_key` varchar(14) DEFAULT NULL,
  `fdsf` varchar(255) DEFAULT NULL,
  `a_custom_field` varchar(255) DEFAULT NULL,
  PRIMARY KEY (`rowid`),
  UNIQUE KEY `uk_partnership_extrafields` (`fk_object`),
  KEY `idx_partnership_fk_object` (`fk_object`),
  KEY `idx_partnership_extrafields` (`fk_object`)
) ENGINE=InnoDB AUTO_INCREMENT=14 DEFAULT CHARSET=utf8mb3 COLLATE=utf8mb3_unicode_ci;

--
-- Dumping data for table `llx_partnership_extrafields`
--

INSERT INTO `llx_partnership_extrafields` VALUES
(13,'2023-08-15 10:35:57',1,NULL,'hhh',NULL);

--
-- Table structure for table `llx_payment_donation`
--

CREATE TABLE `llx_payment_donation` (
  `rowid` int(11) NOT NULL AUTO_INCREMENT,
  `fk_donation` int(11) DEFAULT NULL,
  `datec` datetime DEFAULT NULL,
  `tms` timestamp NOT NULL DEFAULT current_timestamp() ON UPDATE current_timestamp(),
  `datep` datetime DEFAULT NULL,
  `amount` double(24,8) DEFAULT NULL,
  `fk_typepayment` int(11) NOT NULL,
  `num_payment` varchar(50) DEFAULT NULL,
  `note` text DEFAULT NULL,
  `ext_payment_id` varchar(255) DEFAULT NULL,
  `ext_payment_site` varchar(128) DEFAULT NULL,
  `fk_bank` int(11) NOT NULL,
  `fk_user_creat` int(11) DEFAULT NULL,
  `fk_user_modif` int(11) DEFAULT NULL,
  PRIMARY KEY (`rowid`)
) ENGINE=InnoDB AUTO_INCREMENT=4 DEFAULT CHARSET=utf8mb3 COLLATE=utf8mb3_unicode_ci;

--
-- Dumping data for table `llx_payment_donation`
--

INSERT INTO `llx_payment_donation` VALUES
(1,3,'2017-09-06 20:08:36','2017-09-06 16:08:36','2017-09-06 12:00:00',10.00000000,4,'','',NULL,NULL,38,12,NULL),
(2,6,'2025-04-25 16:02:36','2025-04-25 14:02:36','2025-04-25 12:00:00',5.00000000,6,'','',NULL,NULL,90,12,NULL),
(3,6,'2025-04-25 16:02:46','2025-04-25 14:02:46','2025-04-25 12:00:00',95.00000000,6,'','',NULL,NULL,91,12,NULL);

--
-- Table structure for table `llx_payment_expensereport`
--

CREATE TABLE `llx_payment_expensereport` (
  `rowid` int(11) NOT NULL AUTO_INCREMENT,
  `fk_expensereport` int(11) DEFAULT NULL,
  `datec` datetime DEFAULT NULL,
  `tms` timestamp NOT NULL DEFAULT current_timestamp() ON UPDATE current_timestamp(),
  `datep` datetime DEFAULT NULL,
  `amount` double(24,8) DEFAULT NULL,
  `fk_typepayment` int(11) NOT NULL,
  `num_payment` varchar(50) DEFAULT NULL,
  `note` text DEFAULT NULL,
  `fk_bank` int(11) NOT NULL,
  `fk_user_creat` int(11) DEFAULT NULL,
  `fk_user_modif` int(11) DEFAULT NULL,
  PRIMARY KEY (`rowid`)
) ENGINE=InnoDB AUTO_INCREMENT=3 DEFAULT CHARSET=utf8mb3 COLLATE=utf8mb3_unicode_ci;

--
-- Dumping data for table `llx_payment_expensereport`
--

INSERT INTO `llx_payment_expensereport` VALUES
(1,1,'2017-02-16 02:13:13','2017-02-15 22:13:13','2017-02-16 12:00:00',5.00000000,7,'','',0,12,NULL),
(2,1,'2017-02-16 02:22:09','2017-02-15 22:22:09','2017-02-16 12:00:00',1.00000000,7,'','',36,12,NULL);

--
-- Table structure for table `llx_payment_loan`
--

CREATE TABLE `llx_payment_loan` (
  `rowid` int(11) NOT NULL AUTO_INCREMENT,
  `fk_loan` int(11) DEFAULT NULL,
  `datec` datetime DEFAULT NULL,
  `tms` timestamp NOT NULL DEFAULT current_timestamp() ON UPDATE current_timestamp(),
  `datep` datetime DEFAULT NULL,
  `amount_capital` double(24,8) DEFAULT NULL,
  `amount_insurance` double(24,8) DEFAULT NULL,
  `amount_interest` double(24,8) DEFAULT NULL,
  `fk_typepayment` int(11) NOT NULL,
  `num_payment` varchar(50) DEFAULT NULL,
  `note_private` text DEFAULT NULL,
  `note_public` text DEFAULT NULL,
  `fk_bank` int(11) NOT NULL,
  `fk_user_creat` int(11) DEFAULT NULL,
  `fk_user_modif` int(11) DEFAULT NULL,
  PRIMARY KEY (`rowid`)
) ENGINE=InnoDB AUTO_INCREMENT=4 DEFAULT CHARSET=utf8mb3 COLLATE=utf8mb3_unicode_ci;

--
-- Dumping data for table `llx_payment_loan`
--

INSERT INTO `llx_payment_loan` VALUES
(1,3,'2023-02-16 07:59:23','2023-02-16 10:59:23','2023-02-16 12:00:00',1.00000000,2.00000000,3.00000000,2,'0','','',58,12,NULL),
(2,3,'2023-02-16 08:19:44','2023-02-16 11:19:44','2023-02-16 12:00:00',2.00000000,2.00000000,2.00000000,6,'0','','',59,12,NULL),
(3,3,'2023-02-16 08:20:12','2023-02-16 11:20:12','2023-02-16 12:00:00',2.00000000,2.00000000,2.00000000,2,'0','','',61,12,NULL);

--
-- Table structure for table `llx_payment_salary`
--

CREATE TABLE `llx_payment_salary` (
  `rowid` int(11) NOT NULL AUTO_INCREMENT,
  `ref` varchar(30) DEFAULT NULL,
  `tms` timestamp NOT NULL DEFAULT current_timestamp() ON UPDATE current_timestamp(),
  `datec` datetime DEFAULT NULL,
  `fk_user` int(11) DEFAULT NULL,
  `datep` datetime DEFAULT NULL,
  `datev` date DEFAULT NULL,
  `salary` double(24,8) DEFAULT NULL,
  `amount` double(24,8) DEFAULT NULL,
  `fk_projet` int(11) DEFAULT NULL,
  `fk_typepayment` int(11) NOT NULL,
  `num_payment` varchar(50) DEFAULT NULL,
  `label` varchar(255) DEFAULT NULL,
  `datesp` date DEFAULT NULL,
  `dateep` date DEFAULT NULL,
  `entity` int(11) NOT NULL DEFAULT 1,
  `note` text DEFAULT NULL,
  `fk_bank` int(11) DEFAULT NULL,
  `fk_user_author` int(11) DEFAULT NULL,
  `fk_user_modif` int(11) DEFAULT NULL,
  `fk_salary` int(11) DEFAULT NULL,
  PRIMARY KEY (`rowid`),
  KEY `idx_payment_salary_ref` (`num_payment`),
  KEY `idx_payment_salary_user` (`fk_user`,`entity`),
  KEY `idx_payment_salary_datep` (`datep`),
  KEY `idx_payment_salary_datesp` (`datesp`),
  KEY `idx_payment_salary_dateep` (`dateep`),
  CONSTRAINT `fk_payment_salary_user` FOREIGN KEY (`fk_user`) REFERENCES `llx_user` (`rowid`)
) ENGINE=InnoDB AUTO_INCREMENT=5 DEFAULT CHARSET=utf8mb3 COLLATE=utf8mb3_unicode_ci;

--
-- Dumping data for table `llx_payment_salary`
--

INSERT INTO `llx_payment_salary` VALUES
(1,'1','2021-04-15 10:22:55','2019-10-08 13:18:50',19,'2019-10-08 00:00:00','2019-10-08',2700.00000000,1000.00000000,0,2,'','Salary payment','2019-09-01','2019-09-30',1,NULL,42,12,NULL,1),
(4,NULL,'2023-01-06 15:36:21','2023-01-06 12:36:21',NULL,'2023-01-06 00:00:00',NULL,NULL,100.00000000,NULL,6,'',NULL,NULL,NULL,1,'',56,12,NULL,4);

--
-- Table structure for table `llx_payment_various`
--

CREATE TABLE `llx_payment_various` (
  `rowid` int(11) NOT NULL AUTO_INCREMENT,
  `ref` varchar(30) DEFAULT NULL,
  `tms` timestamp NOT NULL DEFAULT current_timestamp() ON UPDATE current_timestamp(),
  `datec` datetime DEFAULT NULL,
  `datep` date DEFAULT NULL,
  `datev` date DEFAULT NULL,
  `sens` smallint(6) NOT NULL DEFAULT 0,
  `amount` double(24,8) NOT NULL DEFAULT 0.00000000,
  `fk_typepayment` int(11) NOT NULL,
  `num_payment` varchar(50) DEFAULT NULL,
  `label` varchar(255) DEFAULT NULL,
  `accountancy_code` varchar(32) DEFAULT NULL,
  `fk_projet` int(11) DEFAULT NULL,
  `entity` int(11) NOT NULL DEFAULT 1,
  `note` text DEFAULT NULL,
  `fk_bank` int(11) DEFAULT NULL,
  `fk_user_author` int(11) DEFAULT NULL,
  `fk_user_modif` int(11) DEFAULT NULL,
  `subledger_account` varchar(32) DEFAULT NULL,
  PRIMARY KEY (`rowid`)
) ENGINE=InnoDB AUTO_INCREMENT=5 DEFAULT CHARSET=utf8mb3 COLLATE=utf8mb3_unicode_ci;

--
-- Dumping data for table `llx_payment_various`
--

INSERT INTO `llx_payment_various` VALUES
(2,NULL,'2019-12-25 22:14:38','2017-07-14 18:46:19','2017-07-14','2017-07-14',0,123.00000000,4,'','Miscellaneous payment','518',4,1,NULL,48,12,NULL,NULL),
(4,NULL,'2020-01-10 00:42:47','2020-01-10 04:42:47','2020-01-10','2020-01-10',0,10.00000000,0,'','Miscellaneous payment','105',0,1,'',49,12,0,'556');

--
-- Table structure for table `llx_payment_vat`
--

CREATE TABLE `llx_payment_vat` (
  `rowid` int(11) NOT NULL AUTO_INCREMENT,
  `fk_tva` int(11) DEFAULT NULL,
  `datec` datetime DEFAULT NULL,
  `tms` timestamp NOT NULL DEFAULT current_timestamp() ON UPDATE current_timestamp(),
  `datep` datetime DEFAULT NULL,
  `amount` double(24,8) DEFAULT 0.00000000,
  `fk_typepaiement` int(11) NOT NULL,
  `num_paiement` varchar(50) DEFAULT NULL,
  `note` text DEFAULT NULL,
  `fk_bank` int(11) NOT NULL,
  `fk_user_creat` int(11) DEFAULT NULL,
  `fk_user_modif` int(11) DEFAULT NULL,
  PRIMARY KEY (`rowid`)
) ENGINE=InnoDB DEFAULT CHARSET=utf8mb3 COLLATE=utf8mb3_unicode_ci;

--
-- Dumping data for table `llx_payment_vat`
--


--
-- Table structure for table `llx_paymentexpensereport_expensereport`
--

CREATE TABLE `llx_paymentexpensereport_expensereport` (
  `rowid` int(11) NOT NULL AUTO_INCREMENT,
  `fk_payment` int(11) DEFAULT NULL,
  `fk_expensereport` int(11) DEFAULT NULL,
  `amount` double(24,8) DEFAULT 0.00000000,
  `multicurrency_code` varchar(3) DEFAULT NULL,
  `multicurrency_tx` double(24,8) DEFAULT 1.00000000,
  `multicurrency_amount` double(24,8) DEFAULT 0.00000000,
  PRIMARY KEY (`rowid`)
) ENGINE=InnoDB DEFAULT CHARSET=utf8mb4 COLLATE=utf8mb4_general_ci;

--
-- Dumping data for table `llx_paymentexpensereport_expensereport`
--


--
-- Table structure for table `llx_pos_cash_fence`
--

CREATE TABLE `llx_pos_cash_fence` (
  `rowid` int(11) NOT NULL AUTO_INCREMENT,
  `entity` int(11) NOT NULL DEFAULT 1,
  `ref` varchar(64) DEFAULT NULL,
  `label` varchar(255) DEFAULT NULL,
  `opening` double(24,8) DEFAULT 0.00000000,
  `cash` double(24,8) DEFAULT 0.00000000,
  `card` double(24,8) DEFAULT 0.00000000,
  `cheque` double(24,8) DEFAULT 0.00000000,
  `status` int(11) DEFAULT NULL,
  `date_creation` datetime NOT NULL,
  `date_valid` datetime DEFAULT NULL,
  `day_close` int(11) DEFAULT NULL,
  `month_close` int(11) DEFAULT NULL,
  `year_close` int(11) DEFAULT NULL,
  `hour_close` int(11) DEFAULT NULL,
  `min_close` int(11) DEFAULT NULL,
  `sec_close` int(11) DEFAULT NULL,
  `posmodule` varchar(30) DEFAULT NULL,
  `posnumber` varchar(30) DEFAULT NULL,
  `fk_user_creat` int(11) DEFAULT NULL,
  `fk_user_valid` int(11) DEFAULT NULL,
  `tms` timestamp NOT NULL DEFAULT current_timestamp() ON UPDATE current_timestamp(),
  `import_key` varchar(14) DEFAULT NULL,
  `cash_declared` double(24,8) DEFAULT NULL,
  `card_declared` double(24,8) DEFAULT NULL,
  `cheque_declared` double(24,8) DEFAULT NULL,
  `cash_lifetime` double(24,8) DEFAULT NULL,
  `card_lifetime` double(24,8) DEFAULT NULL,
  `cheque_lifetime` double(24,8) DEFAULT NULL,
  `lifetime_start` datetime DEFAULT NULL,
  PRIMARY KEY (`rowid`)
) ENGINE=InnoDB AUTO_INCREMENT=30 DEFAULT CHARSET=utf8mb3 COLLATE=utf8mb3_unicode_ci;

--
-- Dumping data for table `llx_pos_cash_fence`
--

INSERT INTO `llx_pos_cash_fence` VALUES
(1,1,'1',NULL,-324.29000000,400.00000000,0.00000000,0.00000000,1,'2019-12-22 23:01:02','2019-12-22 23:01:48',NULL,11,2019,NULL,NULL,NULL,'takepos','1',NULL,12,'2019-12-22 19:01:48',NULL,NULL,NULL,NULL,NULL,NULL,NULL,NULL),
(2,1,'2',NULL,0.00000000,0.00000000,0.00000000,0.00000000,1,'2025-02-05 09:40:53','2025-02-05 09:41:09',15,1,2025,22,59,59,'takepos','1',12,12,'2025-02-05 08:41:09',NULL,0.00000000,0.00000000,0.00000000,0.00000000,0.00000000,0.00000000,'2025-01-16 10:08:56'),
(3,1,'3',NULL,0.00000000,0.00000000,0.00000000,0.00000000,1,'2025-02-05 10:00:26','2025-02-05 10:00:34',15,1,2025,22,59,59,'takepos','2',12,12,'2025-02-05 09:00:34',NULL,0.00000000,0.00000000,0.00000000,0.00000000,0.00000000,0.00000000,'2025-01-16 10:08:56'),
(23,1,'23',NULL,0.00000000,1.50000000,0.00000000,0.00000000,1,'2025-02-05 15:21:45','2025-02-05 15:22:07',16,1,2025,22,59,59,'takepos','1',12,12,'2025-02-05 14:22:07',NULL,1.50000000,0.00000000,0.00000000,1.50000000,0.00000000,0.00000000,'2025-01-16 10:08:56'),
(24,1,'24',NULL,0.00000000,1.50000000,0.00000000,0.00000000,1,'2025-02-05 15:23:07','2025-02-05 15:23:17',NULL,1,2025,22,59,59,'takepos','1',12,12,'2025-02-05 14:23:17',NULL,1.50000000,0.00000000,0.00000000,1.50000000,0.00000000,0.00000000,'2025-01-16 10:08:56'),
(25,1,'25',NULL,0.00000000,0.00000000,0.00000000,0.00000000,1,'2025-02-05 15:28:04','2025-02-05 15:28:10',NULL,NULL,2024,22,59,59,'takepos','1',12,12,'2025-02-05 14:28:10',NULL,0.00000000,0.00000000,0.00000000,0.00000000,0.00000000,0.00000000,'2025-01-16 10:08:56'),
(26,1,'26',NULL,0.00000000,0.00000000,0.00000000,0.00000000,1,'2025-02-05 15:30:17','2025-02-05 15:30:19',2,1,2025,22,59,59,'takepos','1',12,12,'2025-02-05 14:30:19',NULL,0.00000000,0.00000000,0.00000000,0.00000000,0.00000000,0.00000000,'2025-01-16 10:08:56'),
(27,1,'27',NULL,0.00000000,31.10000000,0.00000000,6.30000000,1,'2025-02-15 09:32:02','2025-02-15 09:33:06',5,2,2025,22,59,59,'takepos','1',12,12,'2025-02-15 08:33:06',NULL,31.10000000,0.00000000,6.30000000,32.60000000,0.00000000,6.30000000,'2025-01-16 10:08:56'),
(28,1,'28',NULL,31.10000000,5.90000000,0.00000000,0.00000000,1,'2025-02-15 09:34:50','2025-02-15 09:37:39',15,2,2025,22,59,59,'takepos','1',12,12,'2025-02-15 08:37:39',NULL,37.00000000,0.00000000,0.00000000,38.50000000,0.00000000,6.30000000,'2025-01-16 10:08:56'),
(29,1,'29',NULL,37.00000000,9.99000000,5.00000000,9.00000000,1,'2025-03-05 10:02:25','2025-03-05 10:03:55',5,3,2025,22,59,59,'takepos','1',12,12,'2025-03-05 09:03:55',NULL,46.99000000,5.00000000,9.00000000,48.49000000,5.00000000,15.30000000,'2025-01-16 10:08:56');

--
-- Table structure for table `llx_pos_cash_fence_extrafields`
--

CREATE TABLE `llx_pos_cash_fence_extrafields` (
  `rowid` int(11) NOT NULL AUTO_INCREMENT,
  `tms` timestamp NULL DEFAULT current_timestamp() ON UPDATE current_timestamp(),
  `fk_object` int(11) NOT NULL,
  `import_key` varchar(14) DEFAULT NULL,
  PRIMARY KEY (`rowid`),
  UNIQUE KEY `uk_pos_cash_fence_extrafields` (`fk_object`)
) ENGINE=InnoDB DEFAULT CHARSET=utf8mb4 COLLATE=utf8mb4_general_ci;

--
-- Dumping data for table `llx_pos_cash_fence_extrafields`
--


--
-- Table structure for table `llx_prelevement`
--

CREATE TABLE `llx_prelevement` (
  `rowid` int(11) NOT NULL AUTO_INCREMENT,
  `fk_facture` int(11) DEFAULT NULL,
  `fk_prelevement_lignes` int(11) NOT NULL,
  `fk_facture_fourn` int(11) DEFAULT NULL,
  `fk_salary` int(11) DEFAULT NULL,
  PRIMARY KEY (`rowid`),
  KEY `idx_prelevement_fk_prelevement_lignes` (`fk_prelevement_lignes`),
  CONSTRAINT `fk_prelevement_fk_prelevement_lignes` FOREIGN KEY (`fk_prelevement_lignes`) REFERENCES `llx_prelevement_lignes` (`rowid`)
) ENGINE=InnoDB AUTO_INCREMENT=2 DEFAULT CHARSET=utf8mb3 COLLATE=utf8mb3_unicode_ci;

--
-- Dumping data for table `llx_prelevement`
--

INSERT INTO `llx_prelevement` VALUES
(1,211,1,NULL,NULL);

--
-- Table structure for table `llx_prelevement_bons`
--

CREATE TABLE `llx_prelevement_bons` (
  `rowid` int(11) NOT NULL AUTO_INCREMENT,
  `ref` varchar(12) DEFAULT NULL,
  `entity` int(11) NOT NULL DEFAULT 1,
  `datec` datetime DEFAULT NULL,
  `amount` double(24,8) DEFAULT NULL,
  `statut` smallint(6) DEFAULT 0,
  `credite` smallint(6) DEFAULT 0,
  `note` text DEFAULT NULL,
  `date_trans` datetime DEFAULT NULL,
  `method_trans` smallint(6) DEFAULT NULL,
  `fk_user_trans` int(11) DEFAULT NULL,
  `date_credit` datetime DEFAULT NULL,
  `fk_user_credit` int(11) DEFAULT NULL,
  `type` varchar(16) DEFAULT 'debit-order',
  `fk_bank_account` int(11) DEFAULT NULL,
  `tms` timestamp NULL DEFAULT current_timestamp() ON UPDATE current_timestamp(),
  PRIMARY KEY (`rowid`),
  UNIQUE KEY `uk_prelevement_bons_ref` (`ref`,`entity`)
) ENGINE=InnoDB AUTO_INCREMENT=2 DEFAULT CHARSET=utf8mb3 COLLATE=utf8mb3_unicode_ci;

--
-- Dumping data for table `llx_prelevement_bons`
--

INSERT INTO `llx_prelevement_bons` VALUES
(1,'T170201',1,'2017-02-21 15:53:46',50.00000000,2,0,NULL,'2017-02-21 12:00:00',0,12,'2017-02-21 12:00:00',12,'debit-order',NULL,'2026-02-15 18:45:07');

--
-- Table structure for table `llx_prelevement_demande`
--

CREATE TABLE `llx_prelevement_demande` (
  `rowid` int(11) NOT NULL AUTO_INCREMENT,
  `fk_facture` int(11) DEFAULT NULL,
  `amount` double(24,8) DEFAULT NULL,
  `date_demande` datetime NOT NULL,
  `traite` smallint(6) DEFAULT 0,
  `date_traite` datetime DEFAULT NULL,
  `fk_prelevement_bons` int(11) DEFAULT NULL,
  `fk_user_demande` int(11) NOT NULL,
  `fk_societe_rib` int(11) DEFAULT NULL,
  `code_banque` varchar(128) DEFAULT NULL,
  `code_guichet` varchar(6) DEFAULT NULL,
  `number` varchar(255) DEFAULT NULL,
  `cle_rib` varchar(5) DEFAULT NULL,
  `entity` int(11) DEFAULT NULL,
  `sourcetype` varchar(32) DEFAULT NULL,
  `ext_payment_id` varchar(255) DEFAULT NULL,
  `ext_payment_site` varchar(128) DEFAULT NULL,
  `fk_facture_fourn` int(11) DEFAULT NULL,
  `fk_salary` int(11) DEFAULT NULL,
  `type` varchar(12) DEFAULT '',
  PRIMARY KEY (`rowid`),
  KEY `idx_prelevement_demande_fk_facture` (`fk_facture`),
  KEY `idx_prelevement_demande_fk_facture_fourn` (`fk_facture_fourn`),
  KEY `idx_prelevement_demande_ext_payment_id` (`ext_payment_id`)
) ENGINE=InnoDB AUTO_INCREMENT=17 DEFAULT CHARSET=utf8mb3 COLLATE=utf8mb3_unicode_ci;

--
-- Dumping data for table `llx_prelevement_demande`
--

INSERT INTO `llx_prelevement_demande` VALUES
(1,211,50.00000000,'2017-02-06 08:11:17',1,'2017-02-21 15:53:46',1,12,NULL,'','','','',NULL,NULL,NULL,NULL,NULL,NULL,'ban'),
(2,5,NULL,'2020-01-01 14:35:21',0,NULL,NULL,0,NULL,NULL,NULL,NULL,NULL,1,'member','pi_1Fw4XtGr4FnPvt5gmHCi23hC','StripeTest',NULL,NULL,''),
(3,6,NULL,'2020-01-01 14:50:42',0,NULL,NULL,0,NULL,NULL,NULL,NULL,NULL,1,'member','pi_1Fw4mkGr4FnPvt5gaMAjhU23','StripeTest',NULL,NULL,''),
(4,7,NULL,'2020-01-01 14:59:09',0,NULL,NULL,0,NULL,NULL,NULL,NULL,NULL,1,'member','pi_1Fw4uvGr4FnPvt5gPJHfyUQt','StripeTest',NULL,NULL,''),
(5,8,NULL,'2020-01-01 15:08:10',0,NULL,NULL,0,NULL,NULL,NULL,NULL,NULL,1,'member','pi_1Fw53eGr4FnPvt5gY0i3EWWR','StripeTest',NULL,NULL,''),
(6,9,NULL,'2020-01-01 15:27:14',0,NULL,NULL,0,NULL,NULL,NULL,NULL,NULL,1,'member','pi_1Fw5M6Gr4FnPvt5gyICZxNY7','StripeTest',NULL,NULL,''),
(7,10,NULL,'2020-01-01 15:36:11',0,NULL,NULL,0,NULL,NULL,NULL,NULL,NULL,1,'member','pi_1Fw5UlGr4FnPvt5gdsfT25YK','StripeTest',NULL,NULL,''),
(8,11,NULL,'2020-01-01 15:44:14',0,NULL,NULL,0,NULL,NULL,NULL,NULL,NULL,1,'member','pi_1Fw5cYGr4FnPvt5ggY1HBL2m','StripeTest',NULL,NULL,''),
(9,12,NULL,'2020-01-01 16:52:06',0,NULL,NULL,0,NULL,NULL,NULL,NULL,NULL,1,'member','pi_1Fw6gDGr4FnPvt5gjuuxU6K3','StripeTest',NULL,NULL,''),
(10,55,4.84000000,'2023-02-04 12:42:38',0,NULL,NULL,12,NULL,'','','','',1,'facture',NULL,NULL,NULL,NULL,'ban'),
(11,235,0.50000000,'2023-02-27 11:40:22',0,NULL,NULL,12,NULL,'','','','',1,'facture',NULL,NULL,NULL,NULL,'ban'),
(12,238,20.00000000,'2023-03-08 06:40:57',0,NULL,NULL,12,NULL,'','','','',1,'facture',NULL,NULL,NULL,NULL,'ban'),
(13,210,10.00000000,'2024-12-30 16:05:08',0,NULL,NULL,12,2,'','','','',1,'facture',NULL,NULL,NULL,NULL,'ban'),
(14,NULL,5.00000000,'2024-12-30 16:50:15',0,NULL,NULL,12,5,'','','','',1,'supplier_invoice',NULL,NULL,39,NULL,'ban');

--
-- Table structure for table `llx_prelevement_rejet`
--

CREATE TABLE `llx_prelevement_rejet` (
  `rowid` int(11) NOT NULL AUTO_INCREMENT,
  `fk_prelevement_lignes` int(11) DEFAULT NULL,
  `date_rejet` datetime DEFAULT NULL,
  `motif` int(11) DEFAULT NULL,
  `date_creation` datetime DEFAULT NULL,
  `fk_user_creation` int(11) DEFAULT NULL,
  `note` text DEFAULT NULL,
  `afacturer` tinyint(4) DEFAULT 0,
  `fk_facture` int(11) DEFAULT NULL,
  PRIMARY KEY (`rowid`)
) ENGINE=InnoDB DEFAULT CHARSET=utf8mb3 COLLATE=utf8mb3_unicode_ci;

--
-- Dumping data for table `llx_prelevement_rejet`
--


--
-- Table structure for table `llx_printer_receipt`
--

CREATE TABLE `llx_printer_receipt` (
  `rowid` int(11) NOT NULL AUTO_INCREMENT,
  `name` varchar(128) DEFAULT NULL,
  `fk_type` int(11) DEFAULT NULL,
  `fk_profile` int(11) DEFAULT NULL,
  `parameter` varchar(128) DEFAULT NULL,
  `entity` int(11) DEFAULT NULL,
  PRIMARY KEY (`rowid`)
) ENGINE=InnoDB AUTO_INCREMENT=2 DEFAULT CHARSET=utf8mb4 COLLATE=utf8mb4_unicode_ci;

--
-- Dumping data for table `llx_printer_receipt`
--

INSERT INTO `llx_printer_receipt` VALUES
(1,'Imprimante réseau',3,0,'192.168.0.253',1);

--
-- Table structure for table `llx_printer_receipt_template`
--

CREATE TABLE `llx_printer_receipt_template` (
  `rowid` int(11) NOT NULL AUTO_INCREMENT,
  `name` varchar(128) DEFAULT NULL,
  `template` text DEFAULT NULL,
  `entity` int(11) DEFAULT NULL,
  PRIMARY KEY (`rowid`)
) ENGINE=InnoDB AUTO_INCREMENT=12 DEFAULT CHARSET=utf8mb4 COLLATE=utf8mb4_unicode_ci;

--
-- Dumping data for table `llx_printer_receipt_template`
--

INSERT INTO `llx_printer_receipt_template` VALUES
(11,'Example','{dol_align_center}\\r\\n{dol_print_text}{dol_value_mysoc_name}\\r\\n{dol_print_text}{dol_value_mysoc_address}\\r\\n{dol_print_text}{dol_value_mysoc_zip}{dol_value_mysoc_town}\\r\\n{dol_line_feed}\\r\\n{dol_print_text}Facture {dol_value_object_ref}\\r\\n{dol_line_feed}\\r\\n{dol_align_left}\\r\\n{dol_print_object_lines}\\r\\n{dol_line_feed}\\r\\n{dol_print_object_tax}\\r\\n{dol_line_feed}\\r\\n{dol_print_object_total}\\r\\n{dol_line_feed}\\r\\n{dol_cut_paper_full}',1);

--
-- Table structure for table `llx_printing`
--

CREATE TABLE `llx_printing` (
  `rowid` int(11) NOT NULL AUTO_INCREMENT,
  `tms` timestamp NOT NULL DEFAULT current_timestamp() ON UPDATE current_timestamp(),
  `datec` datetime DEFAULT NULL,
  `printer_name` text NOT NULL,
  `printer_location` text NOT NULL,
  `printer_id` varchar(255) NOT NULL,
  `copy` int(11) NOT NULL DEFAULT 1,
  `module` varchar(16) NOT NULL,
  `driver` varchar(16) NOT NULL,
  `userid` int(11) DEFAULT NULL,
  PRIMARY KEY (`rowid`)
) ENGINE=InnoDB DEFAULT CHARSET=utf8mb3 COLLATE=utf8mb3_unicode_ci;

--
-- Dumping data for table `llx_printing`
--


--
-- Table structure for table `llx_product`
--

CREATE TABLE `llx_product` (
  `rowid` int(11) NOT NULL AUTO_INCREMENT,
  `datec` datetime DEFAULT NULL,
  `tms` timestamp NOT NULL DEFAULT current_timestamp() ON UPDATE current_timestamp(),
  `virtual` tinyint(4) NOT NULL DEFAULT 0,
  `fk_parent` int(11) DEFAULT 0,
  `ref` varchar(128) NOT NULL,
  `entity` int(11) NOT NULL DEFAULT 1,
  `ref_ext` varchar(128) DEFAULT NULL,
  `label` varchar(255) NOT NULL,
  `description` text DEFAULT NULL,
  `note` mediumtext DEFAULT NULL,
  `customcode` varchar(32) DEFAULT NULL,
  `fk_country` int(11) DEFAULT NULL,
  `price` double(24,8) DEFAULT 0.00000000,
  `price_ttc` double(24,8) DEFAULT 0.00000000,
  `price_min` double(24,8) DEFAULT 0.00000000,
  `price_min_ttc` double(24,8) DEFAULT 0.00000000,
  `price_base_type` varchar(3) DEFAULT 'HT',
  `price_label` varchar(255) DEFAULT NULL,
  `tva_tx` double(6,3) DEFAULT NULL,
  `recuperableonly` int(11) NOT NULL DEFAULT 0,
  `localtax1_tx` double(6,3) DEFAULT 0.000,
  `localtax1_type` varchar(10) NOT NULL DEFAULT '0',
  `localtax2_tx` double(6,3) DEFAULT 0.000,
  `localtax2_type` varchar(10) NOT NULL DEFAULT '0',
  `fk_user_author` int(11) DEFAULT NULL,
  `fk_user_modif` int(11) DEFAULT NULL,
  `tosell` tinyint(4) DEFAULT 1,
  `tobuy` tinyint(4) DEFAULT 1,
  `tobatch` tinyint(4) NOT NULL DEFAULT 0,
  `sell_or_eat_by_mandatory` tinyint(4) NOT NULL DEFAULT 0,
  `fk_product_type` int(11) DEFAULT 0,
  `duration` varchar(6) DEFAULT NULL,
  `seuil_stock_alerte` float DEFAULT NULL,
  `url` varchar(255) DEFAULT NULL,
  `barcode` varchar(255) DEFAULT NULL,
  `fk_barcode_type` int(11) DEFAULT NULL,
  `accountancy_code_sell` varchar(32) DEFAULT NULL,
  `accountancy_code_sell_intra` varchar(32) DEFAULT NULL,
  `accountancy_code_sell_export` varchar(32) DEFAULT NULL,
  `accountancy_code_buy` varchar(32) DEFAULT NULL,
  `accountancy_code_buy_intra` varchar(32) DEFAULT NULL,
  `accountancy_code_buy_export` varchar(32) DEFAULT NULL,
  `partnumber` varchar(32) DEFAULT NULL,
  `weight` float DEFAULT NULL,
  `weight_units` tinyint(4) DEFAULT NULL,
  `length` float DEFAULT NULL,
  `length_units` tinyint(4) DEFAULT NULL,
  `surface` float DEFAULT NULL,
  `surface_units` tinyint(4) DEFAULT NULL,
  `volume` float DEFAULT NULL,
  `volume_units` tinyint(4) DEFAULT NULL,
  `stock` double DEFAULT NULL,
  `pmp` double(24,8) NOT NULL DEFAULT 0.00000000,
  `fifo` double(24,8) DEFAULT NULL,
  `lifo` double(24,8) DEFAULT NULL,
  `canvas` varchar(32) DEFAULT 'default@product',
  `finished` tinyint(4) DEFAULT NULL,
  `hidden` tinyint(4) DEFAULT 0,
  `import_key` varchar(14) DEFAULT NULL,
  `desiredstock` float DEFAULT NULL,
  `fk_price_expression` int(11) DEFAULT NULL,
  `fk_unit` int(11) DEFAULT NULL,
  `cost_price` double(24,8) DEFAULT NULL,
  `default_vat_code` varchar(10) DEFAULT NULL,
  `price_autogen` smallint(6) DEFAULT 0,
  `note_public` mediumtext DEFAULT NULL,
  `model_pdf` varchar(255) DEFAULT '',
  `width` float DEFAULT NULL,
  `width_units` tinyint(4) DEFAULT NULL,
  `height` float DEFAULT NULL,
  `height_units` tinyint(4) DEFAULT NULL,
  `fk_default_warehouse` int(11) DEFAULT NULL,
  `fk_project` int(11) DEFAULT NULL,
  `net_measure` float DEFAULT NULL,
  `net_measure_units` tinyint(4) DEFAULT NULL,
  `fk_state` int(11) DEFAULT NULL,
  `batch_mask` varchar(32) DEFAULT NULL,
  `lifetime` int(11) DEFAULT NULL,
  `qc_frequency` int(11) DEFAULT NULL,
  `mandatory_period` tinyint(4) DEFAULT 0,
  `fk_default_bom` int(11) DEFAULT NULL,
  `fk_default_workstation` int(11) DEFAULT NULL,
  `stockable_product` int(11) NOT NULL DEFAULT 1,
  `last_main_doc` varchar(255) DEFAULT NULL,
  `packaging` float(24,8) DEFAULT NULL,
  PRIMARY KEY (`rowid`),
  UNIQUE KEY `uk_product_ref` (`ref`,`entity`),
  UNIQUE KEY `uk_product_barcode` (`barcode`,`fk_barcode_type`,`entity`),
  KEY `idx_product_label` (`label`),
  KEY `idx_product_barcode` (`barcode`),
  KEY `idx_product_import_key` (`import_key`),
  KEY `idx_product_fk_country` (`fk_country`),
  KEY `idx_product_fk_user_author` (`fk_user_author`),
  KEY `idx_product_fk_barcode_type` (`fk_barcode_type`),
  KEY `fk_product_fk_unit` (`fk_unit`),
  KEY `idx_product_seuil_stock_alerte` (`seuil_stock_alerte`),
  KEY `fk_product_default_warehouse` (`fk_default_warehouse`),
  KEY `idx_product_fk_project` (`fk_project`),
  KEY `fk_product_finished` (`finished`),
  KEY `idx_product_entity_fk_product_type` (`entity`,`fk_product_type`),
  CONSTRAINT `fk_product_barcode_type` FOREIGN KEY (`fk_barcode_type`) REFERENCES `llx_c_barcode_type` (`rowid`),
  CONSTRAINT `fk_product_finished` FOREIGN KEY (`finished`) REFERENCES `llx_c_product_nature` (`code`),
  CONSTRAINT `fk_product_fk_country` FOREIGN KEY (`fk_country`) REFERENCES `llx_c_country` (`rowid`),
  CONSTRAINT `fk_product_fk_unit` FOREIGN KEY (`fk_unit`) REFERENCES `llx_c_units` (`rowid`)
) ENGINE=InnoDB AUTO_INCREMENT=37 DEFAULT CHARSET=utf8mb3 COLLATE=utf8mb3_unicode_ci;

--
-- Dumping data for table `llx_product`
--

INSERT INTO `llx_product` VALUES
(1,'2012-07-08 14:33:17','2025-03-19 11:34:39',0,0,'PINKDRESS',1,NULL,'Pink dress','A beatifull pink dress','','',NULL,9.00000000,10.12500000,0.00000000,0.00000000,'HT',NULL,12.500,0,0.000,'0',0.000,'0',1,12,1,1,1,0,0,'',NULL,NULL,'123456789066',2,'','701','','','','',NULL,670,-3,NULL,0,NULL,0,NULL,0,2.8,0.00000000,NULL,NULL,NULL,1,0,NULL,NULL,NULL,NULL,NULL,NULL,0,NULL,'',NULL,0,NULL,0,NULL,NULL,NULL,NULL,NULL,'',NULL,NULL,0,NULL,NULL,1,NULL,NULL),
(2,'2012-07-09 00:30:01','2019-11-28 15:09:50',0,0,'PEARPIE',1,NULL,'Pear Pie','','','',NULL,10.00000000,12.00000000,8.33333000,10.00000000,'TTC',NULL,20.000,0,0.000,'0',0.000,'0',1,12,1,1,0,0,0,'',NULL,NULL,'123456789077',2,'','','','',NULL,NULL,NULL,NULL,0,NULL,0,NULL,0,NULL,0,998,0.00000000,NULL,NULL,NULL,1,0,NULL,NULL,NULL,NULL,NULL,NULL,0,NULL,'',NULL,NULL,NULL,NULL,NULL,NULL,NULL,NULL,NULL,NULL,NULL,NULL,0,NULL,NULL,1,NULL,NULL),
(3,'2012-07-09 00:30:25','2025-01-04 12:42:13',0,0,'CAKECONTRIB',1,NULL,'Cake making contribution','','','',NULL,0.00000000,0.00000000,0.00000000,0.00000000,'HT',NULL,12.500,0,0.000,'0',0.000,'0',1,12,1,1,0,0,1,'m',NULL,NULL,'123456789088',2,'','','','','','',NULL,NULL,NULL,NULL,NULL,NULL,NULL,NULL,NULL,NULL,0.00000000,NULL,NULL,NULL,0,0,NULL,NULL,NULL,1,NULL,NULL,0,NULL,'',NULL,NULL,NULL,NULL,NULL,NULL,NULL,NULL,NULL,'',NULL,NULL,0,NULL,NULL,1,NULL,NULL),
(4,'2012-07-10 14:44:06','2025-04-07 13:04:56',0,0,'APPLEPIE',1,NULL,'Decapsuleur','','','',1,9.00000000,9.00000000,6.00000000,6.00000000,'HT',NULL,0.000,0,9.000,'1',9.000,'1',1,12,1,1,0,0,0,'0',NULL,NULL,'123456789034',2,'701','','','601','','',NULL,500,-3,NULL,-3,5,-6,NULL,-9,1021.2,10.00000000,NULL,NULL,NULL,1,0,NULL,NULL,NULL,1,2.12300000,'CGST+SGST',0,NULL,'',3,-3,NULL,-3,1,NULL,NULL,NULL,5,'',NULL,NULL,0,0,NULL,0,NULL,NULL),
(5,'2013-07-20 23:11:38','2022-12-16 10:00:14',0,0,'DOLIDROID',1,NULL,'DoliDroid, Android app for Dolibarr','<strong><span style=\"font-family:roboto,uilanguagefont,arial,sans-serif; font-size:14px\">DoliDroid is the Android front-end client for Dolibarr ERP &amp; CRM web software.</span><br />\r\n<span style=\"font-family:roboto,uilanguagefont,arial,sans-serif; font-size:14px\">This application is not a standalone program. It is a front end to use a online hosted Dolibarr ERP &amp; CRM software (an Open-source web software to manage your business).</span></strong>\r\n<p><u>The advantage of DoliDroid are :</u><br />\r\n- DoliDroid is not a duplicate code of Dolibarr, but a front-end of a Dolibarr web installation, so all your online existing features are supported by this application. This is also true for external modules features.<br />\r\n- Upgrading Dolibarr will not break DoliDroid.<br />\r\n- DoliDroid use embedded image resources to reduce bandwidth usage.<br />\r\n- DoliDroid use internal cache for pages that should not change (like menu page)<br />\r\n- Connections parameters are saved. No need to enter them each time you use DoliDroid.<br />\r\n- Integration with your phone or other applications (Clicking on PDF open PDF reader, clicking onto email or phone launch your email application or launch Android dialer, ...)</p>\r\n\r\n<p><span style=\"color:#DAA520\"><strong>WARNING !&nbsp;</strong></span></p>\r\n\r\n<p>This application need Android 4.0+ and a hosted Dolibarr ERP &amp; CRM version 3.5 or newer accessible by internet<br />\r\n(For example, when hosted on any SaaS solution like DoliCloud -&nbsp;<a href=\"https://www.google.com/url?q=https://www.google.com/url?q%3Dhttp://www.dolicloud.com%26sa%3DD%26usg%3DAFQjCNGdd9htz4JDciiMtScpBwK83qIRkw&amp;sa=D&amp;usg=AFQjCNGMpCbxNnU5BiK59e368K5AR0l_pg\" style=\"text-decoration: none; color: rgb(51, 105, 30); cursor: pointer;\" target=\"_blank\">http://www.dolicloud.com</a>).</p>','','',NULL,10.00000000,10.00000000,0.00000000,0.00000000,'HT',NULL,0.000,0,9.000,'1',9.000,'1',1,12,1,1,0,0,0,'',NULL,'https://play.google.com/store/apps/details?id=com.nltechno.dolidroidpro','123456789023',2,'701','','','601','','',NULL,NULL,0,NULL,0,NULL,0,NULL,0,NULL,0.00000000,NULL,NULL,'',NULL,0,NULL,NULL,NULL,NULL,NULL,'CGST+SGST',0,NULL,'',NULL,0,NULL,0,NULL,NULL,NULL,NULL,NULL,'',NULL,NULL,0,NULL,NULL,1,NULL,NULL),
(10,'2011-12-31 00:00:00','2017-02-16 00:12:09',0,0,'COMP-XP4523',1,NULL,'Computer XP4523','A powerfull computer XP4523&nbsp;','This product is imported.<br />\r\nWarning: Delay to get it are not reliable.','USXP765',11,100.00000000,110.00000000,0.00000000,0.00000000,'HT',NULL,10.000,0,0.000,'0',0.000,'0',NULL,12,1,1,1,0,0,'',150,NULL,'123456789055',2,'701OLDC',NULL,NULL,'601OLDC',NULL,NULL,NULL,1.7,0,NULL,0,NULL,0,NULL,0,110,0.00000000,NULL,NULL,NULL,NULL,0,'20110729232310',200,NULL,NULL,NULL,NULL,0,NULL,'',NULL,NULL,NULL,NULL,NULL,NULL,NULL,NULL,NULL,NULL,NULL,NULL,0,NULL,NULL,1,NULL,NULL),
(11,'2015-01-13 20:24:42','2019-10-08 17:21:07',0,0,'ROLLUPABC',1,NULL,'Rollup Dolibarr','A nice rollup','','',NULL,0.00000000,0.00000000,0.00000000,0.00000000,'HT',NULL,0.000,0,0.000,'0',0.000,'0',1,12,1,1,0,0,0,'',NULL,NULL,'123456789044',2,'','','','',NULL,NULL,NULL,95,-3,NULL,0,2.34,-4,NULL,0,-1,0.00000000,NULL,NULL,'',1,0,NULL,NULL,NULL,NULL,12.00000000,NULL,0,NULL,'',NULL,8,NULL,8,NULL,NULL,NULL,NULL,NULL,NULL,NULL,NULL,0,NULL,NULL,1,NULL,NULL),
(12,'2018-07-30 17:31:29','2025-03-12 18:38:26',0,0,'DOLICLOUD',1,NULL,'Service SaaS Hébergement Dolibarr ERP CRM','Ceci est une description...<br>\na<br>\n<strong>et la suite</strong><br>\na<br>\naaaa','','',NULL,9.00000000,9.00000000,9.00000000,9.00000000,'HT',NULL,0.000,0,0.000,'0',0.000,'0',12,12,1,1,0,0,1,'1m',NULL,'http://www.dolicloud.com','123456789013',2,'','','','','','',NULL,NULL,NULL,NULL,NULL,NULL,NULL,NULL,NULL,NULL,0.00000000,NULL,NULL,'',0,0,NULL,NULL,NULL,1,8.50000000,NULL,0,NULL,'',NULL,0,NULL,0,NULL,NULL,NULL,NULL,NULL,'',NULL,NULL,0,0,3,0,NULL,NULL),
(13,'2017-02-16 03:49:00','2017-02-15 23:49:27',0,0,'COMP-XP4548',1,NULL,'Computer XP4523','A powerfull computer XP4523&nbsp;','This product is imported.<br />\r\nWarning: Delay to get it are not reliable.','USXP765',11,100.00000000,110.00000000,0.00000000,0.00000000,'HT',NULL,10.000,0,0.000,'0',0.000,'0',12,12,1,1,1,0,0,'',150,NULL,NULL,2,'',NULL,NULL,'',NULL,NULL,NULL,1.7,0,NULL,0,NULL,0,NULL,0,NULL,0.00000000,NULL,NULL,'',NULL,0,NULL,200,NULL,NULL,NULL,NULL,0,NULL,'',NULL,NULL,NULL,NULL,NULL,NULL,NULL,NULL,NULL,NULL,NULL,NULL,0,NULL,NULL,1,NULL,NULL),
(23,'2019-10-07 00:00:00','2019-11-28 13:51:35',0,0,'PREF123456',1,NULL,'Product name in default language','Product description in default language','a private note (free text)','customs code',1,100.00000000,110.00000000,100.00000000,110.00000000,'HT',NULL,10.000,0,0.000,'0',0.000,'0',12,NULL,0,1,0,0,0,NULL,NULL,NULL,NULL,NULL,NULL,NULL,NULL,NULL,NULL,NULL,NULL,NULL,-3,1,-1,4,-4,5,-3,NULL,0.00000000,NULL,NULL,NULL,0,0,'20191007122224',NULL,NULL,NULL,NULL,NULL,0,'a public note (free text)','',2,-1,3,-1,NULL,NULL,NULL,NULL,NULL,NULL,NULL,NULL,0,NULL,NULL,1,NULL,NULL),
(24,'2019-11-28 16:33:35','2025-02-05 14:38:19',0,0,'POS-CARROT',1,NULL,'Carrot','','','',NULL,0.83333000,1.00000000,0.00000000,0.00000000,'TTC',NULL,20.000,0,0.000,'0',0.000,'0',12,12,1,1,0,0,0,'',NULL,NULL,NULL,2,'','','','',NULL,NULL,NULL,1,0,NULL,0,NULL,0,NULL,0,-5,0.00000000,NULL,NULL,'',NULL,0,NULL,NULL,NULL,NULL,NULL,NULL,0,NULL,'',NULL,NULL,NULL,NULL,NULL,NULL,NULL,NULL,NULL,NULL,NULL,NULL,0,NULL,NULL,1,NULL,NULL),
(25,'2019-11-28 16:37:36','2025-02-15 08:31:13',0,0,'POS-APPLE',1,NULL,'Apple','','','',NULL,1.25000000,1.50000000,0.00000000,0.00000000,'TTC',NULL,20.000,0,0.000,'0',0.000,'0',12,12,1,1,0,0,0,'',NULL,NULL,NULL,2,'','','','',NULL,NULL,NULL,1,0,NULL,0,NULL,0,NULL,0,4.6,0.00000000,NULL,NULL,'',NULL,0,NULL,NULL,NULL,NULL,NULL,NULL,0,NULL,'',NULL,NULL,NULL,NULL,NULL,NULL,NULL,NULL,NULL,NULL,NULL,NULL,0,NULL,NULL,1,NULL,NULL),
(26,'2019-11-28 16:38:44','2025-02-15 08:31:19',0,0,'POS-KIWI',1,NULL,'Kiwi','','','',NULL,1.08333000,1.30000000,0.00000000,0.00000000,'TTC',NULL,20.000,0,0.000,'0',0.000,'0',12,12,1,1,0,0,0,'',NULL,NULL,NULL,2,'','','','',NULL,NULL,NULL,1,0,NULL,0,NULL,0,NULL,0,-7,0.00000000,NULL,NULL,'',NULL,0,NULL,NULL,NULL,NULL,NULL,NULL,0,NULL,'',NULL,NULL,NULL,NULL,NULL,NULL,NULL,NULL,NULL,NULL,NULL,NULL,0,NULL,NULL,1,NULL,NULL),
(27,'2019-11-28 16:39:21','2025-02-05 14:40:15',0,0,'POS-PEACH',1,NULL,'Peach','','','',NULL,1.08333000,1.30000000,0.00000000,0.00000000,'TTC',NULL,20.000,0,0.000,'0',0.000,'0',12,12,1,1,0,0,0,'',NULL,NULL,NULL,2,'','','','',NULL,NULL,NULL,NULL,NULL,NULL,NULL,NULL,NULL,NULL,NULL,-6,0.00000000,NULL,NULL,'',0,0,NULL,NULL,NULL,NULL,NULL,NULL,0,NULL,'',NULL,NULL,NULL,NULL,NULL,NULL,NULL,NULL,NULL,NULL,NULL,NULL,0,NULL,NULL,1,NULL,NULL),
(28,'2019-11-28 16:39:58','2025-03-15 09:59:40',0,0,'POS-ORANGE',1,NULL,'Orange','','','',NULL,2.00000000,2.40000000,0.00000000,0.00000000,'HT',NULL,20.000,0,0.000,'0',0.000,'0',12,12,1,1,0,0,0,'',NULL,NULL,NULL,2,'','','','',NULL,NULL,NULL,1,0,NULL,0,NULL,0,NULL,0,-34,0.00000000,NULL,NULL,'',NULL,0,NULL,NULL,NULL,NULL,NULL,NULL,0,NULL,'',NULL,NULL,NULL,NULL,NULL,NULL,NULL,NULL,NULL,NULL,NULL,NULL,0,NULL,NULL,1,NULL,NULL),
(29,'2019-11-28 17:03:14','2019-11-28 13:03:14',0,0,'POS-Eggs',1,NULL,'Eggs','','','',NULL,1.66667000,2.00000000,0.00000000,0.00000000,'TTC',NULL,20.000,0,0.000,'0',0.000,'0',12,12,1,1,0,0,0,'',NULL,NULL,NULL,2,'','','','',NULL,NULL,NULL,NULL,0,NULL,0,NULL,0,NULL,0,NULL,0.00000000,NULL,NULL,'',NULL,0,NULL,NULL,NULL,NULL,NULL,NULL,0,NULL,'',NULL,NULL,NULL,NULL,NULL,NULL,NULL,NULL,NULL,NULL,NULL,NULL,0,NULL,NULL,1,NULL,NULL),
(30,'2019-11-28 17:09:14','2025-02-15 08:31:26',0,0,'POS-Chips',1,NULL,'Chips','','','',NULL,0.41667000,0.50000000,0.00000000,0.00000000,'TTC',NULL,20.000,0,0.000,'0',0.000,'0',12,12,1,1,0,0,0,'0',NULL,NULL,NULL,2,'','','','','','',NULL,30,-3,NULL,NULL,NULL,NULL,NULL,NULL,-1,0.00000000,NULL,NULL,'',NULL,0,NULL,NULL,NULL,NULL,11.00000000,NULL,0,NULL,'',NULL,NULL,NULL,NULL,NULL,NULL,NULL,NULL,NULL,'',NULL,NULL,0,NULL,NULL,1,NULL,NULL),
(31,'2021-04-15 08:38:02','2021-04-15 11:38:02',0,0,'PRODSER',1,NULL,'Product NFC - Unique','','','',NULL,0.00000000,0.00000000,0.00000000,0.00000000,'HT',NULL,19.600,0,0.000,'0',0.000,'0',12,12,1,1,2,0,0,'',0,NULL,NULL,2,'','','','','','',NULL,NULL,0,NULL,0,NULL,0,NULL,0,NULL,0.00000000,NULL,NULL,'',NULL,0,NULL,0,NULL,NULL,NULL,NULL,0,NULL,'',NULL,0,NULL,0,NULL,NULL,NULL,NULL,NULL,NULL,NULL,NULL,0,NULL,NULL,1,NULL,NULL),
(32,'2022-12-30 10:44:06','2022-12-30 13:55:46',0,0,'aaa',1,NULL,'aaa','','','',NULL,0.00000000,0.00000000,0.00000000,0.00000000,'HT',NULL,20.000,0,0.000,'0',0.000,'0',12,12,1,1,0,0,0,'',0,NULL,NULL,2,'','','','','','',NULL,NULL,0,NULL,0,NULL,0,NULL,0,NULL,0.00000000,NULL,NULL,'aaa@bbb',NULL,0,NULL,0,NULL,NULL,NULL,NULL,0,NULL,'',NULL,0,NULL,0,NULL,NULL,NULL,NULL,NULL,'',NULL,NULL,0,NULL,NULL,1,NULL,NULL),
(33,'2023-01-03 11:07:52','2023-01-03 14:07:52',0,0,'aaa_XL_BLUE',1,NULL,'aaa Size XL Blue','<strong>Size:</strong> Size XL<br><strong>Color:</strong> Blue','','',NULL,0.00000000,0.00000000,0.00000000,0.00000000,'HT',NULL,20.000,0,0.000,'0',0.000,'0',12,12,1,1,0,0,0,'',0,NULL,NULL,2,'','','','','','',NULL,NULL,0,NULL,0,NULL,0,NULL,0,NULL,0.00000000,NULL,NULL,'aaa@bbb',NULL,0,NULL,0,NULL,NULL,NULL,NULL,0,NULL,'',NULL,0,NULL,0,NULL,NULL,NULL,NULL,NULL,'',NULL,NULL,0,NULL,NULL,1,NULL,NULL),
(34,'2023-01-03 11:15:51','2023-01-16 19:42:03',0,0,'aaa_L_RED',1,NULL,'aaa Size L Red','(discussion, voting, 1+7 CHs, cooperates with HCS 5100Plus series can achieve 8 CHs simultaneous audio, charcoal gray, excl. battery)','','',NULL,0.00000000,0.00000000,0.00000000,0.00000000,'HT',NULL,20.000,0,0.000,'0',0.000,'0',12,12,1,1,0,0,0,'',0,NULL,NULL,2,'','','','','','',NULL,NULL,0,NULL,0,NULL,0,NULL,0,NULL,0.00000000,NULL,NULL,'aaa@bbb',NULL,0,NULL,0,NULL,NULL,NULL,NULL,0,NULL,'',NULL,0,NULL,0,NULL,NULL,NULL,NULL,NULL,'',NULL,NULL,0,NULL,NULL,1,NULL,NULL),
(35,'2024-12-23 21:55:04','2024-12-23 21:55:04',0,0,'ppp',1,NULL,'ppp','','','',NULL,0.00000000,0.00000000,0.00000000,0.00000000,'HT',NULL,28.000,0,0.000,'0',0.000,'0',12,12,1,1,0,0,0,'0',0,NULL,NULL,NULL,'107','','109','','','',NULL,NULL,-6,NULL,-3,NULL,-6,NULL,-9,NULL,0.00000000,NULL,NULL,'',NULL,0,NULL,0,NULL,1,NULL,'I-28',0,NULL,'',NULL,-3,NULL,-3,NULL,NULL,NULL,NULL,NULL,'',NULL,NULL,0,NULL,NULL,1,NULL,NULL);

--
-- Table structure for table `llx_product_association`
--

CREATE TABLE `llx_product_association` (
  `rowid` int(11) NOT NULL AUTO_INCREMENT,
  `fk_product_pere` int(11) NOT NULL DEFAULT 0,
  `fk_product_fils` int(11) NOT NULL DEFAULT 0,
  `qty` double DEFAULT NULL,
  `incdec` int(11) DEFAULT 1,
  `rang` int(11) DEFAULT 0,
  `import_key` varchar(14) DEFAULT NULL,
  PRIMARY KEY (`rowid`),
  UNIQUE KEY `uk_product_association` (`fk_product_pere`,`fk_product_fils`),
  KEY `idx_product_association` (`fk_product_fils`),
  KEY `idx_product_association_fils` (`fk_product_fils`)
) ENGINE=InnoDB AUTO_INCREMENT=6 DEFAULT CHARSET=utf8mb3 COLLATE=utf8mb3_unicode_ci;

--
-- Dumping data for table `llx_product_association`
--

INSERT INTO `llx_product_association` VALUES
(2,5,1,1,1,0,NULL),
(3,4,3,5,1,2,NULL),
(4,4,1,2,1,1,NULL);

--
-- Table structure for table `llx_product_attribute`
--

CREATE TABLE `llx_product_attribute` (
  `rowid` int(11) NOT NULL AUTO_INCREMENT,
  `ref` varchar(255) NOT NULL,
  `ref_ext` varchar(255) DEFAULT NULL,
  `label` varchar(255) NOT NULL,
  `position` int(11) NOT NULL DEFAULT 0,
  `entity` int(11) NOT NULL DEFAULT 1,
  PRIMARY KEY (`rowid`),
  UNIQUE KEY `uk_product_attribute_ref` (`ref`),
  UNIQUE KEY `unique_ref` (`ref`)
) ENGINE=InnoDB AUTO_INCREMENT=3 DEFAULT CHARSET=utf8mb3 COLLATE=utf8mb3_unicode_ci;

--
-- Dumping data for table `llx_product_attribute`
--

INSERT INTO `llx_product_attribute` VALUES
(1,'COL',NULL,'Color',2,1),
(2,'SIZE',NULL,'Size',1,1);

--
-- Table structure for table `llx_product_attribute_combination`
--

CREATE TABLE `llx_product_attribute_combination` (
  `rowid` int(11) NOT NULL AUTO_INCREMENT,
  `fk_product_parent` int(11) NOT NULL,
  `fk_product_child` int(11) NOT NULL,
  `variation_price` float NOT NULL,
  `variation_price_percentage` int(11) DEFAULT NULL,
  `variation_weight` float NOT NULL,
  `variation_ref_ext` varchar(255) DEFAULT NULL,
  `entity` int(11) NOT NULL DEFAULT 1,
  PRIMARY KEY (`rowid`),
  KEY `idx_product_att_com_product_parent` (`fk_product_parent`),
  KEY `idx_product_att_com_product_child` (`fk_product_child`)
) ENGINE=InnoDB AUTO_INCREMENT=3 DEFAULT CHARSET=utf8mb3 COLLATE=utf8mb3_unicode_ci;

--
-- Dumping data for table `llx_product_attribute_combination`
--

INSERT INTO `llx_product_attribute_combination` VALUES
(1,32,33,0,0,0,'',1),
(2,32,34,0,0,0,'',1);

--
-- Table structure for table `llx_product_attribute_combination2val`
--

CREATE TABLE `llx_product_attribute_combination2val` (
  `rowid` int(11) NOT NULL AUTO_INCREMENT,
  `fk_prod_combination` int(11) NOT NULL,
  `fk_prod_attr` int(11) NOT NULL,
  `fk_prod_attr_val` int(11) NOT NULL,
  PRIMARY KEY (`rowid`),
  KEY `idx_product_att_com2v_prod_combination` (`fk_prod_combination`),
  KEY `idx_product_att_com2v_prod_attr` (`fk_prod_attr`),
  KEY `idx_product_att_com2v_prod_attr_val` (`fk_prod_attr_val`)
) ENGINE=InnoDB AUTO_INCREMENT=5 DEFAULT CHARSET=utf8mb3 COLLATE=utf8mb3_unicode_ci;

--
-- Dumping data for table `llx_product_attribute_combination2val`
--

INSERT INTO `llx_product_attribute_combination2val` VALUES
(1,1,2,4),
(2,1,1,1),
(3,2,2,3),
(4,2,1,2);

--
-- Table structure for table `llx_product_attribute_combination_price_level`
--

CREATE TABLE `llx_product_attribute_combination_price_level` (
  `rowid` int(11) NOT NULL AUTO_INCREMENT,
  `fk_product_attribute_combination` int(11) NOT NULL DEFAULT 1,
  `fk_price_level` int(11) NOT NULL DEFAULT 1,
  `variation_price` double(24,8) NOT NULL,
  `variation_price_percentage` int(11) DEFAULT NULL,
  PRIMARY KEY (`rowid`),
  UNIQUE KEY `uk_prod_att_comb_price_level` (`fk_product_attribute_combination`,`fk_price_level`)
) ENGINE=InnoDB AUTO_INCREMENT=59 DEFAULT CHARSET=utf8mb3 COLLATE=utf8mb3_unicode_ci;

--
-- Dumping data for table `llx_product_attribute_combination_price_level`
--

INSERT INTO `llx_product_attribute_combination_price_level` VALUES
(16,0,1,0.00000000,0),
(17,0,2,0.00000000,0),
(18,0,3,0.00000000,0),
(19,0,4,0.00000000,0),
(20,0,5,0.00000000,0),
(44,101,1,0.00000000,0),
(45,101,2,0.00000000,0),
(46,101,3,0.00000000,0),
(47,101,4,0.00000000,0),
(48,101,5,0.00000000,0),
(49,102,1,0.00000000,0),
(50,102,2,0.00000000,0),
(51,102,3,0.00000000,0),
(52,102,4,0.00000000,0),
(53,102,5,0.00000000,0),
(54,103,1,0.00000000,0),
(55,103,2,0.00000000,0),
(56,103,3,0.00000000,0),
(57,103,4,0.00000000,0),
(58,103,5,0.00000000,0);

--
-- Table structure for table `llx_product_attribute_extrafields`
--

CREATE TABLE `llx_product_attribute_extrafields` (
  `rowid` int(11) NOT NULL AUTO_INCREMENT,
  `tms` timestamp NULL DEFAULT current_timestamp() ON UPDATE current_timestamp(),
  `fk_object` int(11) NOT NULL,
  `import_key` varchar(14) DEFAULT NULL,
  PRIMARY KEY (`rowid`),
  KEY `idx_product_attribute_extrafields` (`fk_object`)
) ENGINE=InnoDB DEFAULT CHARSET=utf8mb4 COLLATE=utf8mb4_general_ci;

--
-- Dumping data for table `llx_product_attribute_extrafields`
--


--
-- Table structure for table `llx_product_attribute_value`
--

CREATE TABLE `llx_product_attribute_value` (
  `rowid` int(11) NOT NULL AUTO_INCREMENT,
  `fk_product_attribute` int(11) NOT NULL,
  `ref` varchar(180) NOT NULL,
  `value` varchar(255) NOT NULL,
  `entity` int(11) NOT NULL DEFAULT 1,
  `position` int(11) NOT NULL DEFAULT 0,
  PRIMARY KEY (`rowid`),
  UNIQUE KEY `uk_product_attribute_value` (`fk_product_attribute`,`ref`)
) ENGINE=InnoDB AUTO_INCREMENT=6 DEFAULT CHARSET=utf8mb3 COLLATE=utf8mb3_unicode_ci;

--
-- Dumping data for table `llx_product_attribute_value`
--

INSERT INTO `llx_product_attribute_value` VALUES
(1,1,'BLUE','Blue',1,0),
(2,1,'RED','Red',1,0),
(3,2,'L','Size L',1,1),
(4,2,'XL','Size XL',1,2),
(5,2,'S','Size S',1,3);

--
-- Table structure for table `llx_product_attribute_value_extrafields`
--

CREATE TABLE `llx_product_attribute_value_extrafields` (
  `rowid` int(11) NOT NULL AUTO_INCREMENT,
  `tms` timestamp NULL DEFAULT current_timestamp() ON UPDATE current_timestamp(),
  `fk_object` int(11) NOT NULL,
  `import_key` varchar(14) DEFAULT NULL,
  PRIMARY KEY (`rowid`),
  KEY `idx_product_attribute_value_extrafields` (`fk_object`)
) ENGINE=InnoDB DEFAULT CHARSET=utf8mb4 COLLATE=utf8mb4_general_ci;

--
-- Dumping data for table `llx_product_attribute_value_extrafields`
--


--
-- Table structure for table `llx_product_batch`
--

CREATE TABLE `llx_product_batch` (
  `rowid` int(11) NOT NULL AUTO_INCREMENT,
  `tms` timestamp NOT NULL DEFAULT current_timestamp() ON UPDATE current_timestamp(),
  `fk_product_stock` int(11) NOT NULL,
  `eatby` datetime DEFAULT NULL,
  `sellby` datetime DEFAULT NULL,
  `batch` varchar(30) DEFAULT NULL,
  `qty` double NOT NULL DEFAULT 0,
  `import_key` varchar(14) DEFAULT NULL,
  PRIMARY KEY (`rowid`),
  UNIQUE KEY `uk_product_batch` (`fk_product_stock`,`batch`),
  KEY `idx_fk_product_stock` (`fk_product_stock`),
  KEY `idx_batch` (`batch`),
  CONSTRAINT `fk_product_batch_fk_product_stock` FOREIGN KEY (`fk_product_stock`) REFERENCES `llx_product_stock` (`rowid`)
) ENGINE=InnoDB AUTO_INCREMENT=10 DEFAULT CHARSET=utf8mb3 COLLATE=utf8mb3_unicode_ci;

--
-- Dumping data for table `llx_product_batch`
--

INSERT INTO `llx_product_batch` VALUES
(1,'2018-07-30 13:40:39',8,NULL,NULL,'5599887766452',15,NULL),
(2,'2018-07-30 13:40:12',8,NULL,NULL,'4494487766452',60,NULL),
(3,'2017-02-16 00:12:09',9,NULL,NULL,'5599887766452',35,NULL),
(4,'2020-01-08 15:40:27',4,NULL,NULL,'000000',12,NULL),
(5,'2020-01-08 15:40:27',3,NULL,NULL,'000000',1007,NULL),
(6,'2020-01-13 11:14:15',5,NULL,NULL,'000000',0.8,NULL),
(7,'2020-01-08 16:41:18',4,NULL,NULL,'aaa',1.2,NULL),
(8,'2020-01-18 19:17:03',5,NULL,NULL,'string',2,NULL),
(9,'2021-04-15 11:40:18',11,NULL,NULL,'Lot 2021-02',1,NULL);

--
-- Table structure for table `llx_product_customer_price`
--

CREATE TABLE `llx_product_customer_price` (
  `rowid` int(11) NOT NULL AUTO_INCREMENT,
  `entity` int(11) NOT NULL DEFAULT 1,
  `datec` datetime DEFAULT NULL,
  `tms` timestamp NOT NULL DEFAULT current_timestamp() ON UPDATE current_timestamp(),
  `fk_product` int(11) NOT NULL,
  `fk_soc` int(11) NOT NULL,
  `price` double(24,8) DEFAULT 0.00000000,
  `price_ttc` double(24,8) DEFAULT 0.00000000,
  `price_min` double(24,8) DEFAULT 0.00000000,
  `price_min_ttc` double(24,8) DEFAULT 0.00000000,
  `price_base_type` varchar(3) DEFAULT 'HT',
  `tva_tx` double(6,3) DEFAULT NULL,
  `default_vat_code` varchar(10) DEFAULT NULL,
  `recuperableonly` int(11) NOT NULL DEFAULT 0,
  `localtax1_tx` varchar(20) DEFAULT '0',
  `localtax1_type` varchar(10) NOT NULL DEFAULT '0',
  `localtax2_tx` varchar(20) DEFAULT '0',
  `localtax2_type` varchar(10) NOT NULL DEFAULT '0',
  `discount_percent` double DEFAULT 0,
  `fk_user` int(11) DEFAULT NULL,
  `price_label` varchar(255) DEFAULT NULL,
  `import_key` varchar(14) DEFAULT NULL,
  `ref_customer` varchar(128) DEFAULT NULL,
  `date_begin` date DEFAULT NULL,
  `date_end` date DEFAULT NULL,
  PRIMARY KEY (`rowid`),
  UNIQUE KEY `uk_customer_price_fk_product_fk_soc` (`fk_product`,`fk_soc`,`date_begin`),
  KEY `idx_product_customer_price_fk_user` (`fk_user`),
  KEY `fk_customer_price_fk_soc` (`fk_soc`),
  KEY `idx_product_customer_price_fk_soc` (`fk_soc`),
  CONSTRAINT `fk_product_customer_price_fk_product` FOREIGN KEY (`fk_product`) REFERENCES `llx_product` (`rowid`),
  CONSTRAINT `fk_product_customer_price_fk_soc` FOREIGN KEY (`fk_soc`) REFERENCES `llx_societe` (`rowid`),
  CONSTRAINT `fk_product_customer_price_fk_user` FOREIGN KEY (`fk_user`) REFERENCES `llx_user` (`rowid`)
) ENGINE=InnoDB AUTO_INCREMENT=3 DEFAULT CHARSET=utf8mb3 COLLATE=utf8mb3_unicode_ci;

--
-- Dumping data for table `llx_product_customer_price`
--

INSERT INTO `llx_product_customer_price` VALUES
(1,1,'2020-01-17 15:26:08','2025-03-07 14:30:47',1,30,11.00000000,12.37500000,0.00000000,0.00000000,'HT',12.500,NULL,0,'0.000','0','0.000','0',0,12,NULL,NULL,NULL,'2020-01-17',NULL),
(2,1,'2020-01-17 15:26:16','2025-03-07 14:30:47',1,4,12.00000000,13.50000000,0.00000000,0.00000000,'HT',12.500,NULL,0,'0.000','0','0.000','0',0,12,NULL,NULL,NULL,'2020-01-17',NULL);

--
-- Table structure for table `llx_product_customer_price_extrafields`
--

CREATE TABLE `llx_product_customer_price_extrafields` (
  `rowid` int(11) NOT NULL AUTO_INCREMENT,
  `tms` timestamp NULL DEFAULT current_timestamp() ON UPDATE current_timestamp(),
  `fk_object` int(11) NOT NULL,
  `import_key` varchar(14) DEFAULT NULL,
  PRIMARY KEY (`rowid`),
  UNIQUE KEY `uk_product_customer_price_extrafields` (`fk_object`)
) ENGINE=InnoDB DEFAULT CHARSET=utf8mb4 COLLATE=utf8mb4_general_ci;

--
-- Dumping data for table `llx_product_customer_price_extrafields`
--


--
-- Table structure for table `llx_product_customer_price_log`
--

CREATE TABLE `llx_product_customer_price_log` (
  `rowid` int(11) NOT NULL AUTO_INCREMENT,
  `entity` int(11) NOT NULL DEFAULT 1,
  `datec` datetime DEFAULT NULL,
  `fk_product` int(11) NOT NULL,
  `fk_soc` int(11) NOT NULL,
  `price` double(24,8) DEFAULT 0.00000000,
  `price_ttc` double(24,8) DEFAULT 0.00000000,
  `price_min` double(24,8) DEFAULT 0.00000000,
  `price_min_ttc` double(24,8) DEFAULT 0.00000000,
  `price_base_type` varchar(3) DEFAULT 'HT',
  `tva_tx` double(6,3) DEFAULT NULL,
  `recuperableonly` int(11) NOT NULL DEFAULT 0,
  `localtax1_tx` varchar(20) DEFAULT '0',
  `localtax1_type` varchar(10) NOT NULL DEFAULT '0',
  `localtax2_tx` varchar(20) DEFAULT '0',
  `localtax2_type` varchar(10) NOT NULL DEFAULT '0',
  `discount_percent` double DEFAULT 0,
  `fk_user` int(11) DEFAULT NULL,
  `price_label` varchar(255) DEFAULT NULL,
  `import_key` varchar(14) DEFAULT NULL,
  `default_vat_code` varchar(10) DEFAULT NULL,
  `ref_customer` varchar(30) DEFAULT NULL,
  `date_begin` date DEFAULT NULL,
  `date_end` date DEFAULT NULL,
  PRIMARY KEY (`rowid`)
) ENGINE=InnoDB DEFAULT CHARSET=utf8mb3 COLLATE=utf8mb3_unicode_ci;

--
-- Dumping data for table `llx_product_customer_price_log`
--


--
-- Table structure for table `llx_product_extrafields`
--

CREATE TABLE `llx_product_extrafields` (
  `rowid` int(11) NOT NULL AUTO_INCREMENT,
  `tms` timestamp NOT NULL DEFAULT current_timestamp() ON UPDATE current_timestamp(),
  `fk_object` int(11) NOT NULL,
  `import_key` varchar(14) DEFAULT NULL,
  `app_or_option` varchar(255) DEFAULT NULL,
  `availabelforresellers` int(1) DEFAULT NULL,
  `package` int(11) DEFAULT NULL,
  `resource_formula` text DEFAULT NULL,
  `resource_label` varchar(32) DEFAULT NULL,
  `freeperioddays` int(6) DEFAULT NULL,
  `directaccess` varchar(255) DEFAULT NULL,
  `sshaccesstype` varchar(255) DEFAULT NULL,
  `typesupport` varchar(255) DEFAULT NULL,
  `register_text` varchar(255) DEFAULT NULL,
  `register_discountcode` varchar(255) DEFAULT NULL,
  `email_template_trialreminder` int(11) DEFAULT NULL,
  `email_template_trialsuspended` int(11) DEFAULT NULL,
  `position` int(5) DEFAULT NULL,
  `option_condition` varchar(200) DEFAULT NULL,
  `ecotaxdeee` double(24,8) DEFAULT NULL,
  `ecotaxdeeecode` varchar(16) DEFAULT NULL,
  `marketplace_module_version` varchar(12) DEFAULT NULL,
  `marketplace_min_version` varchar(12) DEFAULT NULL,
  `marketplace_max_version` varchar(12) DEFAULT NULL,
  `marketplace_allow_source_in_core` int(11) DEFAULT NULL,
  `marketplace_contact_support` varchar(255) DEFAULT NULL,
  `marketplace_reason_disabled` varchar(255) DEFAULT NULL,
  `marketplace_old_url` varchar(255) DEFAULT NULL,
  `marketplace_module_keywords` varchar(2555) DEFAULT NULL,
  `aaa` int(11) DEFAULT NULL,
  PRIMARY KEY (`rowid`),
  UNIQUE KEY `uk_product_extrafields` (`fk_object`)
) ENGINE=InnoDB AUTO_INCREMENT=57 DEFAULT CHARSET=utf8mb3 COLLATE=utf8mb3_unicode_ci;

--
-- Dumping data for table `llx_product_extrafields`
--

INSERT INTO `llx_product_extrafields` VALUES
(1,'2023-01-24 10:28:30',1,NULL,'0',NULL,NULL,NULL,NULL,NULL,'0',NULL,'0',NULL,NULL,NULL,NULL,NULL,NULL,NULL,NULL,NULL,NULL,NULL,NULL,NULL,NULL,NULL,NULL,NULL),
(19,'2024-12-12 14:00:09',10,NULL,NULL,NULL,NULL,NULL,NULL,NULL,NULL,NULL,NULL,NULL,NULL,NULL,NULL,NULL,NULL,0.50000000,NULL,NULL,NULL,NULL,NULL,NULL,NULL,NULL,NULL,NULL),
(20,'2024-12-23 21:55:04',35,NULL,'0',NULL,NULL,NULL,NULL,NULL,'0',NULL,'0',NULL,NULL,NULL,NULL,NULL,NULL,NULL,NULL,NULL,NULL,NULL,NULL,NULL,NULL,NULL,NULL,NULL),
(21,'2024-12-30 02:58:31',30,NULL,NULL,NULL,NULL,NULL,NULL,NULL,NULL,NULL,NULL,NULL,NULL,NULL,NULL,NULL,NULL,NULL,NULL,NULL,NULL,NULL,NULL,NULL,NULL,NULL,NULL,NULL),
(31,'2025-01-04 12:42:13',3,NULL,'0',NULL,NULL,NULL,NULL,NULL,'0',NULL,'0',NULL,NULL,NULL,NULL,NULL,NULL,NULL,NULL,NULL,NULL,NULL,NULL,NULL,NULL,NULL,NULL,NULL),
(34,'2025-03-12 18:38:26',12,NULL,'app',1,1,'1',NULL,15,'0',NULL,'basic','Ceci est un text pour le service DoliCloud tralala',NULL,NULL,NULL,NULL,NULL,NULL,NULL,NULL,NULL,NULL,NULL,NULL,NULL,NULL,NULL,NULL),
(56,'2025-04-07 13:04:56',4,NULL,'0',NULL,NULL,NULL,NULL,NULL,'0',NULL,'0',NULL,NULL,NULL,NULL,NULL,NULL,NULL,NULL,NULL,NULL,NULL,NULL,NULL,NULL,NULL,NULL,NULL);

--
-- Table structure for table `llx_product_fournisseur_price`
--

CREATE TABLE `llx_product_fournisseur_price` (
  `rowid` int(11) NOT NULL AUTO_INCREMENT,
  `datec` datetime DEFAULT NULL,
  `tms` timestamp NOT NULL DEFAULT current_timestamp() ON UPDATE current_timestamp(),
  `fk_product` int(11) DEFAULT NULL,
  `fk_soc` int(11) DEFAULT NULL,
  `ref_fourn` varchar(128) DEFAULT NULL,
  `desc_fourn` text DEFAULT NULL,
  `fk_availability` int(11) DEFAULT NULL,
  `price` double(24,8) DEFAULT 0.00000000,
  `quantity` double DEFAULT NULL,
  `remise_percent` double NOT NULL DEFAULT 0,
  `remise` double NOT NULL DEFAULT 0,
  `unitprice` double(24,8) DEFAULT 0.00000000,
  `charges` double(24,8) DEFAULT 0.00000000,
  `tva_tx` double(6,3) NOT NULL DEFAULT 0.000,
  `default_vat_code` varchar(10) DEFAULT NULL,
  `info_bits` int(11) NOT NULL DEFAULT 0,
  `fk_user` int(11) DEFAULT NULL,
  `import_key` varchar(14) DEFAULT NULL,
  `entity` int(11) NOT NULL DEFAULT 1,
  `fk_supplier_price_expression` int(11) DEFAULT NULL,
  `fk_price_expression` int(11) DEFAULT NULL,
  `delivery_time_days` int(11) DEFAULT NULL,
  `supplier_reputation` varchar(10) DEFAULT NULL,
  `multicurrency_tx` double(24,8) DEFAULT 1.00000000,
  `multicurrency_unitprice` double(24,8) DEFAULT NULL,
  `fk_multicurrency` int(11) DEFAULT NULL,
  `multicurrency_code` varchar(3) DEFAULT NULL,
  `multicurrency_price` double(24,8) DEFAULT NULL,
  `localtax1_tx` double(6,3) DEFAULT 0.000,
  `localtax1_type` varchar(10) NOT NULL DEFAULT '0',
  `localtax2_tx` double(6,3) DEFAULT 0.000,
  `localtax2_type` varchar(10) NOT NULL DEFAULT '0',
  `barcode` varchar(180) DEFAULT NULL,
  `fk_barcode_type` int(11) DEFAULT NULL,
  `packaging` varchar(64) DEFAULT NULL,
  `status` int(11) DEFAULT 1,
  PRIMARY KEY (`rowid`),
  UNIQUE KEY `uk_product_fournisseur_price_ref` (`ref_fourn`,`fk_soc`,`quantity`,`entity`),
  UNIQUE KEY `uk_product_barcode` (`barcode`,`fk_barcode_type`,`entity`),
  KEY `idx_product_fournisseur_price_fk_user` (`fk_user`),
  KEY `idx_product_fourn_price_fk_product` (`fk_product`,`entity`),
  KEY `idx_product_fourn_price_fk_soc` (`fk_soc`,`entity`),
  KEY `idx_product_barcode` (`barcode`),
  KEY `idx_product_fk_barcode_type` (`fk_barcode_type`),
  CONSTRAINT `fk_product_fournisseur_price_barcode_type` FOREIGN KEY (`fk_barcode_type`) REFERENCES `llx_c_barcode_type` (`rowid`),
  CONSTRAINT `fk_product_fournisseur_price_fk_product` FOREIGN KEY (`fk_product`) REFERENCES `llx_product` (`rowid`),
  CONSTRAINT `fk_product_fournisseur_price_fk_user` FOREIGN KEY (`fk_user`) REFERENCES `llx_user` (`rowid`)
) ENGINE=InnoDB AUTO_INCREMENT=15 DEFAULT CHARSET=utf8mb3 COLLATE=utf8mb3_unicode_ci;

--
-- Dumping data for table `llx_product_fournisseur_price`
--

INSERT INTO `llx_product_fournisseur_price` VALUES
(2,'2018-07-30 17:34:38','2018-07-30 13:34:38',12,10,'BASIC',NULL,0,9.00000000,1,0,0,9.00000000,0.00000000,0.000,NULL,0,12,NULL,1,NULL,NULL,NULL,'FAVORITE',1.00000000,NULL,NULL,NULL,NULL,0.000,'0',0.000,'0',NULL,NULL,NULL,1),
(3,'2017-02-02 05:17:08','2017-02-02 01:17:08',1,10,'aaa',NULL,0,100.00000000,1,10,0,100.00000000,0.00000000,12.500,NULL,0,12,NULL,1,NULL,NULL,NULL,NULL,1.00000000,NULL,NULL,NULL,NULL,0.000,'0',0.000,'0',NULL,NULL,NULL,1),
(4,'2019-10-08 19:21:34','2019-10-08 17:21:34',11,10,'ggg','',0,0.00000000,10,0,0,0.00000000,0.00000000,0.000,NULL,0,12,NULL,1,NULL,NULL,NULL,NULL,1.00000000,0.00000000,1,'EUR',0.00000000,0.000,'0',0.000,'0',NULL,2,NULL,1),
(5,'2020-01-01 18:04:14','2020-01-01 16:11:36',1,17,'BK01','',0,79.16667000,1,0,0,79.16667000,0.00000000,12.500,NULL,0,12,NULL,1,NULL,NULL,NULL,NULL,1.20000000,95.00000000,2,'USD',95.00000000,0.000,'0',0.000,'0',NULL,2,NULL,1),
(6,'2020-01-01 18:36:40','2020-01-01 14:36:40',2,17,'BKPEARPIE','',0,7.00000000,1,0,0,7.00000000,0.00000000,20.000,NULL,0,12,NULL,1,NULL,NULL,NULL,NULL,1.00000000,7.00000000,1,'EUR',7.00000000,0.000,'0',0.000,'0',NULL,2,NULL,1),
(7,'2020-01-20 12:22:00','2020-01-20 11:22:00',1,17,'bbb','',0,1000.00000000,10,0,0,100.00000000,0.00000000,12.500,NULL,0,12,NULL,1,NULL,NULL,NULL,NULL,1.00000000,100.00000000,1,'EUR',1000.00000000,0.000,'0',0.000,'0',NULL,2,NULL,1),
(8,'2022-12-16 10:01:17','2022-12-16 10:01:55',5,17,'aaa','',0,123.00000000,1,0,0,123.00000000,0.00000000,4.000,NULL,0,12,NULL,1,NULL,NULL,NULL,NULL,1.00000000,123.00000000,1,'EUR',123.00000000,0.000,'0',0.000,'0',NULL,2,NULL,1),
(9,'2022-12-16 10:03:15','2022-12-16 10:52:05',5,1,'iii','',0,5.00000000,1,0,0,5.00000000,0.00000000,4.000,'aaa',0,12,NULL,1,NULL,NULL,NULL,NULL,1.00000000,5.00000000,1,'EUR',5.00000000,0.000,'0',0.000,'0',NULL,2,NULL,1),
(10,'2024-11-30 12:49:34','2024-11-30 11:49:34',4,17,'aaaa','',0,50.00000000,1,0,0,50.00000000,0.00000000,10.000,NULL,0,12,NULL,1,NULL,NULL,NULL,NULL,1.00000000,50.00000000,1,'EUR',50.00000000,0.000,'0',0.000,'0',NULL,2,NULL,1);

--
-- Table structure for table `llx_product_fournisseur_price_extrafields`
--

CREATE TABLE `llx_product_fournisseur_price_extrafields` (
  `rowid` int(11) NOT NULL AUTO_INCREMENT,
  `tms` timestamp NOT NULL DEFAULT current_timestamp() ON UPDATE current_timestamp(),
  `fk_object` int(11) NOT NULL,
  `import_key` varchar(14) DEFAULT NULL,
  PRIMARY KEY (`rowid`),
  UNIQUE KEY `uk_product_fournisseur_price_extrafields` (`fk_object`)
) ENGINE=InnoDB AUTO_INCREMENT=3 DEFAULT CHARSET=utf8mb3 COLLATE=utf8mb3_unicode_ci;

--
-- Dumping data for table `llx_product_fournisseur_price_extrafields`
--

INSERT INTO `llx_product_fournisseur_price_extrafields` VALUES
(1,'2020-01-01 14:04:14',5,NULL),
(2,'2020-01-01 14:36:40',6,NULL);

--
-- Table structure for table `llx_product_fournisseur_price_log`
--

CREATE TABLE `llx_product_fournisseur_price_log` (
  `rowid` int(11) NOT NULL AUTO_INCREMENT,
  `datec` datetime DEFAULT NULL,
  `fk_product_fournisseur` int(11) NOT NULL,
  `price` double(24,8) DEFAULT 0.00000000,
  `quantity` double DEFAULT NULL,
  `fk_user` int(11) DEFAULT NULL,
  `fk_multicurrency` int(11) DEFAULT NULL,
  `multicurrency_code` varchar(3) DEFAULT NULL,
  `multicurrency_tx` double(24,8) DEFAULT 1.00000000,
  `multicurrency_price` double(24,8) DEFAULT NULL,
  `multicurrency_unitprice` double(24,8) DEFAULT NULL,
  PRIMARY KEY (`rowid`),
  KEY `idx_product_fournisseur_price_log_fk_product_fournisseur` (`fk_product_fournisseur`),
  KEY `idx_product_fournisseur_price_log_fk_user` (`fk_user`)
) ENGINE=InnoDB AUTO_INCREMENT=22 DEFAULT CHARSET=utf8mb3 COLLATE=utf8mb3_unicode_ci;

--
-- Dumping data for table `llx_product_fournisseur_price_log`
--

INSERT INTO `llx_product_fournisseur_price_log` VALUES
(1,'2012-07-11 18:45:42',1,10.00000000,1,1,NULL,NULL,1.00000000,NULL,NULL),
(2,'2019-10-08 19:21:34',4,0.00000000,10,12,1,'EUR',1.00000000,0.00000000,0.00000000),
(3,'2020-01-01 18:04:14',5,12.00000000,1,12,1,'EUR',1.00000000,12.00000000,12.00000000),
(4,'2020-01-01 18:04:31',5,95.00000000,1,12,1,'EUR',1.00000000,95.00000000,95.00000000),
(5,'2020-01-01 18:36:40',6,7.00000000,1,12,1,'EUR',1.00000000,7.00000000,7.00000000),
(6,'2020-01-01 19:32:31',5,95.00000000,1,12,1,'EUR',1.00000000,95.00000000,95.00000000),
(7,'2020-01-01 19:38:32',5,79.16667000,1,12,2,'USD',1.20000000,95.00000000,95.00000000),
(8,'2020-01-01 19:54:17',5,95.00000000,1,12,1,'EUR',1.00000000,95.00000000,95.00000000),
(9,'2020-01-01 19:54:54',5,79.16667000,1,12,2,'USD',1.20000000,95.00000000,95.00000000),
(10,'2020-01-01 20:05:02',5,95.00000000,1,12,1,'EUR',1.00000000,95.00000000,95.00000000),
(11,'2020-01-01 20:11:36',5,79.16667000,1,12,2,'USD',1.20000000,95.00000000,95.00000000),
(12,'2020-01-20 12:22:00',7,1000.00000000,10,12,1,'EUR',1.00000000,1000.00000000,100.00000000),
(13,'2022-12-16 10:01:17',8,123.00000000,1,12,1,'EUR',1.00000000,123.00000000,123.00000000),
(14,'2022-12-16 10:01:55',8,123.00000000,1,12,1,'EUR',1.00000000,123.00000000,123.00000000),
(15,'2022-12-16 10:03:15',9,0.00000000,1,12,1,'EUR',1.00000000,0.00000000,0.00000000),
(16,'2022-12-16 10:03:28',9,5.00000000,1,12,1,'EUR',1.00000000,5.00000000,5.00000000),
(17,'2024-11-30 12:49:34',10,50.00000000,1,12,1,'EUR',1.00000000,50.00000000,50.00000000);

--
-- Table structure for table `llx_product_lang`
--

CREATE TABLE `llx_product_lang` (
  `rowid` int(11) NOT NULL AUTO_INCREMENT,
  `fk_product` int(11) NOT NULL DEFAULT 0,
  `lang` varchar(5) NOT NULL DEFAULT '0',
  `label` varchar(255) NOT NULL,
  `description` text DEFAULT NULL,
  `note` mediumtext DEFAULT NULL,
  `import_key` varchar(14) DEFAULT NULL,
  PRIMARY KEY (`rowid`),
  UNIQUE KEY `uk_product_lang` (`fk_product`,`lang`),
  CONSTRAINT `fk_product_lang_fk_product` FOREIGN KEY (`fk_product`) REFERENCES `llx_product` (`rowid`)
) ENGINE=InnoDB AUTO_INCREMENT=33 DEFAULT CHARSET=utf8mb3 COLLATE=utf8mb3_unicode_ci;

--
-- Dumping data for table `llx_product_lang`
--

INSERT INTO `llx_product_lang` VALUES
(1,1,'en_US','Pink dress','A beatifull pink dress','',NULL),
(2,2,'en_US','Pear Pie','','',NULL),
(3,3,'en_US','Cake making contribution','','',NULL),
(4,4,'fr_FR','Decapsuleur','','',NULL),
(5,5,'en_US','DoliDroid, Android app for Dolibarr','<strong><span style=\"font-family:roboto,uilanguagefont,arial,sans-serif; font-size:14px\">DoliDroid is the Android front-end client for Dolibarr ERP &amp; CRM web software.</span><br />\r\n<span style=\"font-family:roboto,uilanguagefont,arial,sans-serif; font-size:14px\">This application is not a standalone program. It is a front end to use a online hosted Dolibarr ERP &amp; CRM software (an Open-source web software to manage your business).</span></strong>\r\n<p><u>The advantage of DoliDroid are :</u><br />\r\n- DoliDroid is not a duplicate code of Dolibarr, but a front-end of a Dolibarr web installation, so all your online existing features are supported by this application. This is also true for external modules features.<br />\r\n- Upgrading Dolibarr will not break DoliDroid.<br />\r\n- DoliDroid use embedded image resources to reduce bandwidth usage.<br />\r\n- DoliDroid use internal cache for pages that should not change (like menu page)<br />\r\n- Connections parameters are saved. No need to enter them each time you use DoliDroid.<br />\r\n- Integration with your phone or other applications (Clicking on PDF open PDF reader, clicking onto email or phone launch your email application or launch Android dialer, ...)</p>\r\n\r\n<p><span style=\"color:#DAA520\"><strong>WARNING !&nbsp;</strong></span></p>\r\n\r\n<p>This application need Android 4.0+ and a hosted Dolibarr ERP &amp; CRM version 3.5 or newer accessible by internet<br />\r\n(For example, when hosted on any SaaS solution like DoliCloud -&nbsp;<a href=\"https://www.google.com/url?q=https://www.google.com/url?q%3Dhttp://www.dolicloud.com%26sa%3DD%26usg%3DAFQjCNGdd9htz4JDciiMtScpBwK83qIRkw&amp;sa=D&amp;usg=AFQjCNGMpCbxNnU5BiK59e368K5AR0l_pg\" style=\"text-decoration: none; color: rgb(51, 105, 30); cursor: pointer;\" target=\"_blank\">http://www.dolicloud.com</a>).</p>','',NULL),
(9,11,'fr_FR','hfghf','','',NULL),
(10,2,'fr_FR','Product P1','','',NULL),
(11,4,'en_US','Apple Pie','Nice Bio Apple Pie.<br />\r\n&nbsp;','',NULL),
(12,11,'en_US','Rollup Dolibarr','A nice rollup','',NULL),
(13,10,'en_US','Computer XP4523','A powerfull computer XP4523&nbsp;','This product is imported.<br />\r\nWarning: Delay to get it are not reliable.',NULL),
(14,12,'en_US','SaaS hosting of Dolibarr ERP CRM','Cloud hosting of Dolibarr ERP and CRM software','',NULL),
(15,12,'fr_FR','Service SaaS Hébergement Dolibarr ERP CRM','Ceci est une description...<br>\na<br>\n<strong>et la suite</strong><br>\na<br>\naaaa','',NULL),
(16,13,'en_US','Computer XP4523','A powerfull computer XP4523&nbsp;',NULL,NULL),
(17,13,'fr_FR','Computer XP4523','A powerfull computer XP4523&nbsp;',NULL,NULL),
(19,24,'en_US','Carrot','',NULL,NULL),
(20,25,'en_US','Apple','',NULL,NULL),
(21,26,'en_US','Kiwi','',NULL,NULL),
(22,27,'en_US','Peach','',NULL,NULL),
(23,28,'en_US','Orange','',NULL,NULL),
(24,29,'en_US','Eggs','',NULL,NULL),
(25,30,'en_US','Chips','',NULL,NULL),
(26,31,'en_US','Product NFC - Unique','',NULL,NULL),
(27,32,'en_US','aaa','',NULL,NULL),
(28,33,'en_US','aaa Size XL Blue','<strong>Size:</strong> Size XL<br><strong>Color:</strong> Blue',NULL,NULL),
(29,34,'en_US','aaa Size L Red','(discussion, voting, 1+7 CHs, cooperates with HCS 5100Plus series can achieve 8 CHs simultaneous audio, charcoal gray, excl. battery)',NULL,NULL),
(30,3,'fr_FR','Cake making contribution','','',NULL),
(31,35,'en_US','ppp','',NULL,NULL);

--
-- Table structure for table `llx_product_lot`
--

CREATE TABLE `llx_product_lot` (
  `rowid` int(11) NOT NULL AUTO_INCREMENT,
  `entity` int(11) DEFAULT 1,
  `fk_product` int(11) NOT NULL,
  `batch` varchar(30) DEFAULT NULL,
  `note_public` text DEFAULT NULL,
  `note_private` text DEFAULT NULL,
  `eatby` date DEFAULT NULL,
  `sellby` date DEFAULT NULL,
  `datec` datetime DEFAULT NULL,
  `tms` timestamp NOT NULL DEFAULT current_timestamp() ON UPDATE current_timestamp(),
  `fk_user_creat` int(11) DEFAULT NULL,
  `fk_user_modif` int(11) DEFAULT NULL,
  `import_key` int(11) DEFAULT NULL,
  `eol_date` datetime DEFAULT NULL,
  `manufacturing_date` datetime DEFAULT NULL,
  `scrapping_date` datetime DEFAULT NULL,
  `model_pdf` varchar(255) DEFAULT NULL,
  `last_main_doc` varchar(255) DEFAULT NULL,
  `barcode` varchar(180) DEFAULT NULL,
  `fk_barcode_type` int(11) DEFAULT NULL,
  `qc_frequency` int(11) DEFAULT NULL,
  `lifetime` int(11) DEFAULT NULL,
  PRIMARY KEY (`rowid`),
  UNIQUE KEY `uk_product_lot` (`fk_product`,`batch`)
) ENGINE=InnoDB AUTO_INCREMENT=71 DEFAULT CHARSET=utf8mb3 COLLATE=utf8mb3_unicode_ci;

--
-- Dumping data for table `llx_product_lot`
--

INSERT INTO `llx_product_lot` VALUES
(1,1,2,'123456',NULL,NULL,'2018-07-07',NULL,'2018-07-21 20:55:19','2024-01-03 16:32:40',NULL,NULL,NULL,NULL,'2018-07-21 20:55:19',NULL,NULL,NULL,NULL,NULL,NULL,NULL),
(2,1,2,'2222',NULL,NULL,'2018-07-08','2018-07-07','2018-07-21 21:00:42','2024-01-03 16:32:40',NULL,NULL,NULL,NULL,'2018-07-21 21:00:42',NULL,NULL,NULL,NULL,NULL,NULL,NULL),
(3,1,10,'5599887766452',NULL,NULL,NULL,NULL,'2018-07-30 17:39:31','2024-01-03 16:32:40',NULL,NULL,NULL,NULL,'2018-07-30 17:39:31',NULL,NULL,NULL,NULL,NULL,NULL,NULL),
(4,1,10,'4494487766452',NULL,NULL,NULL,NULL,'2018-07-30 17:40:12','2024-01-03 16:32:40',NULL,NULL,NULL,NULL,'2018-07-30 17:40:12',NULL,NULL,NULL,NULL,NULL,NULL,NULL),
(39,1,1,'000000',NULL,NULL,NULL,NULL,'2020-01-08 20:41:18','2024-01-03 16:32:40',NULL,NULL,NULL,NULL,'2020-01-08 20:41:18',NULL,NULL,NULL,NULL,NULL,NULL,NULL),
(40,1,4,'aaa',NULL,NULL,'2020-01-01',NULL,'2020-01-08 20:41:18','2024-01-03 16:32:40',NULL,12,NULL,NULL,'2020-01-08 20:41:18',NULL,NULL,NULL,NULL,NULL,NULL,NULL),
(46,1,1,'string',NULL,NULL,NULL,NULL,'2020-01-18 20:16:58','2024-01-03 16:32:40',NULL,NULL,NULL,NULL,'2020-01-18 20:16:58',NULL,NULL,NULL,NULL,NULL,NULL,NULL),
(47,1,4,'000000',NULL,NULL,NULL,NULL,'2020-01-08 16:40:27','2024-01-03 16:32:40',1,1,NULL,NULL,'2020-01-08 16:40:27',NULL,NULL,NULL,NULL,NULL,NULL,NULL),
(50,1,4,'Lot 2021-02',NULL,NULL,NULL,NULL,'2021-04-15 08:40:18','2024-01-03 16:32:40',NULL,NULL,NULL,NULL,'2021-04-15 08:40:18',NULL,NULL,NULL,NULL,NULL,NULL,NULL);

--
-- Table structure for table `llx_product_lot_extrafields`
--

CREATE TABLE `llx_product_lot_extrafields` (
  `rowid` int(11) NOT NULL AUTO_INCREMENT,
  `tms` timestamp NOT NULL DEFAULT current_timestamp() ON UPDATE current_timestamp(),
  `fk_object` int(11) NOT NULL,
  `import_key` varchar(14) DEFAULT NULL,
  PRIMARY KEY (`rowid`),
  UNIQUE KEY `uk_product_lot_extrafields` (`fk_object`)
) ENGINE=InnoDB DEFAULT CHARSET=utf8mb3 COLLATE=utf8mb3_unicode_ci;

--
-- Dumping data for table `llx_product_lot_extrafields`
--


--
-- Table structure for table `llx_product_perentity`
--

CREATE TABLE `llx_product_perentity` (
  `rowid` int(11) NOT NULL AUTO_INCREMENT,
  `fk_product` int(11) DEFAULT NULL,
  `entity` int(11) NOT NULL DEFAULT 1,
  `accountancy_code_sell` varchar(32) DEFAULT NULL,
  `accountancy_code_sell_intra` varchar(32) DEFAULT NULL,
  `accountancy_code_sell_export` varchar(32) DEFAULT NULL,
  `accountancy_code_buy` varchar(32) DEFAULT NULL,
  `accountancy_code_buy_intra` varchar(32) DEFAULT NULL,
  `accountancy_code_buy_export` varchar(32) DEFAULT NULL,
  `pmp` double(24,8) DEFAULT NULL,
  PRIMARY KEY (`rowid`),
  UNIQUE KEY `uk_product_perentity` (`fk_product`,`entity`),
  KEY `idx_product_perentity_fk_product` (`fk_product`)
) ENGINE=InnoDB DEFAULT CHARSET=utf8mb3 COLLATE=utf8mb3_unicode_ci;

--
-- Dumping data for table `llx_product_perentity`
--


--
-- Table structure for table `llx_product_price`
--

CREATE TABLE `llx_product_price` (
  `rowid` int(11) NOT NULL AUTO_INCREMENT,
  `entity` int(11) NOT NULL DEFAULT 1,
  `tms` timestamp NOT NULL DEFAULT current_timestamp() ON UPDATE current_timestamp(),
  `fk_product` int(11) NOT NULL,
  `date_price` datetime DEFAULT NULL,
  `price_level` smallint(6) DEFAULT 1,
  `price` double(24,8) DEFAULT NULL,
  `price_ttc` double(24,8) DEFAULT NULL,
  `price_min` double(24,8) DEFAULT NULL,
  `price_min_ttc` double(24,8) DEFAULT NULL,
  `price_base_type` varchar(3) DEFAULT 'HT',
  `tva_tx` double(6,3) NOT NULL DEFAULT 0.000,
  `default_vat_code` varchar(10) DEFAULT NULL,
  `recuperableonly` int(11) NOT NULL DEFAULT 0,
  `localtax1_tx` double(6,3) DEFAULT 0.000,
  `localtax1_type` varchar(10) NOT NULL DEFAULT '0',
  `localtax2_tx` double(6,3) DEFAULT 0.000,
  `localtax2_type` varchar(10) NOT NULL DEFAULT '0',
  `fk_user_author` int(11) DEFAULT NULL,
  `price_label` varchar(255) DEFAULT NULL,
  `tosell` tinyint(4) DEFAULT 1,
  `price_by_qty` int(11) NOT NULL DEFAULT 0,
  `import_key` varchar(14) DEFAULT NULL,
  `fk_price_expression` int(11) DEFAULT NULL,
  `fk_multicurrency` int(11) DEFAULT NULL,
  `multicurrency_code` varchar(3) DEFAULT NULL,
  `multicurrency_price` double(24,8) DEFAULT 0.00000000,
  `multicurrency_tx` double(24,8) DEFAULT 1.00000000,
  `multicurrency_price_ttc` double(24,8) DEFAULT NULL,
  PRIMARY KEY (`rowid`),
  KEY `idx_product_price_fk_user_author` (`fk_user_author`),
  KEY `idx_product_price_fk_product` (`fk_product`),
  CONSTRAINT `fk_product_price_product` FOREIGN KEY (`fk_product`) REFERENCES `llx_product` (`rowid`),
  CONSTRAINT `fk_product_price_user_author` FOREIGN KEY (`fk_user_author`) REFERENCES `llx_user` (`rowid`)
) ENGINE=InnoDB AUTO_INCREMENT=50 DEFAULT CHARSET=utf8mb3 COLLATE=utf8mb3_unicode_ci;

--
-- Dumping data for table `llx_product_price`
--

INSERT INTO `llx_product_price` VALUES
(1,1,'2012-07-08 12:33:17',1,'2012-07-08 14:33:17',1,0.00000000,0.00000000,0.00000000,0.00000000,'HT',12.500,NULL,0,0.000,'0',0.000,'0',1,NULL,1,0,NULL,NULL,NULL,NULL,0.00000000,1.00000000,NULL),
(2,1,'2012-07-08 22:30:01',2,'2012-07-09 00:30:01',1,0.00000000,0.00000000,0.00000000,0.00000000,'HT',12.500,NULL,0,0.000,'0',0.000,'0',1,NULL,1,0,NULL,NULL,NULL,NULL,0.00000000,1.00000000,NULL),
(3,1,'2012-07-08 22:30:25',3,'2012-07-09 00:30:25',1,0.00000000,0.00000000,0.00000000,0.00000000,'HT',12.500,NULL,0,0.000,'0',0.000,'0',1,NULL,1,0,NULL,NULL,NULL,NULL,0.00000000,1.00000000,NULL),
(4,1,'2012-07-10 12:44:06',4,'2012-07-10 14:44:06',1,0.00000000,0.00000000,0.00000000,0.00000000,'HT',12.500,NULL,0,0.000,'0',0.000,'0',1,NULL,1,0,NULL,NULL,NULL,NULL,0.00000000,1.00000000,NULL),
(5,1,'2013-07-20 21:11:38',5,'2013-07-20 23:11:38',1,0.00000000,0.00000000,0.00000000,0.00000000,'HT',19.600,NULL,0,0.000,'0',0.000,'0',1,NULL,1,0,NULL,NULL,NULL,NULL,0.00000000,1.00000000,NULL),
(6,1,'2013-07-27 17:02:59',5,'2013-07-27 19:02:59',1,10.00000000,11.96000000,0.00000000,0.00000000,'HT',19.600,NULL,0,0.000,'0',0.000,'0',1,NULL,1,0,NULL,NULL,NULL,NULL,0.00000000,1.00000000,NULL),
(10,1,'2013-07-31 22:34:27',4,'2013-08-01 00:34:27',1,5.00000000,5.62500000,0.00000000,0.00000000,'HT',12.500,NULL,0,0.000,'0',0.000,'0',1,NULL,1,0,NULL,NULL,NULL,NULL,0.00000000,1.00000000,NULL),
(12,1,'2015-01-13 19:24:59',11,'2015-01-13 20:24:59',1,0.00000000,0.00000000,0.00000000,0.00000000,'HT',0.000,NULL,0,0.000,'0',0.000,'0',1,NULL,1,0,NULL,NULL,NULL,NULL,0.00000000,1.00000000,NULL),
(13,1,'2015-03-12 09:30:24',1,'2015-03-12 10:30:24',1,100.00000000,112.50000000,90.00000000,101.25000000,'HT',12.500,NULL,0,0.000,'0',0.000,'0',1,NULL,1,0,NULL,NULL,NULL,NULL,0.00000000,1.00000000,NULL),
(14,1,'2018-07-30 13:31:29',12,'2018-07-30 17:31:29',1,9.00000000,9.00000000,9.00000000,9.00000000,'HT',0.000,NULL,0,0.000,'0',0.000,'0',12,NULL,1,0,NULL,NULL,NULL,NULL,0.00000000,1.00000000,NULL),
(15,1,'2017-02-15 23:49:00',13,'2017-02-16 03:49:00',1,100.00000000,110.00000000,0.00000000,0.00000000,'HT',10.000,NULL,0,0.000,'0',0.000,'0',12,NULL,0,0,NULL,NULL,NULL,NULL,0.00000000,1.00000000,NULL),
(16,1,'2017-08-30 15:04:04',10,'2017-08-30 19:04:04',1,100.00000000,110.00000000,0.00000000,0.00000000,'HT',10.000,NULL,0,0.000,'0',0.000,'0',12,NULL,1,0,NULL,NULL,NULL,NULL,0.00000000,1.00000000,NULL),
(18,1,'2019-11-28 12:33:35',24,'2019-11-28 16:33:35',1,0.00000000,0.00000000,0.00000000,0.00000000,'HT',20.000,NULL,0,0.000,'0',0.000,'0',12,NULL,1,0,NULL,NULL,NULL,NULL,0.00000000,1.00000000,NULL),
(19,1,'2019-11-28 12:34:33',24,'2019-11-28 16:34:33',1,0.83333000,1.00000000,0.00000000,0.00000000,'TTC',20.000,NULL,0,0.000,'0',0.000,'0',12,NULL,1,0,NULL,NULL,NULL,NULL,0.00000000,1.00000000,NULL),
(20,1,'2019-11-28 12:37:36',25,'2019-11-28 16:37:36',1,0.00000000,0.00000000,0.00000000,0.00000000,'HT',20.000,NULL,0,0.000,'0',0.000,'0',12,NULL,1,0,NULL,NULL,NULL,NULL,0.00000000,1.00000000,NULL),
(21,1,'2019-11-28 12:37:58',25,'2019-11-28 16:37:58',1,1.25000000,1.50000000,0.00000000,0.00000000,'TTC',20.000,NULL,0,0.000,'0',0.000,'0',12,NULL,1,0,NULL,NULL,NULL,NULL,0.00000000,1.00000000,NULL),
(22,1,'2019-11-28 12:38:44',26,'2019-11-28 16:38:44',1,1.08333000,1.30000000,0.00000000,0.00000000,'TTC',20.000,NULL,0,0.000,'0',0.000,'0',12,NULL,1,0,NULL,NULL,NULL,NULL,0.00000000,1.00000000,NULL),
(23,1,'2019-11-28 12:39:21',27,'2019-11-28 16:39:21',1,1.08333000,1.30000000,0.00000000,0.00000000,'TTC',20.000,NULL,0,0.000,'0',0.000,'0',12,NULL,1,0,NULL,NULL,NULL,NULL,0.00000000,1.00000000,NULL),
(24,1,'2019-11-28 12:39:58',28,'2019-11-28 16:39:58',1,2.00000000,2.40000000,0.00000000,0.00000000,'HT',20.000,NULL,0,0.000,'0',0.000,'0',12,NULL,1,0,NULL,NULL,NULL,NULL,0.00000000,1.00000000,NULL),
(25,1,'2019-11-28 13:03:14',29,'2019-11-28 17:03:14',1,1.66667000,2.00000000,0.00000000,0.00000000,'TTC',20.000,NULL,0,0.000,'0',0.000,'0',12,NULL,1,0,NULL,NULL,NULL,NULL,0.00000000,1.00000000,NULL),
(26,1,'2019-11-28 13:09:14',30,'2019-11-28 17:09:14',1,0.41667000,0.50000000,0.00000000,0.00000000,'TTC',20.000,NULL,0,0.000,'0',0.000,'0',12,NULL,1,0,NULL,NULL,NULL,NULL,0.00000000,1.00000000,NULL),
(28,1,'2019-11-28 15:12:50',2,'2019-11-28 19:12:50',1,10.00000000,12.00000000,8.33333000,10.00000000,'TTC',20.000,NULL,0,0.000,'0',0.000,'0',12,NULL,1,0,NULL,NULL,NULL,NULL,0.00000000,1.00000000,NULL),
(29,1,'2020-01-01 19:54:16',4,'2020-01-01 23:54:16',1,5.00000000,5.00000000,0.00000000,0.00000000,'HT',0.000,'CGST+SGST',0,9.000,'1',9.000,'1',12,NULL,1,0,NULL,NULL,NULL,NULL,0.00000000,1.00000000,NULL),
(30,1,'2020-01-02 19:02:35',4,'2020-01-02 23:02:35',1,5.00000000,5.00000000,2.00000000,2.00000000,'HT',0.000,'CGST+SGST',0,9.000,'1',9.000,'1',12,NULL,1,0,NULL,NULL,NULL,NULL,0.00000000,1.00000000,NULL),
(31,1,'2020-01-02 19:02:35',4,'2020-01-02 23:02:35',2,6.00000000,6.00000000,3.00000000,3.00000000,'HT',0.000,'CGST+SGST',0,9.000,'1',9.000,'1',12,NULL,1,0,NULL,NULL,NULL,NULL,0.00000000,1.00000000,NULL),
(32,1,'2020-01-02 19:02:35',4,'2020-01-02 23:02:35',3,7.00000000,7.00000000,4.00000000,4.00000000,'HT',0.000,'CGST+SGST',0,9.000,'1',9.000,'1',12,NULL,1,0,NULL,NULL,NULL,NULL,0.00000000,1.00000000,NULL),
(33,1,'2020-01-02 19:02:35',4,'2020-01-02 23:02:35',4,8.00000000,8.00000000,5.00000000,5.00000000,'HT',0.000,'CGST+SGST',0,9.000,'1',9.000,'1',12,NULL,1,0,NULL,NULL,NULL,NULL,0.00000000,1.00000000,NULL),
(34,1,'2020-01-02 19:02:35',4,'2020-01-02 23:02:35',5,9.00000000,9.00000000,6.00000000,6.00000000,'HT',0.000,'CGST+SGST',0,9.000,'1',9.000,'1',12,NULL,1,0,NULL,NULL,NULL,NULL,0.00000000,1.00000000,NULL),
(35,1,'2020-01-17 13:54:18',1,'2020-01-17 14:54:18',1,11.00000000,12.37500000,9.00000000,10.12500000,'HT',12.500,NULL,0,0.000,'0',0.000,'0',12,NULL,1,0,NULL,NULL,NULL,NULL,0.00000000,1.00000000,NULL),
(36,1,'2020-01-17 13:54:18',1,'2020-01-17 14:54:18',2,0.00000000,0.00000000,0.00000000,0.00000000,'HT',12.500,NULL,0,0.000,'0',0.000,'0',12,NULL,1,0,NULL,NULL,NULL,NULL,0.00000000,1.00000000,NULL),
(37,1,'2020-01-17 13:54:18',1,'2020-01-17 14:54:18',3,13.00000000,14.62500000,0.00000000,0.00000000,'HT',12.500,NULL,0,0.000,'0',0.000,'0',12,NULL,1,0,NULL,NULL,NULL,NULL,0.00000000,1.00000000,NULL),
(38,1,'2020-01-17 13:54:18',1,'2020-01-17 14:54:18',4,14.00000000,15.75000000,0.00000000,0.00000000,'HT',12.500,NULL,0,0.000,'0',0.000,'0',12,NULL,1,0,NULL,NULL,NULL,NULL,0.00000000,1.00000000,NULL),
(39,1,'2020-01-17 13:54:18',1,'2020-01-17 14:54:18',5,15.00000000,16.87500000,0.00000000,0.00000000,'HT',12.500,NULL,0,0.000,'0',0.000,'0',12,NULL,1,0,NULL,NULL,NULL,NULL,0.00000000,1.00000000,NULL),
(40,1,'2020-01-17 14:22:28',1,'2020-01-17 15:22:28',1,9.00000000,10.12500000,0.00000000,0.00000000,'HT',12.500,NULL,0,0.000,'0',0.000,'0',12,NULL,1,0,NULL,NULL,NULL,NULL,0.00000000,1.00000000,NULL),
(41,1,'2021-04-15 11:38:02',31,'2021-04-15 08:38:02',1,0.00000000,0.00000000,0.00000000,0.00000000,'HT',19.600,NULL,0,0.000,'0',0.000,'0',12,NULL,1,0,NULL,NULL,NULL,NULL,0.00000000,1.00000000,NULL),
(42,1,'2022-12-16 10:00:14',5,'2022-12-16 10:00:14',1,10.00000000,10.00000000,0.00000000,0.00000000,'HT',0.000,'CGST+SGST',0,9.000,'1',9.000,'1',12,NULL,1,0,NULL,NULL,NULL,NULL,0.00000000,1.00000000,NULL),
(43,1,'2022-12-30 13:44:06',32,'2022-12-30 10:44:06',1,0.00000000,0.00000000,0.00000000,0.00000000,'HT',20.000,NULL,0,0.000,'0',0.000,'0',12,NULL,1,0,NULL,NULL,NULL,NULL,0.00000000,1.00000000,NULL),
(44,1,'2023-01-03 14:07:52',33,'2023-01-03 11:07:52',1,0.00000000,0.00000000,0.00000000,0.00000000,'HT',20.000,NULL,0,0.000,'0',0.000,'0',12,NULL,1,0,NULL,NULL,NULL,NULL,0.00000000,1.00000000,NULL),
(45,1,'2023-01-03 14:07:52',33,'2023-01-03 11:07:52',1,0.00000000,0.00000000,0.00000000,0.00000000,'HT',20.000,NULL,0,0.000,'0',0.000,'0',12,NULL,1,0,NULL,NULL,NULL,NULL,0.00000000,1.00000000,NULL),
(46,1,'2023-01-03 14:15:51',34,'2023-01-03 11:15:51',1,0.00000000,0.00000000,0.00000000,0.00000000,'HT',20.000,NULL,0,0.000,'0',0.000,'0',12,NULL,1,0,NULL,NULL,NULL,NULL,0.00000000,1.00000000,NULL),
(47,1,'2023-01-03 14:15:51',34,'2023-01-03 11:15:51',1,0.00000000,0.00000000,0.00000000,0.00000000,'HT',20.000,NULL,0,0.000,'0',0.000,'0',12,NULL,1,0,NULL,NULL,NULL,NULL,0.00000000,1.00000000,NULL),
(48,1,'2024-12-23 21:55:04',35,'2024-12-23 21:55:04',1,0.00000000,0.00000000,0.00000000,0.00000000,'HT',28.000,'I-28',0,0.000,'0',0.000,'0',12,NULL,1,0,NULL,NULL,NULL,NULL,0.00000000,1.00000000,NULL);

--
-- Table structure for table `llx_product_price_by_qty`
--

CREATE TABLE `llx_product_price_by_qty` (
  `rowid` int(11) NOT NULL AUTO_INCREMENT,
  `fk_product_price` int(11) NOT NULL,
  `price` double(24,8) DEFAULT 0.00000000,
  `price_ttc` double(24,8) DEFAULT 0.00000000,
  `remise_percent` double NOT NULL DEFAULT 0,
  `remise` double NOT NULL DEFAULT 0,
  `qty_min` double DEFAULT 0,
  `fk_user_creat` int(11) DEFAULT NULL,
  `fk_user_modif` int(11) DEFAULT NULL,
  `tms` timestamp NOT NULL DEFAULT current_timestamp() ON UPDATE current_timestamp(),
  `import_key` varchar(14) DEFAULT NULL,
  `quantity` double DEFAULT NULL,
  `unitprice` double(24,8) DEFAULT 0.00000000,
  `price_base_type` varchar(3) DEFAULT 'HT',
  `fk_multicurrency` int(11) DEFAULT NULL,
  `multicurrency_code` varchar(3) DEFAULT NULL,
  `multicurrency_tx` double(24,8) DEFAULT 1.00000000,
  `multicurrency_price` double(24,8) DEFAULT NULL,
  `multicurrency_price_ttc` double(24,8) DEFAULT NULL,
  PRIMARY KEY (`rowid`),
  UNIQUE KEY `uk_product_price_by_qty_level` (`fk_product_price`,`quantity`),
  KEY `idx_product_price_by_qty_fk_product_price` (`fk_product_price`),
  CONSTRAINT `fk_product_price_by_qty_fk_product_price` FOREIGN KEY (`fk_product_price`) REFERENCES `llx_product_price` (`rowid`)
) ENGINE=InnoDB DEFAULT CHARSET=utf8mb3 COLLATE=utf8mb3_unicode_ci;

--
-- Dumping data for table `llx_product_price_by_qty`
--


--
-- Table structure for table `llx_product_price_extrafields`
--

CREATE TABLE `llx_product_price_extrafields` (
  `rowid` int(11) NOT NULL AUTO_INCREMENT,
  `tms` timestamp NULL DEFAULT current_timestamp() ON UPDATE current_timestamp(),
  `fk_object` int(11) NOT NULL,
  `import_key` varchar(14) DEFAULT NULL,
  PRIMARY KEY (`rowid`),
  UNIQUE KEY `uk_product_price_extrafields` (`fk_object`)
) ENGINE=InnoDB DEFAULT CHARSET=utf8mb4 COLLATE=utf8mb4_general_ci;

--
-- Dumping data for table `llx_product_price_extrafields`
--


--
-- Table structure for table `llx_product_pricerules`
--

CREATE TABLE `llx_product_pricerules` (
  `rowid` int(11) NOT NULL AUTO_INCREMENT,
  `level` int(11) NOT NULL,
  `fk_level` int(11) NOT NULL,
  `var_percent` float NOT NULL,
  `var_min_percent` float NOT NULL,
  PRIMARY KEY (`rowid`),
  UNIQUE KEY `unique_level` (`level`)
) ENGINE=InnoDB DEFAULT CHARSET=utf8mb3 COLLATE=utf8mb3_unicode_ci;

--
-- Dumping data for table `llx_product_pricerules`
--


--
-- Table structure for table `llx_product_stock`
--

CREATE TABLE `llx_product_stock` (
  `rowid` int(11) NOT NULL AUTO_INCREMENT,
  `tms` timestamp NOT NULL DEFAULT current_timestamp() ON UPDATE current_timestamp(),
  `fk_product` int(11) NOT NULL,
  `fk_entrepot` int(11) NOT NULL,
  `reel` double DEFAULT NULL,
  `import_key` varchar(14) DEFAULT NULL,
  PRIMARY KEY (`rowid`),
  UNIQUE KEY `uk_product_stock` (`fk_product`,`fk_entrepot`),
  KEY `idx_product_stock_fk_product` (`fk_product`),
  KEY `idx_product_stock_fk_entrepot` (`fk_entrepot`),
  CONSTRAINT `fk_entrepot_entrepot_rowid` FOREIGN KEY (`fk_entrepot`) REFERENCES `llx_entrepot` (`rowid`),
  CONSTRAINT `fk_product_product_rowid` FOREIGN KEY (`fk_product`) REFERENCES `llx_product` (`rowid`)
) ENGINE=InnoDB AUTO_INCREMENT=21 DEFAULT CHARSET=utf8mb3 COLLATE=utf8mb3_unicode_ci;

--
-- Dumping data for table `llx_product_stock`
--

INSERT INTO `llx_product_stock` VALUES
(1,'2012-07-08 22:43:51',2,2,1000,NULL),
(3,'2020-01-07 16:25:02',4,2,1007,NULL),
(4,'2020-01-08 16:41:18',4,1,13.2,NULL),
(5,'2025-03-19 11:34:39',1,1,2.8,NULL),
(6,'2015-01-19 17:22:48',11,1,-1,NULL),
(7,'2015-01-19 17:31:58',2,1,-2,NULL),
(8,'2018-07-30 13:40:39',10,2,75,NULL),
(9,'2017-02-16 00:12:09',10,1,35,NULL),
(10,'2025-01-17 08:36:03',25,1,14.6,NULL),
(11,'2021-04-15 11:40:18',4,20,1,NULL),
(14,'2025-01-17 08:36:03',26,1,-1,NULL),
(15,'2025-02-15 08:31:19',26,2,-6,NULL),
(16,'2025-02-15 08:31:13',25,2,-10,NULL),
(17,'2025-02-05 14:38:19',24,2,-5,NULL),
(18,'2025-02-05 14:40:15',27,2,-6,NULL),
(19,'2025-03-15 09:59:40',28,2,-34,NULL),
(20,'2025-02-15 08:31:26',30,2,-1,NULL);

--
-- Table structure for table `llx_product_thirdparty`
--

CREATE TABLE `llx_product_thirdparty` (
  `rowid` int(11) NOT NULL AUTO_INCREMENT,
  `fk_product` int(11) NOT NULL,
  `fk_soc` int(11) NOT NULL,
  `fk_product_thirdparty_relation_type` int(11) NOT NULL,
  `date_start` datetime DEFAULT NULL,
  `date_end` datetime DEFAULT NULL,
  `fk_project` int(11) DEFAULT NULL,
  `description` text DEFAULT NULL,
  `note_public` text DEFAULT NULL,
  `note_private` text DEFAULT NULL,
  `date_creation` datetime NOT NULL,
  `tms` timestamp NOT NULL DEFAULT current_timestamp() ON UPDATE current_timestamp(),
  `fk_user_creat` int(11) NOT NULL,
  `fk_user_modif` int(11) DEFAULT NULL,
  `last_main_doc` varchar(255) DEFAULT NULL,
  `import_key` varchar(14) DEFAULT NULL,
  `model_pdf` varchar(255) DEFAULT NULL,
  `status` int(11) NOT NULL DEFAULT 1,
  PRIMARY KEY (`rowid`)
) ENGINE=InnoDB DEFAULT CHARSET=utf8mb3 COLLATE=utf8mb3_unicode_ci;

--
-- Dumping data for table `llx_product_thirdparty`
--


--
-- Table structure for table `llx_product_warehouse_properties`
--

CREATE TABLE `llx_product_warehouse_properties` (
  `rowid` int(11) NOT NULL AUTO_INCREMENT,
  `tms` timestamp NOT NULL DEFAULT current_timestamp() ON UPDATE current_timestamp(),
  `fk_product` int(11) NOT NULL,
  `fk_entrepot` int(11) NOT NULL,
  `seuil_stock_alerte` float DEFAULT 0,
  `desiredstock` float DEFAULT 0,
  `import_key` varchar(14) DEFAULT NULL,
  PRIMARY KEY (`rowid`)
) ENGINE=InnoDB DEFAULT CHARSET=utf8mb3 COLLATE=utf8mb3_unicode_ci;

--
-- Dumping data for table `llx_product_warehouse_properties`
--


--
-- Table structure for table `llx_projet`
--

CREATE TABLE `llx_projet` (
  `rowid` int(11) NOT NULL AUTO_INCREMENT,
  `fk_soc` int(11) DEFAULT NULL,
  `datec` datetime DEFAULT NULL,
  `tms` timestamp NOT NULL DEFAULT current_timestamp() ON UPDATE current_timestamp(),
  `dateo` date DEFAULT NULL,
  `datee` date DEFAULT NULL,
  `ref` varchar(50) DEFAULT NULL,
  `ref_ext` varchar(50) DEFAULT NULL,
  `entity` int(11) NOT NULL DEFAULT 1,
  `title` varchar(255) NOT NULL,
  `description` text DEFAULT NULL,
  `fk_user_creat` int(11) NOT NULL,
  `public` int(11) DEFAULT NULL,
  `fk_statut` smallint(6) NOT NULL DEFAULT 0,
  `fk_opp_status` int(11) DEFAULT NULL,
  `opp_percent` double(5,2) DEFAULT NULL,
  `note_private` text DEFAULT NULL,
  `note_public` text DEFAULT NULL,
  `model_pdf` varchar(255) DEFAULT NULL,
  `last_main_doc` varchar(255) DEFAULT NULL,
  `budget_amount` double(24,8) DEFAULT NULL,
  `date_close` datetime DEFAULT NULL,
  `fk_user_close` int(11) DEFAULT NULL,
  `opp_amount` double(24,8) DEFAULT NULL,
  `import_key` varchar(14) DEFAULT NULL,
  `fk_user_modif` int(11) DEFAULT NULL,
  `usage_bill_time` int(11) DEFAULT 0,
  `usage_opportunity` int(11) DEFAULT 0,
  `usage_task` int(11) DEFAULT 1,
  `usage_organize_event` int(11) DEFAULT 0,
  `email_msgid` varchar(175) DEFAULT NULL,
  `email_date` datetime DEFAULT NULL,
  `fk_opp_status_end` int(11) DEFAULT NULL,
  `accept_conference_suggestions` int(11) DEFAULT 0,
  `accept_booth_suggestions` int(11) DEFAULT 0,
  `price_registration` double(24,8) DEFAULT NULL,
  `price_booth` double(24,8) DEFAULT NULL,
  `max_attendees` int(11) DEFAULT 0,
  `ip` varchar(250) DEFAULT NULL,
  `date_start_event` datetime DEFAULT NULL,
  `date_end_event` datetime DEFAULT NULL,
  `location` varchar(255) DEFAULT NULL,
  `extraparams` varchar(255) DEFAULT NULL,
  `fk_project` int(11) DEFAULT NULL,
  PRIMARY KEY (`rowid`),
  UNIQUE KEY `uk_projet_ref` (`ref`,`entity`),
  KEY `idx_projet_fk_soc` (`fk_soc`),
  CONSTRAINT `fk_projet_fk_soc` FOREIGN KEY (`fk_soc`) REFERENCES `llx_societe` (`rowid`)
) ENGINE=InnoDB AUTO_INCREMENT=16 DEFAULT CHARSET=utf8mb3 COLLATE=utf8mb3_unicode_ci;

--
-- Dumping data for table `llx_projet`
--

INSERT INTO `llx_projet` VALUES
(1,11,'2012-07-09 00:00:00','2017-10-05 20:51:28','2012-07-09',NULL,'PROJ1',NULL,1,'Project One','',1,0,1,NULL,NULL,NULL,'gdfgdfg','baleine',NULL,NULL,NULL,NULL,NULL,NULL,NULL,0,0,1,0,NULL,NULL,NULL,0,0,NULL,NULL,0,NULL,NULL,NULL,NULL,NULL,NULL),
(2,13,'2012-07-09 00:00:00','2025-06-18 14:14:19','2012-07-09',NULL,'PROJ2',NULL,1,'Project Two','',1,0,1,1,60.00,NULL,NULL,NULL,'projet/PROJ2/PROJ2.pdf',NULL,NULL,NULL,1250.25000000,NULL,12,0,1,1,0,NULL,NULL,NULL,0,0,NULL,NULL,0,NULL,NULL,NULL,'',NULL,NULL),
(3,1,'2012-07-09 00:00:00','2020-01-15 12:40:50','2012-07-09',NULL,'PROJINDIAN',NULL,1,'Project for Indian company move','',1,0,1,NULL,NULL,NULL,NULL,NULL,NULL,NULL,NULL,NULL,NULL,NULL,12,1,0,1,0,NULL,NULL,NULL,0,0,NULL,NULL,0,NULL,NULL,NULL,NULL,NULL,NULL),
(4,NULL,'2012-07-09 00:00:00','2012-07-08 22:50:49','2012-07-09',NULL,'PROJSHARED',NULL,1,'The Global project','',1,1,1,NULL,NULL,NULL,NULL,NULL,NULL,NULL,NULL,NULL,NULL,NULL,NULL,0,0,1,0,NULL,NULL,NULL,0,0,NULL,NULL,0,NULL,NULL,NULL,NULL,NULL,NULL),
(5,NULL,'2012-07-11 00:00:00','2020-01-15 12:27:15','2012-07-11','2013-07-14','RMLL',NULL,1,'Project management RMLL','',1,1,1,NULL,NULL,NULL,NULL,NULL,NULL,NULL,NULL,NULL,NULL,NULL,12,1,0,1,0,NULL,NULL,NULL,0,0,NULL,NULL,0,NULL,NULL,NULL,NULL,NULL,NULL),
(6,10,'2018-07-30 00:00:00','2025-06-27 11:05:27','2018-07-30',NULL,'PJ1607-0001b',NULL,1,'PROJALICE1','The Alice project number 1',12,0,1,4,100.00,NULL,NULL,NULL,NULL,5000.00000000,NULL,NULL,8000.00000000,NULL,12,1,1,1,0,NULL,NULL,NULL,0,0,NULL,NULL,0,NULL,NULL,NULL,'',NULL,NULL),
(7,10,'2018-07-30 00:00:00','2019-11-28 11:52:54','2018-07-30',NULL,'PJ1607-0002',NULL,1,'PROJALICE2','The Alice project number 2',12,0,1,6,100.00,NULL,NULL,NULL,NULL,NULL,'2017-02-01 16:24:31',12,7000.00000000,NULL,NULL,0,1,1,0,NULL,NULL,NULL,0,0,NULL,NULL,0,NULL,NULL,NULL,NULL,NULL,NULL),
(8,10,'2018-07-30 00:00:00','2019-11-28 11:52:54','2018-07-30',NULL,'PJ1607-0003',NULL,1,'PROJALICE2','The Alice project number 3',12,0,1,6,100.00,NULL,NULL,NULL,NULL,NULL,NULL,NULL,3550.00000000,NULL,NULL,0,1,1,0,NULL,NULL,NULL,0,0,NULL,NULL,0,NULL,NULL,NULL,NULL,NULL,NULL),
(9,4,'2018-07-31 00:00:00','2019-12-20 16:33:15','2018-07-31',NULL,'PJ1607-0004',NULL,1,'Project Top X','',12,0,2,2,27.00,NULL,NULL,NULL,NULL,NULL,'2019-12-20 20:33:15',12,4000.00000000,NULL,NULL,0,1,1,0,NULL,NULL,NULL,0,0,NULL,NULL,0,NULL,NULL,NULL,NULL,NULL,NULL),
(10,1,'2019-12-21 19:46:33','2025-06-18 14:14:07','2019-12-21',NULL,'PJ1912-0005',NULL,1,'Contact for a new shop in Delhi','',12,0,1,1,20.00,NULL,NULL,NULL,NULL,NULL,NULL,NULL,18000.00000000,NULL,12,0,1,1,0,NULL,NULL,NULL,0,0,NULL,NULL,0,NULL,NULL,NULL,NULL,NULL,NULL),
(11,10,'2019-12-21 19:49:28','2025-06-18 14:14:08','2019-12-02','2019-12-13','PJ1912-0006',NULL,1,'Request for new development of logo','Request to redesign a new logo',12,0,1,4,60.00,NULL,NULL,NULL,NULL,NULL,NULL,NULL,6500.00000000,NULL,12,1,1,1,0,NULL,NULL,NULL,0,0,NULL,NULL,0,NULL,NULL,NULL,NULL,NULL,NULL),
(12,4,'2019-12-21 19:52:12','2025-06-17 13:11:47','2019-12-21',NULL,'PJ1912-0007',NULL,1,'Adding new tool for Customer Relationship Management','',12,1,1,2,0.00,NULL,NULL,NULL,'projet/PJ1912-0007/PJ1912-0007.pdf',NULL,'2023-02-19 12:38:04',12,16000.00000000,NULL,12,1,1,1,0,NULL,NULL,NULL,0,0,NULL,NULL,0,NULL,NULL,NULL,NULL,NULL,NULL),
(13,26,'2019-12-21 19:53:21','2019-12-21 15:53:59','2019-12-21',NULL,'PJ1912-0008',NULL,1,'Cooking 100 apple pie for chrsitmas','',12,0,1,NULL,NULL,NULL,NULL,NULL,NULL,NULL,NULL,NULL,NULL,NULL,12,1,0,1,0,NULL,NULL,NULL,0,0,NULL,NULL,0,NULL,NULL,NULL,NULL,NULL,NULL),
(14,10,'2025-01-20 12:13:25','2025-06-18 13:04:24','2025-01-20',NULL,'PJ2501-0009',NULL,1,'pppp','',12,0,1,3,20.00,NULL,NULL,NULL,NULL,0.00000000,'2025-01-20 12:16:54',NULL,0.00000000,NULL,12,0,1,1,1,NULL,NULL,NULL,1,0,NULL,NULL,NULL,NULL,NULL,NULL,'',NULL,NULL),
(15,32,'2025-06-25 10:12:55','2025-06-25 10:12:55','2025-06-25',NULL,'PJ2506-0010',NULL,1,'aaaaa','',12,0,0,1,0.00,NULL,NULL,NULL,NULL,0.00000000,NULL,NULL,0.00000000,NULL,NULL,0,1,1,0,NULL,NULL,NULL,0,0,NULL,NULL,NULL,NULL,NULL,NULL,NULL,NULL,NULL);

--
-- Table structure for table `llx_projet_extrafields`
--

CREATE TABLE `llx_projet_extrafields` (
  `rowid` int(11) NOT NULL AUTO_INCREMENT,
  `tms` timestamp NOT NULL DEFAULT current_timestamp() ON UPDATE current_timestamp(),
  `fk_object` int(11) NOT NULL,
  `import_key` varchar(14) DEFAULT NULL,
  `priority` mediumtext DEFAULT NULL,
  PRIMARY KEY (`rowid`),
  UNIQUE KEY `uk_projet_extrafields` (`fk_object`)
) ENGINE=InnoDB AUTO_INCREMENT=38 DEFAULT CHARSET=utf8mb3 COLLATE=utf8mb3_unicode_ci;

--
-- Dumping data for table `llx_projet_extrafields`
--

INSERT INTO `llx_projet_extrafields` VALUES
(7,'2018-07-30 15:53:23',8,NULL,'5'),
(9,'2018-07-31 14:27:24',9,NULL,'0'),
(15,'2017-02-01 12:24:31',7,NULL,'1'),
(17,'2019-10-01 11:48:36',6,NULL,'3'),
(22,'2019-12-21 15:48:06',10,NULL,'0'),
(24,'2019-12-21 15:52:12',12,NULL,'4'),
(26,'2019-12-21 15:53:42',13,NULL,'0'),
(28,'2019-12-21 16:10:21',11,NULL,'0'),
(29,'2020-01-15 12:27:15',5,NULL,'0'),
(30,'2020-01-15 12:40:50',3,NULL,'0'),
(33,'2025-06-25 10:12:11',2,NULL,'4'),
(36,'2025-04-18 11:26:31',14,NULL,'0'),
(37,'2025-06-25 10:12:55',15,NULL,'0');

--
-- Table structure for table `llx_projet_task`
--

CREATE TABLE `llx_projet_task` (
  `rowid` int(11) NOT NULL AUTO_INCREMENT,
  `ref` varchar(50) DEFAULT NULL,
  `entity` int(11) NOT NULL DEFAULT 1,
  `fk_projet` int(11) NOT NULL,
  `fk_task_parent` int(11) NOT NULL DEFAULT 0,
  `datec` datetime DEFAULT NULL,
  `tms` timestamp NOT NULL DEFAULT current_timestamp() ON UPDATE current_timestamp(),
  `dateo` datetime DEFAULT NULL,
  `datee` datetime DEFAULT NULL,
  `datev` datetime DEFAULT NULL,
  `label` varchar(255) NOT NULL,
  `description` text DEFAULT NULL,
  `duration_effective` double DEFAULT 0,
  `planned_workload` double DEFAULT 0,
  `progress` int(11) DEFAULT 0,
  `priority` int(11) DEFAULT 0,
  `budget_amount` double(24,8) DEFAULT NULL,
  `fk_user_creat` int(11) DEFAULT NULL,
  `fk_user_valid` int(11) DEFAULT NULL,
  `fk_statut` smallint(6) NOT NULL DEFAULT 0,
  `note_private` text DEFAULT NULL,
  `note_public` text DEFAULT NULL,
  `rang` int(11) DEFAULT 0,
  `model_pdf` varchar(255) DEFAULT NULL,
  `import_key` varchar(14) DEFAULT NULL,
  `status` int(11) NOT NULL DEFAULT 1,
  `billable` smallint(6) DEFAULT 1,
  PRIMARY KEY (`rowid`),
  UNIQUE KEY `uk_projet_task_ref` (`ref`,`entity`),
  KEY `idx_projet_task_fk_projet` (`fk_projet`),
  KEY `idx_projet_task_fk_user_creat` (`fk_user_creat`),
  KEY `idx_projet_task_fk_user_valid` (`fk_user_valid`),
  CONSTRAINT `fk_projet_task_fk_projet` FOREIGN KEY (`fk_projet`) REFERENCES `llx_projet` (`rowid`),
  CONSTRAINT `fk_projet_task_fk_user_creat` FOREIGN KEY (`fk_user_creat`) REFERENCES `llx_user` (`rowid`),
  CONSTRAINT `fk_projet_task_fk_user_valid` FOREIGN KEY (`fk_user_valid`) REFERENCES `llx_user` (`rowid`)
) ENGINE=InnoDB AUTO_INCREMENT=11 DEFAULT CHARSET=utf8mb3 COLLATE=utf8mb3_unicode_ci;

--
-- Dumping data for table `llx_projet_task`
--

INSERT INTO `llx_projet_task` VALUES
(2,'2',1,5,0,'2012-07-11 16:23:53','2015-09-08 23:06:14','2012-07-11 12:00:00','2013-07-14 12:00:00',NULL,'Heberger site RMLL','',0,0,0,0,NULL,1,NULL,0,NULL,NULL,0,NULL,NULL,1,1),
(3,'TK1007-0001',1,1,0,'2016-12-21 13:52:41','2018-07-30 11:35:40','2016-12-21 16:52:00',NULL,NULL,'Analyze','',9000,36000,0,0,NULL,1,NULL,0,NULL,'gdfgdfgdf',0,NULL,NULL,1,1),
(4,'TK1007-0002',1,1,0,'2016-12-21 13:55:39','2020-06-12 17:13:30','2016-12-21 16:55:00',NULL,NULL,'Specification','',10800,18000,25,0,NULL,1,NULL,0,NULL,NULL,0,NULL,NULL,1,1),
(5,'TK1007-0003',1,1,0,'2016-12-21 14:16:58','2018-07-30 11:35:59','2016-12-21 17:16:00',NULL,NULL,'Development','',0,0,0,0,NULL,1,NULL,0,NULL,NULL,0,NULL,NULL,1,1),
(6,'TK1607-0004',1,6,0,'2018-07-30 15:33:27','2023-08-15 11:50:39','2018-07-30 02:00:00',NULL,NULL,'Project preparation phase A','',21720,720000,10,0,NULL,12,NULL,0,NULL,NULL,0,NULL,NULL,1,1),
(7,'TK1607-0005',1,6,0,'2018-07-30 15:33:39','2025-06-27 11:02:19','2018-07-30 02:00:00',NULL,NULL,'Project preparation phase B','',660,1080000,5,0,NULL,12,NULL,2,NULL,NULL,0,NULL,NULL,1,1),
(8,'TK1607-0006',1,6,0,'2018-07-30 15:33:53','2023-02-23 21:11:30','2018-07-30 02:00:00',NULL,NULL,'Project execution phase A','',7200,162000,0,0,NULL,12,NULL,0,NULL,NULL,0,NULL,NULL,1,1),
(9,'TK1607-0007',1,6,0,'2018-07-30 15:34:09','2018-07-30 11:34:09','2018-10-27 02:00:00',NULL,NULL,'Project execution phase B','',0,2160000,0,0,NULL,12,NULL,0,NULL,NULL,0,NULL,NULL,1,1),
(10,'TK1007-0008',1,1,0,'2018-07-30 15:36:31','2018-07-30 11:36:31','2018-07-30 02:00:00',NULL,NULL,'Tests','',0,316800,0,0,NULL,12,NULL,0,NULL,NULL,0,NULL,NULL,1,1);

--
-- Table structure for table `llx_projet_task_extrafields`
--

CREATE TABLE `llx_projet_task_extrafields` (
  `rowid` int(11) NOT NULL AUTO_INCREMENT,
  `tms` timestamp NOT NULL DEFAULT current_timestamp() ON UPDATE current_timestamp(),
  `fk_object` int(11) NOT NULL,
  `import_key` varchar(14) DEFAULT NULL,
  PRIMARY KEY (`rowid`),
  UNIQUE KEY `uk_projet_task_extrafields` (`fk_object`)
) ENGINE=InnoDB DEFAULT CHARSET=utf8mb3 COLLATE=utf8mb3_unicode_ci;

--
-- Dumping data for table `llx_projet_task_extrafields`
--


--
-- Table structure for table `llx_propal`
--

CREATE TABLE `llx_propal` (
  `rowid` int(11) NOT NULL AUTO_INCREMENT,
  `fk_soc` int(11) DEFAULT NULL,
  `fk_projet` int(11) DEFAULT NULL,
  `tms` timestamp NOT NULL DEFAULT current_timestamp() ON UPDATE current_timestamp(),
  `ref` varchar(30) NOT NULL,
  `entity` int(11) NOT NULL DEFAULT 1,
  `ref_ext` varchar(255) DEFAULT NULL,
  `ref_int` varchar(255) DEFAULT NULL,
  `ref_client` varchar(255) DEFAULT NULL,
  `datec` datetime DEFAULT NULL,
  `datep` date DEFAULT NULL,
  `fin_validite` datetime DEFAULT NULL,
  `date_valid` datetime DEFAULT NULL,
  `date_signature` datetime DEFAULT NULL,
  `date_cloture` datetime DEFAULT NULL,
  `fk_user_author` int(11) DEFAULT NULL,
  `fk_user_modif` int(11) DEFAULT NULL,
  `fk_user_valid` int(11) DEFAULT NULL,
  `fk_user_signature` int(11) DEFAULT NULL,
  `fk_user_cloture` int(11) DEFAULT NULL,
  `fk_statut` smallint(6) NOT NULL DEFAULT 0,
  `price` double DEFAULT 0,
  `remise_percent` double DEFAULT 0,
  `remise_absolue` double DEFAULT 0,
  `remise` double DEFAULT 0,
  `total_ht` double(24,8) DEFAULT 0.00000000,
  `total_tva` double(24,8) DEFAULT 0.00000000,
  `localtax1` double(24,8) DEFAULT 0.00000000,
  `localtax2` double(24,8) DEFAULT 0.00000000,
  `total_ttc` double(24,8) DEFAULT 0.00000000,
  `fk_account` int(11) DEFAULT NULL,
  `fk_currency` varchar(3) DEFAULT NULL,
  `fk_cond_reglement` int(11) DEFAULT NULL,
  `deposit_percent` varchar(63) DEFAULT NULL,
  `fk_mode_reglement` int(11) DEFAULT NULL,
  `note_private` text DEFAULT NULL,
  `note_public` text DEFAULT NULL,
  `model_pdf` varchar(255) DEFAULT NULL,
  `model_pdf_pos_sign` varchar(32) DEFAULT NULL,
  `date_livraison` date DEFAULT NULL,
  `fk_shipping_method` int(11) DEFAULT NULL,
  `fk_warehouse` int(11) DEFAULT NULL,
  `fk_availability` int(11) DEFAULT NULL,
  `fk_delivery_address` int(11) DEFAULT NULL,
  `fk_input_reason` int(11) DEFAULT NULL,
  `import_key` varchar(14) DEFAULT NULL,
  `extraparams` varchar(255) DEFAULT NULL,
  `fk_incoterms` int(11) DEFAULT NULL,
  `location_incoterms` varchar(255) DEFAULT NULL,
  `fk_multicurrency` int(11) DEFAULT NULL,
  `multicurrency_code` varchar(3) DEFAULT NULL,
  `multicurrency_tx` double(24,8) DEFAULT 1.00000000,
  `multicurrency_total_ht` double(24,8) DEFAULT 0.00000000,
  `multicurrency_total_tva` double(24,8) DEFAULT 0.00000000,
  `multicurrency_total_ttc` double(24,8) DEFAULT 0.00000000,
  `last_main_doc` varchar(255) DEFAULT NULL,
  `online_sign_ip` varchar(48) DEFAULT NULL,
  `online_sign_name` varchar(64) DEFAULT NULL,
  PRIMARY KEY (`rowid`),
  UNIQUE KEY `uk_propal_ref` (`ref`,`entity`),
  KEY `idx_propal_fk_soc` (`fk_soc`),
  KEY `idx_propal_fk_user_author` (`fk_user_author`),
  KEY `idx_propal_fk_user_valid` (`fk_user_valid`),
  KEY `idx_propal_fk_user_cloture` (`fk_user_cloture`),
  KEY `idx_propal_fk_projet` (`fk_projet`),
  KEY `idx_propal_fk_account` (`fk_account`),
  KEY `idx_propal_fk_currency` (`fk_currency`),
  KEY `idx_propal_fk_warehouse` (`fk_warehouse`),
  KEY `fk_propal_fk_user_signature` (`fk_user_signature`),
  CONSTRAINT `fk_propal_fk_projet` FOREIGN KEY (`fk_projet`) REFERENCES `llx_projet` (`rowid`),
  CONSTRAINT `fk_propal_fk_soc` FOREIGN KEY (`fk_soc`) REFERENCES `llx_societe` (`rowid`),
  CONSTRAINT `fk_propal_fk_user_author` FOREIGN KEY (`fk_user_author`) REFERENCES `llx_user` (`rowid`),
  CONSTRAINT `fk_propal_fk_user_cloture` FOREIGN KEY (`fk_user_cloture`) REFERENCES `llx_user` (`rowid`),
  CONSTRAINT `fk_propal_fk_user_signature` FOREIGN KEY (`fk_user_signature`) REFERENCES `llx_user` (`rowid`),
  CONSTRAINT `fk_propal_fk_user_valid` FOREIGN KEY (`fk_user_valid`) REFERENCES `llx_user` (`rowid`)
) ENGINE=InnoDB AUTO_INCREMENT=44 DEFAULT CHARSET=utf8mb3 COLLATE=utf8mb3_unicode_ci;

--
-- Dumping data for table `llx_propal`
--

INSERT INTO `llx_propal` VALUES
(1,2,NULL,'2026-02-15 18:44:54','PR1007-0001',1,NULL,NULL,'','2012-07-09 01:33:49','2024-07-09','2023-07-24 12:00:00','2023-08-08 14:24:18',NULL,NULL,1,NULL,1,NULL,NULL,1,0,NULL,NULL,0,30.00000000,3.84000000,0.00000000,0.00000000,33.84000000,NULL,NULL,1,NULL,0,'','','azur',NULL,NULL,NULL,NULL,NULL,NULL,0,NULL,NULL,NULL,NULL,NULL,NULL,1.00000000,0.00000000,0.00000000,0.00000000,'propale/PR1007-0001/PR1007-0001.pdf',NULL,NULL),
(2,1,NULL,'2026-02-15 18:44:54','PR1007-0002',1,NULL,NULL,'','2012-07-10 02:11:44','2024-07-10','2023-07-25 12:00:00','2024-07-10 02:12:55','2020-07-20 15:23:12','2023-07-20 15:23:12',1,NULL,1,1,1,2,0,NULL,NULL,0,10.00000000,0.00000000,0.00000000,0.00000000,10.00000000,NULL,NULL,1,NULL,1,'','','azur',NULL,NULL,NULL,NULL,NULL,NULL,0,NULL,NULL,NULL,NULL,NULL,NULL,1.00000000,0.00000000,0.00000000,0.00000000,'propale/PR1007-0002/PR1007-0002.pdf',NULL,NULL),
(3,4,NULL,'2026-02-15 18:44:54','PR1007-0003',1,NULL,NULL,'','2012-07-18 11:35:11','2024-07-18','2024-08-02 12:00:00','2024-07-18 11:36:18','2020-07-20 15:21:15','2024-07-20 15:21:15',1,NULL,1,1,1,2,0,NULL,NULL,0,10.00000000,0.00000000,0.00000000,0.00000000,10.00000000,NULL,NULL,1,NULL,0,'','','azur',NULL,NULL,NULL,NULL,NULL,NULL,0,NULL,NULL,NULL,NULL,NULL,NULL,1.00000000,0.00000000,0.00000000,0.00000000,'propale/PR1007-0003/PR1007-0003.pdf',NULL,NULL),
(5,19,NULL,'2026-02-15 18:44:54','PR1302-0005',1,NULL,NULL,'','2015-02-17 15:39:56','2024-02-17','2024-03-04 12:00:00','2023-11-15 23:27:10',NULL,NULL,1,NULL,12,NULL,NULL,1,0,NULL,NULL,0,10.00000000,2.00000000,0.00000000,0.00000000,12.00000000,NULL,NULL,1,NULL,0,'','','azur',NULL,NULL,NULL,NULL,0,NULL,0,NULL,NULL,NULL,NULL,NULL,NULL,1.00000000,0.00000000,0.00000000,0.00000000,'propale/PR1302-0005/PR1302-0005.pdf',NULL,NULL),
(6,19,NULL,'2026-02-15 18:44:54','PR1302-0006',1,NULL,NULL,'','2015-02-17 15:40:12','2024-02-17','2024-03-04 12:00:00',NULL,NULL,NULL,1,NULL,NULL,NULL,NULL,0,0,NULL,NULL,0,0.00000000,0.00000000,0.00000000,0.00000000,0.00000000,NULL,NULL,1,NULL,0,'','','azur',NULL,NULL,NULL,NULL,0,NULL,0,NULL,NULL,NULL,NULL,NULL,NULL,1.00000000,0.00000000,0.00000000,0.00000000,'propale/PR1302-0006/PR1302-0006.pdf',NULL,NULL),
(7,19,NULL,'2026-02-15 18:44:54','PR1302-0007',1,NULL,NULL,'','2015-02-17 15:41:15','2024-02-17','2024-03-04 12:00:00','2023-01-29 21:49:33',NULL,NULL,1,NULL,12,NULL,NULL,1,0,NULL,NULL,0,400.00000000,0.00000000,0.00000000,0.00000000,400.00000000,NULL,NULL,1,NULL,0,'','','azur',NULL,NULL,NULL,NULL,0,NULL,0,NULL,NULL,NULL,NULL,NULL,NULL,1.00000000,400.00000000,0.00000000,400.00000000,'propale/PR1302-0007/PR1302-0007.pdf',NULL,NULL),
(8,19,NULL,'2026-02-15 18:44:54','PR1302-0008',1,NULL,NULL,'','2015-02-17 15:43:39','2024-02-17','2024-03-04 12:00:00',NULL,NULL,NULL,1,NULL,NULL,NULL,NULL,0,0,NULL,NULL,0,0.00000000,0.00000000,0.00000000,0.00000000,0.00000000,NULL,NULL,1,NULL,0,'','','azur',NULL,NULL,NULL,NULL,0,NULL,0,NULL,NULL,NULL,NULL,NULL,NULL,1.00000000,0.00000000,0.00000000,0.00000000,'propale/PR1302-0008/PR1302-0008.pdf',NULL,NULL),
(10,7,4,'2026-02-15 18:44:54','PR1909-0031',1,NULL,NULL,'','2017-11-15 23:37:08','2024-11-15','2024-11-30 12:00:00','2024-09-27 16:54:30',NULL,NULL,12,NULL,12,NULL,NULL,1,0,NULL,NULL,0,10.00000000,0.00000000,0.00000000,0.00000000,10.00000000,NULL,NULL,1,NULL,3,'','','azur',NULL,NULL,NULL,NULL,0,NULL,0,NULL,NULL,0,'',NULL,NULL,1.00000000,10.00000000,0.00000000,10.00000000,'propale/PR1909-0031/PR1909-0031.pdf',NULL,NULL),
(11,1,NULL,'2026-02-15 18:44:54','PR1702-0009',1,NULL,NULL,'','2017-02-16 01:44:58','2024-05-13','2024-05-28 12:00:00','2024-02-16 01:44:58',NULL,NULL,1,NULL,1,NULL,NULL,1,0,NULL,NULL,0,60.00000000,0.00000000,0.00000000,0.00000000,60.00000000,NULL,NULL,3,NULL,3,'','','',NULL,NULL,NULL,NULL,0,NULL,0,NULL,NULL,0,'',0,'EUR',1.00000000,60.00000000,0.00000000,60.00000000,'propale/PR1702-0009/PR1702-0009.pdf',NULL,NULL),
(12,7,NULL,'2026-02-15 18:44:54','PR1702-0010',1,NULL,NULL,'','2017-02-16 01:45:44','2024-06-24','2023-07-09 12:00:00','2024-02-16 01:45:44',NULL,NULL,2,NULL,2,NULL,NULL,1,0,NULL,NULL,0,832.00000000,0.00000000,0.00000000,0.00000000,832.00000000,NULL,NULL,3,NULL,3,'','','',NULL,NULL,NULL,NULL,0,NULL,0,NULL,NULL,0,'',0,'EUR',1.00000000,832.00000000,0.00000000,832.00000000,'propale/PR1702-0010/PR1702-0010.pdf',NULL,NULL),
(13,26,NULL,'2026-02-15 18:44:54','PR1702-0011',1,NULL,NULL,'','2017-02-16 01:46:15','2024-04-03','2023-04-18 12:00:00','2024-02-16 01:46:15',NULL,NULL,1,NULL,1,NULL,NULL,1,0,NULL,NULL,0,242.00000000,0.00000000,0.00000000,0.00000000,242.00000000,NULL,NULL,3,NULL,3,'','','',NULL,NULL,NULL,NULL,0,NULL,0,NULL,NULL,0,'',0,'EUR',1.00000000,242.00000000,0.00000000,242.00000000,'propale/PR1702-0011/PR1702-0011.pdf',NULL,NULL),
(14,3,NULL,'2026-02-15 18:44:54','PR1702-0012',1,NULL,NULL,'','2017-02-16 01:46:15','2024-06-19','2023-07-04 12:00:00','2024-02-16 01:46:15',NULL,NULL,2,NULL,2,NULL,NULL,1,0,NULL,NULL,0,245.00000000,0.00000000,0.00000000,0.00000000,245.00000000,NULL,NULL,3,NULL,3,'','','',NULL,NULL,NULL,NULL,0,NULL,0,NULL,NULL,0,'',0,'EUR',1.00000000,245.00000000,0.00000000,245.00000000,'propale/PR1702-0012/PR1702-0012.pdf',NULL,NULL),
(15,26,NULL,'2026-02-15 18:44:54','PR1702-0013',1,NULL,NULL,'','2017-02-16 01:46:15','2024-05-01','2024-05-16 12:00:00','2023-02-16 01:46:15',NULL,NULL,2,NULL,2,NULL,NULL,1,0,NULL,NULL,0,940.00000000,0.00000000,0.00000000,0.00000000,940.00000000,NULL,NULL,3,NULL,3,'','','',NULL,NULL,NULL,NULL,0,NULL,0,NULL,NULL,0,'',0,'EUR',1.00000000,940.00000000,0.00000000,940.00000000,'propale/PR1702-0013/PR1702-0013.pdf',NULL,NULL),
(16,1,NULL,'2026-02-15 18:44:54','PR1702-0014',1,NULL,NULL,'','2017-02-16 01:46:15','2024-05-13','2024-05-28 12:00:00','2024-02-16 01:46:15',NULL,NULL,2,NULL,2,NULL,NULL,1,0,NULL,NULL,0,125.00000000,0.00000000,0.00000000,0.00000000,125.00000000,NULL,NULL,3,NULL,3,'','','',NULL,NULL,NULL,NULL,0,NULL,0,NULL,NULL,0,'',0,'EUR',1.00000000,125.00000000,0.00000000,125.00000000,'propale/PR1702-0014/PR1702-0014.pdf',NULL,NULL),
(17,1,NULL,'2026-02-15 18:44:54','PR1702-0015',1,NULL,NULL,'','2017-02-16 01:46:15','2024-07-23','2024-08-07 12:00:00','2024-02-16 01:46:15',NULL,NULL,1,NULL,1,NULL,NULL,1,0,NULL,NULL,0,163.00000000,0.00000000,0.00000000,0.00000000,163.00000000,NULL,NULL,3,NULL,3,'','','',NULL,NULL,NULL,NULL,0,NULL,0,NULL,NULL,0,'',0,'EUR',1.00000000,163.00000000,0.00000000,163.00000000,'propale/PR1702-0015/PR1702-0015.pdf',NULL,NULL),
(18,26,NULL,'2026-02-15 18:44:54','PR1702-0016',1,NULL,NULL,'','2017-02-16 01:46:15','2024-02-13','2024-02-28 12:00:00','2024-02-16 01:46:15',NULL,NULL,2,NULL,2,NULL,NULL,1,0,NULL,NULL,0,900.00000000,0.00000000,0.00000000,0.00000000,900.00000000,NULL,NULL,3,NULL,3,'','','',NULL,NULL,NULL,NULL,0,NULL,0,NULL,NULL,0,'',0,'EUR',1.00000000,900.00000000,0.00000000,900.00000000,'propale/PR1702-0016/PR1702-0016.pdf',NULL,NULL),
(19,12,NULL,'2026-02-15 18:44:54','PR1702-0017',1,NULL,NULL,'','2017-02-16 01:46:15','2024-03-30','2024-04-14 12:00:00','2024-02-16 01:46:15',NULL,NULL,2,NULL,2,NULL,NULL,1,0,NULL,NULL,0,200.00000000,0.00000000,0.00000000,0.00000000,200.00000000,NULL,NULL,3,NULL,3,'','','',NULL,NULL,NULL,NULL,0,NULL,0,NULL,NULL,0,'',0,'EUR',1.00000000,200.00000000,0.00000000,200.00000000,'propale/PR1702-0017/PR1702-0017.pdf',NULL,NULL),
(20,26,NULL,'2026-02-15 18:44:54','PR1702-0018',1,NULL,NULL,'','2017-02-16 01:46:15','2024-11-13','2024-11-28 12:00:00','2024-02-16 01:46:15',NULL,NULL,1,NULL,1,NULL,NULL,1,0,NULL,NULL,0,830.00000000,0.00000000,0.00000000,0.00000000,830.00000000,NULL,NULL,3,NULL,3,'','','',NULL,NULL,NULL,NULL,0,NULL,0,NULL,NULL,0,'',0,'EUR',1.00000000,830.00000000,0.00000000,830.00000000,'propale/PR1702-0018/PR1702-0018.pdf',NULL,NULL),
(21,1,NULL,'2026-02-15 18:44:54','PR1702-0019',1,NULL,NULL,'','2017-02-16 01:46:15','2024-09-23','2024-10-08 12:00:00','2024-02-16 04:47:09',NULL,NULL,1,NULL,12,NULL,NULL,1,0,NULL,NULL,0,89.00000000,0.00000000,0.00000000,0.00000000,89.00000000,NULL,NULL,3,NULL,3,'','','',NULL,NULL,NULL,NULL,0,NULL,0,NULL,NULL,0,'',0,'EUR',1.00000000,89.00000000,0.00000000,89.00000000,'propale/PR1702-0019/PR1702-0019.pdf',NULL,NULL),
(22,26,NULL,'2026-02-15 18:44:54','PR1702-0020',1,NULL,NULL,'','2017-02-16 01:46:15','2024-11-13','2024-11-28 12:00:00','2024-02-16 01:46:15',NULL,NULL,1,NULL,1,NULL,NULL,0,0,NULL,NULL,0,75.00000000,0.30000000,0.00000000,0.00000000,75.30000000,NULL,NULL,3,NULL,3,'','','',NULL,NULL,NULL,NULL,0,NULL,0,NULL,NULL,0,'',0,'EUR',1.00000000,75.00000000,0.30000000,75.30000000,'propale/PR1702-0020/PR1702-0020.pdf',NULL,NULL),
(23,12,NULL,'2026-02-15 18:44:54','PR1702-0021',1,NULL,NULL,'','2017-02-16 01:46:17','2024-04-03','2023-04-18 12:00:00','2023-02-17 16:07:18',NULL,NULL,2,NULL,12,NULL,NULL,1,0,NULL,NULL,0,715.00000000,0.00000000,0.00000000,0.00000000,715.00000000,NULL,NULL,3,NULL,3,'','','',NULL,NULL,NULL,NULL,0,NULL,0,NULL,NULL,0,'',0,'EUR',1.00000000,715.00000000,0.00000000,715.00000000,'propale/PR1702-0021/PR1702-0021.pdf',NULL,NULL),
(24,7,NULL,'2026-02-15 18:44:54','PR1702-0022',1,NULL,NULL,'','2017-02-16 01:46:17','2024-11-13','2024-11-28 12:00:00','2024-02-16 01:46:17',NULL,NULL,2,NULL,2,NULL,NULL,1,0,NULL,NULL,0,250.00000000,0.00000000,0.00000000,0.00000000,250.00000000,NULL,NULL,3,NULL,3,'','','',NULL,NULL,NULL,NULL,0,NULL,0,NULL,NULL,0,'',0,'EUR',1.00000000,250.00000000,0.00000000,250.00000000,'propale/PR1702-0022/PR1702-0022.pdf',NULL,NULL),
(25,3,NULL,'2026-02-15 18:44:54','PR1702-0023',1,NULL,NULL,'','2017-02-16 01:46:17','2024-07-09','2023-07-24 12:00:00','2024-02-16 01:46:17','2020-02-16 04:47:29','2024-02-16 04:47:29',1,NULL,1,12,12,4,0,NULL,NULL,0,1018.00000000,0.00000000,0.00000000,0.00000000,1018.00000000,NULL,NULL,3,NULL,3,'','','',NULL,NULL,NULL,NULL,0,NULL,0,NULL,NULL,0,'',0,'EUR',1.00000000,1018.00000000,0.00000000,1018.00000000,'propale/PR1702-0023/PR1702-0023.pdf',NULL,NULL),
(26,1,NULL,'2026-02-15 18:44:54','PR1702-0024',1,NULL,NULL,'','2017-02-16 01:46:17','2024-04-03','2023-04-18 12:00:00','2023-02-16 01:46:18',NULL,NULL,2,NULL,2,NULL,NULL,1,0,NULL,NULL,0,710.00000000,0.00000000,0.00000000,0.00000000,710.00000000,NULL,NULL,3,NULL,3,'','','',NULL,NULL,NULL,NULL,0,NULL,0,NULL,NULL,0,'',0,'EUR',1.00000000,710.00000000,0.00000000,710.00000000,'propale/PR1702-0024/PR1702-0024.pdf',NULL,NULL),
(27,6,NULL,'2026-02-15 18:44:54','PR1702-0025',1,NULL,NULL,'','2017-02-16 01:46:18','2024-11-12','2024-11-27 12:00:00','2024-02-16 01:46:18',NULL,NULL,1,NULL,1,NULL,NULL,1,0,NULL,NULL,0,300.00000000,0.00000000,0.00000000,0.00000000,300.00000000,NULL,NULL,3,NULL,3,'','','',NULL,NULL,NULL,NULL,0,NULL,0,NULL,NULL,0,'',0,'EUR',1.00000000,300.00000000,0.00000000,300.00000000,'propale/PR1702-0025/PR1702-0025.pdf',NULL,NULL),
(28,19,NULL,'2026-02-15 18:44:54','PR1702-0026',1,NULL,NULL,'','2017-02-16 01:46:18','2024-07-30','2024-08-14 12:00:00','2024-02-16 01:46:18','2020-02-16 04:46:31','2024-02-16 04:46:31',2,NULL,2,12,12,2,0,NULL,NULL,0,440.00000000,0.00000000,0.00000000,0.00000000,440.00000000,NULL,NULL,3,NULL,3,'','','',NULL,NULL,NULL,NULL,0,NULL,0,NULL,NULL,0,'',0,'EUR',1.00000000,440.00000000,0.00000000,440.00000000,'propale/PR1702-0026/PR1702-0026.pdf',NULL,NULL),
(29,1,NULL,'2026-02-15 18:44:54','PR1702-0027',1,NULL,NULL,'','2017-02-16 01:46:18','2024-07-23','2024-08-07 12:00:00','2024-02-16 01:46:18','2021-12-20 20:50:23','2024-12-20 20:50:23',2,NULL,2,12,12,2,0,NULL,NULL,0,1000.00000000,0.00000000,0.00000000,0.00000000,1000.00000000,NULL,NULL,3,NULL,3,'','','',NULL,NULL,NULL,NULL,0,NULL,0,NULL,NULL,0,'',0,'EUR',1.00000000,1000.00000000,0.00000000,1000.00000000,'propale/PR1702-0027/PR1702-0027.pdf',NULL,NULL),
(30,1,NULL,'2026-02-15 18:44:54','PR1702-0028',1,NULL,NULL,'','2017-02-16 01:46:18','2024-05-01','2024-05-16 12:00:00','2023-02-16 01:46:18','2019-02-16 04:46:42','2023-02-16 04:46:42',2,NULL,2,12,12,3,0,NULL,NULL,0,1200.00000000,0.00000000,0.00000000,0.00000000,1200.00000000,NULL,NULL,3,NULL,3,'','','',NULL,NULL,NULL,NULL,0,NULL,0,NULL,NULL,0,'',0,'EUR',1.00000000,1200.00000000,0.00000000,1200.00000000,'propale/PR1702-0028/PR1702-0028.pdf',NULL,NULL),
(31,11,NULL,'2026-02-15 18:44:54','PR1702-0029',1,NULL,NULL,'','2017-02-16 01:46:18','2024-06-24','2023-07-09 12:00:00','2024-02-16 01:46:18',NULL,NULL,1,NULL,1,NULL,NULL,1,0,NULL,NULL,0,720.00000000,0.00000000,0.00000000,0.00000000,720.00000000,NULL,NULL,3,NULL,3,'','','',NULL,NULL,NULL,NULL,0,NULL,0,NULL,NULL,0,'',0,'EUR',1.00000000,720.00000000,0.00000000,720.00000000,'propale/PR1702-0029/PR1702-0029.pdf',NULL,NULL),
(32,19,NULL,'2026-02-15 18:44:54','PR1702-0030',1,NULL,NULL,'','2017-02-16 01:46:18','2024-11-12','2024-11-27 12:00:00','2024-02-16 01:46:18',NULL,NULL,2,NULL,2,NULL,NULL,1,0,NULL,NULL,0,608.00000000,0.00000000,0.00000000,0.00000000,608.00000000,NULL,NULL,3,NULL,3,'','','',NULL,NULL,NULL,NULL,0,NULL,0,NULL,NULL,0,'',0,'EUR',1.00000000,608.00000000,0.00000000,608.00000000,'propale/PR1702-0030/PR1702-0030.pdf',NULL,NULL),
(33,10,6,'2026-02-15 18:44:54','PR1909-0032',1,NULL,NULL,'','2019-09-27 17:07:40','2024-09-27','2024-10-12 12:00:00','2024-09-27 17:08:59',NULL,NULL,12,12,12,NULL,NULL,1,0,NULL,NULL,0,0.00000000,0.00000000,0.00000000,0.00000000,0.00000000,NULL,NULL,NULL,NULL,NULL,'This is a private note','This is a public note','azur',NULL,NULL,NULL,NULL,0,NULL,0,NULL,NULL,0,'',1,'EUR',1.00000000,0.00000000,0.00000000,0.00000000,'propale/PR1909-0032/PR1909-0032.pdf',NULL,NULL),
(34,10,6,'2026-02-15 18:44:54','PR1909-0033',1,NULL,NULL,'','2019-09-27 17:11:21','2024-09-27','2024-10-12 12:00:00','2024-09-27 17:13:13','2020-01-07 23:43:06',NULL,12,12,12,12,NULL,0,0,NULL,NULL,0,18.00000000,0.00000000,0.00000000,0.00000000,18.00000000,NULL,NULL,NULL,NULL,NULL,NULL,'a &amp; a<br />\r\nb &lt; r','azur',NULL,NULL,NULL,NULL,0,NULL,0,NULL,NULL,0,'',1,'EUR',1.00000000,18.00000000,0.00000000,18.00000000,'propale/PR1909-0033/PR1909-0033.pdf',NULL,NULL),
(35,10,NULL,'2026-02-15 18:44:54','(PROV35)',1,NULL,NULL,'','2019-09-27 17:53:44','2024-09-27','2024-10-12 12:00:00',NULL,NULL,NULL,12,NULL,NULL,NULL,NULL,0,0,NULL,NULL,0,5.00000000,0.00000000,0.00000000,0.00000000,5.00000000,NULL,NULL,NULL,NULL,NULL,'','','azur',NULL,NULL,NULL,NULL,0,NULL,0,NULL,NULL,0,'',1,'EUR',1.00000000,5.00000000,0.00000000,5.00000000,'propale/(PROV35)/(PROV35).pdf',NULL,NULL),
(36,1,10,'2026-02-15 18:44:54','PR2001-0034',1,NULL,NULL,'','2020-01-01 23:55:35','2024-01-01','2023-01-16 12:00:00','2023-03-20 10:08:48','2025-03-20 10:57:57',NULL,12,12,12,12,NULL,2,0,NULL,NULL,0,38.00000000,0.24000000,1.62000000,1.62000000,41.48000000,NULL,NULL,NULL,NULL,NULL,'','','cyan',NULL,NULL,2,NULL,0,NULL,0,NULL,'{\"concatpdf\":[\"bordereau-CHK2503-0147\"]}',0,'',1,'EUR',1.00000000,38.00000000,0.24000000,41.48000000,'propale/PR2001-0034/PR2001-0034.pdf','192.168.0.1',NULL),
(37,10,NULL,'2026-02-15 18:44:54','(PROV37)',1,NULL,NULL,'','2020-01-06 00:44:16','2024-01-05','2023-01-20 12:00:00',NULL,NULL,NULL,12,NULL,NULL,NULL,NULL,0,0,NULL,NULL,0,10.00000000,0.00000000,0.00000000,0.00000000,10.00000000,NULL,NULL,NULL,NULL,NULL,'','','azur',NULL,NULL,NULL,NULL,0,NULL,0,NULL,NULL,0,'',1,'EUR',1.00000000,10.00000000,0.00000000,10.00000000,'propale/(PROV37)/(PROV37).pdf',NULL,NULL),
(38,30,NULL,'2026-02-15 18:44:54','(PROV38)',1,NULL,NULL,'','2020-01-13 17:25:28','2024-01-13','2024-01-28 12:00:00',NULL,NULL,NULL,12,NULL,NULL,NULL,NULL,0,0,NULL,NULL,0,0.00000000,0.00000000,0.00000000,0.00000000,0.00000000,NULL,NULL,NULL,NULL,NULL,'','','azur',NULL,NULL,NULL,NULL,0,NULL,0,NULL,NULL,0,'',1,'EUR',1.00000000,0.00000000,0.00000000,0.00000000,'propale/(PROV38)/(PROV38).pdf',NULL,NULL),
(39,1,NULL,'2026-02-15 18:44:54','(PROV39)',1,'',NULL,'','2023-03-11 15:30:02','2024-03-11','2024-03-26 12:00:00',NULL,NULL,NULL,12,NULL,NULL,NULL,NULL,0,0,NULL,NULL,0,41.97000000,3.63000000,1.96000000,1.96000000,49.52000000,NULL,NULL,NULL,NULL,NULL,'','','azur',NULL,NULL,NULL,NULL,0,NULL,0,NULL,NULL,0,'',1,'EUR',1.00000000,41.97000000,3.63000000,49.52000000,'propale/(PROV39)/(PROV39).pdf',NULL,NULL),
(40,34,NULL,'2026-02-15 18:44:54','(PROV40)',1,'',NULL,'','2024-12-18 20:36:36','2024-12-18','2025-01-02 12:00:00',NULL,NULL,NULL,12,NULL,NULL,NULL,NULL,0,0,0,0,0,0.00000000,0.00000000,0.00000000,0.00000000,0.00000000,NULL,NULL,NULL,NULL,NULL,'','','azur',NULL,NULL,NULL,NULL,0,NULL,0,NULL,NULL,0,'',1,'EUR',1.00000000,0.00000000,0.00000000,0.00000000,'propale/(PROV40)/(PROV40).pdf',NULL,NULL),
(42,32,NULL,'2026-02-15 18:44:54','(PROV42)',1,'',NULL,'','2025-04-07 14:53:14','2024-04-07','2024-04-22 12:00:00',NULL,NULL,NULL,12,NULL,NULL,NULL,NULL,0,0,0,0,0,9.00000000,0.00000000,0.00000000,0.00000000,9.00000000,NULL,NULL,NULL,NULL,NULL,'','','azur',NULL,NULL,NULL,NULL,0,NULL,0,NULL,NULL,0,'',1,'EUR',1.00000000,9.00000000,0.00000000,9.00000000,'propale/(PROV42)/(PROV42).pdf',NULL,NULL),
(43,32,NULL,'2026-02-15 18:44:54','(PROV43)',1,'',NULL,'','2025-04-25 11:44:35','2024-04-25','2024-05-10 12:00:00',NULL,NULL,NULL,12,NULL,NULL,NULL,NULL,0,0,0,0,0,0.00000000,0.00000000,0.00000000,0.00000000,0.00000000,NULL,NULL,NULL,NULL,NULL,'','','azur',NULL,NULL,NULL,NULL,0,NULL,0,NULL,NULL,0,'',1,'EUR',1.00000000,0.00000000,0.00000000,0.00000000,'propale/(PROV43)/(PROV43).pdf',NULL,NULL);

--
-- Table structure for table `llx_propal_extrafields`
--

CREATE TABLE `llx_propal_extrafields` (
  `rowid` int(11) NOT NULL AUTO_INCREMENT,
  `tms` timestamp NOT NULL DEFAULT current_timestamp() ON UPDATE current_timestamp(),
  `fk_object` int(11) NOT NULL,
  `import_key` varchar(14) DEFAULT NULL,
  PRIMARY KEY (`rowid`),
  UNIQUE KEY `uk_propal_extrafields` (`fk_object`)
) ENGINE=InnoDB DEFAULT CHARSET=utf8mb3 COLLATE=utf8mb3_unicode_ci;

--
-- Dumping data for table `llx_propal_extrafields`
--


--
-- Table structure for table `llx_propal_merge_pdf_product`
--

CREATE TABLE `llx_propal_merge_pdf_product` (
  `rowid` int(11) NOT NULL AUTO_INCREMENT,
  `fk_product` int(11) NOT NULL,
  `file_name` varchar(200) NOT NULL,
  `lang` varchar(5) DEFAULT NULL,
  `fk_user_author` int(11) DEFAULT NULL,
  `fk_user_mod` int(11) NOT NULL,
  `datec` datetime NOT NULL,
  `tms` timestamp NOT NULL DEFAULT current_timestamp() ON UPDATE current_timestamp(),
  `import_key` varchar(14) DEFAULT NULL,
  PRIMARY KEY (`rowid`)
) ENGINE=InnoDB DEFAULT CHARSET=utf8mb3 COLLATE=utf8mb3_unicode_ci;

--
-- Dumping data for table `llx_propal_merge_pdf_product`
--


--
-- Table structure for table `llx_propaldet`
--

CREATE TABLE `llx_propaldet` (
  `rowid` int(11) NOT NULL AUTO_INCREMENT,
  `fk_propal` int(11) DEFAULT NULL,
  `fk_parent_line` int(11) DEFAULT NULL,
  `fk_product` int(11) DEFAULT NULL,
  `label` varchar(255) DEFAULT NULL,
  `description` text DEFAULT NULL,
  `fk_remise_except` int(11) DEFAULT NULL,
  `tva_tx` double(6,3) DEFAULT 0.000,
  `vat_src_code` varchar(10) DEFAULT '',
  `localtax1_tx` double(6,3) DEFAULT 0.000,
  `localtax1_type` varchar(10) NOT NULL DEFAULT '0',
  `localtax2_tx` double(6,3) DEFAULT 0.000,
  `localtax2_type` varchar(10) NOT NULL DEFAULT '0',
  `qty` double DEFAULT NULL,
  `remise_percent` double DEFAULT 0,
  `remise` double DEFAULT 0,
  `price` double DEFAULT NULL,
  `subprice` double(24,8) DEFAULT 0.00000000,
  `subprice_ttc` double(24,8) DEFAULT 0.00000000,
  `total_ht` double(24,8) DEFAULT 0.00000000,
  `total_tva` double(24,8) DEFAULT 0.00000000,
  `total_localtax1` double(24,8) DEFAULT 0.00000000,
  `total_localtax2` double(24,8) DEFAULT 0.00000000,
  `total_ttc` double(24,8) DEFAULT 0.00000000,
  `product_type` int(11) DEFAULT 0,
  `date_start` datetime DEFAULT NULL,
  `date_end` datetime DEFAULT NULL,
  `info_bits` int(11) DEFAULT 0,
  `fk_product_fournisseur_price` int(11) DEFAULT NULL,
  `buy_price_ht` double(24,8) DEFAULT 0.00000000,
  `special_code` int(10) unsigned DEFAULT 0,
  `rang` int(11) DEFAULT 0,
  `fk_unit` int(11) DEFAULT NULL,
  `fk_multicurrency` int(11) DEFAULT NULL,
  `multicurrency_code` varchar(3) DEFAULT NULL,
  `multicurrency_subprice` double(24,8) DEFAULT 0.00000000,
  `multicurrency_subprice_ttc` double(24,8) DEFAULT 0.00000000,
  `multicurrency_total_ht` double(24,8) DEFAULT 0.00000000,
  `multicurrency_total_tva` double(24,8) DEFAULT 0.00000000,
  `multicurrency_total_ttc` double(24,8) DEFAULT 0.00000000,
  `extraparams` varchar(255) DEFAULT NULL,
  PRIMARY KEY (`rowid`),
  KEY `idx_propaldet_fk_propal` (`fk_propal`),
  KEY `idx_propaldet_fk_product` (`fk_product`),
  KEY `fk_propaldet_fk_unit` (`fk_unit`),
  CONSTRAINT `fk_propaldet_fk_propal` FOREIGN KEY (`fk_propal`) REFERENCES `llx_propal` (`rowid`),
  CONSTRAINT `fk_propaldet_fk_unit` FOREIGN KEY (`fk_unit`) REFERENCES `llx_c_units` (`rowid`)
) ENGINE=InnoDB AUTO_INCREMENT=150 DEFAULT CHARSET=utf8mb3 COLLATE=utf8mb3_unicode_ci;

--
-- Dumping data for table `llx_propaldet`
--

INSERT INTO `llx_propaldet` VALUES
(1,1,NULL,NULL,NULL,'Une machine à café',NULL,12.500,'',0.000,'',0.000,'',1,0,0,NULL,10.00000000,0.00000000,10.00000000,1.25000000,0.00000000,0.00000000,11.25000000,0,NULL,NULL,0,NULL,0.00000000,0,1,NULL,NULL,NULL,0.00000000,0.00000000,0.00000000,0.00000000,0.00000000,NULL),
(2,2,NULL,NULL,NULL,'Product 1',NULL,0.000,'',0.000,'',0.000,'',1,0,0,NULL,10.00000000,0.00000000,10.00000000,0.00000000,0.00000000,0.00000000,10.00000000,0,NULL,NULL,0,NULL,0.00000000,0,1,NULL,NULL,NULL,0.00000000,0.00000000,0.00000000,0.00000000,0.00000000,NULL),
(3,2,NULL,2,NULL,'',NULL,0.000,'',0.000,'',0.000,'',1,0,0,NULL,NULL,0.00000000,0.00000000,0.00000000,0.00000000,0.00000000,0.00000000,0,NULL,NULL,0,NULL,0.00000000,0,2,NULL,NULL,NULL,0.00000000,0.00000000,0.00000000,0.00000000,0.00000000,NULL),
(4,3,NULL,NULL,NULL,'A new marvelous product',NULL,0.000,'',0.000,'',0.000,'',1,0,0,NULL,10.00000000,0.00000000,10.00000000,0.00000000,0.00000000,0.00000000,10.00000000,0,NULL,NULL,0,NULL,0.00000000,0,1,NULL,NULL,NULL,0.00000000,0.00000000,0.00000000,0.00000000,0.00000000,NULL),
(5,1,NULL,5,NULL,'cccc',NULL,19.600,'',0.000,'',0.000,'',1,0,0,NULL,10.00000000,0.00000000,10.00000000,1.96000000,0.00000000,0.00000000,11.96000000,0,NULL,NULL,0,NULL,0.00000000,0,2,NULL,NULL,NULL,0.00000000,0.00000000,0.00000000,0.00000000,0.00000000,NULL),
(11,1,NULL,4,NULL,'',NULL,0.000,'',0.000,'',0.000,'',1,0,0,NULL,NULL,0.00000000,0.00000000,0.00000000,0.00000000,0.00000000,0.00000000,0,NULL,NULL,0,NULL,0.00000000,0,3,NULL,NULL,NULL,0.00000000,0.00000000,0.00000000,0.00000000,0.00000000,NULL),
(12,1,NULL,4,NULL,'',NULL,0.000,'',0.000,'',0.000,'',1,0,0,NULL,5.00000000,0.00000000,5.00000000,0.00000000,0.00000000,0.00000000,5.00000000,0,NULL,NULL,0,NULL,0.00000000,0,4,NULL,NULL,NULL,0.00000000,0.00000000,0.00000000,0.00000000,0.00000000,NULL),
(13,1,NULL,4,NULL,'',NULL,12.500,'',0.000,'',0.000,'',1,0,0,NULL,5.00000000,0.00000000,5.00000000,0.63000000,0.00000000,0.00000000,5.63000000,0,NULL,NULL,0,NULL,0.00000000,0,5,NULL,NULL,NULL,0.00000000,0.00000000,0.00000000,0.00000000,0.00000000,NULL),
(24,5,NULL,NULL,NULL,'On demand Apple pie',NULL,20.000,'',0.000,'0',0.000,'0',1,0,0,NULL,10.00000000,0.00000000,10.00000000,2.00000000,0.00000000,0.00000000,12.00000000,0,NULL,NULL,0,NULL,0.00000000,0,1,NULL,NULL,NULL,0.00000000,0.00000000,0.00000000,0.00000000,0.00000000,NULL),
(25,7,NULL,NULL,NULL,'Help to setup Magic Food computer',NULL,0.000,'',0.000,'0',0.000,'0',1,0,0,NULL,400.00000000,0.00000000,400.00000000,0.00000000,0.00000000,0.00000000,400.00000000,1,NULL,NULL,0,NULL,0.00000000,0,1,NULL,NULL,'',400.00000000,0.00000000,400.00000000,0.00000000,400.00000000,NULL),
(26,11,NULL,5,NULL,'<strong><span style=\"font-family:roboto,uilanguagefont,arial,sans-serif; font-size:14px\">DoliDroid is the Android front-end client for Dolibarr ERP &amp; CRM web software.</span><br />\r\n<span style=\"font-family:roboto,uilanguagefont,arial,sans-serif; font-size:14px\">This application is not a standalone program. It is a front end to use a online hosted Dolibarr ERP &amp; CRM software (an Open-source web software to manage your business).</span></strong>\r\n<p><u>The advantage of DoliDroid are :</u><br />\r\n- DoliDroid is not a duplicate code of Dolibarr, but a front-end of a Dolibarr web installation, so all your online existing features are supported by this application. This is also true for external modules features.<br />\r\n- Upgrading Dolibarr will not break DoliDroid.<br />\r\n- DoliDroid use embedded image resources to reduce bandwidth usage.<br />\r\n- DoliDroid use internal cache for pages that should not change (like menu page)<br />\r\n- Connections parameters are saved. No need to enter them each time you use DoliDroid.<br />\r\n- Integration with your phone or other applications (Clicking on PDF open PDF reader, clicking onto email or phone launch your email application or launch Android dialer, ...)</p>\r\n\r\n<p><span style=\"color:#DAA520\"><strong>WARNING !&nbsp;</strong></span></p>\r\n\r\n<p>This application need Android 4.0+ and a hosted Dolibarr ERP &amp; CRM version 3.5 or newer accessible by internet<br />\r\n(For example, when hosted on any SaaS solution like DoliCloud -&nbsp;<a href=\"https://www.google.com/url?q=https://www.google.com/url?q%3Dhttp://www.dolicloud.com%26sa%3DD%26usg%3DAFQjCNGdd9htz4JDciiMtScpBwK83qIRkw&amp;sa=D&amp;usg=AFQjCNGMpCbxNnU5BiK59e368K5AR0l_pg\" style=\"text-decoration: none; color: rgb(51, 105, 30); cursor: pointer;\" target=\"_blank\">http://www.dolicloud.com</a>).</p>',NULL,0.000,'',0.000,'0',0.000,'0',5,0,0,NULL,10.00000000,0.00000000,50.00000000,0.00000000,0.00000000,0.00000000,50.00000000,0,NULL,NULL,0,NULL,0.00000000,0,1,NULL,NULL,'EUR',10.00000000,0.00000000,50.00000000,0.00000000,50.00000000,NULL),
(27,11,NULL,5,NULL,'<strong><span style=\"font-family:roboto,uilanguagefont,arial,sans-serif; font-size:14px\">DoliDroid is the Android front-end client for Dolibarr ERP &amp; CRM web software.</span><br />\r\n<span style=\"font-family:roboto,uilanguagefont,arial,sans-serif; font-size:14px\">This application is not a standalone program. It is a front end to use a online hosted Dolibarr ERP &amp; CRM software (an Open-source web software to manage your business).</span></strong>\r\n<p><u>The advantage of DoliDroid are :</u><br />\r\n- DoliDroid is not a duplicate code of Dolibarr, but a front-end of a Dolibarr web installation, so all your online existing features are supported by this application. This is also true for external modules features.<br />\r\n- Upgrading Dolibarr will not break DoliDroid.<br />\r\n- DoliDroid use embedded image resources to reduce bandwidth usage.<br />\r\n- DoliDroid use internal cache for pages that should not change (like menu page)<br />\r\n- Connections parameters are saved. No need to enter them each time you use DoliDroid.<br />\r\n- Integration with your phone or other applications (Clicking on PDF open PDF reader, clicking onto email or phone launch your email application or launch Android dialer, ...)</p>\r\n\r\n<p><span style=\"color:#DAA520\"><strong>WARNING !&nbsp;</strong></span></p>\r\n\r\n<p>This application need Android 4.0+ and a hosted Dolibarr ERP &amp; CRM version 3.5 or newer accessible by internet<br />\r\n(For example, when hosted on any SaaS solution like DoliCloud -&nbsp;<a href=\"https://www.google.com/url?q=https://www.google.com/url?q%3Dhttp://www.dolicloud.com%26sa%3DD%26usg%3DAFQjCNGdd9htz4JDciiMtScpBwK83qIRkw&amp;sa=D&amp;usg=AFQjCNGMpCbxNnU5BiK59e368K5AR0l_pg\" style=\"text-decoration: none; color: rgb(51, 105, 30); cursor: pointer;\" target=\"_blank\">http://www.dolicloud.com</a>).</p>',NULL,0.000,'',0.000,'0',0.000,'0',1,0,0,NULL,10.00000000,0.00000000,10.00000000,0.00000000,0.00000000,0.00000000,10.00000000,0,NULL,NULL,0,NULL,0.00000000,0,2,NULL,NULL,'EUR',10.00000000,0.00000000,10.00000000,0.00000000,10.00000000,NULL),
(28,12,NULL,4,NULL,'Nice Bio Apple Pie.<br />\r\n&nbsp;',NULL,0.000,'',0.000,'0',0.000,'0',1,0,0,NULL,5.00000000,0.00000000,5.00000000,0.00000000,0.00000000,0.00000000,5.00000000,0,NULL,NULL,0,NULL,0.00000000,0,1,NULL,NULL,'EUR',5.00000000,0.00000000,5.00000000,0.00000000,5.00000000,NULL),
(29,12,NULL,1,NULL,'A beatifull pink dress',NULL,0.000,'',0.000,'0',0.000,'0',3,0,0,NULL,100.00000000,0.00000000,300.00000000,0.00000000,0.00000000,0.00000000,300.00000000,0,NULL,NULL,0,NULL,0.00000000,0,2,NULL,NULL,'EUR',100.00000000,0.00000000,300.00000000,0.00000000,300.00000000,NULL),
(30,12,NULL,10,NULL,'A powerfull computer XP4523&nbsp;',NULL,0.000,'',0.000,'0',0.000,'0',4,0,0,NULL,100.00000000,0.00000000,400.00000000,0.00000000,0.00000000,0.00000000,400.00000000,0,NULL,NULL,0,NULL,0.00000000,0,3,NULL,NULL,'EUR',100.00000000,0.00000000,400.00000000,0.00000000,400.00000000,NULL),
(31,12,NULL,12,NULL,'Cloud hosting of Dolibarr ERP and CRM software',NULL,0.000,'',0.000,'0',0.000,'0',3,0,0,NULL,9.00000000,0.00000000,27.00000000,0.00000000,0.00000000,0.00000000,27.00000000,0,NULL,NULL,0,NULL,0.00000000,0,4,NULL,NULL,'EUR',9.00000000,0.00000000,27.00000000,0.00000000,27.00000000,NULL),
(32,12,NULL,10,NULL,'A powerfull computer XP4523&nbsp;',NULL,0.000,'',0.000,'0',0.000,'0',1,0,0,NULL,100.00000000,0.00000000,100.00000000,0.00000000,0.00000000,0.00000000,100.00000000,0,NULL,NULL,0,NULL,0.00000000,0,5,NULL,NULL,'EUR',100.00000000,0.00000000,100.00000000,0.00000000,100.00000000,NULL),
(33,13,NULL,2,NULL,'',NULL,0.000,'',0.000,'0',0.000,'0',5,0,0,NULL,NULL,0.00000000,0.00000000,0.00000000,0.00000000,0.00000000,0.00000000,0,NULL,NULL,0,NULL,0.00000000,0,1,NULL,NULL,'EUR',0.00000000,0.00000000,0.00000000,0.00000000,0.00000000,NULL),
(34,13,NULL,4,NULL,'Nice Bio Apple Pie.<br />\r\n&nbsp;',NULL,0.000,'',0.000,'0',0.000,'0',3,0,0,NULL,5.00000000,0.00000000,15.00000000,0.00000000,0.00000000,0.00000000,15.00000000,0,NULL,NULL,0,NULL,0.00000000,0,2,NULL,NULL,'EUR',5.00000000,0.00000000,15.00000000,0.00000000,15.00000000,NULL),
(35,13,NULL,12,NULL,'Cloud hosting of Dolibarr ERP and CRM software',NULL,0.000,'',0.000,'0',0.000,'0',3,0,0,NULL,9.00000000,0.00000000,27.00000000,0.00000000,0.00000000,0.00000000,27.00000000,0,NULL,NULL,0,NULL,0.00000000,0,3,NULL,NULL,'EUR',9.00000000,0.00000000,27.00000000,0.00000000,27.00000000,NULL),
(36,13,NULL,10,NULL,'A powerfull computer XP4523&nbsp;',NULL,0.000,'',0.000,'0',0.000,'0',2,0,0,NULL,100.00000000,0.00000000,200.00000000,0.00000000,0.00000000,0.00000000,200.00000000,0,NULL,NULL,0,NULL,0.00000000,0,4,NULL,NULL,'EUR',100.00000000,0.00000000,200.00000000,0.00000000,200.00000000,NULL),
(37,14,NULL,10,NULL,'A powerfull computer XP4523&nbsp;',NULL,0.000,'',0.000,'0',0.000,'0',2,0,0,NULL,100.00000000,0.00000000,200.00000000,0.00000000,0.00000000,0.00000000,200.00000000,0,NULL,NULL,0,NULL,0.00000000,0,1,NULL,NULL,'EUR',100.00000000,0.00000000,200.00000000,0.00000000,200.00000000,NULL),
(38,14,NULL,12,NULL,'Cloud hosting of Dolibarr ERP and CRM software',NULL,0.000,'',0.000,'0',0.000,'0',5,0,0,NULL,9.00000000,0.00000000,45.00000000,0.00000000,0.00000000,0.00000000,45.00000000,0,NULL,NULL,0,NULL,0.00000000,0,2,NULL,NULL,'EUR',9.00000000,0.00000000,45.00000000,0.00000000,45.00000000,NULL),
(39,15,NULL,13,NULL,'A powerfull computer XP4523&nbsp;',NULL,0.000,'',0.000,'0',0.000,'0',3,0,0,NULL,100.00000000,0.00000000,300.00000000,0.00000000,0.00000000,0.00000000,300.00000000,0,NULL,NULL,0,NULL,0.00000000,0,1,NULL,NULL,'EUR',100.00000000,0.00000000,300.00000000,0.00000000,300.00000000,NULL),
(40,15,NULL,10,NULL,'A powerfull computer XP4523&nbsp;',NULL,0.000,'',0.000,'0',0.000,'0',3,0,0,NULL,100.00000000,0.00000000,300.00000000,0.00000000,0.00000000,0.00000000,300.00000000,0,NULL,NULL,0,NULL,0.00000000,0,2,NULL,NULL,'EUR',100.00000000,0.00000000,300.00000000,0.00000000,300.00000000,NULL),
(41,15,NULL,10,NULL,'A powerfull computer XP4523&nbsp;',NULL,0.000,'',0.000,'0',0.000,'0',3,0,0,NULL,100.00000000,0.00000000,300.00000000,0.00000000,0.00000000,0.00000000,300.00000000,0,NULL,NULL,0,NULL,0.00000000,0,3,NULL,NULL,'EUR',100.00000000,0.00000000,300.00000000,0.00000000,300.00000000,NULL),
(42,15,NULL,5,NULL,'<strong><span style=\"font-family:roboto,uilanguagefont,arial,sans-serif; font-size:14px\">DoliDroid is the Android front-end client for Dolibarr ERP &amp; CRM web software.</span><br />\r\n<span style=\"font-family:roboto,uilanguagefont,arial,sans-serif; font-size:14px\">This application is not a standalone program. It is a front end to use a online hosted Dolibarr ERP &amp; CRM software (an Open-source web software to manage your business).</span></strong>\r\n<p><u>The advantage of DoliDroid are :</u><br />\r\n- DoliDroid is not a duplicate code of Dolibarr, but a front-end of a Dolibarr web installation, so all your online existing features are supported by this application. This is also true for external modules features.<br />\r\n- Upgrading Dolibarr will not break DoliDroid.<br />\r\n- DoliDroid use embedded image resources to reduce bandwidth usage.<br />\r\n- DoliDroid use internal cache for pages that should not change (like menu page)<br />\r\n- Connections parameters are saved. No need to enter them each time you use DoliDroid.<br />\r\n- Integration with your phone or other applications (Clicking on PDF open PDF reader, clicking onto email or phone launch your email application or launch Android dialer, ...)</p>\r\n\r\n<p><span style=\"color:#DAA520\"><strong>WARNING !&nbsp;</strong></span></p>\r\n\r\n<p>This application need Android 4.0+ and a hosted Dolibarr ERP &amp; CRM version 3.5 or newer accessible by internet<br />\r\n(For example, when hosted on any SaaS solution like DoliCloud -&nbsp;<a href=\"https://www.google.com/url?q=https://www.google.com/url?q%3Dhttp://www.dolicloud.com%26sa%3DD%26usg%3DAFQjCNGdd9htz4JDciiMtScpBwK83qIRkw&amp;sa=D&amp;usg=AFQjCNGMpCbxNnU5BiK59e368K5AR0l_pg\" style=\"text-decoration: none; color: rgb(51, 105, 30); cursor: pointer;\" target=\"_blank\">http://www.dolicloud.com</a>).</p>',NULL,0.000,'',0.000,'0',0.000,'0',4,0,0,NULL,10.00000000,0.00000000,40.00000000,0.00000000,0.00000000,0.00000000,40.00000000,0,NULL,NULL,0,NULL,0.00000000,0,4,NULL,NULL,'EUR',10.00000000,0.00000000,40.00000000,0.00000000,40.00000000,NULL),
(43,16,NULL,5,NULL,'<strong><span style=\"font-family:roboto,uilanguagefont,arial,sans-serif; font-size:14px\">DoliDroid is the Android front-end client for Dolibarr ERP &amp; CRM web software.</span><br />\r\n<span style=\"font-family:roboto,uilanguagefont,arial,sans-serif; font-size:14px\">This application is not a standalone program. It is a front end to use a online hosted Dolibarr ERP &amp; CRM software (an Open-source web software to manage your business).</span></strong>\r\n<p><u>The advantage of DoliDroid are :</u><br />\r\n- DoliDroid is not a duplicate code of Dolibarr, but a front-end of a Dolibarr web installation, so all your online existing features are supported by this application. This is also true for external modules features.<br />\r\n- Upgrading Dolibarr will not break DoliDroid.<br />\r\n- DoliDroid use embedded image resources to reduce bandwidth usage.<br />\r\n- DoliDroid use internal cache for pages that should not change (like menu page)<br />\r\n- Connections parameters are saved. No need to enter them each time you use DoliDroid.<br />\r\n- Integration with your phone or other applications (Clicking on PDF open PDF reader, clicking onto email or phone launch your email application or launch Android dialer, ...)</p>\r\n\r\n<p><span style=\"color:#DAA520\"><strong>WARNING !&nbsp;</strong></span></p>\r\n\r\n<p>This application need Android 4.0+ and a hosted Dolibarr ERP &amp; CRM version 3.5 or newer accessible by internet<br />\r\n(For example, when hosted on any SaaS solution like DoliCloud -&nbsp;<a href=\"https://www.google.com/url?q=https://www.google.com/url?q%3Dhttp://www.dolicloud.com%26sa%3DD%26usg%3DAFQjCNGdd9htz4JDciiMtScpBwK83qIRkw&amp;sa=D&amp;usg=AFQjCNGMpCbxNnU5BiK59e368K5AR0l_pg\" style=\"text-decoration: none; color: rgb(51, 105, 30); cursor: pointer;\" target=\"_blank\">http://www.dolicloud.com</a>).</p>',NULL,0.000,'',0.000,'0',0.000,'0',4,0,0,NULL,10.00000000,0.00000000,40.00000000,0.00000000,0.00000000,0.00000000,40.00000000,0,NULL,NULL,0,NULL,0.00000000,0,1,NULL,NULL,'EUR',10.00000000,0.00000000,40.00000000,0.00000000,40.00000000,NULL),
(44,16,NULL,5,NULL,'<strong><span style=\"font-family:roboto,uilanguagefont,arial,sans-serif; font-size:14px\">DoliDroid is the Android front-end client for Dolibarr ERP &amp; CRM web software.</span><br />\r\n<span style=\"font-family:roboto,uilanguagefont,arial,sans-serif; font-size:14px\">This application is not a standalone program. It is a front end to use a online hosted Dolibarr ERP &amp; CRM software (an Open-source web software to manage your business).</span></strong>\r\n<p><u>The advantage of DoliDroid are :</u><br />\r\n- DoliDroid is not a duplicate code of Dolibarr, but a front-end of a Dolibarr web installation, so all your online existing features are supported by this application. This is also true for external modules features.<br />\r\n- Upgrading Dolibarr will not break DoliDroid.<br />\r\n- DoliDroid use embedded image resources to reduce bandwidth usage.<br />\r\n- DoliDroid use internal cache for pages that should not change (like menu page)<br />\r\n- Connections parameters are saved. No need to enter them each time you use DoliDroid.<br />\r\n- Integration with your phone or other applications (Clicking on PDF open PDF reader, clicking onto email or phone launch your email application or launch Android dialer, ...)</p>\r\n\r\n<p><span style=\"color:#DAA520\"><strong>WARNING !&nbsp;</strong></span></p>\r\n\r\n<p>This application need Android 4.0+ and a hosted Dolibarr ERP &amp; CRM version 3.5 or newer accessible by internet<br />\r\n(For example, when hosted on any SaaS solution like DoliCloud -&nbsp;<a href=\"https://www.google.com/url?q=https://www.google.com/url?q%3Dhttp://www.dolicloud.com%26sa%3DD%26usg%3DAFQjCNGdd9htz4JDciiMtScpBwK83qIRkw&amp;sa=D&amp;usg=AFQjCNGMpCbxNnU5BiK59e368K5AR0l_pg\" style=\"text-decoration: none; color: rgb(51, 105, 30); cursor: pointer;\" target=\"_blank\">http://www.dolicloud.com</a>).</p>',NULL,0.000,'',0.000,'0',0.000,'0',4,0,0,NULL,10.00000000,0.00000000,40.00000000,0.00000000,0.00000000,0.00000000,40.00000000,0,NULL,NULL,0,NULL,0.00000000,0,2,NULL,NULL,'EUR',10.00000000,0.00000000,40.00000000,0.00000000,40.00000000,NULL),
(45,16,NULL,12,NULL,'Cloud hosting of Dolibarr ERP and CRM software',NULL,0.000,'',0.000,'0',0.000,'0',5,0,0,NULL,9.00000000,0.00000000,45.00000000,0.00000000,0.00000000,0.00000000,45.00000000,0,NULL,NULL,0,NULL,0.00000000,0,3,NULL,NULL,'EUR',9.00000000,0.00000000,45.00000000,0.00000000,45.00000000,NULL),
(46,17,NULL,12,NULL,'Cloud hosting of Dolibarr ERP and CRM software',NULL,0.000,'',0.000,'0',0.000,'0',5,0,0,NULL,9.00000000,0.00000000,45.00000000,0.00000000,0.00000000,0.00000000,45.00000000,0,NULL,NULL,0,NULL,0.00000000,0,1,NULL,NULL,'EUR',9.00000000,0.00000000,45.00000000,0.00000000,45.00000000,NULL),
(47,17,NULL,12,NULL,'Cloud hosting of Dolibarr ERP and CRM software',NULL,0.000,'',0.000,'0',0.000,'0',2,0,0,NULL,9.00000000,0.00000000,18.00000000,0.00000000,0.00000000,0.00000000,18.00000000,0,NULL,NULL,0,NULL,0.00000000,0,2,NULL,NULL,'EUR',9.00000000,0.00000000,18.00000000,0.00000000,18.00000000,NULL),
(48,17,NULL,10,NULL,'A powerfull computer XP4523&nbsp;',NULL,0.000,'',0.000,'0',0.000,'0',1,0,0,NULL,100.00000000,0.00000000,100.00000000,0.00000000,0.00000000,0.00000000,100.00000000,0,NULL,NULL,0,NULL,0.00000000,0,3,NULL,NULL,'EUR',100.00000000,0.00000000,100.00000000,0.00000000,100.00000000,NULL),
(49,17,NULL,2,NULL,'',NULL,0.000,'',0.000,'0',0.000,'0',3,0,0,NULL,NULL,0.00000000,0.00000000,0.00000000,0.00000000,0.00000000,0.00000000,0,NULL,NULL,0,NULL,0.00000000,0,4,NULL,NULL,'EUR',0.00000000,0.00000000,0.00000000,0.00000000,0.00000000,NULL),
(50,17,NULL,3,NULL,'',NULL,0.000,'',0.000,'0',0.000,'0',1,0,0,NULL,NULL,0.00000000,0.00000000,0.00000000,0.00000000,0.00000000,0.00000000,0,NULL,NULL,0,NULL,0.00000000,0,5,NULL,NULL,'EUR',0.00000000,0.00000000,0.00000000,0.00000000,0.00000000,NULL),
(51,18,NULL,1,NULL,'A beatifull pink dress',NULL,0.000,'',0.000,'0',0.000,'0',4,0,0,NULL,100.00000000,0.00000000,400.00000000,0.00000000,0.00000000,0.00000000,400.00000000,0,NULL,NULL,0,NULL,0.00000000,0,1,NULL,NULL,'EUR',100.00000000,0.00000000,400.00000000,0.00000000,400.00000000,NULL),
(52,18,NULL,1,NULL,'A beatifull pink dress',NULL,0.000,'',0.000,'0',0.000,'0',1,0,0,NULL,100.00000000,0.00000000,100.00000000,0.00000000,0.00000000,0.00000000,100.00000000,0,NULL,NULL,0,NULL,0.00000000,0,2,NULL,NULL,'EUR',100.00000000,0.00000000,100.00000000,0.00000000,100.00000000,NULL),
(53,18,NULL,13,NULL,'A powerfull computer XP4523&nbsp;',NULL,0.000,'',0.000,'0',0.000,'0',4,0,0,NULL,100.00000000,0.00000000,400.00000000,0.00000000,0.00000000,0.00000000,400.00000000,0,NULL,NULL,0,NULL,0.00000000,0,3,NULL,NULL,'EUR',100.00000000,0.00000000,400.00000000,0.00000000,400.00000000,NULL),
(54,19,NULL,10,NULL,'A powerfull computer XP4523&nbsp;',NULL,0.000,'',0.000,'0',0.000,'0',1,0,0,NULL,100.00000000,0.00000000,100.00000000,0.00000000,0.00000000,0.00000000,100.00000000,0,NULL,NULL,0,NULL,0.00000000,0,1,NULL,NULL,'EUR',100.00000000,0.00000000,100.00000000,0.00000000,100.00000000,NULL),
(55,19,NULL,13,NULL,'A powerfull computer XP4523&nbsp;',NULL,0.000,'',0.000,'0',0.000,'0',1,0,0,NULL,100.00000000,0.00000000,100.00000000,0.00000000,0.00000000,0.00000000,100.00000000,0,NULL,NULL,0,NULL,0.00000000,0,2,NULL,NULL,'EUR',100.00000000,0.00000000,100.00000000,0.00000000,100.00000000,NULL),
(56,19,NULL,2,NULL,'',NULL,0.000,'',0.000,'0',0.000,'0',2,0,0,NULL,NULL,0.00000000,0.00000000,0.00000000,0.00000000,0.00000000,0.00000000,0,NULL,NULL,0,NULL,0.00000000,0,3,NULL,NULL,'EUR',0.00000000,0.00000000,0.00000000,0.00000000,0.00000000,NULL),
(57,19,NULL,2,NULL,'',NULL,0.000,'',0.000,'0',0.000,'0',1,0,0,NULL,NULL,0.00000000,0.00000000,0.00000000,0.00000000,0.00000000,0.00000000,0,NULL,NULL,0,NULL,0.00000000,0,4,NULL,NULL,'EUR',0.00000000,0.00000000,0.00000000,0.00000000,0.00000000,NULL),
(58,19,NULL,2,NULL,'',NULL,0.000,'',0.000,'0',0.000,'0',2,0,0,NULL,NULL,0.00000000,0.00000000,0.00000000,0.00000000,0.00000000,0.00000000,0,NULL,NULL,0,NULL,0.00000000,0,5,NULL,NULL,'EUR',0.00000000,0.00000000,0.00000000,0.00000000,0.00000000,NULL),
(59,20,NULL,1,NULL,'A beatifull pink dress',NULL,0.000,'',0.000,'0',0.000,'0',3,0,0,NULL,100.00000000,0.00000000,300.00000000,0.00000000,0.00000000,0.00000000,300.00000000,0,NULL,NULL,0,NULL,0.00000000,0,1,NULL,NULL,'EUR',100.00000000,0.00000000,300.00000000,0.00000000,300.00000000,NULL),
(60,20,NULL,5,NULL,'<strong><span style=\"font-family:roboto,uilanguagefont,arial,sans-serif; font-size:14px\">DoliDroid is the Android front-end client for Dolibarr ERP &amp; CRM web software.</span><br />\r\n<span style=\"font-family:roboto,uilanguagefont,arial,sans-serif; font-size:14px\">This application is not a standalone program. It is a front end to use a online hosted Dolibarr ERP &amp; CRM software (an Open-source web software to manage your business).</span></strong>\r\n<p><u>The advantage of DoliDroid are :</u><br />\r\n- DoliDroid is not a duplicate code of Dolibarr, but a front-end of a Dolibarr web installation, so all your online existing features are supported by this application. This is also true for external modules features.<br />\r\n- Upgrading Dolibarr will not break DoliDroid.<br />\r\n- DoliDroid use embedded image resources to reduce bandwidth usage.<br />\r\n- DoliDroid use internal cache for pages that should not change (like menu page)<br />\r\n- Connections parameters are saved. No need to enter them each time you use DoliDroid.<br />\r\n- Integration with your phone or other applications (Clicking on PDF open PDF reader, clicking onto email or phone launch your email application or launch Android dialer, ...)</p>\r\n\r\n<p><span style=\"color:#DAA520\"><strong>WARNING !&nbsp;</strong></span></p>\r\n\r\n<p>This application need Android 4.0+ and a hosted Dolibarr ERP &amp; CRM version 3.5 or newer accessible by internet<br />\r\n(For example, when hosted on any SaaS solution like DoliCloud -&nbsp;<a href=\"https://www.google.com/url?q=https://www.google.com/url?q%3Dhttp://www.dolicloud.com%26sa%3DD%26usg%3DAFQjCNGdd9htz4JDciiMtScpBwK83qIRkw&amp;sa=D&amp;usg=AFQjCNGMpCbxNnU5BiK59e368K5AR0l_pg\" style=\"text-decoration: none; color: rgb(51, 105, 30); cursor: pointer;\" target=\"_blank\">http://www.dolicloud.com</a>).</p>',NULL,0.000,'',0.000,'0',0.000,'0',1,0,0,NULL,10.00000000,0.00000000,10.00000000,0.00000000,0.00000000,0.00000000,10.00000000,0,NULL,NULL,0,NULL,0.00000000,0,2,NULL,NULL,'EUR',10.00000000,0.00000000,10.00000000,0.00000000,10.00000000,NULL),
(61,20,NULL,5,NULL,'<strong><span style=\"font-family:roboto,uilanguagefont,arial,sans-serif; font-size:14px\">DoliDroid is the Android front-end client for Dolibarr ERP &amp; CRM web software.</span><br />\r\n<span style=\"font-family:roboto,uilanguagefont,arial,sans-serif; font-size:14px\">This application is not a standalone program. It is a front end to use a online hosted Dolibarr ERP &amp; CRM software (an Open-source web software to manage your business).</span></strong>\r\n<p><u>The advantage of DoliDroid are :</u><br />\r\n- DoliDroid is not a duplicate code of Dolibarr, but a front-end of a Dolibarr web installation, so all your online existing features are supported by this application. This is also true for external modules features.<br />\r\n- Upgrading Dolibarr will not break DoliDroid.<br />\r\n- DoliDroid use embedded image resources to reduce bandwidth usage.<br />\r\n- DoliDroid use internal cache for pages that should not change (like menu page)<br />\r\n- Connections parameters are saved. No need to enter them each time you use DoliDroid.<br />\r\n- Integration with your phone or other applications (Clicking on PDF open PDF reader, clicking onto email or phone launch your email application or launch Android dialer, ...)</p>\r\n\r\n<p><span style=\"color:#DAA520\"><strong>WARNING !&nbsp;</strong></span></p>\r\n\r\n<p>This application need Android 4.0+ and a hosted Dolibarr ERP &amp; CRM version 3.5 or newer accessible by internet<br />\r\n(For example, when hosted on any SaaS solution like DoliCloud -&nbsp;<a href=\"https://www.google.com/url?q=https://www.google.com/url?q%3Dhttp://www.dolicloud.com%26sa%3DD%26usg%3DAFQjCNGdd9htz4JDciiMtScpBwK83qIRkw&amp;sa=D&amp;usg=AFQjCNGMpCbxNnU5BiK59e368K5AR0l_pg\" style=\"text-decoration: none; color: rgb(51, 105, 30); cursor: pointer;\" target=\"_blank\">http://www.dolicloud.com</a>).</p>',NULL,0.000,'',0.000,'0',0.000,'0',2,0,0,NULL,10.00000000,0.00000000,20.00000000,0.00000000,0.00000000,0.00000000,20.00000000,0,NULL,NULL,0,NULL,0.00000000,0,3,NULL,NULL,'EUR',10.00000000,0.00000000,20.00000000,0.00000000,20.00000000,NULL),
(62,20,NULL,10,NULL,'A powerfull computer XP4523&nbsp;',NULL,0.000,'',0.000,'0',0.000,'0',5,0,0,NULL,100.00000000,0.00000000,500.00000000,0.00000000,0.00000000,0.00000000,500.00000000,0,NULL,NULL,0,NULL,0.00000000,0,4,NULL,NULL,'EUR',100.00000000,0.00000000,500.00000000,0.00000000,500.00000000,NULL),
(63,21,NULL,5,NULL,'<strong><span style=\"font-family:roboto,uilanguagefont,arial,sans-serif; font-size:14px\">DoliDroid is the Android front-end client for Dolibarr ERP &amp; CRM web software.</span><br />\r\n<span style=\"font-family:roboto,uilanguagefont,arial,sans-serif; font-size:14px\">This application is not a standalone program. It is a front end to use a online hosted Dolibarr ERP &amp; CRM software (an Open-source web software to manage your business).</span></strong>\r\n<p><u>The advantage of DoliDroid are :</u><br />\r\n- DoliDroid is not a duplicate code of Dolibarr, but a front-end of a Dolibarr web installation, so all your online existing features are supported by this application. This is also true for external modules features.<br />\r\n- Upgrading Dolibarr will not break DoliDroid.<br />\r\n- DoliDroid use embedded image resources to reduce bandwidth usage.<br />\r\n- DoliDroid use internal cache for pages that should not change (like menu page)<br />\r\n- Connections parameters are saved. No need to enter them each time you use DoliDroid.<br />\r\n- Integration with your phone or other applications (Clicking on PDF open PDF reader, clicking onto email or phone launch your email application or launch Android dialer, ...)</p>\r\n\r\n<p><span style=\"color:#DAA520\"><strong>WARNING !&nbsp;</strong></span></p>\r\n\r\n<p>This application need Android 4.0+ and a hosted Dolibarr ERP &amp; CRM version 3.5 or newer accessible by internet<br />\r\n(For example, when hosted on any SaaS solution like DoliCloud -&nbsp;<a href=\"https://www.google.com/url?q=https://www.google.com/url?q%3Dhttp://www.dolicloud.com%26sa%3DD%26usg%3DAFQjCNGdd9htz4JDciiMtScpBwK83qIRkw&amp;sa=D&amp;usg=AFQjCNGMpCbxNnU5BiK59e368K5AR0l_pg\" style=\"text-decoration: none; color: rgb(51, 105, 30); cursor: pointer;\" target=\"_blank\">http://www.dolicloud.com</a>).</p>',NULL,0.000,'',0.000,'0',0.000,'0',2,0,0,NULL,10.00000000,0.00000000,20.00000000,0.00000000,0.00000000,0.00000000,20.00000000,0,NULL,NULL,0,NULL,0.00000000,0,1,NULL,NULL,'EUR',10.00000000,0.00000000,20.00000000,0.00000000,20.00000000,NULL),
(64,21,NULL,12,NULL,'Cloud hosting of Dolibarr ERP and CRM software',NULL,0.000,'',0.000,'0',0.000,'0',1,0,0,NULL,9.00000000,0.00000000,9.00000000,0.00000000,0.00000000,0.00000000,9.00000000,0,NULL,NULL,0,NULL,0.00000000,0,2,NULL,NULL,'EUR',9.00000000,0.00000000,9.00000000,0.00000000,9.00000000,NULL),
(65,21,NULL,4,NULL,'Nice Bio Apple Pie.<br />\r\n&nbsp;',NULL,0.000,'',0.000,'0',0.000,'0',3,0,0,NULL,5.00000000,0.00000000,15.00000000,0.00000000,0.00000000,0.00000000,15.00000000,0,NULL,NULL,0,NULL,0.00000000,0,3,NULL,NULL,'EUR',5.00000000,0.00000000,15.00000000,0.00000000,15.00000000,NULL),
(66,21,NULL,12,NULL,'Cloud hosting of Dolibarr ERP and CRM software',NULL,0.000,'',0.000,'0',0.000,'0',5,0,0,NULL,9.00000000,0.00000000,45.00000000,0.00000000,0.00000000,0.00000000,45.00000000,0,NULL,NULL,0,NULL,0.00000000,0,4,NULL,NULL,'EUR',9.00000000,0.00000000,45.00000000,0.00000000,45.00000000,NULL),
(67,22,NULL,5,NULL,'<strong><span style=\"font-family:roboto,uilanguagefont,arial,sans-serif; font-size:14px\">DoliDroid is the Android front-end client for Dolibarr ERP &amp; CRM web software.</span><br />\r\n<span style=\"font-family:roboto,uilanguagefont,arial,sans-serif; font-size:14px\">This application is not a standalone program. It is a front end to use a online hosted Dolibarr ERP &amp; CRM software (an Open-source web software to manage your business).</span></strong>\r\n<p><u>The advantage of DoliDroid are :</u><br />\r\n- DoliDroid is not a duplicate code of Dolibarr, but a front-end of a Dolibarr web installation, so all your online existing features are supported by this application. This is also true for external modules features.<br />\r\n- Upgrading Dolibarr will not break DoliDroid.<br />\r\n- DoliDroid use embedded image resources to reduce bandwidth usage.<br />\r\n- DoliDroid use internal cache for pages that should not change (like menu page)<br />\r\n- Connections parameters are saved. No need to enter them each time you use DoliDroid.<br />\r\n- Integration with your phone or other applications (Clicking on PDF open PDF reader, clicking onto email or phone launch your email application or launch Android dialer, ...)</p>\r\n\r\n<p><span style=\"color:#DAA520\"><strong>WARNING !&nbsp;</strong></span></p>\r\n\r\n<p>This application need Android 4.0+ and a hosted Dolibarr ERP &amp; CRM version 3.5 or newer accessible by internet<br />\r\n(For example, when hosted on any SaaS solution like DoliCloud -&nbsp;<a href=\"https://www.google.com/url?q=https://www.google.com/url?q%3Dhttp://www.dolicloud.com%26sa%3DD%26usg%3DAFQjCNGdd9htz4JDciiMtScpBwK83qIRkw&amp;sa=D&amp;usg=AFQjCNGMpCbxNnU5BiK59e368K5AR0l_pg\" style=\"text-decoration: none; color: rgb(51, 105, 30); cursor: pointer;\" target=\"_blank\">http://www.dolicloud.com</a>).</p>',NULL,0.000,'',0.000,'0',0.000,'0',5,0,0,NULL,10.00000000,0.00000000,50.00000000,0.00000000,0.00000000,0.00000000,50.00000000,0,NULL,NULL,0,NULL,0.00000000,0,1,NULL,NULL,'EUR',10.00000000,0.00000000,50.00000000,0.00000000,50.00000000,NULL),
(68,22,NULL,5,NULL,'<strong><span style=\"font-family:roboto,uilanguagefont,arial,sans-serif; font-size:14px\">DoliDroid is the Android front-end client for Dolibarr ERP &amp; CRM web software.</span><br />\r\n<span style=\"font-family:roboto,uilanguagefont,arial,sans-serif; font-size:14px\">This application is not a standalone program. It is a front end to use a online hosted Dolibarr ERP &amp; CRM software (an Open-source web software to manage your business).</span></strong>\r\n<p><u>The advantage of DoliDroid are :</u><br />\r\n- DoliDroid is not a duplicate code of Dolibarr, but a front-end of a Dolibarr web installation, so all your online existing features are supported by this application. This is also true for external modules features.<br />\r\n- Upgrading Dolibarr will not break DoliDroid.<br />\r\n- DoliDroid use embedded image resources to reduce bandwidth usage.<br />\r\n- DoliDroid use internal cache for pages that should not change (like menu page)<br />\r\n- Connections parameters are saved. No need to enter them each time you use DoliDroid.<br />\r\n- Integration with your phone or other applications (Clicking on PDF open PDF reader, clicking onto email or phone launch your email application or launch Android dialer, ...)</p>\r\n\r\n<p><span style=\"color:#DAA520\"><strong>WARNING !&nbsp;</strong></span></p>\r\n\r\n<p>This application need Android 4.0+ and a hosted Dolibarr ERP &amp; CRM version 3.5 or newer accessible by internet<br />\r\n(For example, when hosted on any SaaS solution like DoliCloud -&nbsp;<a href=\"https://www.google.com/url?q=https://www.google.com/url?q%3Dhttp://www.dolicloud.com%26sa%3DD%26usg%3DAFQjCNGdd9htz4JDciiMtScpBwK83qIRkw&amp;sa=D&amp;usg=AFQjCNGMpCbxNnU5BiK59e368K5AR0l_pg\" style=\"text-decoration: none; color: rgb(51, 105, 30); cursor: pointer;\" target=\"_blank\">http://www.dolicloud.com</a>).</p>',NULL,0.000,'',0.000,'0',0.000,'0',2,0,0,NULL,10.00000000,0.00000000,20.00000000,0.00000000,0.00000000,0.00000000,20.00000000,0,NULL,NULL,0,NULL,0.00000000,0,2,NULL,NULL,'EUR',10.00000000,0.00000000,20.00000000,0.00000000,20.00000000,NULL),
(69,23,NULL,2,NULL,'',NULL,0.000,'',0.000,'0',0.000,'0',2,0,0,NULL,NULL,0.00000000,0.00000000,0.00000000,0.00000000,0.00000000,0.00000000,0,NULL,NULL,0,NULL,0.00000000,0,1,NULL,NULL,'EUR',0.00000000,0.00000000,0.00000000,0.00000000,0.00000000,NULL),
(70,23,NULL,4,NULL,'Nice Bio Apple Pie.<br />\r\n&nbsp;',NULL,0.000,'',0.000,'0',0.000,'0',3,0,0,NULL,5.00000000,0.00000000,15.00000000,0.00000000,0.00000000,0.00000000,15.00000000,0,NULL,NULL,0,NULL,0.00000000,0,2,NULL,NULL,'EUR',5.00000000,0.00000000,15.00000000,0.00000000,15.00000000,NULL),
(71,23,NULL,13,NULL,'A powerfull computer XP4523&nbsp;',NULL,0.000,'',0.000,'0',0.000,'0',3,0,0,NULL,100.00000000,0.00000000,300.00000000,0.00000000,0.00000000,0.00000000,300.00000000,0,NULL,NULL,0,NULL,0.00000000,0,3,NULL,NULL,'EUR',100.00000000,0.00000000,300.00000000,0.00000000,300.00000000,NULL),
(72,23,NULL,1,NULL,'A beatifull pink dress',NULL,0.000,'',0.000,'0',0.000,'0',4,0,0,NULL,100.00000000,0.00000000,400.00000000,0.00000000,0.00000000,0.00000000,400.00000000,0,NULL,NULL,0,NULL,0.00000000,0,4,NULL,NULL,'EUR',100.00000000,0.00000000,400.00000000,0.00000000,400.00000000,NULL),
(73,24,NULL,4,NULL,'Nice Bio Apple Pie.<br />\r\n&nbsp;',NULL,0.000,'',0.000,'0',0.000,'0',1,0,0,NULL,5.00000000,0.00000000,5.00000000,0.00000000,0.00000000,0.00000000,5.00000000,0,NULL,NULL,0,NULL,0.00000000,0,1,NULL,NULL,'EUR',5.00000000,0.00000000,5.00000000,0.00000000,5.00000000,NULL),
(74,24,NULL,12,NULL,'Cloud hosting of Dolibarr ERP and CRM software',NULL,0.000,'',0.000,'0',0.000,'0',5,0,0,NULL,9.00000000,0.00000000,45.00000000,0.00000000,0.00000000,0.00000000,45.00000000,0,NULL,NULL,0,NULL,0.00000000,0,2,NULL,NULL,'EUR',9.00000000,0.00000000,45.00000000,0.00000000,45.00000000,NULL),
(75,24,NULL,2,NULL,'',NULL,0.000,'',0.000,'0',0.000,'0',4,0,0,NULL,NULL,0.00000000,0.00000000,0.00000000,0.00000000,0.00000000,0.00000000,0,NULL,NULL,0,NULL,0.00000000,0,3,NULL,NULL,'EUR',0.00000000,0.00000000,0.00000000,0.00000000,0.00000000,NULL),
(76,24,NULL,1,NULL,'A beatifull pink dress',NULL,0.000,'',0.000,'0',0.000,'0',2,0,0,NULL,100.00000000,0.00000000,200.00000000,0.00000000,0.00000000,0.00000000,200.00000000,0,NULL,NULL,0,NULL,0.00000000,0,4,NULL,NULL,'EUR',100.00000000,0.00000000,200.00000000,0.00000000,200.00000000,NULL),
(77,25,NULL,10,NULL,'A powerfull computer XP4523&nbsp;',NULL,0.000,'',0.000,'0',0.000,'0',4,0,0,NULL,100.00000000,0.00000000,400.00000000,0.00000000,0.00000000,0.00000000,400.00000000,0,NULL,NULL,0,NULL,0.00000000,0,1,NULL,NULL,'EUR',100.00000000,0.00000000,400.00000000,0.00000000,400.00000000,NULL),
(78,25,NULL,13,NULL,'A powerfull computer XP4523&nbsp;',NULL,0.000,'',0.000,'0',0.000,'0',3,0,0,NULL,100.00000000,0.00000000,300.00000000,0.00000000,0.00000000,0.00000000,300.00000000,0,NULL,NULL,0,NULL,0.00000000,0,2,NULL,NULL,'EUR',100.00000000,0.00000000,300.00000000,0.00000000,300.00000000,NULL),
(79,25,NULL,10,NULL,'A powerfull computer XP4523&nbsp;',NULL,0.000,'',0.000,'0',0.000,'0',2,0,0,NULL,100.00000000,0.00000000,200.00000000,0.00000000,0.00000000,0.00000000,200.00000000,0,NULL,NULL,0,NULL,0.00000000,0,3,NULL,NULL,'EUR',100.00000000,0.00000000,200.00000000,0.00000000,200.00000000,NULL),
(80,25,NULL,13,NULL,'A powerfull computer XP4523&nbsp;',NULL,0.000,'',0.000,'0',0.000,'0',1,0,0,NULL,100.00000000,0.00000000,100.00000000,0.00000000,0.00000000,0.00000000,100.00000000,0,NULL,NULL,0,NULL,0.00000000,0,4,NULL,NULL,'EUR',100.00000000,0.00000000,100.00000000,0.00000000,100.00000000,NULL),
(81,25,NULL,12,NULL,'Cloud hosting of Dolibarr ERP and CRM software',NULL,0.000,'',0.000,'0',0.000,'0',2,0,0,NULL,9.00000000,0.00000000,18.00000000,0.00000000,0.00000000,0.00000000,18.00000000,0,NULL,NULL,0,NULL,0.00000000,0,5,NULL,NULL,'EUR',9.00000000,0.00000000,18.00000000,0.00000000,18.00000000,NULL),
(82,26,NULL,10,NULL,'A powerfull computer XP4523&nbsp;',NULL,0.000,'',0.000,'0',0.000,'0',2,0,0,NULL,100.00000000,0.00000000,200.00000000,0.00000000,0.00000000,0.00000000,200.00000000,0,NULL,NULL,0,NULL,0.00000000,0,1,NULL,NULL,'EUR',100.00000000,0.00000000,200.00000000,0.00000000,200.00000000,NULL),
(83,26,NULL,5,NULL,'<strong><span style=\"font-family:roboto,uilanguagefont,arial,sans-serif; font-size:14px\">DoliDroid is the Android front-end client for Dolibarr ERP &amp; CRM web software.</span><br />\r\n<span style=\"font-family:roboto,uilanguagefont,arial,sans-serif; font-size:14px\">This application is not a standalone program. It is a front end to use a online hosted Dolibarr ERP &amp; CRM software (an Open-source web software to manage your business).</span></strong>\r\n<p><u>The advantage of DoliDroid are :</u><br />\r\n- DoliDroid is not a duplicate code of Dolibarr, but a front-end of a Dolibarr web installation, so all your online existing features are supported by this application. This is also true for external modules features.<br />\r\n- Upgrading Dolibarr will not break DoliDroid.<br />\r\n- DoliDroid use embedded image resources to reduce bandwidth usage.<br />\r\n- DoliDroid use internal cache for pages that should not change (like menu page)<br />\r\n- Connections parameters are saved. No need to enter them each time you use DoliDroid.<br />\r\n- Integration with your phone or other applications (Clicking on PDF open PDF reader, clicking onto email or phone launch your email application or launch Android dialer, ...)</p>\r\n\r\n<p><span style=\"color:#DAA520\"><strong>WARNING !&nbsp;</strong></span></p>\r\n\r\n<p>This application need Android 4.0+ and a hosted Dolibarr ERP &amp; CRM version 3.5 or newer accessible by internet<br />\r\n(For example, when hosted on any SaaS solution like DoliCloud -&nbsp;<a href=\"https://www.google.com/url?q=https://www.google.com/url?q%3Dhttp://www.dolicloud.com%26sa%3DD%26usg%3DAFQjCNGdd9htz4JDciiMtScpBwK83qIRkw&amp;sa=D&amp;usg=AFQjCNGMpCbxNnU5BiK59e368K5AR0l_pg\" style=\"text-decoration: none; color: rgb(51, 105, 30); cursor: pointer;\" target=\"_blank\">http://www.dolicloud.com</a>).</p>',NULL,0.000,'',0.000,'0',0.000,'0',1,0,0,NULL,10.00000000,0.00000000,10.00000000,0.00000000,0.00000000,0.00000000,10.00000000,0,NULL,NULL,0,NULL,0.00000000,0,2,NULL,NULL,'EUR',10.00000000,0.00000000,10.00000000,0.00000000,10.00000000,NULL),
(84,26,NULL,10,NULL,'A powerfull computer XP4523&nbsp;',NULL,0.000,'',0.000,'0',0.000,'0',3,0,0,NULL,100.00000000,0.00000000,300.00000000,0.00000000,0.00000000,0.00000000,300.00000000,0,NULL,NULL,0,NULL,0.00000000,0,3,NULL,NULL,'EUR',100.00000000,0.00000000,300.00000000,0.00000000,300.00000000,NULL),
(85,26,NULL,13,NULL,'A powerfull computer XP4523&nbsp;',NULL,0.000,'',0.000,'0',0.000,'0',2,0,0,NULL,100.00000000,0.00000000,200.00000000,0.00000000,0.00000000,0.00000000,200.00000000,0,NULL,NULL,0,NULL,0.00000000,0,4,NULL,NULL,'EUR',100.00000000,0.00000000,200.00000000,0.00000000,200.00000000,NULL),
(86,26,NULL,3,NULL,'',NULL,0.000,'',0.000,'0',0.000,'0',2,0,0,NULL,NULL,0.00000000,0.00000000,0.00000000,0.00000000,0.00000000,0.00000000,0,NULL,NULL,0,NULL,0.00000000,0,5,NULL,NULL,'EUR',0.00000000,0.00000000,0.00000000,0.00000000,0.00000000,NULL),
(87,27,NULL,13,NULL,'A powerfull computer XP4523&nbsp;',NULL,0.000,'',0.000,'0',0.000,'0',3,0,0,NULL,100.00000000,0.00000000,300.00000000,0.00000000,0.00000000,0.00000000,300.00000000,0,NULL,NULL,0,NULL,0.00000000,0,1,NULL,NULL,'EUR',100.00000000,0.00000000,300.00000000,0.00000000,300.00000000,NULL),
(88,27,NULL,3,NULL,'',NULL,0.000,'',0.000,'0',0.000,'0',2,0,0,NULL,NULL,0.00000000,0.00000000,0.00000000,0.00000000,0.00000000,0.00000000,0,NULL,NULL,0,NULL,0.00000000,0,2,NULL,NULL,'EUR',0.00000000,0.00000000,0.00000000,0.00000000,0.00000000,NULL),
(89,28,NULL,4,NULL,'Nice Bio Apple Pie.<br />\r\n&nbsp;',NULL,0.000,'',0.000,'0',0.000,'0',2,0,0,NULL,5.00000000,0.00000000,10.00000000,0.00000000,0.00000000,0.00000000,10.00000000,0,NULL,NULL,0,NULL,0.00000000,0,1,NULL,NULL,'EUR',5.00000000,0.00000000,10.00000000,0.00000000,10.00000000,NULL),
(90,28,NULL,5,NULL,'<strong><span style=\"font-family:roboto,uilanguagefont,arial,sans-serif; font-size:14px\">DoliDroid is the Android front-end client for Dolibarr ERP &amp; CRM web software.</span><br />\r\n<span style=\"font-family:roboto,uilanguagefont,arial,sans-serif; font-size:14px\">This application is not a standalone program. It is a front end to use a online hosted Dolibarr ERP &amp; CRM software (an Open-source web software to manage your business).</span></strong>\r\n<p><u>The advantage of DoliDroid are :</u><br />\r\n- DoliDroid is not a duplicate code of Dolibarr, but a front-end of a Dolibarr web installation, so all your online existing features are supported by this application. This is also true for external modules features.<br />\r\n- Upgrading Dolibarr will not break DoliDroid.<br />\r\n- DoliDroid use embedded image resources to reduce bandwidth usage.<br />\r\n- DoliDroid use internal cache for pages that should not change (like menu page)<br />\r\n- Connections parameters are saved. No need to enter them each time you use DoliDroid.<br />\r\n- Integration with your phone or other applications (Clicking on PDF open PDF reader, clicking onto email or phone launch your email application or launch Android dialer, ...)</p>\r\n\r\n<p><span style=\"color:#DAA520\"><strong>WARNING !&nbsp;</strong></span></p>\r\n\r\n<p>This application need Android 4.0+ and a hosted Dolibarr ERP &amp; CRM version 3.5 or newer accessible by internet<br />\r\n(For example, when hosted on any SaaS solution like DoliCloud -&nbsp;<a href=\"https://www.google.com/url?q=https://www.google.com/url?q%3Dhttp://www.dolicloud.com%26sa%3DD%26usg%3DAFQjCNGdd9htz4JDciiMtScpBwK83qIRkw&amp;sa=D&amp;usg=AFQjCNGMpCbxNnU5BiK59e368K5AR0l_pg\" style=\"text-decoration: none; color: rgb(51, 105, 30); cursor: pointer;\" target=\"_blank\">http://www.dolicloud.com</a>).</p>',NULL,0.000,'',0.000,'0',0.000,'0',3,0,0,NULL,10.00000000,0.00000000,30.00000000,0.00000000,0.00000000,0.00000000,30.00000000,0,NULL,NULL,0,NULL,0.00000000,0,2,NULL,NULL,'EUR',10.00000000,0.00000000,30.00000000,0.00000000,30.00000000,NULL),
(91,28,NULL,2,NULL,'',NULL,0.000,'',0.000,'0',0.000,'0',5,0,0,NULL,NULL,0.00000000,0.00000000,0.00000000,0.00000000,0.00000000,0.00000000,0,NULL,NULL,0,NULL,0.00000000,0,3,NULL,NULL,'EUR',0.00000000,0.00000000,0.00000000,0.00000000,0.00000000,NULL),
(92,28,NULL,1,NULL,'A beatifull pink dress',NULL,0.000,'',0.000,'0',0.000,'0',4,0,0,NULL,100.00000000,0.00000000,400.00000000,0.00000000,0.00000000,0.00000000,400.00000000,0,NULL,NULL,0,NULL,0.00000000,0,4,NULL,NULL,'EUR',100.00000000,0.00000000,400.00000000,0.00000000,400.00000000,NULL),
(93,29,NULL,1,NULL,'A beatifull pink dress',NULL,0.000,'',0.000,'0',0.000,'0',3,0,0,NULL,100.00000000,0.00000000,300.00000000,0.00000000,0.00000000,0.00000000,300.00000000,0,NULL,NULL,0,NULL,0.00000000,0,1,NULL,NULL,'EUR',100.00000000,0.00000000,300.00000000,0.00000000,300.00000000,NULL),
(94,29,NULL,1,NULL,'A beatifull pink dress',NULL,0.000,'',0.000,'0',0.000,'0',5,0,0,NULL,100.00000000,0.00000000,500.00000000,0.00000000,0.00000000,0.00000000,500.00000000,0,NULL,NULL,0,NULL,0.00000000,0,2,NULL,NULL,'EUR',100.00000000,0.00000000,500.00000000,0.00000000,500.00000000,NULL),
(95,29,NULL,13,NULL,'A powerfull computer XP4523&nbsp;',NULL,0.000,'',0.000,'0',0.000,'0',2,0,0,NULL,100.00000000,0.00000000,200.00000000,0.00000000,0.00000000,0.00000000,200.00000000,0,NULL,NULL,0,NULL,0.00000000,0,3,NULL,NULL,'EUR',100.00000000,0.00000000,200.00000000,0.00000000,200.00000000,NULL),
(96,30,NULL,13,NULL,'A powerfull computer XP4523&nbsp;',NULL,0.000,'',0.000,'0',0.000,'0',4,0,0,NULL,100.00000000,0.00000000,400.00000000,0.00000000,0.00000000,0.00000000,400.00000000,0,NULL,NULL,0,NULL,0.00000000,0,1,NULL,NULL,'EUR',100.00000000,0.00000000,400.00000000,0.00000000,400.00000000,NULL),
(97,30,NULL,1,NULL,'A beatifull pink dress',NULL,0.000,'',0.000,'0',0.000,'0',2,0,0,NULL,100.00000000,0.00000000,200.00000000,0.00000000,0.00000000,0.00000000,200.00000000,0,NULL,NULL,0,NULL,0.00000000,0,2,NULL,NULL,'EUR',100.00000000,0.00000000,200.00000000,0.00000000,200.00000000,NULL),
(98,30,NULL,10,NULL,'A powerfull computer XP4523&nbsp;',NULL,0.000,'',0.000,'0',0.000,'0',2,0,0,NULL,100.00000000,0.00000000,200.00000000,0.00000000,0.00000000,0.00000000,200.00000000,0,NULL,NULL,0,NULL,0.00000000,0,3,NULL,NULL,'EUR',100.00000000,0.00000000,200.00000000,0.00000000,200.00000000,NULL),
(99,30,NULL,13,NULL,'A powerfull computer XP4523&nbsp;',NULL,0.000,'',0.000,'0',0.000,'0',4,0,0,NULL,100.00000000,0.00000000,400.00000000,0.00000000,0.00000000,0.00000000,400.00000000,0,NULL,NULL,0,NULL,0.00000000,0,4,NULL,NULL,'EUR',100.00000000,0.00000000,400.00000000,0.00000000,400.00000000,NULL),
(100,31,NULL,4,NULL,'Nice Bio Apple Pie.<br />\r\n&nbsp;',NULL,0.000,'',0.000,'0',0.000,'0',4,0,0,NULL,5.00000000,0.00000000,20.00000000,0.00000000,0.00000000,0.00000000,20.00000000,0,NULL,NULL,0,NULL,0.00000000,0,1,NULL,NULL,'EUR',5.00000000,0.00000000,20.00000000,0.00000000,20.00000000,NULL),
(101,31,NULL,13,NULL,'A powerfull computer XP4523&nbsp;',NULL,0.000,'',0.000,'0',0.000,'0',4,0,0,NULL,100.00000000,0.00000000,400.00000000,0.00000000,0.00000000,0.00000000,400.00000000,0,NULL,NULL,0,NULL,0.00000000,0,2,NULL,NULL,'EUR',100.00000000,0.00000000,400.00000000,0.00000000,400.00000000,NULL),
(102,31,NULL,13,NULL,'A powerfull computer XP4523&nbsp;',NULL,0.000,'',0.000,'0',0.000,'0',3,0,0,NULL,100.00000000,0.00000000,300.00000000,0.00000000,0.00000000,0.00000000,300.00000000,0,NULL,NULL,0,NULL,0.00000000,0,3,NULL,NULL,'EUR',100.00000000,0.00000000,300.00000000,0.00000000,300.00000000,NULL),
(103,31,NULL,3,NULL,'',NULL,0.000,'',0.000,'0',0.000,'0',2,0,0,NULL,NULL,0.00000000,0.00000000,0.00000000,0.00000000,0.00000000,0.00000000,0,NULL,NULL,0,NULL,0.00000000,0,4,NULL,NULL,'EUR',0.00000000,0.00000000,0.00000000,0.00000000,0.00000000,NULL),
(104,32,NULL,12,NULL,'Cloud hosting of Dolibarr ERP and CRM software',NULL,0.000,'',0.000,'0',0.000,'0',5,0,0,NULL,9.00000000,0.00000000,45.00000000,0.00000000,0.00000000,0.00000000,45.00000000,0,NULL,NULL,0,NULL,0.00000000,0,1,NULL,NULL,'EUR',9.00000000,0.00000000,45.00000000,0.00000000,45.00000000,NULL),
(105,32,NULL,10,NULL,'A powerfull computer XP4523&nbsp;',NULL,0.000,'',0.000,'0',0.000,'0',1,0,0,NULL,100.00000000,0.00000000,100.00000000,0.00000000,0.00000000,0.00000000,100.00000000,0,NULL,NULL,0,NULL,0.00000000,0,2,NULL,NULL,'EUR',100.00000000,0.00000000,100.00000000,0.00000000,100.00000000,NULL),
(106,32,NULL,12,NULL,'Cloud hosting of Dolibarr ERP and CRM software',NULL,0.000,'',0.000,'0',0.000,'0',5,0,0,NULL,9.00000000,0.00000000,45.00000000,0.00000000,0.00000000,0.00000000,45.00000000,0,NULL,NULL,0,NULL,0.00000000,0,3,NULL,NULL,'EUR',9.00000000,0.00000000,45.00000000,0.00000000,45.00000000,NULL),
(107,32,NULL,13,NULL,'A powerfull computer XP4523&nbsp;',NULL,0.000,'',0.000,'0',0.000,'0',4,0,0,NULL,100.00000000,0.00000000,400.00000000,0.00000000,0.00000000,0.00000000,400.00000000,0,NULL,NULL,0,NULL,0.00000000,0,4,NULL,NULL,'EUR',100.00000000,0.00000000,400.00000000,0.00000000,400.00000000,NULL),
(108,32,NULL,12,NULL,'Cloud hosting of Dolibarr ERP and CRM software',NULL,0.000,'',0.000,'0',0.000,'0',2,0,0,NULL,9.00000000,0.00000000,18.00000000,0.00000000,0.00000000,0.00000000,18.00000000,0,NULL,NULL,0,NULL,0.00000000,0,5,NULL,NULL,'EUR',9.00000000,0.00000000,18.00000000,0.00000000,18.00000000,NULL),
(109,10,NULL,NULL,NULL,'fdfd',NULL,0.000,'',0.000,'0',0.000,'0',1,0,0,NULL,10.00000000,0.00000000,10.00000000,0.00000000,0.00000000,0.00000000,10.00000000,0,NULL,NULL,0,NULL,0.00000000,0,1,NULL,NULL,'',10.00000000,0.00000000,10.00000000,0.00000000,10.00000000,NULL),
(110,33,NULL,3,NULL,'aaa',NULL,0.000,'',0.000,'0',0.000,'0',1,0,0,NULL,0.00000000,0.00000000,0.00000000,0.00000000,0.00000000,0.00000000,0.00000000,1,NULL,NULL,0,NULL,0.00000000,0,1,NULL,1,'EUR',0.00000000,0.00000000,0.00000000,0.00000000,0.00000000,NULL),
(114,22,NULL,11,NULL,'A nice rollup',NULL,0.000,'',0.000,'0',0.000,'0',1,0,0,NULL,0.00000000,0.00000000,0.00000000,0.00000000,0.00000000,0.00000000,0.00000000,0,NULL,NULL,0,NULL,0.00000000,0,3,NULL,NULL,'EUR',0.00000000,0.00000000,0.00000000,0.00000000,0.00000000,NULL),
(115,35,NULL,11,NULL,'A nice rollup',NULL,0.000,'',0.000,'0',0.000,'0',1,0,0,NULL,0.00000000,0.00000000,0.00000000,0.00000000,0.00000000,0.00000000,0.00000000,0,NULL,NULL,0,NULL,12.00000000,0,1,NULL,1,'EUR',0.00000000,0.00000000,0.00000000,0.00000000,0.00000000,NULL),
(116,35,NULL,4,NULL,'Nice Bio Apple Pie.<br />\r\n&nbsp;',NULL,0.000,'',0.000,'0',0.000,'0',1,0,0,NULL,5.00000000,0.00000000,5.00000000,0.00000000,0.00000000,0.00000000,5.00000000,0,NULL,NULL,0,NULL,10.00000000,0,2,NULL,1,'EUR',5.00000000,0.00000000,5.00000000,0.00000000,5.00000000,NULL),
(119,36,NULL,4,NULL,'Nice Bio Apple Pie.<br />\r\n&nbsp;',NULL,4.000,'',0.000,'0',0.000,'0',1,0,0,6,6.00000000,0.00000000,6.00000000,0.24000000,0.00000000,0.00000000,6.24000000,0,NULL,NULL,0,NULL,10.00000000,0,1,NULL,1,'EUR',6.00000000,0.00000000,6.00000000,0.24000000,6.24000000,NULL),
(120,37,NULL,4,NULL,'Nice Bio Apple Pie.<br />\r\n&nbsp;',NULL,0.000,'',0.000,'0',0.000,'0',1,0,0,NULL,10.00000000,0.00000000,10.00000000,0.00000000,0.00000000,0.00000000,10.00000000,0,NULL,NULL,0,NULL,10.00000000,0,1,NULL,1,'EUR',10.00000000,0.00000000,10.00000000,0.00000000,10.00000000,NULL),
(122,22,NULL,NULL,NULL,'1',NULL,5.500,'',0.000,'0',0.000,'0',1,0,0,NULL,1.00000000,0.00000000,1.00000000,0.06000000,0.00000000,0.00000000,1.06000000,0,NULL,NULL,0,NULL,0.00000000,0,4,NULL,NULL,'EUR',1.00000000,0.00000000,1.00000000,0.06000000,1.06000000,NULL),
(123,22,NULL,NULL,NULL,'aaa',NULL,5.500,'',0.000,'0',0.000,'0',1,0,0,NULL,1.00000000,0.00000000,1.00000000,0.06000000,0.00000000,0.00000000,1.06000000,0,NULL,NULL,0,NULL,0.00000000,0,5,NULL,NULL,'EUR',1.00000000,0.00000000,1.00000000,0.06000000,1.06000000,NULL),
(124,22,NULL,NULL,NULL,'aaa',NULL,5.500,'aaa',0.000,'0',0.000,'0',1,0,0,0,1.00000000,0.00000000,1.00000000,0.06000000,0.00000000,0.00000000,1.06000000,0,NULL,NULL,0,NULL,0.00000000,0,6,NULL,NULL,'EUR',1.00000000,0.00000000,1.00000000,0.06000000,1.06000000,NULL),
(125,22,NULL,NULL,NULL,'a',NULL,5.500,'aaa',0.000,'0',0.000,'0',1,0,0,0,1.00000000,0.00000000,1.00000000,0.06000000,0.00000000,0.00000000,1.06000000,0,NULL,NULL,0,NULL,0.00000000,0,7,NULL,NULL,'EUR',1.00000000,0.00000000,1.00000000,0.06000000,1.06000000,NULL),
(126,22,NULL,NULL,NULL,'a',NULL,5.500,'bbb',0.000,'0',0.000,'0',1,0,0,NULL,1.00000000,0.00000000,1.00000000,0.06000000,0.00000000,0.00000000,1.06000000,1,NULL,NULL,0,NULL,0.00000000,0,8,NULL,NULL,'EUR',1.00000000,0.00000000,1.00000000,0.06000000,1.06000000,NULL),
(127,39,NULL,NULL,NULL,'aaa',NULL,0.000,'CGST+SGST',9.000,'1',9.000,'1',1,0,0,NULL,10.00000000,0.00000000,10.00000000,0.00000000,0.90000000,0.90000000,11.80000000,0,NULL,NULL,0,NULL,0.00000000,0,1,NULL,1,'EUR',10.00000000,0.00000000,10.00000000,0.00000000,11.80000000,NULL),
(128,39,NULL,NULL,NULL,'mmm',NULL,18.000,'IGST',0.000,'0',0.000,'0',1,0,0,NULL,10.00000000,0.00000000,10.00000000,1.80000000,0.00000000,0.00000000,11.80000000,0,NULL,NULL,0,NULL,0.00000000,0,2,NULL,1,'EUR',10.00000000,0.00000000,10.00000000,1.80000000,11.80000000,NULL),
(129,39,NULL,NULL,NULL,'aaa',NULL,18.000,'IGST',0.000,'0',0.000,'0',1,0,0,0,10.16949000,0.00000000,10.17000000,1.83000000,0.00000000,0.00000000,12.00000000,1,NULL,NULL,0,NULL,0.00000000,0,3,NULL,1,'EUR',10.16949000,0.00000000,10.17000000,1.83000000,12.00000000,NULL),
(130,39,NULL,NULL,NULL,'hhhh',NULL,0.000,'CGST+SGST',9.000,'1',9.000,'1',1,0,0,0,11.80000000,0.00000000,11.80000000,0.00000000,1.06000000,1.06000000,13.92000000,1,NULL,NULL,0,NULL,0.00000000,0,4,NULL,1,'EUR',11.80000000,0.00000000,11.80000000,0.00000000,13.92000000,NULL),
(133,36,NULL,4,NULL,'Nice Bio Apple Pie.<br />\r\n&nbsp;',NULL,0.000,'CGST+SGST',9.000,'1',9.000,'1',1,0,0,NULL,9.00000000,0.00000000,9.00000000,0.00000000,0.81000000,0.81000000,10.62000000,0,NULL,NULL,0,NULL,10.00000000,0,2,NULL,1,'EUR',9.00000000,0.00000000,9.00000000,0.00000000,10.62000000,NULL),
(134,36,NULL,4,NULL,'Nice Bio Apple Pie.<br />\r\n&nbsp;',NULL,0.000,'CGST+SGST',9.000,'1',9.000,'1',1,0,0,NULL,9.00000000,0.00000000,9.00000000,0.00000000,0.81000000,0.81000000,10.62000000,0,NULL,NULL,0,NULL,10.00000000,0,3,NULL,1,'EUR',9.00000000,0.00000000,9.00000000,0.00000000,10.62000000,NULL),
(142,36,NULL,4,NULL,'(Pays d\'origine: France)',NULL,0.000,'',0.000,'0',0.000,'0',1,0,0,NULL,9.00000000,0.00000000,9.00000000,0.00000000,0.00000000,0.00000000,9.00000000,0,NULL,NULL,0,NULL,10.00000000,0,4,1,1,'EUR',9.00000000,0.00000000,9.00000000,0.00000000,9.00000000,NULL),
(143,36,NULL,NULL,NULL,'hfg<br>\nh<br>\nfg<br>\nhf<br>\nh<br>\nf<br>\nh<br>\nf<br>\nh<br>\nf<br>\nh<br>\n<br>\nfh<br>\n<br>\nf<br>\nh<br>\nfgh<br>\nf<br>\ngh<br>\nf<br>\ngh<br>\nf<br>\ngh<br>\nfg<br>\nh<br>\nf<br>\ngh<br>\nfhfgh',NULL,0.000,'',0.000,'0',0.000,'0',1,0,0,NULL,5.00000000,0.00000000,5.00000000,0.00000000,0.00000000,0.00000000,5.00000000,0,NULL,NULL,0,NULL,0.00000000,0,5,1,1,'EUR',5.00000000,0.00000000,5.00000000,0.00000000,5.00000000,NULL),
(145,42,NULL,4,NULL,'(Pays d\'origine: France)',NULL,0.000,'',0.000,'0',0.000,'0',1,0,0,NULL,9.00000000,0.00000000,9.00000000,0.00000000,0.00000000,0.00000000,9.00000000,0,NULL,NULL,0,NULL,2.00000000,0,1,1,1,'EUR',9.00000000,0.00000000,9.00000000,0.00000000,9.00000000,NULL),
(147,34,NULL,4,NULL,'(Pays d\'origine: France)',NULL,0.000,'',0.000,'0',0.000,'0',1,0,0,NULL,9.00000000,0.00000000,9.00000000,0.00000000,0.00000000,0.00000000,9.00000000,0,NULL,NULL,0,NULL,1215.55500000,0,1,1,1,'EUR',9.00000000,0.00000000,9.00000000,0.00000000,9.00000000,NULL),
(149,34,NULL,1,NULL,'A beatifull pink dress',NULL,0.000,'',0.000,'0',0.000,'0',1,0,0,NULL,9.00000000,0.00000000,9.00000000,0.00000000,0.00000000,0.00000000,9.00000000,0,NULL,NULL,0,NULL,79.16667000,0,2,NULL,1,'EUR',9.00000000,0.00000000,9.00000000,0.00000000,9.00000000,NULL);

--
-- Table structure for table `llx_propaldet_extrafields`
--

CREATE TABLE `llx_propaldet_extrafields` (
  `rowid` int(11) NOT NULL AUTO_INCREMENT,
  `tms` timestamp NOT NULL DEFAULT current_timestamp() ON UPDATE current_timestamp(),
  `fk_object` int(11) NOT NULL,
  `import_key` varchar(14) DEFAULT NULL,
  PRIMARY KEY (`rowid`),
  UNIQUE KEY `uk_propaldet_extrafields` (`fk_object`)
) ENGINE=InnoDB DEFAULT CHARSET=utf8mb3 COLLATE=utf8mb3_unicode_ci;

--
-- Dumping data for table `llx_propaldet_extrafields`
--


--
-- Table structure for table `llx_reception`
--

CREATE TABLE `llx_reception` (
  `rowid` int(11) NOT NULL AUTO_INCREMENT,
  `tms` timestamp NOT NULL DEFAULT current_timestamp() ON UPDATE current_timestamp(),
  `ref` varchar(30) NOT NULL,
  `entity` int(11) NOT NULL DEFAULT 1,
  `fk_soc` int(11) NOT NULL,
  `fk_projet` int(11) DEFAULT NULL,
  `ref_ext` varchar(30) DEFAULT NULL,
  `ref_int` varchar(30) DEFAULT NULL,
  `ref_supplier` varchar(255) DEFAULT NULL,
  `date_creation` datetime DEFAULT NULL,
  `fk_user_author` int(11) DEFAULT NULL,
  `fk_user_modif` int(11) DEFAULT NULL,
  `date_valid` datetime DEFAULT NULL,
  `fk_user_valid` int(11) DEFAULT NULL,
  `date_delivery` datetime DEFAULT NULL,
  `date_reception` datetime DEFAULT NULL,
  `fk_shipping_method` int(11) DEFAULT NULL,
  `tracking_number` varchar(50) DEFAULT NULL,
  `fk_statut` smallint(6) DEFAULT 0,
  `billed` smallint(6) DEFAULT 0,
  `height` float DEFAULT NULL,
  `width` float DEFAULT NULL,
  `size_units` int(11) DEFAULT NULL,
  `size` float DEFAULT NULL,
  `weight_units` int(11) DEFAULT NULL,
  `weight` float DEFAULT NULL,
  `note_private` text DEFAULT NULL,
  `note_public` text DEFAULT NULL,
  `model_pdf` varchar(255) DEFAULT NULL,
  `fk_incoterms` int(11) DEFAULT NULL,
  `location_incoterms` varchar(255) DEFAULT NULL,
  `import_key` varchar(14) DEFAULT NULL,
  `extraparams` varchar(255) DEFAULT NULL,
  PRIMARY KEY (`rowid`),
  UNIQUE KEY `idx_reception_uk_ref` (`ref`,`entity`),
  KEY `idx_reception_fk_soc` (`fk_soc`),
  KEY `idx_reception_fk_user_author` (`fk_user_author`),
  KEY `idx_reception_fk_user_valid` (`fk_user_valid`),
  KEY `idx_reception_fk_shipping_method` (`fk_shipping_method`),
  CONSTRAINT `fk_reception_fk_shipping_method` FOREIGN KEY (`fk_shipping_method`) REFERENCES `llx_c_shipment_mode` (`rowid`),
  CONSTRAINT `fk_reception_fk_soc` FOREIGN KEY (`fk_soc`) REFERENCES `llx_societe` (`rowid`),
  CONSTRAINT `fk_reception_fk_user_author` FOREIGN KEY (`fk_user_author`) REFERENCES `llx_user` (`rowid`),
  CONSTRAINT `fk_reception_fk_user_valid` FOREIGN KEY (`fk_user_valid`) REFERENCES `llx_user` (`rowid`)
) ENGINE=InnoDB AUTO_INCREMENT=3 DEFAULT CHARSET=utf8mb3 COLLATE=utf8mb3_unicode_ci;

--
